--
-- Host: localhost    Database: clc_ec_backend
-- ------------------------------------------------------


--
-- Table structure for table `banner`
--

CREATE TABLE `banner` (
  `id` varchar(36) COLLATE utf8mb4_unicode_ci NOT NULL,
  `block_id` bigint(20) unsigned NOT NULL COMMENT '橫幅廣告區塊ID',
  `valid_date` date NOT NULL COMMENT '啟用日期',
  `valid` tinyint(1) NOT NULL DEFAULT '1' COMMENT '是否啟用',
  `description` varchar(200) COLLATE utf8mb4_unicode_ci DEFAULT NULL COMMENT '描述',
  `create_id` varchar(20) COLLATE utf8mb4_unicode_ci NOT NULL COMMENT '建立者ID',
  `create_name` varchar(20) COLLATE utf8mb4_unicode_ci NOT NULL COMMENT '建立者名稱',
  `create_time` datetime NOT NULL DEFAULT CURRENT_TIMESTAMP COMMENT '建立時間',
  `modify_id` varchar(20) COLLATE utf8mb4_unicode_ci DEFAULT NULL COMMENT '修改者ID',
  `modify_name` varchar(20) COLLATE utf8mb4_unicode_ci DEFAULT NULL COMMENT '修改名稱',
  `modify_time` datetime DEFAULT CURRENT_TIMESTAMP ON UPDATE CURRENT_TIMESTAMP COMMENT '修改時間',
  PRIMARY KEY (`id`),
  KEY `banner_block_id_foreign` (`block_id`),
  CONSTRAINT `banner_block_id_foreign` FOREIGN KEY (`block_id`) REFERENCES `block` (`id`)
) ENGINE=InnoDB DEFAULT CHARSET=utf8mb4 COLLATE=utf8mb4_unicode_ci COMMENT='橫幅廣告';

--
-- Dumping data for table `banner`
--

INSERT INTO `banner` VALUES ('07c6cbca-4192-4251-9189-39b1b3d1b383',19,'2023-04-07',1,NULL,'jay','Jay','2023-04-07 17:31:45',NULL,NULL,'2023-04-07 17:31:45'),('1de6c72d-e990-44eb-93aa-2303de4ef3f8',14,'2023-03-25',1,NULL,'clcadmin','clcadmin','2023-03-25 17:38:59',NULL,NULL,'2023-03-25 17:38:59'),('316a0ae7-fb88-4180-a279-239da7709412',10,'2023-03-25',1,NULL,'clcadmin','clcadmin','2023-03-25 17:35:15',NULL,NULL,'2023-03-25 17:35:15'),('5e0f0a59-f533-4ff5-99c8-f113fbd8ba40',9,'2023-03-25',1,NULL,'clcadmin','clcadmin','2023-03-25 17:33:41','jay','Jay','2023-04-07 17:42:43'),('65a3fead-d660-4081-a8d8-c2ad0be964fe',17,'2023-03-25',1,NULL,'clcadmin','clcadmin','2023-03-25 17:31:20',NULL,NULL,'2023-03-25 17:31:20'),('781a1dcd-10b2-493a-a81f-aaa52fd9862d',16,'2023-04-07',1,NULL,'jay','Jay','2023-04-07 17:28:44','jay','Jay','2023-04-25 19:31:39'),('9302ea2d-3a33-4456-b011-c7667ec77857',6,'2023-03-25',1,NULL,'clcadmin','clcadmin','2023-03-25 17:22:30',NULL,NULL,'2023-03-25 17:22:30'),('93118689-3f2e-4150-9808-5edf55703505',5,'2023-03-25',1,NULL,'clcadmin','clcadmin','2023-03-25 17:18:15','jay','Jay','2023-04-25 17:42:27'),('95170413-08c1-4d39-bade-bd5935e97ab8',8,'2023-03-25',1,NULL,'clcadmin','clcadmin','2023-03-25 17:32:59','jay','Jay','2023-04-07 17:42:13'),('9a2087b0-f3c6-43f3-a202-35039e4378da',12,'2023-03-25',1,NULL,'clcadmin','clcadmin','2023-03-25 17:37:10','admin','系統管理者','2023-05-24 20:35:56'),('9da7def8-c715-43de-b929-5735f17f998b',20,'2023-04-07',1,NULL,'jay','Jay','2023-04-07 17:31:11',NULL,NULL,'2023-04-07 17:31:11'),('a8d0cca9-3cd0-4c96-9575-d0eb2208b791',21,'2023-04-07',1,NULL,'jay','Jay','2023-04-07 17:32:18',NULL,NULL,'2023-05-17 13:41:22'),('a9a661d7-bb1b-4989-91c2-b22f605035ee',13,'2023-03-25',1,NULL,'clcadmin','clcadmin','2023-03-25 17:37:41','admin','系統管理者','2023-05-24 20:34:47'),('ba7f9ca1-e4ca-44a6-a433-6e56decb9ea0',11,'2023-03-25',1,NULL,'clcadmin','clcadmin','2023-03-25 17:35:55',NULL,NULL,'2023-03-25 17:35:55'),('d8dc3d14-4e31-4ac2-878a-cb776c111b42',7,'2023-03-25',1,NULL,'clcadmin','clcadmin','2023-03-25 17:29:28',NULL,NULL,'2023-03-25 17:29:28'),('ef87582b-21f7-448d-9e5e-a86de082cd0a',18,'2023-04-07',1,NULL,'jay','Jay','2023-04-07 17:32:01',NULL,NULL,'2023-05-17 13:40:37');

--
-- Table structure for table `banner_media`
--

CREATE TABLE `banner_media` (
  `id` varchar(36) COLLATE utf8mb4_unicode_ci NOT NULL,
  `banner_id` varchar(36) COLLATE utf8mb4_unicode_ci NOT NULL COMMENT '橫幅廣告ID',
  `sorting` int(11) NOT NULL DEFAULT '1' COMMENT '排序編號',
  `name` varchar(1024) COLLATE utf8mb4_unicode_ci NOT NULL COMMENT '媒體名稱',
  `org_name` varchar(1024) COLLATE utf8mb4_unicode_ci NOT NULL COMMENT '原始檔名',
  `media_type` varchar(10) COLLATE utf8mb4_unicode_ci NOT NULL COMMENT '媒體類型 (image,audio,video,other)',
  `size` int(11) NOT NULL COMMENT '媒體大小',
  `url` varchar(1024) COLLATE utf8mb4_unicode_ci DEFAULT NULL COMMENT '超連結',
  `browser_type` varchar(10) COLLATE utf8mb4_unicode_ci NOT NULL COMMENT '橫幅廣告for誰的 pc 或 mobile',
  `lang_id` varchar(36) COLLATE utf8mb4_unicode_ci NOT NULL DEFAULT 'zh_TW' COMMENT '語言ID',
  `description` varchar(200) COLLATE utf8mb4_unicode_ci DEFAULT NULL COMMENT '備註',
  `create_id` varchar(20) COLLATE utf8mb4_unicode_ci NOT NULL COMMENT '建立者ID',
  `create_name` varchar(20) COLLATE utf8mb4_unicode_ci NOT NULL COMMENT '建立者名稱',
  `create_time` datetime NOT NULL DEFAULT CURRENT_TIMESTAMP COMMENT '建立時間',
  `modify_id` varchar(20) COLLATE utf8mb4_unicode_ci DEFAULT NULL COMMENT '修改者ID',
  `modify_name` varchar(20) COLLATE utf8mb4_unicode_ci DEFAULT NULL COMMENT '修改名稱',
  `modify_time` datetime DEFAULT CURRENT_TIMESTAMP ON UPDATE CURRENT_TIMESTAMP COMMENT '修改時間',
  PRIMARY KEY (`id`)
) ENGINE=InnoDB DEFAULT CHARSET=utf8mb4 COLLATE=utf8mb4_unicode_ci COMMENT='橫幅廣告-媒體';

--
-- Dumping data for table `banner_media`
--

INSERT INTO `banner_media` VALUES ('04007cbf-638b-492d-9129-c3a6437fbdd4','5e0f0a59-f533-4ff5-99c8-f113fbd8ba40',1,'533368f05df925ba61fae8a51fe89eda.png','FRONT MANDARIN.png','image',914930,NULL,'pc','zh_TW',NULL,'jay','Jay','2023-04-07 17:42:43',NULL,NULL,'2023-04-07 17:42:43'),('09c87e05-c4c6-429d-89b6-0fa64f3669b3','95170413-08c1-4d39-bade-bd5935e97ab8',3,'2b5d7b26890d012ebd622c7314043de7.png','#09 FLASH SALE BACKGROUND.png','image',620037,NULL,'pc','en_US',NULL,'jay','Jay','2023-04-07 17:44:02',NULL,NULL,'2023-04-07 17:44:02'),('09ff346c-5b54-4d52-ab44-631016443ecf','93118689-3f2e-4150-9808-5edf55703505',14,'50baac231f93e3c5895b208e339fa54d.png','INGGRIS.png','image',1189716,NULL,'pc','en_US',NULL,'jay','Jay','2023-04-25 17:42:27',NULL,NULL,'2023-04-25 17:42:27'),('0afd6887-ee8e-450b-92f0-7749d6d3096a','316a0ae7-fb88-4180-a279-239da7709412',1,'420be1bf453189eecd5a95024495cea5.png','#12 NEW MEMBER BACKGROUND.png','image',5391,NULL,'pc','zh_TW',NULL,'clcadmin','clcadmin','2023-03-25 17:35:15',NULL,NULL,'2023-03-25 17:35:15'),('1190d1e8-2df4-4bad-a801-cb5cc10cee78','5e0f0a59-f533-4ff5-99c8-f113fbd8ba40',3,'e6d6bde2e9542b71ef6c1c671a2308b5.png','FRONT ENGLISH.png','image',827812,NULL,'pc','en_US',NULL,'jay','Jay','2023-04-07 17:42:43',NULL,NULL,'2023-04-07 17:42:43'),('13ab09f9-5a87-4cc5-8390-264ddfa635d4','95170413-08c1-4d39-bade-bd5935e97ab8',4,'dc8382f211f351ec16547299ae9e4f0c.png','#09 FLASH SALE BACKGROUND.png','image',620037,NULL,'pc','vi_VN',NULL,'jay','Jay','2023-04-07 17:44:02',NULL,NULL,'2023-04-07 17:44:02'),('1594d7a3-a23b-43d2-8a06-2ad5791e1a1b','9a2087b0-f3c6-43f3-a202-35039e4378da',1,'624e4b87ddcaf6fb025abdfd72c58444.png','#15 SINGLE BRAND BACKGROUND.png','image',6601,'www.youtube.com.tw','pc','zh_TW',NULL,'admin','系統管理者','2023-05-24 20:36:24',NULL,NULL,'2023-05-24 20:36:24'),('16df0d73-032b-45ab-880a-3f6273850276','d8dc3d14-4e31-4ac2-878a-cb776c111b42',2,'634683b5058905b9920f8a77070e1b58.png','d4c42b39be002c380b4bedaf81dbf3ea.png','image',154970,NULL,'pc','id_ID',NULL,'clcadmin','clcadmin','2023-03-25 17:29:28',NULL,NULL,'2023-03-25 17:29:28'),('1a71b27f-b29a-481c-8aca-dbd87fd0f677','9302ea2d-3a33-4456-b011-c7667ec77857',3,'bb6165fc22f4aff0313aa2c31f17bf7b.png','ENGLISH.png','image',140552,NULL,'pc','en_US',NULL,'clcadmin','clcadmin','2023-03-25 17:22:30',NULL,NULL,'2023-03-25 17:22:30'),('1a97bd4a-7690-47df-a83f-74953151c879','93118689-3f2e-4150-9808-5edf55703505',5,'14023792103764f62407ca8ce297fc9b.png','TW.png','image',770162,NULL,'pc','zh_TW',NULL,'jay','Jay','2023-04-25 17:42:27',NULL,NULL,'2023-04-25 17:42:27'),('1bba66de-6522-4915-bf8b-84616c065ee8','a9a661d7-bb1b-4989-91c2-b22f605035ee',2,'bc4854c65a5c5de75508e82dbbc8ca2b.png','INDONESIA.png','image',529205,NULL,'pc','id_ID',NULL,'admin','系統管理者','2023-05-24 20:34:47',NULL,NULL,'2023-05-24 20:34:47'),('1ce78be0-9b78-4be3-83d3-f6c2566a4e32','9da7def8-c715-43de-b929-5735f17f998b',1,'ae113adfaa6741f54ded805910bd658e.png','INDONESIA CLC CHOICE.png','image',861873,NULL,'pc','zh_TW',NULL,'jay','Jay','2023-04-07 17:31:11',NULL,NULL,'2023-04-07 17:31:11'),('257540bb-00ac-49cc-88a7-c0fe0d839699','ba7f9ca1-e4ca-44a6-a433-6e56decb9ea0',1,'30ed68d4e8c55dac4a86d97fddcf03da.png','699 MANDARIN.png','image',1205926,NULL,'pc','zh_TW',NULL,'clcadmin','clcadmin','2023-03-25 17:35:55',NULL,NULL,'2023-03-25 17:35:55'),('25f5eb50-1a87-4eea-8aa6-dad031e96e96','93118689-3f2e-4150-9808-5edf55703505',9,'93b4f4026e64692d6712bc7880f11ff8.png','INDONESIA.png','image',1177329,NULL,'pc','id_ID',NULL,'jay','Jay','2023-04-25 17:42:27',NULL,NULL,'2023-04-25 17:42:27'),('2666f55a-0617-43c7-acb5-e97f43a3c985','a9a661d7-bb1b-4989-91c2-b22f605035ee',1,'855d4064b654f96e93528f7f1e1a02e5.png','MANDARIN.png','image',529937,'www.YouTube.com.tw','pc','zh_TW',NULL,'admin','系統管理者','2023-05-24 20:34:47',NULL,NULL,'2023-05-24 20:34:47'),('28e105a2-6cd9-48c4-8fd8-3a0d9692109c','ef87582b-21f7-448d-9e5e-a86de082cd0a',1,'c796759115599ddee7e534d868051c88.png','TAIWAN CLC CHOICE.png','image',957884,NULL,'pc','zh_TW',NULL,'jay','Jay','2023-04-07 17:32:01',NULL,NULL,'2023-04-07 17:32:01'),('2b6dd509-a5b8-44e1-92c2-8863054f6aff','9a2087b0-f3c6-43f3-a202-35039e4378da',2,'3888a16bd7e951b574dda3a27d2c05c6.png','#15 SINGLE BRAND BACKGROUND.png','image',6601,NULL,'pc','id_ID',NULL,'admin','系統管理者','2023-05-24 20:36:24',NULL,NULL,'2023-05-24 20:36:24'),('3041fcea-e21c-4f6f-bb7e-abb1147d5d8a','ef87582b-21f7-448d-9e5e-a86de082cd0a',2,'f33ba46d3b3623dfd3e849880d2cb417.png','TAIWAN CLC CHOICE.png','image',957884,NULL,'pc','id_ID',NULL,'jay','Jay','2023-04-07 17:32:01',NULL,NULL,'2023-04-07 17:32:01'),('351fc1f1-c0a8-4133-a46f-6746261b6216','5e0f0a59-f533-4ff5-99c8-f113fbd8ba40',2,'ed8ca6997010198ded57c5fbfcc970c0.png','FRONT INDONESIA.png','image',850982,NULL,'pc','id_ID',NULL,'jay','Jay','2023-04-07 17:42:43',NULL,NULL,'2023-04-07 17:42:43'),('39e05aaf-13e9-4b18-b2c1-156cc6d19826','a9a661d7-bb1b-4989-91c2-b22f605035ee',4,'e810d63e60ec54ab7ed2d38269beb5ec.png','VIETNAM.png','image',498112,NULL,'pc','vi_VN',NULL,'admin','系統管理者','2023-05-24 20:34:47',NULL,NULL,'2023-05-24 20:34:47'),('421654c9-99e7-4f25-be55-641e67f8a6f0','5e0f0a59-f533-4ff5-99c8-f113fbd8ba40',4,'1244f8a10dd615ab82cb026dfda3e4c6.png','FRONT VIETNAM.png','image',848500,NULL,'pc','vi_VN',NULL,'jay','Jay','2023-04-07 17:42:43',NULL,NULL,'2023-04-07 17:42:43'),('46ab2bcc-0858-4aa4-b714-d87fa2d7b13d','07c6cbca-4192-4251-9189-39b1b3d1b383',1,'5ee404f91bdd9b460ebb06dff6d9f0bf.png','PHILIPPINES CLC CHOICE.png','image',434662,NULL,'pc','zh_TW',NULL,'jay','Jay','2023-04-07 17:31:45',NULL,NULL,'2023-04-07 17:31:45'),('47bc2c45-13ff-44cb-b872-9a5019c7b252','93118689-3f2e-4150-9808-5edf55703505',12,'cec18203b64a99303909348445f84526.png','699 ENGLISH.png','image',1982592,NULL,'pc','en_US',NULL,'jay','Jay','2023-04-25 17:42:27',NULL,NULL,'2023-04-25 17:42:27'),('4900134a-ba0e-4021-b60d-fd7937bffa06','93118689-3f2e-4150-9808-5edf55703505',7,'d5e3d5902934127bece6a8018eaae6b5.png','699 INDONESIA.png','image',1978420,NULL,'pc','id_ID',NULL,'jay','Jay','2023-04-25 17:42:27',NULL,NULL,'2023-04-25 17:42:27'),('4a438a81-6fb6-47bf-bd91-18d56d85f217','93118689-3f2e-4150-9808-5edf55703505',13,'9f624d6cd876de8637dd7b95d19e1f9a.png','ENGLISH.png','image',1163384,NULL,'pc','en_US',NULL,'jay','Jay','2023-04-25 17:42:27',NULL,NULL,'2023-04-25 17:42:27'),('4cdfe148-903f-4797-9383-961322a5494d','781a1dcd-10b2-493a-a81f-aaa52fd9862d',2,'ca3d66541f0f0b90a87a63a19882c8b1.png','INDONESIA.png','image',1221804,NULL,'pc','id_ID',NULL,'jay','Jay','2023-04-25 19:34:21',NULL,NULL,'2023-04-25 19:34:21'),('4cf29b32-3513-42a3-b168-3baaae480cbe','93118689-3f2e-4150-9808-5edf55703505',8,'8daf156625a3b2d4312dd532238a65a7.png','INDONESIA.png','image',1370405,NULL,'pc','id_ID',NULL,'jay','Jay','2023-04-25 17:42:27',NULL,NULL,'2023-04-25 17:42:27'),('519c9eff-2467-462c-a57a-4aa4a57d4b6b','781a1dcd-10b2-493a-a81f-aaa52fd9862d',4,'cc6a417f3e3a50e1d7ad3b0edbbaeba3.jpg','VIETNAM.jpg','image',1720987,NULL,'pc','vi_VN',NULL,'jay','Jay','2023-04-25 19:34:21',NULL,NULL,'2023-04-25 19:34:21'),('52207221-2f1c-43f5-8194-d9b10fee3c86','ba7f9ca1-e4ca-44a6-a433-6e56decb9ea0',4,'57594968b1a6535b477fce1cb72a4e50.png','699 VIETNAM.png','image',1251997,NULL,'pc','vi_VN',NULL,'clcadmin','clcadmin','2023-03-25 17:35:55',NULL,NULL,'2023-03-25 17:35:55'),('55e1b405-21b5-4444-b095-0eb5e2a71e9a','95170413-08c1-4d39-bade-bd5935e97ab8',1,'9cc3c172fe05461f6a1ddc03a536803b.png','#09 FLASH SALE BACKGROUND.png','image',620037,NULL,'pc','zh_TW',NULL,'jay','Jay','2023-04-07 17:44:02',NULL,NULL,'2023-04-07 17:44:02'),('59d2b845-ceed-4f22-afe3-aa6ec42840b1','93118689-3f2e-4150-9808-5edf55703505',19,'20febe10837bbcb2ac375f22e6a3672f.png','VIETNAM.png','image',1219104,NULL,'pc','vi_VN',NULL,'jay','Jay','2023-04-25 17:42:27',NULL,NULL,'2023-04-25 17:42:27'),('5e01013c-a594-40d6-8b42-e4cabab3e64a','ba7f9ca1-e4ca-44a6-a433-6e56decb9ea0',2,'9b83b3102b496a9309023b1a77b70a14.png','699 INDONESIA.png','image',1247938,NULL,'pc','id_ID',NULL,'clcadmin','clcadmin','2023-03-25 17:35:55',NULL,NULL,'2023-03-25 17:35:55'),('61bcd772-6175-46c3-8d1c-3d8ff195078b','93118689-3f2e-4150-9808-5edf55703505',17,'099506075349e44f51990ba100ed5727.png','699 VIETNAM.png','image',2284869,NULL,'pc','vi_VN',NULL,'jay','Jay','2023-04-25 17:42:27',NULL,NULL,'2023-04-25 17:42:27'),('626efdd7-35f4-4e80-bfc2-d25f035a60f5','95170413-08c1-4d39-bade-bd5935e97ab8',2,'f9fce5e429b3ff0b6717c9f54a98eb5b.png','#09 FLASH SALE BACKGROUND.png','image',620037,NULL,'pc','id_ID',NULL,'jay','Jay','2023-04-07 17:44:02',NULL,NULL,'2023-04-07 17:44:02'),('6d19f465-1f2d-45f1-9059-035751d126d1','9302ea2d-3a33-4456-b011-c7667ec77857',2,'15f584e18906739beb66aa3cf79d7c9c.png','INDONESIA.png','image',138193,NULL,'pc','id_ID',NULL,'clcadmin','clcadmin','2023-03-25 17:22:30',NULL,NULL,'2023-03-25 17:22:30'),('70618bc0-3246-44cf-a971-4f481e6d25c1','07c6cbca-4192-4251-9189-39b1b3d1b383',3,'ea275e4e14e87372763626946017fc6e.png','PHILIPPINES CLC CHOICE.png','image',434662,NULL,'pc','en_US',NULL,'jay','Jay','2023-04-07 17:31:45',NULL,NULL,'2023-04-07 17:31:45'),('7211f3b2-4df5-4b78-93af-5af750018eb4','781a1dcd-10b2-493a-a81f-aaa52fd9862d',1,'75b276a223d820807bc07aa645220469.png','clc_dialogue_banner.png','image',5234173,NULL,'pc','zh_TW',NULL,'jay','Jay','2023-04-25 19:34:21',NULL,NULL,'2023-04-25 19:34:21'),('732f9c33-dae5-4658-bdcd-741273ae3c9a','ba7f9ca1-e4ca-44a6-a433-6e56decb9ea0',3,'d333ab8ca370cda96747485cde509be2.png','699 ENGLISH.png','image',1250227,NULL,'pc','en_US',NULL,'clcadmin','clcadmin','2023-03-25 17:35:55',NULL,NULL,'2023-03-25 17:35:55'),('75075b39-32ea-40dd-b569-3b5b3fb3b693','9da7def8-c715-43de-b929-5735f17f998b',4,'810b5339cd8f49215c333a4ab2a28245.png','INDONESIA CLC CHOICE.png','image',861873,NULL,'pc','vi_VN',NULL,'jay','Jay','2023-04-07 17:31:11',NULL,NULL,'2023-04-07 17:31:11'),('75a0b7ee-5cfb-4f06-8e36-b5d4da68578f','1de6c72d-e990-44eb-93aa-2303de4ef3f8',4,'5ecb849b4201776b190626f33a2f843d.png','CLC CHOICE.png','image',4979586,NULL,'pc','vi_VN',NULL,'clcadmin','clcadmin','2023-03-25 17:38:59',NULL,NULL,'2023-03-25 17:38:59'),('7e3a3077-2432-4036-9c7e-fb0a1e24cd36','ef87582b-21f7-448d-9e5e-a86de082cd0a',4,'2383616b0479eb1f3d3dcd36d03fc424.png','TAIWAN CLC CHOICE.png','image',957884,NULL,'pc','vi_VN',NULL,'jay','Jay','2023-04-07 17:32:01',NULL,NULL,'2023-04-07 17:32:01'),('7eb6bbc8-cfcc-444b-91db-6fad59a83221','9a2087b0-f3c6-43f3-a202-35039e4378da',4,'36fc0cc0930d7aed6655855c7e51879f.png','#15 SINGLE BRAND BACKGROUND.png','image',6601,NULL,'pc','vi_VN',NULL,'admin','系統管理者','2023-05-24 20:36:24',NULL,NULL,'2023-05-24 20:36:24'),('8abb7a5e-e671-4f38-8085-52cc3407f3bc','65a3fead-d660-4081-a8d8-c2ad0be964fe',1,'63150d5344ae020e5f1fe396c01bc6a1.png','NEW1.png','image',96946,NULL,'pc','zh_TW',NULL,'clcadmin','clcadmin','2023-03-25 17:31:20',NULL,NULL,'2023-03-25 17:31:20'),('8d6e414e-9c04-42f0-82c6-326ed84abfb5','93118689-3f2e-4150-9808-5edf55703505',11,'450e6060acbf11c8ae939d4320e6ecb8.png','ENGLISH.png','image',1149230,NULL,'pc','en_US',NULL,'jay','Jay','2023-04-25 17:42:27',NULL,NULL,'2023-04-25 17:42:27'),('8f4f2bbf-980e-4dbb-b5ed-e6bc86fcadbe','a8d0cca9-3cd0-4c96-9575-d0eb2208b791',1,'000d19b8d6d4aa1454982e5cc303ce2b.png','VIETNAM CLC CHOICE.png','image',827637,NULL,'pc','zh_TW',NULL,'jay','Jay','2023-04-07 17:32:18',NULL,NULL,'2023-04-07 17:32:18'),('934aa496-7775-4153-890e-d3dff33f02ab','1de6c72d-e990-44eb-93aa-2303de4ef3f8',2,'3aa51dba2ec269863e71bb48b3057542.png','CLC CHOICE.png','image',4979586,NULL,'pc','id_ID',NULL,'clcadmin','clcadmin','2023-03-25 17:38:59',NULL,NULL,'2023-03-25 17:38:59'),('971cd940-7118-429b-9da1-013d16b934b1','9302ea2d-3a33-4456-b011-c7667ec77857',1,'04e3f02f5498f53b68cc3f56b43d5601.png','MAIN BANNER-RIGHT_01.png','image',531879,NULL,'pc','zh_TW',NULL,'clcadmin','clcadmin','2023-03-25 17:22:30',NULL,NULL,'2023-03-25 17:22:30'),('9ac23b8e-be12-4d88-a206-96841dc38e31','316a0ae7-fb88-4180-a279-239da7709412',3,'af1eaec95f01e092f29db158b739315e.png','#12 NEW MEMBER BACKGROUND.png','image',5391,NULL,'pc','en_US',NULL,'clcadmin','clcadmin','2023-03-25 17:35:15',NULL,NULL,'2023-03-25 17:35:15'),('9c692f90-9d71-47a0-b381-95df5aa8fa75','781a1dcd-10b2-493a-a81f-aaa52fd9862d',3,'8ab0e6afd61cb3c820c200175ca7e341.png','ENGLISH.png','image',1190813,NULL,'pc','en_US',NULL,'jay','Jay','2023-04-25 19:34:21',NULL,NULL,'2023-04-25 19:34:21'),('a5a1859e-ea73-4b35-a5c5-752f14f32b73','93118689-3f2e-4150-9808-5edf55703505',4,'b0124ce4e6d938fabf4bedc0d81f10c5.png','TW.png','image',1664313,NULL,'pc','zh_TW',NULL,'jay','Jay','2023-04-25 17:42:27',NULL,NULL,'2023-04-25 17:42:27'),('a6d3080f-78ab-4506-8ba4-a917535611a7','d8dc3d14-4e31-4ac2-878a-cb776c111b42',3,'89a7ca7050c6b7e583be7fdd141e2497.png','6f0576b1834cdcb13b666ca6e244a946.png','image',154810,NULL,'pc','en_US',NULL,'clcadmin','clcadmin','2023-03-25 17:29:28',NULL,NULL,'2023-03-25 17:29:28'),('a730503f-0133-4159-9e91-80d0dd276a5e','65a3fead-d660-4081-a8d8-c2ad0be964fe',3,'035a2ad85b92dbd758d6adea0f6407a5.png','NEW1.png','image',96946,NULL,'pc','en_US',NULL,'clcadmin','clcadmin','2023-03-25 17:31:20',NULL,NULL,'2023-03-25 17:31:20'),('a785fd4d-83f9-480f-94d0-cc006652a61c','9a2087b0-f3c6-43f3-a202-35039e4378da',3,'ce356efd00d7b97ed64e0780aee60329.png','#15 SINGLE BRAND BACKGROUND.png','image',6601,NULL,'pc','en_US',NULL,'admin','系統管理者','2023-05-24 20:36:24',NULL,NULL,'2023-05-24 20:36:24'),('acba0f67-c018-4f81-ad65-227384f18820','93118689-3f2e-4150-9808-5edf55703505',10,'9f8a0680ed7d7842ad19bf3e6ab937b1.png','INDO.png','image',699928,NULL,'pc','id_ID',NULL,'jay','Jay','2023-04-25 17:42:27',NULL,NULL,'2023-04-25 17:42:27'),('b5ad11e3-a525-4f0b-9e64-323e6b4e2496','a9a661d7-bb1b-4989-91c2-b22f605035ee',3,'8314b617fa9b7509e36af8be3b79b6a8.png','ENGLISH.png','image',558607,NULL,'pc','en_US',NULL,'admin','系統管理者','2023-05-24 20:34:47',NULL,NULL,'2023-05-24 20:34:47'),('bb88ce89-6a5a-4cb8-804f-11530fe496ea','a8d0cca9-3cd0-4c96-9575-d0eb2208b791',2,'5bc0003c4144de4802a44c93c695cd32.png','VIETNAM CLC CHOICE.png','image',827637,NULL,'pc','id_ID',NULL,'jay','Jay','2023-04-07 17:32:18',NULL,NULL,'2023-04-07 17:32:18'),('bff4c2c5-018e-4cb3-ae14-d13203407293','a8d0cca9-3cd0-4c96-9575-d0eb2208b791',4,'3d476a80f62148708d35815ae1d36e4b.png','VIETNAM CLC CHOICE.png','image',827637,NULL,'pc','vi_VN',NULL,'jay','Jay','2023-04-07 17:32:18',NULL,NULL,'2023-04-07 17:32:18'),('c0a84286-338d-4308-9996-3ac1a519ecdf','93118689-3f2e-4150-9808-5edf55703505',6,'23df11ae9a2cb376904026ce0fbe7fd5.png','INDONESIA.png','image',1140252,NULL,'pc','id_ID',NULL,'jay','Jay','2023-04-25 17:42:27',NULL,NULL,'2023-04-25 17:42:27'),('c232be95-852d-49e9-b948-231291947a4e','93118689-3f2e-4150-9808-5edf55703505',20,'9d5ff34845a9cad2e9c81f4a151db656.png','VIET.png','image',722942,NULL,'pc','vi_VN',NULL,'jay','Jay','2023-04-25 17:42:27',NULL,NULL,'2023-04-25 17:42:27'),('c2d2cba1-2f92-4115-a723-4a9fdb2d6db0','65a3fead-d660-4081-a8d8-c2ad0be964fe',4,'049e646b75dece9700f5cfae1e3d1467.png','NEW1.png','image',96946,NULL,'pc','vi_VN',NULL,'clcadmin','clcadmin','2023-03-25 17:31:20',NULL,NULL,'2023-03-25 17:31:20'),('c34c69de-137f-4975-a65b-29110678ead1','93118689-3f2e-4150-9808-5edf55703505',18,'5f2de79309d2cdc2cf515aa24abbe45f.png','VIETNAM.png','image',1369028,NULL,'pc','vi_VN',NULL,'jay','Jay','2023-04-25 17:42:27',NULL,NULL,'2023-04-25 17:42:27'),('cd6dc49e-de07-47a2-a4fa-d14a15425410','9302ea2d-3a33-4456-b011-c7667ec77857',4,'9ca586e285bac9ba95aada91afc50525.png','VIETNAM.png','image',142883,NULL,'pc','vi_VN',NULL,'clcadmin','clcadmin','2023-03-25 17:22:30',NULL,NULL,'2023-03-25 17:22:30'),('d19d1cf8-e08f-48c0-9f45-3ea59fe4a7ed','9da7def8-c715-43de-b929-5735f17f998b',3,'4990601f469a838f63a7284088210baf.png','INDONESIA CLC CHOICE.png','image',861873,NULL,'pc','en_US',NULL,'jay','Jay','2023-04-07 17:31:11',NULL,NULL,'2023-04-07 17:31:11'),('d4d6e886-36c5-4a97-be53-80903c6e5c90','93118689-3f2e-4150-9808-5edf55703505',16,'433c37986525d4db1400406665629e8c.png','VIETNAM.png','image',1199958,NULL,'pc','vi_VN',NULL,'jay','Jay','2023-04-25 17:42:27',NULL,NULL,'2023-04-25 17:42:27'),('d98b5153-ba72-4865-b162-9cdfeecb5327','9da7def8-c715-43de-b929-5735f17f998b',2,'e952c716ffd0878c5154084788849b34.png','INDONESIA CLC CHOICE.png','image',861873,NULL,'pc','id_ID',NULL,'jay','Jay','2023-04-07 17:31:11',NULL,NULL,'2023-04-07 17:31:11'),('db48b762-8026-4564-822d-e9a3a4558161','d8dc3d14-4e31-4ac2-878a-cb776c111b42',1,'81ad24ff32be4ba53b5b9e83e0ee2c84.png','MAIN BANNER-RIGHT_02.png','image',71743,NULL,'pc','zh_TW',NULL,'clcadmin','clcadmin','2023-03-25 17:29:28',NULL,NULL,'2023-03-25 17:29:28'),('db5ad725-9b9c-4330-993d-5fbbdc86ed10','a8d0cca9-3cd0-4c96-9575-d0eb2208b791',3,'c369a2928d1ec3db9ae10c05aaea28eb.png','VIETNAM CLC CHOICE.png','image',827637,NULL,'pc','en_US',NULL,'jay','Jay','2023-04-07 17:32:18',NULL,NULL,'2023-04-07 17:32:18'),('de5cd9c9-e14a-4659-ab50-927cde67becb','316a0ae7-fb88-4180-a279-239da7709412',4,'5a5686c778cb66e6fcf1342310525378.png','#12 NEW MEMBER BACKGROUND.png','image',5391,NULL,'pc','vi_VN',NULL,'clcadmin','clcadmin','2023-03-25 17:35:15',NULL,NULL,'2023-03-25 17:35:15'),('e82c5e24-fb27-4572-ac6c-9fdbce4e417a','07c6cbca-4192-4251-9189-39b1b3d1b383',2,'e2119d24575166b23316b382f6b0d30b.png','PHILIPPINES CLC CHOICE.png','image',434662,NULL,'pc','id_ID',NULL,'jay','Jay','2023-04-07 17:31:45',NULL,NULL,'2023-04-07 17:31:45'),('ea2317d7-adc2-4baa-9e35-fc9cdb8f49e3','1de6c72d-e990-44eb-93aa-2303de4ef3f8',3,'76f4231215ae53496ac3c8dcfcceb640.png','CLC CHOICE.png','image',4979586,NULL,'pc','en_US',NULL,'clcadmin','clcadmin','2023-03-25 17:38:59',NULL,NULL,'2023-03-25 17:38:59'),('eb30fa3e-c009-43e2-968d-6c581fd4cade','93118689-3f2e-4150-9808-5edf55703505',1,'9bc9061014be48f95076ba41e9d6fa97.jpg','TAIWAN.jpg','image',672200,NULL,'pc','zh_TW',NULL,'jay','Jay','2023-04-25 17:42:27',NULL,NULL,'2023-04-25 17:42:27'),('ecd3616c-4f1f-4eed-9b87-7cb921a98554','07c6cbca-4192-4251-9189-39b1b3d1b383',4,'115017ad04d6d9212c953af58cbb777e.png','PHILIPPINES CLC CHOICE.png','image',434662,NULL,'pc','vi_VN',NULL,'jay','Jay','2023-04-07 17:31:45',NULL,NULL,'2023-04-07 17:31:45'),('f20a49d5-5af2-4076-9837-a7787e7cc943','93118689-3f2e-4150-9808-5edf55703505',2,'4a3a021825d7ae5afc1ecc477daa8c20.png','8d09c3f988aeabb0fbaf7f4a96148270.png','image',2717365,NULL,'pc','zh_TW',NULL,'jay','Jay','2023-04-25 17:42:27',NULL,NULL,'2023-04-25 17:42:27'),('f4123d6c-8eff-48c0-bbd8-ad00968791d8','d8dc3d14-4e31-4ac2-878a-cb776c111b42',4,'588028af37bfc39297e518ceec46d834.png','80017aaf6818f60f56c13c6f5917572c.png','image',153288,NULL,'pc','vi_VN',NULL,'clcadmin','clcadmin','2023-03-25 17:29:28',NULL,NULL,'2023-03-25 17:29:28'),('f49f62f6-49b3-4227-8ea8-2086cadd0e75','93118689-3f2e-4150-9808-5edf55703505',3,'f7ad67086e8f9e06b5d5e93248ae062b.png','c13e63ada9081be7c3ad5dc6f060c6ba.png','image',1269992,NULL,'pc','zh_TW',NULL,'jay','Jay','2023-04-25 17:42:27',NULL,NULL,'2023-04-25 17:42:27'),('f73dc412-3625-4ed4-95c3-2c5750793609','1de6c72d-e990-44eb-93aa-2303de4ef3f8',1,'7594cda901970dc194b558bb31ab09c3.png','CLC CHOICE.png','image',4979586,NULL,'pc','zh_TW',NULL,'clcadmin','clcadmin','2023-03-25 17:38:59',NULL,NULL,'2023-03-25 17:38:59'),('f8774826-5435-4f3b-8b2c-ccb8913a587e','316a0ae7-fb88-4180-a279-239da7709412',2,'3732bce192e2911bcc0881a11c03e802.png','#12 NEW MEMBER BACKGROUND.png','image',5391,NULL,'pc','id_ID',NULL,'clcadmin','clcadmin','2023-03-25 17:35:15',NULL,NULL,'2023-03-25 17:35:15'),('fc7325b7-5a15-44b3-9eff-7fbc2fa3d3c1','93118689-3f2e-4150-9808-5edf55703505',15,'5225a0d6b0c102b3a92bcd721a3a1e98.png','ENG.png','image',705396,NULL,'pc','en_US',NULL,'jay','Jay','2023-04-25 17:42:27',NULL,NULL,'2023-04-25 17:42:27'),('fcf4c49a-5e84-4350-939c-57480e0225e6','ef87582b-21f7-448d-9e5e-a86de082cd0a',3,'a08785349f1b365cba775a6d4b6bbaea.png','TAIWAN CLC CHOICE.png','image',957884,NULL,'pc','en_US',NULL,'jay','Jay','2023-04-07 17:32:01',NULL,NULL,'2023-04-07 17:32:01'),('ff31f4be-1d4e-443a-b47b-7ed07876890a','65a3fead-d660-4081-a8d8-c2ad0be964fe',2,'3b11e7b7a95eaf3f39a2a08b27b6b7c3.png','NEW1.png','image',96946,NULL,'pc','id_ID',NULL,'clcadmin','clcadmin','2023-03-25 17:31:20',NULL,NULL,'2023-03-25 17:31:20');

--
-- Table structure for table `block`
--

CREATE TABLE `block` (
  `id` bigint(20) unsigned NOT NULL AUTO_INCREMENT,
  `code` varchar(20) COLLATE utf8mb4_unicode_ci NOT NULL COMMENT '編號',
  `name` varchar(100) COLLATE utf8mb4_unicode_ci NOT NULL COMMENT '名稱',
  `width` smallint(6) DEFAULT NULL COMMENT '區塊寬度',
  `height` smallint(6) DEFAULT NULL COMMENT '區塊高度',
  `mobile_width` smallint(6) DEFAULT NULL COMMENT '手機區塊寬度',
  `mobile_height` smallint(6) DEFAULT NULL COMMENT '手機區塊高度',
  `description` varchar(200) COLLATE utf8mb4_unicode_ci DEFAULT NULL COMMENT '描述',
  `create_id` varchar(20) COLLATE utf8mb4_unicode_ci NOT NULL COMMENT '建立者ID',
  `create_name` varchar(20) COLLATE utf8mb4_unicode_ci NOT NULL COMMENT '建立者名稱',
  `create_time` datetime NOT NULL DEFAULT CURRENT_TIMESTAMP COMMENT '建立時間',
  `modify_id` varchar(20) COLLATE utf8mb4_unicode_ci DEFAULT NULL COMMENT '修改者ID',
  `modify_name` varchar(20) COLLATE utf8mb4_unicode_ci DEFAULT NULL COMMENT '修改名稱',
  `modify_time` datetime DEFAULT CURRENT_TIMESTAMP ON UPDATE CURRENT_TIMESTAMP COMMENT '修改時間',
  PRIMARY KEY (`id`)
) ENGINE=InnoDB AUTO_INCREMENT=22 DEFAULT CHARSET=utf8mb4 COLLATE=utf8mb4_unicode_ci COMMENT='橫幅廣告區塊';

--
-- Dumping data for table `block`
--

INSERT INTO `block` VALUES (5,'MB_L','MainBanner左側',NULL,NULL,NULL,NULL,NULL,'system','system','2023-03-25 16:26:31',NULL,NULL,'2023-03-25 16:26:31'),(6,'MB_R_U','MainBanner右上',NULL,NULL,NULL,NULL,NULL,'system','system','2023-03-25 16:26:31',NULL,NULL,'2023-03-25 16:26:31'),(7,'MB_R_D','MainBanner右下',NULL,NULL,NULL,NULL,NULL,'system','system','2023-03-25 16:26:31',NULL,NULL,'2023-03-25 16:26:31'),(8,'FS_BG','限時搶購背景',NULL,NULL,NULL,NULL,NULL,'system','system','2023-03-25 16:26:31',NULL,NULL,'2023-03-25 16:26:31'),(9,'FS_L','限時搶購左側',NULL,NULL,NULL,NULL,NULL,'system','system','2023-03-25 16:26:31',NULL,NULL,'2023-03-25 16:26:31'),(10,'FB_BG','首購優惠背景',NULL,NULL,NULL,NULL,NULL,'system','system','2023-03-25 16:26:31',NULL,NULL,'2023-03-25 16:26:31'),(11,'FB_L','首購優惠左側',NULL,NULL,NULL,NULL,NULL,'system','system','2023-03-25 16:26:31',NULL,NULL,'2023-03-25 16:26:31'),(12,'SB_BG','精選品牌背景',NULL,NULL,NULL,NULL,NULL,'system','system','2023-03-25 16:26:31',NULL,NULL,'2023-03-25 16:26:31'),(13,'SB_L','精選品牌左側',NULL,NULL,NULL,NULL,NULL,'system','system','2023-03-25 16:26:31',NULL,NULL,'2023-03-25 16:26:31'),(14,'CLC_CHOICE','CLC嚴選',NULL,NULL,NULL,NULL,NULL,'system','system','2023-03-25 16:26:31',NULL,NULL,'2023-03-25 16:26:31'),(15,'IDX_D','下方廣告',NULL,NULL,NULL,NULL,NULL,'system','system','2023-03-25 16:26:31',NULL,NULL,'2023-03-25 16:26:31'),(16,'IDX_POP','首頁POP',NULL,NULL,NULL,NULL,NULL,'system','system','2023-03-25 16:26:31',NULL,NULL,'2023-03-25 16:26:31'),(17,'DB_BG','首頁dashboard背景',NULL,NULL,NULL,NULL,NULL,'system','system','2023-03-25 16:26:31',NULL,NULL,'2023-03-25 16:26:31'),(18,'CNT_TW','四國台灣',NULL,NULL,NULL,NULL,NULL,'system','system','2023-04-07 16:02:22',NULL,NULL,'2023-04-07 16:02:22'),(19,'CNT_PH','四國菲律賓',NULL,NULL,NULL,NULL,NULL,'system','system','2023-04-07 16:02:22',NULL,NULL,'2023-04-07 16:02:22'),(20,'CNT_ID','四國印尼',NULL,NULL,NULL,NULL,NULL,'system','system','2023-04-07 16:02:22',NULL,NULL,'2023-04-07 16:02:22'),(21,'CNT_VN','四國越南',NULL,NULL,NULL,NULL,NULL,'system','system','2023-04-07 16:02:22',NULL,NULL,'2023-04-07 16:02:22');

--
-- Table structure for table `career`
--

CREATE TABLE `career` (
  `id` varchar(36) COLLATE utf8mb4_unicode_ci NOT NULL,
  `sorting` int(11) NOT NULL DEFAULT '1' COMMENT '排序編號',
  `name` varchar(100) COLLATE utf8mb4_unicode_ci NOT NULL COMMENT '名稱',
  `description` varchar(200) COLLATE utf8mb4_unicode_ci DEFAULT NULL COMMENT '備註',
  `create_id` varchar(20) COLLATE utf8mb4_unicode_ci NOT NULL COMMENT '建立者ID',
  `create_name` varchar(20) COLLATE utf8mb4_unicode_ci NOT NULL COMMENT '建立者名稱',
  `create_time` datetime NOT NULL DEFAULT CURRENT_TIMESTAMP COMMENT '建立時間',
  `modify_id` varchar(20) COLLATE utf8mb4_unicode_ci DEFAULT NULL COMMENT '修改者ID',
  `modify_name` varchar(20) COLLATE utf8mb4_unicode_ci DEFAULT NULL COMMENT '修改名稱',
  `modify_time` datetime DEFAULT CURRENT_TIMESTAMP ON UPDATE CURRENT_TIMESTAMP COMMENT '修改時間',
  PRIMARY KEY (`id`)
) ENGINE=InnoDB DEFAULT CHARSET=utf8mb4 COLLATE=utf8mb4_unicode_ci COMMENT='職業';

--
-- Dumping data for table `career`
--

INSERT INTO `career` VALUES ('alter',30,'其他',NULL,'system','system','2022-09-20 11:18:46',NULL,NULL,'2022-09-20 11:18:46'),('business',1,'工商',NULL,'system','system','2022-09-20 11:18:46',NULL,NULL,'2022-09-20 11:18:46'),('edu',15,'教育',NULL,'system','system','2022-09-20 11:18:46',NULL,NULL,'2022-09-20 11:18:46'),('finance',5,'金融',NULL,'system','system','2022-09-20 11:18:46',NULL,NULL,'2022-09-20 11:18:46'),('info',10,'資訊',NULL,'system','system','2022-09-20 11:18:46',NULL,NULL,'2022-09-20 11:18:46'),('military',20,'軍職類',NULL,'system','system','2022-09-20 11:18:46',NULL,NULL,'2022-09-20 11:18:46'),('product',25,'製造類',NULL,'system','system','2022-09-20 11:18:46',NULL,NULL,'2022-09-20 11:18:46');

--
-- Table structure for table `cart`
--

CREATE TABLE `cart` (
  `id` int(10) unsigned NOT NULL AUTO_INCREMENT,
  `stock_type` varchar(20) COLLATE utf8mb4_unicode_ci DEFAULT 'physical' COMMENT '商品類型',
  `member_id` varchar(36) COLLATE utf8mb4_unicode_ci NOT NULL COMMENT '會員ID',
  `sorting` int(11) NOT NULL DEFAULT '1' COMMENT '排序編號',
  `stock_id` varchar(36) COLLATE utf8mb4_unicode_ci NOT NULL COMMENT '商品ID',
  `stock_spec_id` varchar(200) COLLATE utf8mb4_unicode_ci DEFAULT NULL COMMENT '商品規格ID',
  `org_unit_price` double NOT NULL DEFAULT '0' COMMENT '原幣單價',
  `unit_price` double NOT NULL DEFAULT '0' COMMENT '單價',
  `discount_rate` double NOT NULL DEFAULT '100' COMMENT '折扣',
  `discount_amount` double NOT NULL DEFAULT '0' COMMENT '折價',
  `price` double NOT NULL DEFAULT '0' COMMENT '售價',
  `qty` int(11) NOT NULL DEFAULT '0' COMMENT '數量',
  `description` varchar(200) COLLATE utf8mb4_unicode_ci DEFAULT NULL COMMENT '備註',
  `create_id` varchar(100) COLLATE utf8mb4_unicode_ci NOT NULL COMMENT '建立者ID',
  `create_name` varchar(20) COLLATE utf8mb4_unicode_ci NOT NULL COMMENT '建立者名稱',
  `create_time` datetime NOT NULL DEFAULT CURRENT_TIMESTAMP COMMENT '建立時間',
  `modify_id` varchar(100) COLLATE utf8mb4_unicode_ci DEFAULT NULL COMMENT '修改者ID',
  `modify_name` varchar(20) COLLATE utf8mb4_unicode_ci DEFAULT NULL COMMENT '修改名稱',
  `modify_time` datetime DEFAULT CURRENT_TIMESTAMP ON UPDATE CURRENT_TIMESTAMP COMMENT '修改時間',
  PRIMARY KEY (`id`),
  KEY `cart_member_id_foreign` (`member_id`),
  KEY `cart_stock_id_foreign` (`stock_id`),
  CONSTRAINT `cart_member_id_foreign` FOREIGN KEY (`member_id`) REFERENCES `member` (`id`),
  CONSTRAINT `cart_stock_id_foreign` FOREIGN KEY (`stock_id`) REFERENCES `stock` (`id`)
) ENGINE=InnoDB AUTO_INCREMENT=899 DEFAULT CHARSET=utf8mb4 COLLATE=utf8mb4_unicode_ci COMMENT='購物車';

--
-- Dumping data for table `cart`
--

INSERT INTO `cart` VALUES (91,'physical','6916a80c-0eb6-4581-abf3-b9aa78b8f541',1,'9c7518f6-1ae5-4a6c-ba8a-d09db87eb427','仙草 Cincau',0,31,100,0,30,2,NULL,'K122472162','何崇銘','2023-03-15 23:22:59',NULL,NULL,'2023-03-15 23:22:59'),(124,'physical','055000b4-5d04-45de-9b02-38394e437e4e',1,'8e1d3284-29e2-4b22-b157-466bca4c8627','原味 Goreng',0,10,100,0,10,10,NULL,'P120523025','林俊諺','2023-03-16 21:49:45','P120523025','林俊諺','2023-05-29 23:01:11'),(153,'physical','8025c272-c448-4991-a53f-e657be7ed065',1,'6ae1ad98-8ed5-4adf-a6f0-7d3d9762c665','蛋黃椰糖醬 Egg Yolk Flavour 350gr',0,105,100,0,100,1,NULL,'N122625487','余志中','2023-03-17 10:43:16',NULL,NULL,'2023-05-05 07:37:24'),(154,'physical','683de7cc-a082-4028-b63a-e774dcb58147',1,'2b9497df-1c27-4efb-9189-f3b59aa31733','Tarikk 拉茶 奶茶 30入*25g',0,147,100,0,195,1,NULL,'F228068660','陳妤婷','2023-03-17 16:03:21',NULL,NULL,'2023-03-17 16:03:21'),(155,'physical','827b26c6-b4f9-446b-ad3c-194837182a39',1,'63702189-7689-46dc-8201-6cd536554a94',NULL,0,94,100,0,90,1,NULL,'XE281467','Sisca dhamayanti','2023-03-17 22:03:30',NULL,NULL,'2023-03-17 22:03:30'),(156,'physical','827b26c6-b4f9-446b-ad3c-194837182a39',1,'63702189-7689-46dc-8201-6cd536554a94',NULL,0,94,100,0,90,1,NULL,'XE281467','Sisca dhamayanti','2023-03-17 22:03:41',NULL,NULL,'2023-03-17 22:03:41'),(158,'physical','e6ec5fed-37f1-4a8a-8219-c1b3d53fb33e',1,'0aae33ef-90d9-4789-ae9c-c6c7ffa597f8',NULL,0,2680,100,0,2680,1,NULL,'N120179491','楊吉富','2023-03-19 15:11:27',NULL,NULL,'2023-03-19 15:11:27'),(164,'physical','6e1a4b44-7c42-4d5f-8b36-61d62cfd0a09',1,'ac87337f-4cb1-4e82-85cf-65b27b63f385',NULL,0,99,100,0,95,1,NULL,'A800036596','Michael','2023-03-21 12:00:08',NULL,NULL,'2023-03-21 12:00:08'),(186,'physical','f0f09746-e781-4abb-8aa3-143c864080e9',1,'0aae33ef-90d9-4789-ae9c-c6c7ffa597f8',NULL,0,2680,100,0,2680,1,NULL,'ddddddddd','彭裕宸','2023-03-23 21:48:17',NULL,NULL,'2023-03-23 21:48:17'),(187,'physical','f0f09746-e781-4abb-8aa3-143c864080e9',1,'0aae33ef-90d9-4789-ae9c-c6c7ffa597f8',NULL,0,2680,100,0,2680,1,NULL,'ddddddddd','彭裕宸','2023-03-23 21:48:39',NULL,NULL,'2023-03-23 21:48:39'),(206,'physical','f43ce909-540a-451c-b9da-fabcde4bce06',1,'95c15099-3bc9-4397-a3aa-e3b620b8c7ee',NULL,0,78,100,0,75,1,NULL,'A220214530','劉盈蘭','2023-03-27 17:49:23',NULL,NULL,'2023-03-27 17:49:23'),(207,'physical','f43ce909-540a-451c-b9da-fabcde4bce06',1,'2b9497df-1c27-4efb-9189-f3b59aa31733','Tarikk 拉茶 奶茶 30入*25g',0,147,100,0,195,1,NULL,'A220214530','劉盈蘭','2023-03-27 18:22:15',NULL,NULL,'2023-03-27 18:22:15'),(303,'physical','e828c7b9-fb52-47ff-9938-fdcbc70dfdd7',1,'02b5bb04-9816-4275-b1f5-c1b8b6d49713',NULL,0,26,100,0,25,1,NULL,'F260176827','NAOMI','2023-03-31 21:13:34',NULL,NULL,'2023-03-31 21:13:34'),(304,'physical','7fc8593f-97cc-4063-991e-72b7f4c5dbf1',1,'8e1d3284-29e2-4b22-b157-466bca4c8627','原味 Goreng',0,10,100,0,10,10,NULL,'N220031194','黃曾淑珠','2023-04-04 10:24:24',NULL,NULL,'2023-04-04 10:24:24'),(305,'physical','7fc8593f-97cc-4063-991e-72b7f4c5dbf1',1,'0e54cabc-8858-4abe-b60d-cfa8f2c6682d',NULL,0,10,100,0,10,1,NULL,'N220031194','黃曾淑珠','2023-04-04 10:28:20',NULL,NULL,'2023-04-04 10:28:20'),(323,'physical','eb6ed404-d596-4e5a-bf6e-c121039ad8a3',1,'05039ca3-48e7-41a5-bed6-7172c4dcf1fe','辣味 Spicy',0,105,100,0,100,1,NULL,'Q121381737','吳哲明','2023-04-07 22:32:51',NULL,NULL,'2023-04-07 22:32:51'),(324,'physical','eb6ed404-d596-4e5a-bf6e-c121039ad8a3',1,'e6e1e660-bf25-478b-81da-0da06ac74841',NULL,0,31,100,0,30,1,NULL,'Q121381737','吳哲明','2023-04-07 22:34:10',NULL,NULL,'2023-04-07 22:34:10'),(325,'physical','eb6ed404-d596-4e5a-bf6e-c121039ad8a3',1,'02b5bb04-9816-4275-b1f5-c1b8b6d49713',NULL,0,26,100,0,25,1,NULL,'Q121381737','吳哲明','2023-04-07 22:34:21',NULL,NULL,'2023-04-07 22:34:21'),(327,'physical','eb6ed404-d596-4e5a-bf6e-c121039ad8a3',1,'2a9abe64-c0d3-407b-9960-34a29ddad357',NULL,0,10,100,0,10,1,NULL,'Q121381737','吳哲明','2023-04-07 22:34:51',NULL,NULL,'2023-04-07 22:34:51'),(328,'physical','eb6ed404-d596-4e5a-bf6e-c121039ad8a3',1,'b53b9ee2-a4bf-40b3-b1b4-cf2fccde71dd','茄汁辣 Hot Tomato',0,26,100,0,25,1,NULL,'Q121381737','吳哲明','2023-04-07 22:36:20',NULL,NULL,'2023-04-07 22:36:20'),(329,'physical','eb6ed404-d596-4e5a-bf6e-c121039ad8a3',1,'543e6e7b-1226-47bc-a938-9d1954f3140e','辣味 Hot & Spicy',0,36,100,0,35,1,NULL,'Q121381737','吳哲明','2023-04-07 22:36:36',NULL,NULL,'2023-04-07 22:36:36'),(330,'physical','eb6ed404-d596-4e5a-bf6e-c121039ad8a3',1,'b038dfed-e82d-459b-86cb-ddb1a19ed774','香菇 Mushroom',0,15,100,0,15,1,NULL,'Q121381737','吳哲明','2023-04-07 22:37:44',NULL,NULL,'2023-04-07 22:37:44'),(331,'physical','eb6ed404-d596-4e5a-bf6e-c121039ad8a3',1,'8e1d3284-29e2-4b22-b157-466bca4c8627','辣牛肋骨 Iga Penyet',0,10,100,0,10,2,NULL,'Q121381737','吳哲明','2023-04-07 22:38:23','Q121381737','吳哲明','2023-06-06 21:41:42'),(332,'physical','eb6ed404-d596-4e5a-bf6e-c121039ad8a3',1,'02dd91bf-80ab-40d6-8aa4-fea1fab8120a','泰式酸辣 Tom Yum',0,26,100,0,25,1,NULL,'Q121381737','吳哲明','2023-04-07 22:38:46',NULL,NULL,'2023-04-07 22:38:46'),(333,'physical','eb6ed404-d596-4e5a-bf6e-c121039ad8a3',1,'02dd91bf-80ab-40d6-8aa4-fea1fab8120a','咖哩叻沙 Laksa Curry',0,26,100,0,25,1,NULL,'Q121381737','吳哲明','2023-04-07 22:38:53',NULL,NULL,'2023-04-07 22:38:53'),(370,'physical','908f8772-b7d8-4209-9495-ad9c073351fc',1,'e7c2c565-90c9-4ea5-8123-3dd145b3dfb8','烤玉米 Grilled Corn',0,147,100,0,140,1,NULL,'A229317550','高若妘','2023-04-09 12:12:11',NULL,NULL,'2023-04-09 12:12:11'),(374,'physical','bb766821-0b79-43b5-b363-9b3c21cd32e3',1,'1fc107e5-37e5-4b05-a166-5a2d259144e3',NULL,0,36,100,0,35,6,NULL,'S224929046','劉靜如','2023-04-10 00:47:56','S224929046','劉靜如','2023-05-02 14:03:18'),(391,'physical','12d171f5-5b8d-4da9-b24b-a29fd1f242f0',1,'efd358f8-fa4e-40b9-9a93-bf3a944c8d1b',NULL,0,189,100,0,180,1,NULL,'E1026775','Esa Tri Astuti','2023-04-12 12:52:35',NULL,NULL,'2023-04-12 12:52:35'),(392,'physical','12d171f5-5b8d-4da9-b24b-a29fd1f242f0',1,'1399f88b-044b-481e-baf6-a48c1a5149a7','辣味 Cabai Rawit',0,36,100,0,35,1,NULL,'E1026775','Esa Tri Astuti','2023-04-12 12:54:09',NULL,NULL,'2023-04-12 12:54:09'),(393,'physical','12d171f5-5b8d-4da9-b24b-a29fd1f242f0',1,'7b8e9605-03f1-4760-a126-45cf506c9d51','餅乾 Combo',0,47,100,0,45,1,NULL,'E1026775','Esa Tri Astuti','2023-04-12 12:55:04',NULL,NULL,'2023-04-12 12:55:04'),(394,'physical','12d171f5-5b8d-4da9-b24b-a29fd1f242f0',1,'6c604aac-73af-48f4-bfd0-f4a235ca389e',NULL,0,42,100,0,40,1,NULL,'E1026775','Esa Tri Astuti','2023-04-12 12:55:45',NULL,NULL,'2023-04-12 12:55:45'),(395,'physical','12d171f5-5b8d-4da9-b24b-a29fd1f242f0',1,'5ed673ef-03a4-404b-acfc-1a9ca254c4ce','Level 10 150g',0,57,100,0,55,1,NULL,'E1026775','Esa Tri Astuti','2023-04-12 12:56:38',NULL,NULL,'2023-04-12 12:56:38'),(396,'physical','12d171f5-5b8d-4da9-b24b-a29fd1f242f0',1,'558b6b18-9078-4706-a72e-0dc58ea7a53c',NULL,0,42,100,0,40,1,NULL,'E1026775','Esa Tri Astuti','2023-04-12 12:57:21',NULL,NULL,'2023-04-12 12:57:21'),(397,'physical','12d171f5-5b8d-4da9-b24b-a29fd1f242f0',1,'dd804f89-9420-445b-a3af-37cb2084609a',NULL,0,63,100,0,60,1,NULL,'E1026775','Esa Tri Astuti','2023-04-12 12:57:39',NULL,NULL,'2023-04-12 12:57:39'),(408,'physical','450a8f3f-158f-4014-982b-6e25601d54a1',1,'2e4cfbba-f851-48ec-9d0a-ea9488f116f2',NULL,0,658,100,0,599,1,NULL,'A228856861','潘靜芳','2023-04-12 20:28:31',NULL,NULL,'2023-04-12 20:28:31'),(409,'physical','27eec20d-d9df-43ba-9cb5-61cc4ae5bdba',1,'3f0552bb-0566-45ad-92bf-516ddf38ce34','玉米濃湯 Corn Soup',0,57,100,0,55,1,NULL,'A230675223','貝貝','2023-04-13 09:27:59',NULL,NULL,'2023-04-13 09:27:59'),(410,'physical','27eec20d-d9df-43ba-9cb5-61cc4ae5bdba',1,'0e54cabc-8858-4abe-b60d-cfa8f2c6682d',NULL,0,10,100,0,10,1,NULL,'A230675223','貝貝','2023-04-13 09:31:59',NULL,NULL,'2023-04-13 09:31:59'),(411,'physical','1ab2813c-6244-4472-ad42-3f15aa2e0613',1,'f8a6a430-b580-46fe-900b-493891954cea',NULL,0,650,100,0,599,1,NULL,'jay9910024','黃祈睿','2023-04-13 11:13:16',NULL,NULL,'2023-06-05 13:38:33'),(412,'physical','1ab2813c-6244-4472-ad42-3f15aa2e0613',1,'b9807bb4-7830-4e70-9d00-0aac6f3fc935',NULL,0,655,100,0,599,1,NULL,'jay9910024','黃祈睿','2023-04-13 11:14:31',NULL,NULL,'2023-06-05 13:38:33'),(417,'physical','159155e8-d078-4c97-8940-1bca4d5f04cc',1,'9c7518f6-1ae5-4a6c-ba8a-d09db87eb427','仙草 Cincau',0,31,100,0,30,1,NULL,'S120200940','蔡永富','2023-04-13 22:18:45',NULL,NULL,'2023-04-13 22:18:45'),(418,'physical','159155e8-d078-4c97-8940-1bca4d5f04cc',1,'e6e1e660-bf25-478b-81da-0da06ac74841',NULL,0,31,100,0,30,1,NULL,'S120200940','蔡永富','2023-04-13 22:19:18',NULL,NULL,'2023-04-13 22:19:18'),(419,'physical','159155e8-d078-4c97-8940-1bca4d5f04cc',1,'b623f942-d429-4c03-bfdf-bff490ab89e9',NULL,0,31,100,0,30,1,NULL,'S120200940','蔡永富','2023-04-13 22:20:17',NULL,NULL,'2023-04-13 22:20:17'),(420,'physical','159155e8-d078-4c97-8940-1bca4d5f04cc',1,'2a9abe64-c0d3-407b-9960-34a29ddad357',NULL,0,10,100,0,10,1,NULL,'S120200940','蔡永富','2023-04-13 22:21:47',NULL,NULL,'2023-04-13 22:21:47'),(441,'physical','a36d59b6-ed6a-4ceb-92a4-5ea1932924e3',1,'688c7a50-b0f7-4d63-aa0c-ee95819c7e79',NULL,0,63,100,0,60,4,NULL,'D120945166','李志宏','2023-04-15 16:18:28',NULL,NULL,'2023-04-15 16:18:31'),(442,'physical','a4e33ba4-a519-4f79-9f9c-bc1d4c5e4426',1,'1ed0fbb9-21eb-4510-ae04-66b02c2d9d7b',NULL,0,1680,100,0,1380,1,NULL,'90136078','百品源','2023-04-15 21:20:00',NULL,NULL,'2023-04-15 21:20:00'),(443,'physical','00dc2a5f-dd43-4d83-a3c3-af8426efe0f9',1,'e7fcb84a-a48e-440c-b12a-5fe3b535979e',NULL,0,690,100,0,590,1,NULL,'N124937515','邱有成','2023-04-16 00:33:57',NULL,NULL,'2023-04-16 00:33:57'),(444,'physical','0895a3a0-5d46-4726-a70c-685ff612ef5a',1,'95c15099-3bc9-4397-a3aa-e3b620b8c7ee',NULL,0,78,100,0,75,15,NULL,'B122978492','黃衫煜','2023-04-17 20:45:58',NULL,NULL,'2023-04-17 20:45:59'),(445,'physical','a872dddd-660f-430a-a2c5-c4366ffd8127',1,'2e4cfbba-f851-48ec-9d0a-ea9488f116f2',NULL,0,645,100,0,599,1,NULL,'A128889055','高恆智','2023-04-18 12:50:56',NULL,NULL,'2023-04-18 12:50:56'),(446,'physical','fe322555-79f1-4a7d-aae1-0d7c444cf899',1,'ac87337f-4cb1-4e82-85cf-65b27b63f385',NULL,0,99,100,0,95,1,NULL,'F124575555','吳信霖','2023-04-19 10:23:25',NULL,NULL,'2023-04-19 10:23:25'),(447,'physical','e1e64399-215b-48a7-a76e-a4d2b170b5c9',1,'9c7518f6-1ae5-4a6c-ba8a-d09db87eb427','仙草羅勒 Cincau+Selasih',0,31,100,0,30,1,NULL,'S120273363','張鳳鈞','2023-04-19 15:37:29',NULL,NULL,'2023-04-19 15:37:29'),(448,'physical','aa96aff2-c8b6-4381-a38d-d44c9041f67f',1,'eddebe83-93c8-46da-adad-d6fee556ca19',NULL,0,320,100,0,298,2,NULL,'A71515123','Le Quang Tuan','2023-04-20 11:36:47',NULL,NULL,'2023-04-20 11:36:47'),(449,'physical','aa96aff2-c8b6-4381-a38d-d44c9041f67f',1,'560ca8f7-1dfe-47dd-b93f-beec581bdebb',NULL,0,78,100,0,75,1,NULL,'A71515123','Le Quang Tuan','2023-04-20 11:50:11',NULL,NULL,'2023-04-20 11:50:11'),(450,'physical','6e1a4b44-7c42-4d5f-8b36-61d62cfd0a09',1,'b053a1b5-3fd7-418f-93e2-1f68d96d639b',NULL,0,3960,100,0,2680,1,NULL,'A800036596','Michael','2023-04-21 10:53:15',NULL,NULL,'2023-04-21 10:53:15'),(452,'physical','5bd66ebe-9114-470e-890e-a4a6a1bd23b3',1,'625ec2f9-388a-42da-a7a6-a9b16d080ec6','咖啡牛奶 Kopi Susu',0,42,100,0,40,1,NULL,'A225755214','蔡一芃','2023-04-21 17:34:52',NULL,NULL,'2023-04-21 17:34:52'),(453,'physical','5bd66ebe-9114-470e-890e-a4a6a1bd23b3',1,'59ba4e5c-dc7f-471c-97e3-157aabd21f6a','30包',0,152,100,0,145,1,NULL,'A225755214','蔡一芃','2023-04-21 17:36:45',NULL,NULL,'2023-04-21 17:36:45'),(454,'physical','5bd66ebe-9114-470e-890e-a4a6a1bd23b3',1,'1d78e1e5-af12-4242-b7da-1b09b3397feb','巧克力 Chocolate',0,52,100,0,50,1,NULL,'A225755214','蔡一芃','2023-04-21 17:37:26',NULL,NULL,'2023-04-21 17:37:26'),(455,'physical','5bd66ebe-9114-470e-890e-a4a6a1bd23b3',1,'1d78e1e5-af12-4242-b7da-1b09b3397feb','草莓 Strawberry',0,52,100,0,50,1,NULL,'A225755214','蔡一芃','2023-04-21 17:37:30',NULL,NULL,'2023-04-21 17:37:30'),(456,'physical','5bd66ebe-9114-470e-890e-a4a6a1bd23b3',1,'b69d1466-6d24-442a-a634-bf3feaae2941','炒米粉 Goreng',0,21,100,0,20,1,NULL,'A225755214','蔡一芃','2023-04-21 17:40:15',NULL,NULL,'2023-04-21 17:40:15'),(457,'physical','5bd66ebe-9114-470e-890e-a4a6a1bd23b3',1,'b69d1466-6d24-442a-a634-bf3feaae2941','原味湯 Kuah Original',0,21,100,0,20,1,NULL,'A225755214','蔡一芃','2023-04-21 17:40:19',NULL,NULL,'2023-04-21 17:40:19'),(458,'physical','5bd66ebe-9114-470e-890e-a4a6a1bd23b3',1,'8e1d3284-29e2-4b22-b157-466bca4c8627','綠-亞齊經典炒麵 Goreng Aceh',0,10,100,0,10,1,NULL,'A225755214','蔡一芃','2023-04-21 17:41:00',NULL,NULL,'2023-04-21 17:41:00'),(459,'physical','5bd66ebe-9114-470e-890e-a4a6a1bd23b3',1,'8e1d3284-29e2-4b22-b157-466bca4c8627','原味 Goreng',0,10,100,0,10,1,NULL,'A225755214','蔡一芃','2023-04-21 17:41:05',NULL,NULL,'2023-04-21 17:41:05'),(460,'physical','5bd66ebe-9114-470e-890e-a4a6a1bd23b3',1,'8e1d3284-29e2-4b22-b157-466bca4c8627','巴東(辣)牛肉 Rendang',0,10,100,0,10,1,NULL,'A225755214','蔡一芃','2023-04-21 17:41:12',NULL,NULL,'2023-04-21 17:41:12'),(461,'physical','5bd66ebe-9114-470e-890e-a4a6a1bd23b3',1,'8e1d3284-29e2-4b22-b157-466bca4c8627','香蔥雞湯麵 Ayam Bawang',0,10,100,0,10,1,NULL,'A225755214','蔡一芃','2023-04-21 17:41:15',NULL,NULL,'2023-04-21 17:41:15'),(462,'physical','5bd66ebe-9114-470e-890e-a4a6a1bd23b3',1,'08e02676-2ab7-4aa5-bc04-8c9d760492e1','EXTRA 25gr',0,10,100,0,10,1,NULL,'A225755214','蔡一芃','2023-04-21 17:44:19',NULL,NULL,'2023-04-21 17:44:19'),(463,'physical','2a6584c2-d8a4-4274-9c91-1aa74fd88d7f',1,'5815619c-8c94-4de0-b359-761934b29bd3','香烤魷魚 Grilled Squid',0,126,100,0,120,1,NULL,'T123397852','許展嘉','2023-04-21 20:50:21',NULL,NULL,'2023-04-21 20:50:21'),(464,'physical','2a6584c2-d8a4-4274-9c91-1aa74fd88d7f',1,'5815619c-8c94-4de0-b359-761934b29bd3','酷辣香味 Hot & Spicy',0,126,100,0,120,1,NULL,'T123397852','許展嘉','2023-04-21 20:50:25',NULL,NULL,'2023-04-21 20:50:25'),(465,'physical','2a6584c2-d8a4-4274-9c91-1aa74fd88d7f',1,'5815619c-8c94-4de0-b359-761934b29bd3','經典原味 Original',0,126,100,0,120,1,NULL,'T123397852','許展嘉','2023-04-21 20:50:28',NULL,NULL,'2023-04-21 20:50:28'),(478,'physical','f43ce909-540a-451c-b9da-fabcde4bce06',1,'3f0552bb-0566-45ad-92bf-516ddf38ce34','巧克力 Chocolate',0,57,100,0,55,1,NULL,'A220214530','劉盈蘭','2023-04-22 22:44:56',NULL,NULL,'2023-04-22 22:44:56'),(480,'physical','ade57941-1269-4aa1-9c27-965594c187b9',1,'f47d13a3-709e-41fa-a651-53439ba61809','鹹鯵魚 Ikan Layang',0,78,100,0,75,1,NULL,'AU258889','desy arwanti','2023-04-23 09:43:09',NULL,NULL,'2023-04-23 09:43:09'),(481,'physical','ade57941-1269-4aa1-9c27-965594c187b9',1,'1d78e1e5-af12-4242-b7da-1b09b3397feb','摩卡 Javamocca',0,52,100,0,50,1,NULL,'AU258889','desy arwanti','2023-04-23 09:47:17',NULL,NULL,'2023-04-23 09:47:17'),(482,'physical','ade57941-1269-4aa1-9c27-965594c187b9',1,'2b474627-bb8d-4cd2-baa7-94abe306a95d','水果 Tutti Frutti',0,55,100,0,55,2,NULL,'AU258889','desy arwanti','2023-04-23 09:50:05',NULL,NULL,'2023-04-23 09:50:05'),(483,'physical','ade57941-1269-4aa1-9c27-965594c187b9',1,'cf25375f-b203-44c4-b1e1-db9fb69ac674','香草 Vanilla',0,105,100,0,100,1,NULL,'AU258889','desy arwanti','2023-04-23 09:50:48',NULL,NULL,'2023-04-23 09:50:48'),(484,'physical','ade57941-1269-4aa1-9c27-965594c187b9',1,'cf25375f-b203-44c4-b1e1-db9fb69ac674','抹茶 Matcha',0,105,100,0,100,1,NULL,'AU258889','desy arwanti','2023-04-23 09:50:51',NULL,NULL,'2023-04-23 09:50:51'),(485,'physical','ade57941-1269-4aa1-9c27-965594c187b9',1,'cf25375f-b203-44c4-b1e1-db9fb69ac674','巧克力 Chocolate',0,105,100,0,100,1,NULL,'AU258889','desy arwanti','2023-04-23 09:51:02',NULL,NULL,'2023-04-23 09:51:02'),(486,'physical','ade57941-1269-4aa1-9c27-965594c187b9',1,'30cf194e-a032-44b5-b72a-0b01e0677347',NULL,0,89,100,0,85,1,NULL,'AU258889','desy arwanti','2023-04-23 09:51:11',NULL,NULL,'2023-04-23 09:51:11'),(487,'physical','ade57941-1269-4aa1-9c27-965594c187b9',1,'afa199ec-5f8c-4edf-aadd-3161d3628335','黑巧克力 Dark Chocolate 16g*20個(盒)',0,89,100,0,85,1,NULL,'AU258889','desy arwanti','2023-04-23 09:51:41',NULL,NULL,'2023-04-23 09:51:41'),(488,'physical','ade57941-1269-4aa1-9c27-965594c187b9',1,'cde8c084-ba29-499e-ba8e-21105c93d4c8','起司 Cheese',0,42,100,0,40,1,NULL,'AU258889','desy arwanti','2023-04-23 09:51:52',NULL,NULL,'2023-04-23 09:51:52'),(489,'physical','ade57941-1269-4aa1-9c27-965594c187b9',1,'cde8c084-ba29-499e-ba8e-21105c93d4c8','抹茶 Matcha Latte',0,42,100,0,40,1,NULL,'AU258889','desy arwanti','2023-04-23 09:51:57',NULL,NULL,'2023-04-23 09:51:57'),(490,'physical','ade57941-1269-4aa1-9c27-965594c187b9',1,'db5fb971-03db-4437-8a86-02e0024e3dca','原味 Original',0,52,100,0,50,2,NULL,'AU258889','desy arwanti','2023-04-23 09:52:40',NULL,NULL,'2023-04-23 09:52:40'),(491,'physical','ade57941-1269-4aa1-9c27-965594c187b9',1,'6c604aac-73af-48f4-bfd0-f4a235ca389e',NULL,0,42,100,0,40,1,NULL,'AU258889','desy arwanti','2023-04-23 09:53:23',NULL,NULL,'2023-04-23 09:53:23'),(492,'physical','ade57941-1269-4aa1-9c27-965594c187b9',1,'afa35739-c209-4f6e-b02b-7a2859a1f01a','起司 Cheese',0,42,100,0,40,1,NULL,'AU258889','desy arwanti','2023-04-23 09:53:48',NULL,NULL,'2023-04-23 09:53:48'),(493,'physical','4a8f3519-94e5-4076-a9c5-910306b041ac',1,'279f730b-80bc-4d3f-b86c-e3a4eff80ff7',NULL,0,580,100,0,490,1,NULL,'C900039706','Rina','2023-04-23 10:12:09',NULL,NULL,'2023-04-23 10:12:09'),(497,'physical','00dd8c23-97ca-4856-8fc9-bdd173ad229f',1,'279f730b-80bc-4d3f-b86c-e3a4eff80ff7',NULL,0,580,100,0,490,1,NULL,'L223340652','蔡宥汝','2023-04-26 19:04:02',NULL,NULL,'2023-04-26 19:04:02'),(541,'physical','337336c8-0735-49bf-aeea-17bc047e2943',1,'cde8c084-ba29-499e-ba8e-21105c93d4c8','抹茶 Matcha Latte',0,42,100,0,40,1,NULL,'M220104842','陳儷文','2023-04-30 00:08:24',NULL,NULL,'2023-04-30 00:08:24'),(543,'physical','337336c8-0735-49bf-aeea-17bc047e2943',1,'4c91d806-f278-4135-a150-42c49861e724','黃- 蘇打餅 Cream Cracker',0,36,100,0,35,1,NULL,'M220104842','陳儷文','2023-04-30 00:15:03',NULL,NULL,'2023-04-30 00:15:03'),(544,'physical','337336c8-0735-49bf-aeea-17bc047e2943',1,'2b974645-6dec-4856-845b-44a8061bf658','即溶 Espresso Roast 綠 Green',0,141,100,0,135,1,NULL,'M220104842','陳儷文','2023-04-30 00:32:20',NULL,NULL,'2023-04-30 00:32:20'),(545,'physical','337336c8-0735-49bf-aeea-17bc047e2943',1,'2b974645-6dec-4856-845b-44a8061bf658','原味 Rich Aroma 紅 Red',0,141,100,0,135,1,NULL,'M220104842','陳儷文','2023-04-30 00:32:25',NULL,NULL,'2023-04-30 00:32:25'),(547,'physical','337336c8-0735-49bf-aeea-17bc047e2943',1,'2b9497df-1c27-4efb-9189-f3b59aa31733','Lemon 檸檬紅茶 30入*25',0,147,100,0,140,1,NULL,'M220104842','陳儷文','2023-04-30 01:40:32',NULL,NULL,'2023-04-30 01:40:32'),(548,'physical','337336c8-0735-49bf-aeea-17bc047e2943',1,'2b9497df-1c27-4efb-9189-f3b59aa31733','Tarikk 拉茶 奶茶 30入*25g',0,147,100,0,195,1,NULL,'M220104842','陳儷文','2023-04-30 01:40:38',NULL,NULL,'2023-04-30 01:40:38'),(552,'physical','337336c8-0735-49bf-aeea-17bc047e2943',1,'02f065b7-80ff-437e-801d-069968ba775e','哈密​​瓜 Blewah',0,52,100,0,50,1,NULL,'M220104842','陳儷文','2023-04-30 01:49:42',NULL,NULL,'2023-04-30 01:49:42'),(553,'physical','337336c8-0735-49bf-aeea-17bc047e2943',1,'02f065b7-80ff-437e-801d-069968ba775e','芭樂 Sweet Guava',0,52,100,0,50,1,NULL,'M220104842','陳儷文','2023-04-30 01:49:56',NULL,NULL,'2023-04-30 01:49:56'),(554,'physical','337336c8-0735-49bf-aeea-17bc047e2943',1,'02f065b7-80ff-437e-801d-069968ba775e','芒果 Mango',0,52,100,0,50,1,NULL,'M220104842','陳儷文','2023-04-30 01:50:08',NULL,NULL,'2023-04-30 01:50:08'),(557,'physical','337336c8-0735-49bf-aeea-17bc047e2943',1,'8ab971c8-bd1b-4ad0-9e03-4814181e7ad0',NULL,0,99,100,0,95,1,NULL,'M220104842','陳儷文','2023-04-30 01:58:05',NULL,NULL,'2023-04-30 01:58:05'),(559,'physical','f4e231de-89e6-456e-a6b2-52376d0cee2a',1,'1ed0fbb9-21eb-4510-ae04-66b02c2d9d7b',NULL,0,1680,100,0,1380,1,NULL,'M256542354','蔡妙妙(test)','2023-05-02 11:54:43',NULL,NULL,'2023-05-02 11:54:43'),(569,'physical','f4e231de-89e6-456e-a6b2-52376d0cee2a',1,'d88650ad-d8f8-43ac-9fee-16ec1af62fbf','【PBF寶齡美白專家】美白精華液（頂級美白標靶1+2）',0,1580,100,0,980,1,NULL,'M256542354','蔡妙妙(test)','2023-05-03 10:05:38',NULL,NULL,'2023-05-24 18:50:22'),(570,'physical','9b31f529-d60a-4120-aff1-e6ed8a22a251',1,'59bb2973-a367-4944-9c71-61bcf730d241','生蝦餅 (大片)',0,152,100,0,145,1,NULL,'A900353165','Naya','2023-05-03 12:17:31',NULL,NULL,'2023-05-03 12:17:31'),(592,'physical','6e1a4b44-7c42-4d5f-8b36-61d62cfd0a09',1,'e7fcb84a-a48e-440c-b12a-5fe3b535979e','【PBF寶齡健康專家】帝王瑪卡',0,690,100,0,590,1,NULL,'A800036596','Michael','2023-05-04 14:52:49',NULL,NULL,'2023-05-04 14:52:49'),(609,'physical','9a0d2c2b-0a1f-4d66-b731-e53fc86978ac',1,'1854d1e1-95bf-40c7-b3e0-b5e63c69432f','酷辣香味 Hot & Spicy',0,73,100,0,70,1,NULL,'F225461981','陳瑀琪','2023-05-05 02:19:22',NULL,NULL,'2023-05-05 02:19:22'),(623,'physical','b6cb50e6-caec-47d6-bf30-ed233f179319',1,'ac87337f-4cb1-4e82-85cf-65b27b63f385','印尼 MADURASA Murni 蜂蜜 150ml',0,99,100,0,95,1,NULL,'A123157209','陳培東','2023-05-05 21:36:43',NULL,NULL,'2023-05-05 21:36:43'),(646,'physical','450a8f3f-158f-4014-982b-6e25601d54a1',1,'279f730b-80bc-4d3f-b86c-e3a4eff80ff7','【PBF寶齡美白專家】穀胱甘肽透亮氣墊粉霜（超值正裝+替裝）',0,880,100,0,580,1,NULL,'A228856861','潘靜芳','2023-05-09 14:39:45',NULL,NULL,'2023-05-09 14:39:45'),(647,'physical','afce63d3-763d-4c4b-942e-c0d1f52486b2',1,'279f730b-80bc-4d3f-b86c-e3a4eff80ff7','【PBF寶齡美白專家】穀胱甘肽透亮氣墊粉霜（超值正裝+替裝）',0,880,100,0,580,3,NULL,'H216119172','蔡妙宜(test)','2023-05-09 15:16:13','H216119172','蔡妙宜(test)','2023-05-09 15:16:23'),(648,'physical','afce63d3-763d-4c4b-942e-c0d1f52486b2',1,'279f730b-80bc-4d3f-b86c-e3a4eff80ff7','【PBF寶齡美白專家】穀胱甘肽透亮氣墊粉霜（超值正裝+替裝）',0,880,100,0,580,2,NULL,'H216119172','蔡妙宜(test)','2023-05-09 15:16:15','H216119172','蔡妙宜(test)','2023-05-09 15:16:25'),(649,'physical','afce63d3-763d-4c4b-942e-c0d1f52486b2',1,'1ed0fbb9-21eb-4510-ae04-66b02c2d9d7b','【CLC主打星】魅力花香飲（頂級俄羅斯野生沙棘果+大馬士革玫瑰精華萃取）',0,1680,100,0,1380,2,NULL,'H216119172','蔡妙宜(test)','2023-05-09 15:16:32','H216119172','蔡妙宜(test)','2023-05-09 15:16:56'),(650,'physical','afce63d3-763d-4c4b-942e-c0d1f52486b2',1,'5815619c-8c94-4de0-b359-761934b29bd3','香烤魷魚 Grilled Squid',0,126,100,0,120,1,NULL,'H216119172','蔡妙宜(test)','2023-05-09 15:16:42','H216119172','蔡妙宜(test)','2023-05-09 15:16:53'),(654,'physical','f447a0fd-291a-4438-abbb-82f5747ffc14',1,'3f0552bb-0566-45ad-92bf-516ddf38ce34','巧克力 Chocolate',0,57,100,0,55,1,NULL,'F222837152','張厚儀','2023-05-09 17:28:48',NULL,NULL,'2023-05-09 17:28:48'),(655,'physical','f447a0fd-291a-4438-abbb-82f5747ffc14',1,'788f9593-ae28-4bf5-923d-0ba8decd26bc','印尼 雀巢 NESTLE 熊牌保久乳 Bear Brand Susu Steril 189ml',0,42,100,0,40,1,NULL,'F222837152','張厚儀','2023-05-09 17:40:13',NULL,NULL,'2023-05-09 17:40:13'),(657,'physical','f447a0fd-291a-4438-abbb-82f5747ffc14',1,'788f9593-ae28-4bf5-923d-0ba8decd26bc','印尼 雀巢 NESTLE 熊牌保久乳 Bear Brand Susu Steril 189ml',0,42,100,0,40,1,NULL,'F222837152','張厚儀','2023-05-09 18:05:03',NULL,NULL,'2023-05-09 18:05:03'),(666,'physical','ca03519a-cb2b-40f6-95de-95e215af2f8c',1,'1fc107e5-37e5-4b05-a166-5a2d259144e3','印尼 KARA 椰子水 Coconut Water 330ml',0,36,100,0,35,20,NULL,'B101222753','王奐虎','2023-05-12 16:33:56',NULL,NULL,'2023-05-12 16:33:56'),(668,'physical','a6b4cbe7-2a9f-4c2b-8490-52f750d94a17',1,'c48f7da2-f873-40b7-97f8-fa844fd5d0eb','菲律賓 TROPICS FARM 香蕉脆片 Banana Chip 350g',0,115,100,0,110,1,NULL,'A800033479','Didik Purwanto','2023-05-15 09:35:33','A800033479','Didik Purwanto','2023-05-15 09:36:02'),(671,'physical','fa3a5939-dc9e-4873-ae25-89a20d72f576',1,'81855cf3-edfb-40c3-bcde-eac30d377d7d','印尼 BISKITOP 香草夾心餅 165gr',0,36,100,0,35,1,NULL,'F222102592','劉乙蓁','2023-05-15 19:07:25',NULL,NULL,'2023-05-15 19:07:25'),(675,'physical','eb772a29-0a3b-4d23-a58a-ca8a22b8e71a',1,'2b9497df-1c27-4efb-9189-f3b59aa31733','Tarikk 拉茶 奶茶 30入*25g',0,204,100,0,195,1,NULL,'L123468180','王昊維','2023-05-18 16:49:23',NULL,NULL,'2023-05-18 16:49:23'),(681,'physical','47192c08-d355-490f-bc5f-1fe1d6580cb7',1,'aabeee9a-c5a5-4ade-a2ec-45e412077778','535ml',0,89,100,0,85,5,NULL,'F900110441','Rosanawati','2023-05-22 16:47:52','F900110441','Rosanawati','2023-05-22 16:49:56'),(682,'physical','47192c08-d355-490f-bc5f-1fe1d6580cb7',1,'b146ea64-72b3-465c-9716-4b2a57ed612a','特辣【超取最多6瓶】Ekstra Pedas 340ml (Max 6 Bottle)',0,52,100,0,50,5,NULL,'F900110441','Rosanawati','2023-05-22 16:49:23',NULL,NULL,'2023-05-22 16:49:23'),(683,'physical','47192c08-d355-490f-bc5f-1fe1d6580cb7',1,'797512b2-e0e8-449d-9396-514ad4836f70','金罐特辣 Level 30 40gr',0,68,100,0,65,3,NULL,'F900110441','Rosanawati','2023-05-22 16:50:42',NULL,NULL,'2023-05-22 16:50:42'),(684,'physical','47192c08-d355-490f-bc5f-1fe1d6580cb7',1,'d84c7879-958a-402e-a225-77886e1c6d2a','馬來西亞 地獄辣 DAEBAK 鬼椒風味杯麵  80gr',0,63,100,0,60,3,NULL,'F900110441','Rosanawati','2023-05-22 16:52:18',NULL,NULL,'2023-05-22 16:52:18'),(685,'physical','47192c08-d355-490f-bc5f-1fe1d6580cb7',1,'995ce15f-aecc-4044-a90a-7beb436c3263','印尼 雙兔 DUA KELINCI Sukro Oven 蛋皮花生 100g',0,52,100,0,50,1,NULL,'F900110441','Rosanawati','2023-05-22 16:54:03',NULL,NULL,'2023-05-22 16:54:03'),(686,'physical','47192c08-d355-490f-bc5f-1fe1d6580cb7',1,'db5fb971-03db-4437-8a86-02e0024e3dca','烤肉味 BBQ',0,52,100,0,50,1,NULL,'F900110441','Rosanawati','2023-05-22 16:54:13',NULL,NULL,'2023-05-22 16:54:13'),(687,'physical','47192c08-d355-490f-bc5f-1fe1d6580cb7',1,'db5fb971-03db-4437-8a86-02e0024e3dca','原味 Original',0,52,100,0,50,2,NULL,'F900110441','Rosanawati','2023-05-22 16:54:18',NULL,NULL,'2023-05-22 16:54:18'),(688,'physical','47192c08-d355-490f-bc5f-1fe1d6580cb7',1,'182e29de-18f4-4724-8017-2478896af83e','辣青檸葉芋片 Pedas Daun Jeruk',0,52,100,0,50,1,NULL,'F900110441','Rosanawati','2023-05-22 16:55:14',NULL,NULL,'2023-05-22 16:55:14'),(689,'physical','47192c08-d355-490f-bc5f-1fe1d6580cb7',1,'182e29de-18f4-4724-8017-2478896af83e','牛肉風味芋片 Sapi Panggang',0,52,100,0,50,1,NULL,'F900110441','Rosanawati','2023-05-22 16:55:17',NULL,NULL,'2023-05-22 16:55:17'),(690,'physical','47192c08-d355-490f-bc5f-1fe1d6580cb7',1,'6950d43e-53d2-4e5b-811e-d54c8ccadd92','辣味 Pedas 200gr',0,84,100,0,80,2,NULL,'F900110441','Rosanawati','2023-05-22 16:56:11',NULL,NULL,'2023-05-22 16:56:11'),(691,'physical','47192c08-d355-490f-bc5f-1fe1d6580cb7',1,'bbd303eb-0ae7-4eda-bc86-1e7c41e8d3bf','印尼 雙兔 DUA KELINCI Kacang 蒜味帶殼花生 200g',0,94,100,0,90,2,NULL,'F900110441','Rosanawati','2023-05-22 16:57:42','F900110441','Rosanawati','2023-05-22 17:03:17'),(692,'physical','47192c08-d355-490f-bc5f-1fe1d6580cb7',1,'5d7e6e70-95b6-4184-b588-7de720531d97','馬來西亞 MISTER POTATO 薯片先生 Potato Chips 地域鬼椒 Ghost Pepper 45gr',0,42,100,0,40,1,NULL,'F900110441','Rosanawati','2023-05-22 16:58:29',NULL,NULL,'2023-05-22 16:58:29'),(706,'physical','ead36a9e-4669-4e65-8b38-f93f8150c082',1,'9313bbc8-f42c-417e-935a-d28c6b6aa600','Strong X2 24*25g/袋裝',0,178,100,0,170,1,NULL,'F800229434','Juan Raymond','2023-05-22 17:53:38',NULL,NULL,'2023-05-22 17:53:38'),(707,'physical','ead36a9e-4669-4e65-8b38-f93f8150c082',1,'94a0700c-814b-4ada-beb3-4e1d815ed2e7','深灰 dark gray',0,1897,100,0,1790,1,NULL,'F800229434','Juan Raymond','2023-05-22 17:54:07',NULL,NULL,'2023-05-22 17:54:07'),(708,'physical','209de108-955b-4e6f-bf60-088b4257db5b',1,'aabeee9a-c5a5-4ade-a2ec-45e412077778','535ml',0,89,100,0,85,5,NULL,'h123456789','Eunice','2023-05-22 18:00:23','h123456789','Eunice','2023-05-22 18:15:54'),(709,'physical','209de108-955b-4e6f-bf60-088b4257db5b',1,'b146ea64-72b3-465c-9716-4b2a57ed612a','特辣【超取最多6瓶】Ekstra Pedas 340ml (Max 6 Bottle)',0,52,100,0,50,5,NULL,'h123456789','Eunice','2023-05-22 18:01:04','h123456789','Eunice','2023-05-22 18:15:52'),(710,'physical','209de108-955b-4e6f-bf60-088b4257db5b',1,'797512b2-e0e8-449d-9396-514ad4836f70','金罐特辣 Level 30 40gr',0,68,100,0,65,3,NULL,'h123456789','Eunice','2023-05-22 18:01:50','h123456789','Eunice','2023-05-22 18:15:50'),(711,'physical','209de108-955b-4e6f-bf60-088b4257db5b',1,'d84c7879-958a-402e-a225-77886e1c6d2a','馬來西亞 地獄辣 DAEBAK 鬼椒風味杯麵  80gr',0,63,100,0,60,3,NULL,'h123456789','Eunice','2023-05-22 18:02:41','h123456789','Eunice','2023-05-22 18:15:48'),(712,'physical','209de108-955b-4e6f-bf60-088b4257db5b',1,'995ce15f-aecc-4044-a90a-7beb436c3263','印尼 雙兔 DUA KELINCI Sukro Oven 蛋皮花生 100g',0,52,100,0,50,1,NULL,'h123456789','Eunice','2023-05-22 18:03:06','h123456789','Eunice','2023-05-22 18:15:45'),(713,'physical','209de108-955b-4e6f-bf60-088b4257db5b',1,'db5fb971-03db-4437-8a86-02e0024e3dca','烤肉味 BBQ',0,52,100,0,50,1,NULL,'h123456789','Eunice','2023-05-22 18:03:24','h123456789','Eunice','2023-05-22 18:15:44'),(714,'physical','209de108-955b-4e6f-bf60-088b4257db5b',1,'db5fb971-03db-4437-8a86-02e0024e3dca','原味 Original',0,52,100,0,50,2,NULL,'h123456789','Eunice','2023-05-22 18:03:29','h123456789','Eunice','2023-05-22 18:15:44'),(715,'physical','209de108-955b-4e6f-bf60-088b4257db5b',1,'182e29de-18f4-4724-8017-2478896af83e','辣青檸葉芋片 Pedas Daun Jeruk',0,52,100,0,50,1,NULL,'h123456789','Eunice','2023-05-22 18:03:55','h123456789','Eunice','2023-05-22 18:15:42'),(716,'physical','209de108-955b-4e6f-bf60-088b4257db5b',1,'182e29de-18f4-4724-8017-2478896af83e','牛肉風味芋片 Sapi Panggang',0,52,100,0,50,1,NULL,'h123456789','Eunice','2023-05-22 18:03:57','h123456789','Eunice','2023-05-22 18:15:38'),(717,'physical','209de108-955b-4e6f-bf60-088b4257db5b',1,'6950d43e-53d2-4e5b-811e-d54c8ccadd92','辣味 Pedas 200gr',0,84,100,0,80,2,NULL,'h123456789','Eunice','2023-05-22 18:04:23','h123456789','Eunice','2023-05-22 18:15:37'),(718,'physical','209de108-955b-4e6f-bf60-088b4257db5b',1,'bbd303eb-0ae7-4eda-bc86-1e7c41e8d3bf','印尼 雙兔 DUA KELINCI Kacang 蒜味帶殼花生 200g',0,94,100,0,90,2,NULL,'h123456789','Eunice','2023-05-22 18:04:37','h123456789','Eunice','2023-05-22 18:15:36'),(719,'physical','209de108-955b-4e6f-bf60-088b4257db5b',1,'5d7e6e70-95b6-4184-b588-7de720531d97','馬來西亞 MISTER POTATO 薯片先生 Potato Chips 地域鬼椒 Ghost Pepper 45gr',0,42,100,0,40,1,NULL,'h123456789','Eunice','2023-05-22 18:04:57','h123456789','Eunice','2023-05-22 18:15:34'),(741,'virtual','9d275717-2baa-4e16-bf32-4e030dbd1a55',1,'c5af7184-5502-450f-bb93-62e30a0f1375','測試商品',0,1,100,0,1,2,NULL,'794786105571102','TsaiEdith','2023-05-24 18:38:32',NULL,NULL,'2023-05-25 09:30:49'),(746,'physical','9d275717-2baa-4e16-bf32-4e030dbd1a55',1,'2b9497df-1c27-4efb-9189-f3b59aa31733','Tarikk 拉茶 奶茶 30入*25g',0,204,100,0,195,1,NULL,'794786105571102','TsaiEdith','2023-05-24 20:52:40',NULL,NULL,'2023-05-24 20:52:40'),(747,'physical','9d275717-2baa-4e16-bf32-4e030dbd1a55',1,'2b9497df-1c27-4efb-9189-f3b59aa31733','Lemon 檸檬紅茶 30入*25',0,147,100,0,140,1,NULL,'794786105571102','TsaiEdith','2023-05-24 20:52:40','794786105571102','TsaiEdith','2023-05-24 20:53:35'),(748,'physical','9d275717-2baa-4e16-bf32-4e030dbd1a55',1,'1ed0fbb9-21eb-4510-ae04-66b02c2d9d7b','【CLC主打星】魅力花香飲（頂級俄羅斯野生沙棘果+大馬士革玫瑰精華萃取）',0,1680,100,0,1380,1,NULL,'794786105571102','TsaiEdith','2023-05-24 20:52:40',NULL,NULL,'2023-05-24 20:52:40'),(752,'physical','f4e231de-89e6-456e-a6b2-52376d0cee2a',1,'57a5a05c-45fe-46dd-a844-f9ccf4af9b94','橘子 Jeruk',0,31,100,0,30,1,NULL,'M256542354','蔡妙妙(test)','2023-05-24 22:28:17',NULL,NULL,'2023-05-24 22:28:17'),(753,'physical','f4e231de-89e6-456e-a6b2-52376d0cee2a',1,'57a5a05c-45fe-46dd-a844-f9ccf4af9b94','芭樂 Guava',0,31,100,0,30,1,NULL,'M256542354','蔡妙妙(test)','2023-05-24 22:28:17',NULL,NULL,'2023-05-24 22:28:17'),(754,'physical','f4e231de-89e6-456e-a6b2-52376d0cee2a',1,'b623f942-d429-4c03-bfdf-bff490ab89e9','印尼 ZHENZHU 涼茶 Cap Pistol Liang Teh 320ml',0,31,100,0,30,1,NULL,'M256542354','蔡妙妙(test)','2023-05-24 22:28:17',NULL,NULL,'2023-05-24 22:28:17'),(788,'physical','aae69470-3231-4265-b5b0-d4119fb05586',1,'2b9497df-1c27-4efb-9189-f3b59aa31733','Lemon 檸檬紅茶 30入*25',0,147,100,0,140,1,NULL,'A220212134','劉采甄','2023-05-27 15:03:55',NULL,NULL,'2023-05-27 15:03:55'),(789,'physical','aae69470-3231-4265-b5b0-d4119fb05586',1,'2b9497df-1c27-4efb-9189-f3b59aa31733','Tarikk 拉茶 奶茶 30入*25g',0,204,100,0,195,1,NULL,'A220212134','劉采甄','2023-05-27 15:03:59',NULL,NULL,'2023-05-27 15:03:59'),(796,'physical','6d4c9b7c-3ce9-429e-a009-84a0a8adaad5',1,'d88650ad-d8f8-43ac-9fee-16ec1af62fbf','【PBF寶齡美白專家】美白精華液（頂級美白標靶1+2）',0,1580,100,0,980,1,NULL,'J220641446','劉秀瑩','2023-05-30 15:41:45',NULL,NULL,'2023-05-30 15:41:45'),(797,'physical','eb772a29-0a3b-4d23-a58a-ca8a22b8e71a',1,'1ed0fbb9-21eb-4510-ae04-66b02c2d9d7b','【CLC主打星】魅力花香飲（頂級俄羅斯野生沙棘果+大馬士革玫瑰精華萃取）',0,1680,100,0,1380,1,NULL,'L123468180','王昊維','2023-05-31 15:19:39',NULL,NULL,'2023-05-31 15:19:39'),(799,'physical','aae69470-3231-4265-b5b0-d4119fb05586',1,'b0d127a5-806a-4181-8821-28ce1e5520ef','泰國 RUAM MITT THAI Instant Three Mix Tapioca Dessert 木薯甜點 230g',0,105,100,0,100,1,NULL,'A220212134','劉采甄','2023-06-01 10:42:30',NULL,NULL,'2023-06-01 10:42:30'),(800,'virtual','2b4c20fe-d3e4-47cf-92eb-bd3736f4b2a9',1,'1aad456d-52fd-4333-855e-29deeeb01a67','【中華電信$599】30天上網吃到飽4G儲值卡(電子序號)',0,599,100,0,599,1,NULL,'F123456789','Roy Test','2023-06-01 14:57:33',NULL,NULL,'2023-06-01 14:57:33'),(811,'physical','6c620a6b-4d77-490b-87e7-78ccbc4d3669',1,'1ed0fbb9-21eb-4510-ae04-66b02c2d9d7b','【CLC主打星】魅力花香飲（頂級俄羅斯野生沙棘果+大馬士革玫瑰精華萃取）',0,1680,100,0,1380,1,NULL,'L123468180-2','王昊維-2','2023-06-05 15:08:32',NULL,NULL,'2023-06-05 15:08:32'),(824,'physical','eb6ed404-d596-4e5a-bf6e-c121039ad8a3',1,'d30fe172-3b9a-4ecb-a1a1-c95cc6730e9f','X-TRA 草莓 Strawberry 45gr',0,15,100,0,15,2,NULL,'Q121381737','吳哲明','2023-06-06 21:44:49',NULL,NULL,'2023-06-06 21:44:49'),(825,'physical','eb6ed404-d596-4e5a-bf6e-c121039ad8a3',1,'8539b1a7-e7ed-4277-9d43-cef653012d7c','印尼 Cap BOENGA HUN KWE 綠豆粉 120g',0,21,100,0,20,1,NULL,'Q121381737','吳哲明','2023-06-06 21:45:43',NULL,NULL,'2023-06-06 21:45:43'),(826,'physical','eb6ed404-d596-4e5a-bf6e-c121039ad8a3',1,'b5f8d9e6-2b2f-4e99-a388-c911193a6fb4','印尼 KING\"S FISHER 辣油沙丁魚罐頭 Sarden pedas dengan Minyak Nabati 125gr',0,34,100,0,33,1,NULL,'Q121381737','吳哲明','2023-06-06 21:47:44',NULL,NULL,'2023-06-06 21:47:44'),(827,'physical','eb6ed404-d596-4e5a-bf6e-c121039ad8a3',1,'238ecafa-2a65-4fa5-9f50-4d8f25425ce2','清涼水 200ml',0,26,100,0,25,2,NULL,'Q121381737','吳哲明','2023-06-06 21:50:15',NULL,NULL,'2023-06-06 21:50:15'),(828,'physical','eb6ed404-d596-4e5a-bf6e-c121039ad8a3',1,'09cbdaf1-d8bf-40d0-9fd9-bfc50e47ecab','250ml',0,15,100,0,15,1,NULL,'Q121381737','吳哲明','2023-06-06 21:50:45',NULL,NULL,'2023-06-06 21:50:45'),(829,'physical','eb6ed404-d596-4e5a-bf6e-c121039ad8a3',1,'e1606b10-59a3-49e7-9fa7-3bfe862ed64a','刺果番 Sirsak',0,36,100,0,35,1,NULL,'Q121381737','吳哲明','2023-06-06 21:51:05',NULL,NULL,'2023-06-06 21:51:05'),(830,'physical','eb6ed404-d596-4e5a-bf6e-c121039ad8a3',1,'e1606b10-59a3-49e7-9fa7-3bfe862ed64a','芒果 Mango',0,36,100,0,35,1,NULL,'Q121381737','吳哲明','2023-06-06 21:51:09',NULL,NULL,'2023-06-06 21:51:09'),(831,'physical','eb6ed404-d596-4e5a-bf6e-c121039ad8a3',1,'e1606b10-59a3-49e7-9fa7-3bfe862ed64a','荔枝 Lychee',0,36,100,0,35,1,NULL,'Q121381737','吳哲明','2023-06-06 21:51:13',NULL,NULL,'2023-06-06 21:51:13'),(855,'virtual','204f6b1f-4137-4f80-91ba-5c6209c12643',1,'bfa985a4-47a4-4bc3-ab98-2b1c458686c4','台灣 利奇通【專為東方人心血管保健的珍貴御品】',0,1280,100,0,1280,1,NULL,'N120031423','曾隆德','2023-06-09 07:13:25',NULL,NULL,'2023-06-09 07:13:25'),(856,'physical','80ce3c56-9930-4a39-961f-ef1724541072',1,'b7bc1aec-cd39-4f07-b613-92b2de5f7bd6','台灣 利奇健【專為東方人骨骼保健的珍貴御品】',0,1280,100,0,1280,2,NULL,'N120031423-2','曾隆德-2','2023-06-09 16:58:13',NULL,NULL,'2023-06-09 16:59:28'),(857,'physical','80ce3c56-9930-4a39-961f-ef1724541072',1,'f47d13a3-709e-41fa-a651-53439ba61809','鹹鳗魚 Ikan Teri',0,68,100,0,65,1,NULL,'N120031423-2','曾隆德-2','2023-06-09 17:03:57',NULL,NULL,'2023-06-09 17:03:57'),(872,'physical','80ce3c56-9930-4a39-961f-ef1724541072',1,'8e1d3284-29e2-4b22-b157-466bca4c8627','原味 Goreng',0,10,100,0,10,10,NULL,'N120031423-2','曾隆德-2','2023-06-11 10:49:40',NULL,NULL,'2023-06-11 10:49:40'),(873,'physical','80ce3c56-9930-4a39-961f-ef1724541072',1,'8e1d3284-29e2-4b22-b157-466bca4c8627','巴東(辣)牛肉 Rendang',0,10,100,0,10,10,NULL,'N120031423-2','曾隆德-2','2023-06-11 10:49:47',NULL,NULL,'2023-06-11 10:49:47'),(874,'physical','80ce3c56-9930-4a39-961f-ef1724541072',1,'8e1d3284-29e2-4b22-b157-466bca4c8627','青檸牛肉湯麵 Soto',0,10,100,0,10,10,NULL,'N120031423-2','曾隆德-2','2023-06-11 10:49:53',NULL,NULL,'2023-06-11 10:49:53'),(875,'physical','80ce3c56-9930-4a39-961f-ef1724541072',1,'8e1d3284-29e2-4b22-b157-466bca4c8627','香蔥雞湯麵 Ayam Bawang',0,10,100,0,10,10,NULL,'N120031423-2','曾隆德-2','2023-06-11 10:50:04',NULL,NULL,'2023-06-11 10:50:04'),(876,'physical','80ce3c56-9930-4a39-961f-ef1724541072',1,'8e1d3284-29e2-4b22-b157-466bca4c8627','綠-亞齊經典炒麵 Goreng Aceh',0,10,100,0,10,10,NULL,'N120031423-2','曾隆德-2','2023-06-11 10:50:09',NULL,NULL,'2023-06-11 10:50:09'),(877,'physical','80ce3c56-9930-4a39-961f-ef1724541072',1,'8e1d3284-29e2-4b22-b157-466bca4c8627','沙嗲 Sate',0,10,100,0,10,10,NULL,'N120031423-2','曾隆德-2','2023-06-11 10:50:16',NULL,NULL,'2023-06-11 10:50:16'),(878,'physical','80ce3c56-9930-4a39-961f-ef1724541072',1,'8e1d3284-29e2-4b22-b157-466bca4c8627','咖哩雞湯麵 Kari Ayam',0,10,100,0,10,10,NULL,'N120031423-2','曾隆德-2','2023-06-11 10:50:23',NULL,NULL,'2023-06-11 10:50:23'),(879,'physical','80ce3c56-9930-4a39-961f-ef1724541072',1,'8e1d3284-29e2-4b22-b157-466bca4c8627','烤雞風味炒麵',0,15,100,0,15,10,NULL,'N120031423-2','曾隆德-2','2023-06-11 10:50:39',NULL,NULL,'2023-06-11 10:50:39'),(880,'physical','80ce3c56-9930-4a39-961f-ef1724541072',1,'0e54cabc-8858-4abe-b60d-cfa8f2c6682d','越南 ACECOOK 豬廚 Hao Hao Instant Tomyum Noodle 好好酸辣泡麵 77gr',0,10,100,0,10,1,NULL,'N120031423-2','曾隆德-2','2023-06-11 10:50:55',NULL,NULL,'2023-06-11 10:50:55'),(881,'physical','80ce3c56-9930-4a39-961f-ef1724541072',1,'c9c98e2c-7bb7-43de-ad2d-600e1b828cf9','辣级 Level 15',0,15,100,0,15,1,NULL,'N120031423-2','曾隆德-2','2023-06-11 10:52:17',NULL,NULL,'2023-06-11 10:52:17'),(882,'physical','80ce3c56-9930-4a39-961f-ef1724541072',1,'90d83c1a-344e-4471-bec9-0f2d3ed679d5','香辣雞湯杯麵 Pedas Dower',0,26,100,0,25,1,NULL,'N120031423-2','曾隆德-2','2023-06-11 10:53:04',NULL,NULL,'2023-06-11 10:53:04'),(883,'physical','80ce3c56-9930-4a39-961f-ef1724541072',1,'5059b950-f0a9-4278-a349-24decffca406','牛肉味 Beef Flavour',0,15,100,0,15,5,NULL,'N120031423-2','曾隆德-2','2023-06-11 10:54:05',NULL,NULL,'2023-06-11 10:54:15'),(884,'physical','80ce3c56-9930-4a39-961f-ef1724541072',1,'84114e78-7a30-4e66-8b2a-80796bb8a5f6','印尼 MIE SEDAAP 洋蔥雞蛋風味杯麵 77gr',0,26,100,0,25,1,NULL,'N120031423-2','曾隆德-2','2023-06-11 10:54:42',NULL,NULL,'2023-06-11 10:54:42'),(885,'physical','80ce3c56-9930-4a39-961f-ef1724541072',1,'146e5cd9-4b7a-46ab-883c-bc4a084008c5','原味乾麵 Mie Goreng 80g',0,31,100,0,30,1,NULL,'N120031423-2','曾隆德-2','2023-06-11 10:55:50',NULL,NULL,'2023-06-11 10:55:50'),(886,'physical','80ce3c56-9930-4a39-961f-ef1724541072',1,'ac43c565-f61c-47df-ae0b-4326948b5d98','Mushroom 香菇速食粥',0,31,100,0,30,1,NULL,'N120031423-2','曾隆德-2','2023-06-11 10:56:10',NULL,NULL,'2023-06-11 10:56:10'),(887,'physical','80ce3c56-9930-4a39-961f-ef1724541072',1,'b69d1466-6d24-442a-a634-bf3feaae2941','炒米粉 Goreng',0,21,100,0,20,1,NULL,'N120031423-2','曾隆德-2','2023-06-11 10:56:20',NULL,NULL,'2023-06-11 10:56:20'),(888,'physical','80ce3c56-9930-4a39-961f-ef1724541072',1,'b69d1466-6d24-442a-a634-bf3feaae2941','原味湯 Kuah Original',0,21,100,0,20,1,NULL,'N120031423-2','曾隆德-2','2023-06-11 10:56:23',NULL,NULL,'2023-06-11 10:56:23'),(889,'physical','80ce3c56-9930-4a39-961f-ef1724541072',1,'02dd91bf-80ab-40d6-8aa4-fea1fab8120a','南洋咖哩 Lontong Curry',0,26,100,0,25,1,NULL,'N120031423-2','曾隆德-2','2023-06-11 10:57:10',NULL,NULL,'2023-06-11 10:57:10'),(890,'physical','59eb4a4b-95c5-4a5b-bb87-72fbe055652f',1,'4115b87b-5575-4bcf-8e22-b9c2c6c552cd','印尼 AL-TAAJ DATES 椰棗果乾 Kurma Khalas 500gr',0,152,100,0,145,2,NULL,'Y120580045','林凡普','2023-06-11 17:56:22','Y120580045','林凡普','2023-06-11 17:57:50'),(891,'physical','59eb4a4b-95c5-4a5b-bb87-72fbe055652f',1,'6d535deb-00e0-48a1-b93b-f1b7db1a35cb','阿聯酋 DATE CROWN 椰棗果 (有籽)  Khalas Kurma 250gr',0,73,100,0,70,3,NULL,'Y120580045','林凡普','2023-06-11 17:59:01','Y120580045','林凡普','2023-06-11 17:59:56'),(898,'physical','2fb49d82-e98a-4ead-badc-5290d0d2487b',1,'f411e7c9-ff6a-42db-8976-99c59a36ef80','【CLC嚴選】亞洲最愛，來一場與韓國歐爸的浪漫相遇',0,1175,100,0,1088,1,NULL,'joey821110','黃昊維','2023-06-12 11:50:53',NULL,NULL,'2023-06-12 11:50:53');

--
-- Table structure for table `chat`
--

CREATE TABLE `chat` (
  `id` bigint(20) unsigned NOT NULL AUTO_INCREMENT,
  `token` varchar(100) COLLATE utf8mb4_unicode_ci NOT NULL,
  `member_id` varchar(36) COLLATE utf8mb4_unicode_ci NOT NULL COMMENT 'member ID',
  `create_time` timestamp NOT NULL DEFAULT CURRENT_TIMESTAMP,
  `update_time` timestamp NOT NULL DEFAULT CURRENT_TIMESTAMP ON UPDATE CURRENT_TIMESTAMP,
  PRIMARY KEY (`id`),
  KEY `chat_member_id_foreign` (`member_id`),
  CONSTRAINT `chat_member_id_foreign` FOREIGN KEY (`member_id`) REFERENCES `member` (`id`)
) ENGINE=InnoDB DEFAULT CHARSET=utf8mb4 COLLATE=utf8mb4_unicode_ci COMMENT='聊天';

--
-- Dumping data for table `chat`
--


--
-- Table structure for table `chat_content`
--

CREATE TABLE `chat_content` (
  `id` bigint(20) unsigned NOT NULL AUTO_INCREMENT,
  `chat_id` bigint(20) unsigned NOT NULL COMMENT 'chat ID',
  `content` longtext COLLATE utf8mb4_unicode_ci NOT NULL COMMENT '內容',
  `create_time` timestamp NOT NULL DEFAULT CURRENT_TIMESTAMP,
  `update_time` timestamp NOT NULL DEFAULT CURRENT_TIMESTAMP ON UPDATE CURRENT_TIMESTAMP,
  PRIMARY KEY (`id`),
  KEY `chat_content_chat_id_foreign` (`chat_id`),
  CONSTRAINT `chat_content_chat_id_foreign` FOREIGN KEY (`chat_id`) REFERENCES `chat` (`id`)
) ENGINE=InnoDB DEFAULT CHARSET=utf8mb4 COLLATE=utf8mb4_unicode_ci COMMENT='聊天訊息';

--
-- Dumping data for table `chat_content`
--


--
-- Table structure for table `code_type`
--

CREATE TABLE `code_type` (
  `id` varchar(50) COLLATE utf8mb4_unicode_ci NOT NULL,
  `description` varchar(200) COLLATE utf8mb4_unicode_ci NOT NULL COMMENT '單號說明',
  PRIMARY KEY (`id`)
) ENGINE=InnoDB DEFAULT CHARSET=utf8mb4 COLLATE=utf8mb4_unicode_ci COMMENT='代號Table';

--
-- Dumping data for table `code_type`
--

INSERT INTO `code_type` VALUES ('BIZM','商業會員'),('M','會員'),('PTR','夥伴'),('S','商品'),('SAL','銷售單'),('SB','商品品牌'),('SC','商品類別'),('SP','銷售點'),('WHSE','倉別');

--
-- Table structure for table `collect`
--

CREATE TABLE `collect` (
  `id` bigint(20) unsigned NOT NULL AUTO_INCREMENT,
  `member_id` varchar(36) COLLATE utf8mb4_unicode_ci NOT NULL COMMENT 'member ID',
  `collect_member_id` varchar(36) COLLATE utf8mb4_unicode_ci NOT NULL COMMENT 'collect member ID',
  `create_time` datetime NOT NULL DEFAULT CURRENT_TIMESTAMP,
  PRIMARY KEY (`id`),
  KEY `collect_member_id_foreign` (`member_id`),
  KEY `collect_collect_member_id_foreign` (`collect_member_id`),
  CONSTRAINT `collect_collect_member_id_foreign` FOREIGN KEY (`collect_member_id`) REFERENCES `member` (`id`),
  CONSTRAINT `collect_member_id_foreign` FOREIGN KEY (`member_id`) REFERENCES `member` (`id`)
) ENGINE=InnoDB DEFAULT CHARSET=utf8mb4 COLLATE=utf8mb4_unicode_ci COMMENT='會員等級升降紀錄';

--
-- Dumping data for table `collect`
--


--
-- Table structure for table `company`
--

CREATE TABLE `company` (
  `id` varchar(36) COLLATE utf8mb4_unicode_ci NOT NULL,
  `name` varchar(100) COLLATE utf8mb4_unicode_ci NOT NULL COMMENT '名稱',
  `uniform_number` varchar(20) COLLATE utf8mb4_unicode_ci NOT NULL COMMENT '統編',
  `phone` varchar(20) COLLATE utf8mb4_unicode_ci DEFAULT NULL COMMENT '電話',
  `address` longtext COLLATE utf8mb4_unicode_ci COMMENT '地址',
  `contact_name` varchar(100) COLLATE utf8mb4_unicode_ci DEFAULT NULL COMMENT '聯絡人',
  `description` varchar(200) COLLATE utf8mb4_unicode_ci DEFAULT NULL COMMENT '備註',
  `create_id` varchar(20) COLLATE utf8mb4_unicode_ci NOT NULL COMMENT '建立者ID',
  `create_name` varchar(20) COLLATE utf8mb4_unicode_ci NOT NULL COMMENT '建立者名稱',
  `create_time` datetime NOT NULL DEFAULT CURRENT_TIMESTAMP COMMENT '建立時間',
  `modify_id` varchar(20) COLLATE utf8mb4_unicode_ci DEFAULT NULL COMMENT '修改者ID',
  `modify_name` varchar(20) COLLATE utf8mb4_unicode_ci DEFAULT NULL COMMENT '修改名稱',
  `modify_time` datetime DEFAULT CURRENT_TIMESTAMP ON UPDATE CURRENT_TIMESTAMP COMMENT '修改時間',
  PRIMARY KEY (`id`)
) ENGINE=InnoDB DEFAULT CHARSET=utf8mb4 COLLATE=utf8mb4_unicode_ci COMMENT='公司';

--
-- Dumping data for table `company`
--

INSERT INTO `company` VALUES ('i2csolution','I2C','56677124','29876543','台北市長安西路6號6樓','吳瑞峰',NULL,'system','system','2022-09-20 11:18:46',NULL,NULL,'2022-09-20 11:18:46');

--
-- Table structure for table `company_invoice`
--

CREATE TABLE `company_invoice` (
  `id` varchar(36) COLLATE utf8mb4_unicode_ci NOT NULL,
  `company_id` varchar(36) COLLATE utf8mb4_unicode_ci NOT NULL COMMENT '公司id',
  `name` varchar(100) COLLATE utf8mb4_unicode_ci NOT NULL COMMENT '名稱',
  `uniform_number` varchar(20) COLLATE utf8mb4_unicode_ci NOT NULL COMMENT '統編',
  `phone` varchar(20) COLLATE utf8mb4_unicode_ci DEFAULT NULL COMMENT '電話',
  `email` varchar(20) COLLATE utf8mb4_unicode_ci DEFAULT NULL COMMENT '電話',
  `address` longtext COLLATE utf8mb4_unicode_ci COMMENT '地址',
  `description` varchar(200) COLLATE utf8mb4_unicode_ci DEFAULT NULL COMMENT '備註',
  `create_id` varchar(20) COLLATE utf8mb4_unicode_ci NOT NULL COMMENT '建立者ID',
  `create_name` varchar(20) COLLATE utf8mb4_unicode_ci NOT NULL COMMENT '建立者名稱',
  `create_time` datetime NOT NULL DEFAULT CURRENT_TIMESTAMP COMMENT '建立時間',
  `modify_id` varchar(20) COLLATE utf8mb4_unicode_ci DEFAULT NULL COMMENT '修改者ID',
  `modify_name` varchar(20) COLLATE utf8mb4_unicode_ci DEFAULT NULL COMMENT '修改名稱',
  `modify_time` datetime DEFAULT CURRENT_TIMESTAMP ON UPDATE CURRENT_TIMESTAMP COMMENT '修改時間',
  PRIMARY KEY (`id`),
  KEY `company_invoice_company_id_index` (`company_id`),
  CONSTRAINT `company_invoice_company_id_foreign` FOREIGN KEY (`company_id`) REFERENCES `company` (`id`)
) ENGINE=InnoDB DEFAULT CHARSET=utf8mb4 COLLATE=utf8mb4_unicode_ci COMMENT='公司發票資訊';

--
-- Dumping data for table `company_invoice`
--

INSERT INTO `company_invoice` VALUES ('d8be7354-f52f-11e7-9080-42010a8c0002','i2csolution','I2C','56677124','29876543',NULL,'台北市長安西路6號6樓',NULL,'system','system','2022-09-20 11:18:46',NULL,NULL,'2022-09-20 11:18:46');

--
-- Table structure for table `contact_person`
--

CREATE TABLE `contact_person` (
  `id` varchar(36) COLLATE utf8mb4_unicode_ci NOT NULL,
  `member_id` varchar(36) COLLATE utf8mb4_unicode_ci DEFAULT NULL COMMENT '會員ID',
  `partner_id` varchar(36) COLLATE utf8mb4_unicode_ci DEFAULT NULL COMMENT '夥伴ID',
  `sorting` int(11) NOT NULL DEFAULT '1' COMMENT '排序編號',
  `country_id` varchar(36) COLLATE utf8mb4_unicode_ci NOT NULL COMMENT '國籍ID',
  `name` varchar(100) COLLATE utf8mb4_unicode_ci NOT NULL COMMENT '名稱',
  `name2` varchar(100) COLLATE utf8mb4_unicode_ci DEFAULT NULL COMMENT '簡稱',
  `phone` varchar(20) COLLATE utf8mb4_unicode_ci DEFAULT NULL COMMENT '電話',
  `phone2` varchar(20) COLLATE utf8mb4_unicode_ci DEFAULT NULL COMMENT '電話2',
  `mobile` varchar(20) COLLATE utf8mb4_unicode_ci DEFAULT NULL COMMENT '手機',
  `mobile2` varchar(20) COLLATE utf8mb4_unicode_ci DEFAULT NULL COMMENT '手機2',
  `uniform_number` varchar(20) COLLATE utf8mb4_unicode_ci DEFAULT NULL COMMENT '統一編號',
  `residential_address` longtext COLLATE utf8mb4_unicode_ci COMMENT '居住地址',
  `contact_address` longtext COLLATE utf8mb4_unicode_ci COMMENT '聯絡地址',
  `description` varchar(200) COLLATE utf8mb4_unicode_ci DEFAULT NULL COMMENT '描述',
  `create_id` varchar(20) COLLATE utf8mb4_unicode_ci NOT NULL COMMENT '建立者ID',
  `create_name` varchar(20) COLLATE utf8mb4_unicode_ci NOT NULL COMMENT '建立者名稱',
  `create_time` datetime NOT NULL DEFAULT CURRENT_TIMESTAMP COMMENT '建立時間',
  `modify_id` varchar(20) COLLATE utf8mb4_unicode_ci DEFAULT NULL COMMENT '修改者ID',
  `modify_name` varchar(20) COLLATE utf8mb4_unicode_ci DEFAULT NULL COMMENT '修改名稱',
  `modify_time` datetime DEFAULT CURRENT_TIMESTAMP ON UPDATE CURRENT_TIMESTAMP COMMENT '修改時間',
  PRIMARY KEY (`id`),
  KEY `contact_person_partner_id_foreign` (`partner_id`),
  KEY `contact_person_country_id_foreign` (`country_id`),
  KEY `contact_person_member_id_foreign` (`member_id`),
  CONSTRAINT `contact_person_country_id_foreign` FOREIGN KEY (`country_id`) REFERENCES `country` (`id`),
  CONSTRAINT `contact_person_member_id_foreign` FOREIGN KEY (`member_id`) REFERENCES `member` (`id`),
  CONSTRAINT `contact_person_partner_id_foreign` FOREIGN KEY (`partner_id`) REFERENCES `partner` (`id`)
) ENGINE=InnoDB DEFAULT CHARSET=utf8mb4 COLLATE=utf8mb4_unicode_ci COMMENT='夥伴-連絡人';

--
-- Dumping data for table `contact_person`
--


--
-- Table structure for table `contact_type`
--

CREATE TABLE `contact_type` (
  `id` varchar(36) COLLATE utf8mb4_unicode_ci NOT NULL,
  `sorting` int(11) NOT NULL DEFAULT '1' COMMENT '排序編號',
  `name` varchar(100) COLLATE utf8mb4_unicode_ci NOT NULL COMMENT '名稱',
  `is_enable` tinyint(4) NOT NULL DEFAULT '0' COMMENT '已啟用',
  `description` varchar(200) COLLATE utf8mb4_unicode_ci DEFAULT NULL COMMENT '備註',
  `create_id` varchar(20) COLLATE utf8mb4_unicode_ci NOT NULL COMMENT '建立者ID',
  `create_name` varchar(20) COLLATE utf8mb4_unicode_ci NOT NULL COMMENT '建立者名稱',
  `create_time` datetime NOT NULL DEFAULT CURRENT_TIMESTAMP COMMENT '建立時間',
  `modify_id` varchar(20) COLLATE utf8mb4_unicode_ci DEFAULT NULL COMMENT '修改者ID',
  `modify_name` varchar(20) COLLATE utf8mb4_unicode_ci DEFAULT NULL COMMENT '修改名稱',
  `modify_time` datetime DEFAULT CURRENT_TIMESTAMP ON UPDATE CURRENT_TIMESTAMP COMMENT '修改時間',
  PRIMARY KEY (`id`)
) ENGINE=InnoDB DEFAULT CHARSET=utf8mb4 COLLATE=utf8mb4_unicode_ci COMMENT='連絡方式';

--
-- Dumping data for table `contact_type`
--

INSERT INTO `contact_type` VALUES ('facebook',5,'Facebook',1,NULL,'system','system','2022-09-20 11:18:46',NULL,NULL,'2022-09-20 11:18:46'),('line',1,'LINE',1,NULL,'system','system','2022-09-20 11:18:46',NULL,NULL,'2022-09-20 11:18:46'),('telegram',15,'Telegram',1,NULL,'system','system','2022-09-20 11:18:46',NULL,NULL,'2022-09-20 11:18:46'),('third_party',30,'第三方登入',1,NULL,'system','system','2023-03-03 15:17:22',NULL,NULL,'2023-03-03 15:17:22'),('third_party2',35,'第三方登入2',1,NULL,'system','system','2023-03-03 15:17:22',NULL,NULL,'2023-03-03 15:17:22'),('third_party3',40,'第三方登入3',1,NULL,'system','system','2023-03-03 15:17:22',NULL,NULL,'2023-03-03 15:17:22'),('twitter',20,'Twitter',1,NULL,'system','system','2022-09-20 11:18:46',NULL,NULL,'2022-09-20 11:18:46'),('web',10,'官方網站',1,NULL,'system','system','2022-09-20 11:18:46',NULL,NULL,'2022-09-20 11:18:46'),('wechat',25,'WeChat',1,NULL,'system','system','2022-09-20 11:18:46',NULL,NULL,'2022-09-20 11:18:46');

--
-- Table structure for table `content_read_status`
--

CREATE TABLE `content_read_status` (
  `id` bigint(20) unsigned NOT NULL AUTO_INCREMENT,
  `chat_content_id` bigint(20) unsigned NOT NULL COMMENT 'chat_content ID',
  `chat_id` bigint(20) unsigned NOT NULL COMMENT 'chat ID',
  `is_read` tinyint(1) NOT NULL DEFAULT '0' COMMENT '已讀狀態',
  `create_time` timestamp NOT NULL DEFAULT CURRENT_TIMESTAMP,
  `update_time` timestamp NOT NULL DEFAULT CURRENT_TIMESTAMP ON UPDATE CURRENT_TIMESTAMP,
  PRIMARY KEY (`id`),
  KEY `content_read_status_chat_content_id_foreign` (`chat_content_id`),
  KEY `content_read_status_chat_id_foreign` (`chat_id`),
  CONSTRAINT `content_read_status_chat_content_id_foreign` FOREIGN KEY (`chat_content_id`) REFERENCES `chat_content` (`id`),
  CONSTRAINT `content_read_status_chat_id_foreign` FOREIGN KEY (`chat_id`) REFERENCES `chat` (`id`)
) ENGINE=InnoDB DEFAULT CHARSET=utf8mb4 COLLATE=utf8mb4_unicode_ci COMMENT='訊息已讀狀態';

--
-- Dumping data for table `content_read_status`
--


--
-- Table structure for table `country`
--

CREATE TABLE `country` (
  `id` varchar(36) COLLATE utf8mb4_unicode_ci NOT NULL,
  `code` varchar(20) COLLATE utf8mb4_unicode_ci NOT NULL COMMENT '編號',
  `sorting` int(11) NOT NULL DEFAULT '1' COMMENT '排序編號',
  `name` varchar(100) COLLATE utf8mb4_unicode_ci NOT NULL COMMENT '名稱',
  `short_name` varchar(100) COLLATE utf8mb4_unicode_ci DEFAULT NULL COMMENT '簡稱',
  `phone_code` varchar(20) COLLATE utf8mb4_unicode_ci DEFAULT NULL COMMENT '電話國碼',
  `description` varchar(200) COLLATE utf8mb4_unicode_ci DEFAULT NULL COMMENT '備註',
  `create_id` varchar(20) COLLATE utf8mb4_unicode_ci NOT NULL COMMENT '建立者ID',
  `create_name` varchar(20) COLLATE utf8mb4_unicode_ci NOT NULL COMMENT '建立者名稱',
  `create_time` datetime NOT NULL DEFAULT CURRENT_TIMESTAMP COMMENT '建立時間',
  `modify_id` varchar(20) COLLATE utf8mb4_unicode_ci DEFAULT NULL COMMENT '修改者ID',
  `modify_name` varchar(20) COLLATE utf8mb4_unicode_ci DEFAULT NULL COMMENT '修改名稱',
  `modify_time` datetime DEFAULT CURRENT_TIMESTAMP ON UPDATE CURRENT_TIMESTAMP COMMENT '修改時間',
  PRIMARY KEY (`id`),
  UNIQUE KEY `country_code_unique` (`code`)
) ENGINE=InnoDB DEFAULT CHARSET=utf8mb4 COLLATE=utf8mb4_unicode_ci COMMENT='國籍';

--
-- Dumping data for table `country`
--

INSERT INTO `country` VALUES ('ch','ch',60,'中國',NULL,NULL,NULL,'system','system','2022-09-20 11:18:46',NULL,NULL,'2022-10-19 17:09:39'),('id','id',10,'印尼',NULL,NULL,NULL,'system','system','2022-09-20 11:18:46',NULL,NULL,'2022-10-19 17:09:39'),('jp','jp',70,'日本',NULL,NULL,NULL,'system','system','2022-09-20 11:18:46',NULL,NULL,'2022-10-19 17:09:39'),('ph','ph',20,'菲律賓',NULL,NULL,NULL,'system','system','2022-09-20 11:18:46',NULL,NULL,'2022-10-19 17:09:39'),('th','th',30,'泰國',NULL,NULL,NULL,'system','system','2022-09-20 11:18:46',NULL,NULL,'2022-10-19 17:09:39'),('tw','tw',1,'台灣',NULL,NULL,NULL,'system','system','2022-09-20 11:18:46',NULL,NULL,'2022-09-20 11:18:46'),('us','us',50,'美國',NULL,NULL,NULL,'system','system','2022-09-20 11:18:46',NULL,NULL,'2022-10-19 17:09:39'),('vn','vn',40,'越南',NULL,NULL,NULL,'system','system','2022-10-19 17:09:39',NULL,NULL,'2022-10-19 17:09:39');

--
-- Table structure for table `county_district`
--

CREATE TABLE `county_district` (
  `id` int(10) unsigned NOT NULL AUTO_INCREMENT,
  `county` varchar(100) COLLATE utf8mb4_unicode_ci NOT NULL COMMENT '縣市',
  `zip` varchar(10) COLLATE utf8mb4_unicode_ci NOT NULL COMMENT '郵遞區號',
  `district` varchar(100) COLLATE utf8mb4_unicode_ci NOT NULL COMMENT '分區',
  `description` varchar(200) COLLATE utf8mb4_unicode_ci DEFAULT NULL COMMENT '備註',
  PRIMARY KEY (`id`)
) ENGINE=InnoDB AUTO_INCREMENT=372 DEFAULT CHARSET=utf8mb4 COLLATE=utf8mb4_unicode_ci COMMENT='台灣縣市分區';

--
-- Dumping data for table `county_district`
--

INSERT INTO `county_district` VALUES (1,'台北市','100','中正區',NULL),(2,'台北市','103','大同區',NULL),(3,'台北市','104','中山區',NULL),(4,'台北市','105','松山區',NULL),(5,'台北市','106','大安區',NULL),(6,'台北市','108','萬華區',NULL),(7,'台北市','110','信義區',NULL),(8,'台北市','111','士林區',NULL),(9,'台北市','112','北投區',NULL),(10,'台北市','114','內湖區',NULL),(11,'台北市','115','南港區',NULL),(12,'台北市','116','文山區',NULL),(13,'基隆市','200','仁愛區',NULL),(14,'基隆市','201','信義區',NULL),(15,'基隆市','202','中正區',NULL),(16,'基隆市','203','中山區',NULL),(17,'基隆市','204','安樂區',NULL),(18,'基隆市','205','暖暖區',NULL),(19,'基隆市','206','七堵區',NULL),(20,'新北市','207','萬里區',NULL),(21,'新北市','208','金山區',NULL),(22,'新北市','220','板橋區',NULL),(23,'新北市','221','汐止區',NULL),(24,'新北市','222','深坑區',NULL),(25,'新北市','223','石碇區',NULL),(26,'新北市','224','瑞芳區',NULL),(27,'新北市','226','平溪區',NULL),(28,'新北市','227','雙溪區',NULL),(29,'新北市','228','貢寮區',NULL),(30,'新北市','231','新店區',NULL),(31,'新北市','232','坪林區',NULL),(32,'新北市','233','烏來區',NULL),(33,'新北市','234','永和區',NULL),(34,'新北市','235','中和區',NULL),(35,'新北市','236','土城區',NULL),(36,'新北市','237','三峽區',NULL),(37,'新北市','238','樹林區',NULL),(38,'新北市','239','鶯歌區',NULL),(39,'新北市','241','三重區',NULL),(40,'新北市','242','新莊區',NULL),(41,'新北市','243','泰山區',NULL),(42,'新北市','244','林口區',NULL),(43,'新北市','247','蘆洲區',NULL),(44,'新北市','248','五股區',NULL),(45,'新北市','249','八里區',NULL),(46,'新北市','251','淡水區',NULL),(47,'新北市','252','三芝區',NULL),(48,'新北市','253','石門區',NULL),(49,'宜蘭縣','260','宜蘭市',NULL),(50,'宜蘭縣','261','頭城鎮',NULL),(51,'宜蘭縣','262','礁溪鄉',NULL),(52,'宜蘭縣','263','壯圍鄉',NULL),(53,'宜蘭縣','264','員山鄉',NULL),(54,'宜蘭縣','265','羅東鎮',NULL),(55,'宜蘭縣','266','三星鄉',NULL),(56,'宜蘭縣','267','大同鄉',NULL),(57,'宜蘭縣','268','五結鄉',NULL),(58,'宜蘭縣','269','冬山鄉',NULL),(59,'宜蘭縣','270','蘇澳鎮',NULL),(60,'宜蘭縣','272','南澳鄉',NULL),(61,'宜蘭縣','290','釣魚台列嶼',NULL),(62,'桃園市','320','中壢區',NULL),(63,'桃園市','324','平鎮區',NULL),(64,'桃園市','325','龍潭區',NULL),(65,'桃園市','326','楊梅區',NULL),(66,'桃園市','327','新屋區',NULL),(67,'桃園市','328','觀音區',NULL),(68,'桃園市','330','桃園區',NULL),(69,'桃園市','333','龜山區',NULL),(70,'桃園市','334','八德區',NULL),(71,'桃園市','335','大溪區',NULL),(72,'桃園市','336','復興區',NULL),(73,'桃園市','337','大園區',NULL),(74,'桃園市','338','蘆竹區',NULL),(75,'新竹市','300','東區',NULL),(76,'新竹市','300','北區',NULL),(77,'新竹市','300','香山區',NULL),(78,'新竹縣','302','竹北市',NULL),(79,'新竹縣','303','湖口鄉',NULL),(80,'新竹縣','304','新豐鄉',NULL),(81,'新竹縣','305','新埔鎮',NULL),(82,'新竹縣','306','關西鎮',NULL),(83,'新竹縣','307','芎林鄉',NULL),(84,'新竹縣','308','寶山鄉',NULL),(85,'新竹縣','310','竹東鎮',NULL),(86,'新竹縣','311','五峰鄉',NULL),(87,'新竹縣','312','橫山鄉',NULL),(88,'新竹縣','313','尖石鄉',NULL),(89,'新竹縣','314','北埔鄉',NULL),(90,'新竹縣','315','峨眉鄉',NULL),(91,'苗栗縣','350','竹南鎮',NULL),(92,'苗栗縣','351','頭份市',NULL),(93,'苗栗縣','352','三灣鄉',NULL),(94,'苗栗縣','353','南庄鄉',NULL),(95,'苗栗縣','354','獅潭鄉',NULL),(96,'苗栗縣','356','後龍鎮',NULL),(97,'苗栗縣','357','通霄鎮',NULL),(98,'苗栗縣','358','苑裡鎮',NULL),(99,'苗栗縣','360','苗栗市',NULL),(100,'苗栗縣','361','造橋鄉',NULL),(101,'苗栗縣','362','頭屋鄉',NULL),(102,'苗栗縣','363','公館鄉',NULL),(103,'苗栗縣','364','大湖鄉',NULL),(104,'苗栗縣','365','泰安鄉',NULL),(105,'苗栗縣','366','銅鑼鄉',NULL),(106,'苗栗縣','367','三義鄉',NULL),(107,'苗栗縣','368','西湖鄉',NULL),(108,'苗栗縣','369','卓蘭鎮',NULL),(109,'台中市','400','中區',NULL),(110,'台中市','401','東區',NULL),(111,'台中市','402','南區',NULL),(112,'台中市','403','西區',NULL),(113,'台中市','404','北區',NULL),(114,'台中市','406','北屯區',NULL),(115,'台中市','407','西屯區',NULL),(116,'台中市','408','南屯區',NULL),(117,'台中市','411','太平區',NULL),(118,'台中市','412','大里區',NULL),(119,'台中市','413','霧峰區',NULL),(120,'台中市','414','烏日區',NULL),(121,'台中市','420','豐原區',NULL),(122,'台中市','421','后里區',NULL),(123,'台中市','422','石岡區',NULL),(124,'台中市','423','東勢區',NULL),(125,'台中市','424','和平區',NULL),(126,'台中市','426','新社區',NULL),(127,'台中市','427','潭子區',NULL),(128,'台中市','428','大雅區',NULL),(129,'台中市','429','神岡區',NULL),(130,'台中市','432','大肚區',NULL),(131,'台中市','433','沙鹿區',NULL),(132,'台中市','434','龍井區',NULL),(133,'台中市','435','梧棲區',NULL),(134,'台中市','436','清水區',NULL),(135,'台中市','437','大甲區',NULL),(136,'台中市','438','外埔區',NULL),(137,'台中市','439','大安區',NULL),(138,'彰化縣','500','彰化市',NULL),(139,'彰化縣','502','芬園鄉',NULL),(140,'彰化縣','503','花壇鄉',NULL),(141,'彰化縣','504','秀水鄉',NULL),(142,'彰化縣','505','鹿港鎮',NULL),(143,'彰化縣','506','福興鄉',NULL),(144,'彰化縣','507','線西鄉',NULL),(145,'彰化縣','508','和美鎮',NULL),(146,'彰化縣','509','伸港鄉',NULL),(147,'彰化縣','510','員林市',NULL),(148,'彰化縣','511','社頭鄉',NULL),(149,'彰化縣','512','永靖鄉',NULL),(150,'彰化縣','513','埔心鄉',NULL),(151,'彰化縣','514','溪湖鎮',NULL),(152,'彰化縣','515','大村鄉',NULL),(153,'彰化縣','516','埔鹽鄉',NULL),(154,'彰化縣','520','田中鎮',NULL),(155,'彰化縣','521','北斗鎮',NULL),(156,'彰化縣','522','田尾鄉',NULL),(157,'彰化縣','523','埤頭鄉',NULL),(158,'彰化縣','524','溪州鄉',NULL),(159,'彰化縣','525','竹塘鄉',NULL),(160,'彰化縣','526','二林鎮',NULL),(161,'彰化縣','527','大城鄉',NULL),(162,'彰化縣','528','芳苑鄉',NULL),(163,'彰化縣','530','二水鄉',NULL),(164,'南投縣','540','南投市',NULL),(165,'南投縣','541','中寮鄉',NULL),(166,'南投縣','542','草屯鎮',NULL),(167,'南投縣','544','國姓鄉',NULL),(168,'南投縣','545','埔里鎮',NULL),(169,'南投縣','546','仁愛鄉',NULL),(170,'南投縣','551','名間鄉',NULL),(171,'南投縣','552','集集鎮',NULL),(172,'南投縣','553','水里鄉',NULL),(173,'南投縣','555','魚池鄉',NULL),(174,'南投縣','556','信義鄉',NULL),(175,'南投縣','557','竹山鎮',NULL),(176,'南投縣','558','鹿谷鄉',NULL),(177,'嘉義市','600','東區',NULL),(178,'嘉義市','600','西區',NULL),(179,'嘉義縣','602','番路鄉',NULL),(180,'嘉義縣','603','梅山鄉',NULL),(181,'嘉義縣','604','竹崎鄉',NULL),(182,'嘉義縣','605','阿里山',NULL),(183,'嘉義縣','606','中埔鄉',NULL),(184,'嘉義縣','607','大埔鄉',NULL),(185,'嘉義縣','608','水上鄉',NULL),(186,'嘉義縣','611','鹿草鄉',NULL),(187,'嘉義縣','612','太保市',NULL),(188,'嘉義縣','613','朴子市',NULL),(189,'嘉義縣','614','東石鄉',NULL),(190,'嘉義縣','615','六腳鄉',NULL),(191,'嘉義縣','616','新港鄉',NULL),(192,'嘉義縣','621','民雄鄉',NULL),(193,'嘉義縣','622','大林鎮',NULL),(194,'嘉義縣','623','溪口鄉',NULL),(195,'嘉義縣','624','義竹鄉',NULL),(196,'嘉義縣','625','布袋鎮',NULL),(197,'雲林縣','630','斗南鎮',NULL),(198,'雲林縣','631','大埤鄉',NULL),(199,'雲林縣','632','虎尾鎮',NULL),(200,'雲林縣','633','土庫鎮',NULL),(201,'雲林縣','634','褒忠鄉',NULL),(202,'雲林縣','635','東勢鄉',NULL),(203,'雲林縣','636','台西鄉',NULL),(204,'雲林縣','637','崙背鄉',NULL),(205,'雲林縣','638','麥寮鄉',NULL),(206,'雲林縣','640','斗六市',NULL),(207,'雲林縣','643','林內鄉',NULL),(208,'雲林縣','646','古坑鄉',NULL),(209,'雲林縣','647','莿桐鄉',NULL),(210,'雲林縣','648','西螺鎮',NULL),(211,'雲林縣','649','二崙鄉',NULL),(212,'雲林縣','651','北港鎮',NULL),(213,'雲林縣','652','水林鄉',NULL),(214,'雲林縣','653','口湖鄉',NULL),(215,'雲林縣','654','四湖鄉',NULL),(216,'雲林縣','655','元長鄉',NULL),(217,'台南市','700','中西區',NULL),(218,'台南市','701','東區',NULL),(219,'台南市','702','南區',NULL),(220,'台南市','704','北區',NULL),(221,'台南市','708','安平區',NULL),(222,'台南市','709','安南區',NULL),(223,'台南市','710','永康區',NULL),(224,'台南市','711','歸仁區',NULL),(225,'台南市','712','新化區',NULL),(226,'台南市','713','左鎮區',NULL),(227,'台南市','714','玉井區',NULL),(228,'台南市','715','楠西區',NULL),(229,'台南市','716','南化區',NULL),(230,'台南市','717','仁德區',NULL),(231,'台南市','718','關廟區',NULL),(232,'台南市','719','龍崎區',NULL),(233,'台南市','720','官田區',NULL),(234,'台南市','721','麻豆區',NULL),(235,'台南市','722','佳里區',NULL),(236,'台南市','723','西港區',NULL),(237,'台南市','724','七股區',NULL),(238,'台南市','725','將軍區',NULL),(239,'台南市','726','學甲區',NULL),(240,'台南市','727','北門區',NULL),(241,'台南市','730','新營區',NULL),(242,'台南市','731','後壁區',NULL),(243,'台南市','732','白河區',NULL),(244,'台南市','733','東山區',NULL),(245,'台南市','734','六甲區',NULL),(246,'台南市','735','下營區',NULL),(247,'台南市','736','柳營區',NULL),(248,'台南市','737','鹽水區',NULL),(249,'台南市','741','善化區',NULL),(250,'台南市','742','大內區',NULL),(251,'台南市','743','山上區',NULL),(252,'台南市','744','新市區',NULL),(253,'台南市','745','安定區',NULL),(254,'高雄市','800','新興區',NULL),(255,'高雄市','801','前金區',NULL),(256,'高雄市','802','苓雅區',NULL),(257,'高雄市','803','鹽埕區',NULL),(258,'高雄市','804','鼓山區',NULL),(259,'高雄市','805','旗津區',NULL),(260,'高雄市','806','前鎮區',NULL),(261,'高雄市','807','三民區',NULL),(262,'高雄市','811','楠梓區',NULL),(263,'高雄市','812','小港區',NULL),(264,'高雄市','813','左營區',NULL),(265,'高雄市','814','仁武區',NULL),(266,'高雄市','815','大社區',NULL),(267,'高雄市','817','東沙群島',NULL),(268,'高雄市','819','南沙群島',NULL),(269,'高雄市','820','岡山區',NULL),(270,'高雄市','821','路竹區',NULL),(271,'高雄市','822','阿蓮區',NULL),(272,'高雄市','823','田寮區',NULL),(273,'高雄市','824','燕巢區',NULL),(274,'高雄市','825','橋頭區',NULL),(275,'高雄市','826','梓官區',NULL),(276,'高雄市','827','彌陀區',NULL),(277,'高雄市','828','永安區',NULL),(278,'高雄市','829','湖內區',NULL),(279,'高雄市','830','鳳山區',NULL),(280,'高雄市','831','大寮區',NULL),(281,'高雄市','832','林園區',NULL),(282,'高雄市','833','鳥松區',NULL),(283,'高雄市','840','大樹區',NULL),(284,'高雄市','842','旗山區',NULL),(285,'高雄市','843','美濃區',NULL),(286,'高雄市','844','六龜區',NULL),(287,'高雄市','845','內門區',NULL),(288,'高雄市','846','杉林區',NULL),(289,'高雄市','847','甲仙區',NULL),(290,'高雄市','848','桃源區',NULL),(291,'高雄市','849','那瑪夏區',NULL),(292,'高雄市','851','茂林區',NULL),(293,'高雄市','852','茄萣區',NULL),(294,'澎湖縣','880','馬公市',NULL),(295,'澎湖縣','881','西嶼鄉',NULL),(296,'澎湖縣','882','望安鄉',NULL),(297,'澎湖縣','883','七美鄉',NULL),(298,'澎湖縣','884','白沙鄉',NULL),(299,'澎湖縣','885','湖西鄉',NULL),(300,'金門縣','890','金沙鎮',NULL),(301,'金門縣','891','金湖鎮',NULL),(302,'金門縣','892','金寧鄉',NULL),(303,'金門縣','893','金城鎮',NULL),(304,'金門縣','894','烈嶼鄉',NULL),(305,'金門縣','896','烏坵鄉',NULL),(306,'屏東縣','900','屏東市',NULL),(307,'屏東縣','901','三地門鄉',NULL),(308,'屏東縣','902','霧台鄉',NULL),(309,'屏東縣','903','瑪家鄉',NULL),(310,'屏東縣','904','九如鄉',NULL),(311,'屏東縣','905','里港鄉',NULL),(312,'屏東縣','906','高樹鄉',NULL),(313,'屏東縣','907','鹽埔鄉',NULL),(314,'屏東縣','908','長治鄉',NULL),(315,'屏東縣','909','麟洛鄉',NULL),(316,'屏東縣','911','竹田鄉',NULL),(317,'屏東縣','912','內埔鄉',NULL),(318,'屏東縣','913','萬丹鄉',NULL),(319,'屏東縣','920','潮州鎮',NULL),(320,'屏東縣','921','泰武鄉',NULL),(321,'屏東縣','922','來義鄉',NULL),(322,'屏東縣','923','萬巒鄉',NULL),(323,'屏東縣','924','崁頂鄉',NULL),(324,'屏東縣','925','新埤鄉',NULL),(325,'屏東縣','926','南州鄉',NULL),(326,'屏東縣','927','林邊鄉',NULL),(327,'屏東縣','928','東港鎮',NULL),(328,'屏東縣','929','琉球鄉',NULL),(329,'屏東縣','931','佳冬鄉',NULL),(330,'屏東縣','932','新園鄉',NULL),(331,'屏東縣','940','枋寮鄉',NULL),(332,'屏東縣','941','枋山鄉',NULL),(333,'屏東縣','942','春日鄉',NULL),(334,'屏東縣','943','獅子鄉',NULL),(335,'屏東縣','944','車城鄉',NULL),(336,'屏東縣','945','牡丹鄉',NULL),(337,'屏東縣','946','恆春鎮',NULL),(338,'屏東縣','947','滿州鄉',NULL),(339,'台東縣','950','台東市',NULL),(340,'台東縣','951','綠島鄉',NULL),(341,'台東縣','952','蘭嶼鄉',NULL),(342,'台東縣','953','延平鄉',NULL),(343,'台東縣','954','卑南鄉',NULL),(344,'台東縣','955','鹿野鄉',NULL),(345,'台東縣','956','關山鎮',NULL),(346,'台東縣','957','海端鄉',NULL),(347,'台東縣','958','池上鄉',NULL),(348,'台東縣','959','東河鄉',NULL),(349,'台東縣','961','成功鎮',NULL),(350,'台東縣','962','長濱鄉',NULL),(351,'台東縣','963','太麻里',NULL),(352,'台東縣','964','金峰鄉',NULL),(353,'台東縣','965','大武鄉',NULL),(354,'台東縣','966','達仁鄉',NULL),(355,'花蓮縣','970','花蓮市',NULL),(356,'花蓮縣','971','新城鄉',NULL),(357,'花蓮縣','972','秀林鄉',NULL),(358,'花蓮縣','973','吉安鄉',NULL),(359,'花蓮縣','974','壽豐鄉',NULL),(360,'花蓮縣','975','鳳林鎮',NULL),(361,'花蓮縣','976','光復鄉',NULL),(362,'花蓮縣','977','豐濱鄉',NULL),(363,'花蓮縣','978','瑞穗鄉',NULL),(364,'花蓮縣','979','萬榮鄉',NULL),(365,'花蓮縣','981','玉里鎮',NULL),(366,'花蓮縣','982','卓溪鄉',NULL),(367,'花蓮縣','983','富里鄉',NULL),(368,'連江縣','209','南竿鄉',NULL),(369,'連江縣','210','北竿鄉',NULL),(370,'連江縣','211','莒光鄉',NULL),(371,'連江縣','212','東引鄉',NULL);

--
-- Table structure for table `coupon`
--

CREATE TABLE `coupon` (
  `id` varchar(36) COLLATE utf8mb4_unicode_ci NOT NULL,
  `code` varchar(20) COLLATE utf8mb4_unicode_ci NOT NULL COMMENT '編號',
  `name` varchar(100) COLLATE utf8mb4_unicode_ci NOT NULL COMMENT '名稱',
  `amount` double NOT NULL DEFAULT '0' COMMENT '折抵金額',
  `expiry_days` int(11) NOT NULL COMMENT '有效天數',
  `valid` tinyint(1) NOT NULL DEFAULT '1' COMMENT '是否上架',
  `description` text COLLATE utf8mb4_unicode_ci COMMENT '描述',
  `create_id` varchar(20) COLLATE utf8mb4_unicode_ci NOT NULL COMMENT '建立者ID',
  `create_name` varchar(20) COLLATE utf8mb4_unicode_ci NOT NULL COMMENT '建立者名稱',
  `create_time` datetime NOT NULL DEFAULT CURRENT_TIMESTAMP COMMENT '建立時間',
  `modify_id` varchar(20) COLLATE utf8mb4_unicode_ci DEFAULT NULL COMMENT '修改者ID',
  `modify_name` varchar(20) COLLATE utf8mb4_unicode_ci DEFAULT NULL COMMENT '修改名稱',
  `modify_time` datetime DEFAULT CURRENT_TIMESTAMP ON UPDATE CURRENT_TIMESTAMP COMMENT '修改時間',
  PRIMARY KEY (`id`)
) ENGINE=InnoDB DEFAULT CHARSET=utf8mb4 COLLATE=utf8mb4_unicode_ci COMMENT='優惠券';

--
-- Dumping data for table `coupon`
--


--
-- Table structure for table `currencies`
--

CREATE TABLE `currencies` (
  `id` varchar(36) COLLATE utf8mb4_unicode_ci NOT NULL,
  `country_id` varchar(36) COLLATE utf8mb4_unicode_ci NOT NULL COMMENT '國籍ID',
  `sorting` int(11) NOT NULL DEFAULT '1' COMMENT '排序編號',
  `name` varchar(100) COLLATE utf8mb4_unicode_ci NOT NULL COMMENT '名稱',
  `description` varchar(200) COLLATE utf8mb4_unicode_ci DEFAULT NULL COMMENT '備註',
  `create_id` varchar(20) COLLATE utf8mb4_unicode_ci NOT NULL COMMENT '建立者ID',
  `create_name` varchar(20) COLLATE utf8mb4_unicode_ci NOT NULL COMMENT '建立者名稱',
  `create_time` datetime NOT NULL DEFAULT CURRENT_TIMESTAMP COMMENT '建立時間',
  `modify_id` varchar(20) COLLATE utf8mb4_unicode_ci DEFAULT NULL COMMENT '修改者ID',
  `modify_name` varchar(20) COLLATE utf8mb4_unicode_ci DEFAULT NULL COMMENT '修改名稱',
  `modify_time` datetime DEFAULT CURRENT_TIMESTAMP ON UPDATE CURRENT_TIMESTAMP COMMENT '修改時間',
  PRIMARY KEY (`id`),
  KEY `currencies_country_id_index` (`country_id`),
  CONSTRAINT `currencies_country_id_foreign` FOREIGN KEY (`country_id`) REFERENCES `country` (`id`)
) ENGINE=InnoDB DEFAULT CHARSET=utf8mb4 COLLATE=utf8mb4_unicode_ci COMMENT='幣別';

--
-- Dumping data for table `currencies`
--

INSERT INTO `currencies` VALUES ('CNY','ch',4,'人民幣',NULL,'system','system','2022-09-20 11:18:46',NULL,NULL,'2022-09-20 11:18:46'),('IDR','id',3,'印尼盾',NULL,'system','system','2022-09-20 11:18:46',NULL,NULL,'2022-09-20 11:18:46'),('TWD','tw',1,'台幣',NULL,'system','system','2022-09-20 11:18:46',NULL,NULL,'2022-09-20 11:18:46'),('USD','us',2,'美金',NULL,'system','system','2022-09-20 11:18:46',NULL,NULL,'2022-09-20 11:18:46');

--
-- Table structure for table `delivery`
--

CREATE TABLE `delivery` (
  `id` varchar(36) COLLATE utf8mb4_unicode_ci NOT NULL,
  `delivery_type_id` varchar(36) COLLATE utf8mb4_unicode_ci DEFAULT 'physical' COMMENT '寄送方式屬性',
  `sorting` int(11) NOT NULL DEFAULT '1' COMMENT '排序編號',
  `name` varchar(100) COLLATE utf8mb4_unicode_ci NOT NULL COMMENT '名稱',
  `price` double NOT NULL DEFAULT '0' COMMENT '價格',
  `description` varchar(200) COLLATE utf8mb4_unicode_ci DEFAULT NULL COMMENT '備註',
  `create_id` varchar(100) COLLATE utf8mb4_unicode_ci NOT NULL COMMENT '建立者ID',
  `create_name` varchar(20) COLLATE utf8mb4_unicode_ci NOT NULL COMMENT '建立者名稱',
  `create_time` datetime NOT NULL DEFAULT CURRENT_TIMESTAMP COMMENT '建立時間',
  `modify_id` varchar(100) COLLATE utf8mb4_unicode_ci DEFAULT NULL COMMENT '修改者ID',
  `modify_name` varchar(20) COLLATE utf8mb4_unicode_ci DEFAULT NULL COMMENT '修改名稱',
  `modify_time` datetime DEFAULT CURRENT_TIMESTAMP ON UPDATE CURRENT_TIMESTAMP COMMENT '修改時間',
  PRIMARY KEY (`id`),
  KEY `delivery_delivery_type_id_foreign` (`delivery_type_id`),
  CONSTRAINT `delivery_delivery_type_id_foreign` FOREIGN KEY (`delivery_type_id`) REFERENCES `delivery_type` (`id`)
) ENGINE=InnoDB DEFAULT CHARSET=utf8mb4 COLLATE=utf8mb4_unicode_ci COMMENT='寄送方式';

--
-- Dumping data for table `delivery`
--

INSERT INTO `delivery` VALUES ('delivery','physical',1,'宅配',80,NULL,'system','system','2023-01-09 11:37:11','clcadmin','clcadmin','2023-04-22 18:23:04'),('family','physical',3,'全家店到店',60,NULL,'system','system','2023-01-09 11:37:11','admin','系統管理者','2023-04-22 18:23:04'),('seven','physical',2,'7-11店到店',60,NULL,'system','system','2023-01-09 11:37:11','clcadmin','clcadmin','2023-04-22 18:23:04'),('virtual','virtual',10,'虛擬',0,NULL,'system','system','2023-04-22 18:23:04',NULL,NULL,'2023-04-22 18:23:04');

--
-- Table structure for table `delivery_status`
--

CREATE TABLE `delivery_status` (
  `id` varchar(36) COLLATE utf8mb4_unicode_ci NOT NULL,
  `sorting` int(11) NOT NULL DEFAULT '1' COMMENT '排序編號',
  `name` varchar(100) COLLATE utf8mb4_unicode_ci NOT NULL COMMENT '名稱',
  `description` varchar(200) COLLATE utf8mb4_unicode_ci DEFAULT NULL COMMENT '備註',
  `create_id` varchar(100) COLLATE utf8mb4_unicode_ci NOT NULL COMMENT '建立者ID',
  `create_name` varchar(20) COLLATE utf8mb4_unicode_ci NOT NULL COMMENT '建立者名稱',
  `create_time` datetime NOT NULL DEFAULT CURRENT_TIMESTAMP COMMENT '建立時間',
  `modify_id` varchar(100) COLLATE utf8mb4_unicode_ci DEFAULT NULL COMMENT '修改者ID',
  `modify_name` varchar(20) COLLATE utf8mb4_unicode_ci DEFAULT NULL COMMENT '修改名稱',
  `modify_time` datetime DEFAULT CURRENT_TIMESTAMP ON UPDATE CURRENT_TIMESTAMP COMMENT '修改時間',
  PRIMARY KEY (`id`)
) ENGINE=InnoDB DEFAULT CHARSET=utf8mb4 COLLATE=utf8mb4_unicode_ci COMMENT='出貨狀態';

--
-- Dumping data for table `delivery_status`
--

INSERT INTO `delivery_status` VALUES ('deliver',3,'揀貨中',NULL,'system','system','2023-01-09 11:37:11',NULL,NULL,'2023-01-09 11:37:11'),('none',0,'未出貨',NULL,'system','system','2023-01-09 11:37:11',NULL,NULL,'2023-01-09 11:37:11'),('pick',1,'揀貨中',NULL,'system','system','2023-01-09 11:37:11',NULL,NULL,'2023-01-09 11:37:11');

--
-- Table structure for table `delivery_type`
--

CREATE TABLE `delivery_type` (
  `id` varchar(36) COLLATE utf8mb4_unicode_ci NOT NULL,
  `sorting` int(11) NOT NULL DEFAULT '1' COMMENT '排序編號',
  `name` varchar(100) COLLATE utf8mb4_unicode_ci NOT NULL COMMENT '名稱',
  `description` varchar(200) COLLATE utf8mb4_unicode_ci DEFAULT NULL COMMENT '備註',
  `create_id` varchar(100) COLLATE utf8mb4_unicode_ci NOT NULL COMMENT '建立者ID',
  `create_name` varchar(20) COLLATE utf8mb4_unicode_ci NOT NULL COMMENT '建立者名稱',
  `create_time` datetime NOT NULL DEFAULT CURRENT_TIMESTAMP COMMENT '建立時間',
  `modify_id` varchar(100) COLLATE utf8mb4_unicode_ci DEFAULT NULL COMMENT '修改者ID',
  `modify_name` varchar(20) COLLATE utf8mb4_unicode_ci DEFAULT NULL COMMENT '修改名稱',
  `modify_time` datetime DEFAULT CURRENT_TIMESTAMP ON UPDATE CURRENT_TIMESTAMP COMMENT '修改時間',
  PRIMARY KEY (`id`)
) ENGINE=InnoDB DEFAULT CHARSET=utf8mb4 COLLATE=utf8mb4_unicode_ci COMMENT='寄送方式類別維護';

--
-- Dumping data for table `delivery_type`
--

INSERT INTO `delivery_type` VALUES ('face',5,'面交',NULL,'system','system','2023-01-09 11:37:11',NULL,NULL,'2023-01-09 11:37:11'),('freight',0,'貨運',NULL,'system','system','2023-01-09 11:37:11',NULL,NULL,'2023-01-09 11:37:11'),('generally',10,'一般',NULL,'system','system','2023-04-14 09:49:08',NULL,NULL,'2023-04-14 09:49:08'),('physical',10,'實體',NULL,'system','system','2023-04-22 18:23:04',NULL,NULL,'2023-04-22 18:23:04'),('virtual',15,'虛擬',NULL,'system','system','2023-04-14 09:49:08',NULL,NULL,'2023-04-14 09:49:08');

--
-- Table structure for table `department`
--

CREATE TABLE `department` (
  `id` varchar(36) COLLATE utf8mb4_unicode_ci NOT NULL,
  `company_id` varchar(36) COLLATE utf8mb4_unicode_ci NOT NULL COMMENT '隸屬公司',
  `parent` varchar(36) COLLATE utf8mb4_unicode_ci DEFAULT NULL COMMENT '父類別ID',
  `sorting` int(11) NOT NULL DEFAULT '1' COMMENT '排序編號',
  `code` varchar(20) COLLATE utf8mb4_unicode_ci NOT NULL COMMENT '編號',
  `name` varchar(100) COLLATE utf8mb4_unicode_ci NOT NULL COMMENT '名稱',
  `description` varchar(200) COLLATE utf8mb4_unicode_ci DEFAULT NULL COMMENT '備註',
  `create_id` varchar(20) COLLATE utf8mb4_unicode_ci NOT NULL COMMENT '建立者ID',
  `create_name` varchar(20) COLLATE utf8mb4_unicode_ci NOT NULL COMMENT '建立者名稱',
  `create_time` datetime NOT NULL DEFAULT CURRENT_TIMESTAMP COMMENT '建立時間',
  `modify_id` varchar(20) COLLATE utf8mb4_unicode_ci DEFAULT NULL COMMENT '修改者ID',
  `modify_name` varchar(20) COLLATE utf8mb4_unicode_ci DEFAULT NULL COMMENT '修改名稱',
  `modify_time` datetime DEFAULT CURRENT_TIMESTAMP ON UPDATE CURRENT_TIMESTAMP COMMENT '修改時間',
  PRIMARY KEY (`id`),
  UNIQUE KEY `department_code_unique` (`code`),
  KEY `department_company_id_foreign` (`company_id`),
  KEY `department_parent_index` (`parent`),
  CONSTRAINT `department_company_id_foreign` FOREIGN KEY (`company_id`) REFERENCES `company` (`id`),
  CONSTRAINT `department_parent_foreign` FOREIGN KEY (`parent`) REFERENCES `department` (`id`)
) ENGINE=InnoDB DEFAULT CHARSET=utf8mb4 COLLATE=utf8mb4_unicode_ci COMMENT='部門';

--
-- Dumping data for table `department`
--

INSERT INTO `department` VALUES ('9a6d86fc-a1be-11e7-81fc-107b4450008f','i2csolution',NULL,1,'D01','部門1',NULL,'system','system','2022-09-20 11:18:46',NULL,NULL,'2022-09-20 11:18:46');

--
-- Table structure for table `dropdown_menu`
--

CREATE TABLE `dropdown_menu` (
  `id` varchar(36) COLLATE utf8mb4_unicode_ci NOT NULL,
  `sorting` int(11) NOT NULL DEFAULT '1' COMMENT '排序編號',
  `name` varchar(100) COLLATE utf8mb4_unicode_ci NOT NULL COMMENT '名稱',
  `is_multiple` tinyint(4) NOT NULL DEFAULT '0' COMMENT '是否為多選選單',
  `description` varchar(200) COLLATE utf8mb4_unicode_ci DEFAULT NULL COMMENT '描述',
  `create_id` varchar(20) COLLATE utf8mb4_unicode_ci NOT NULL COMMENT '建立者ID',
  `create_name` varchar(20) COLLATE utf8mb4_unicode_ci NOT NULL COMMENT '建立者名稱',
  `create_time` datetime NOT NULL DEFAULT CURRENT_TIMESTAMP COMMENT '建立時間',
  `modify_id` varchar(20) COLLATE utf8mb4_unicode_ci DEFAULT NULL COMMENT '修改者ID',
  `modify_name` varchar(20) COLLATE utf8mb4_unicode_ci DEFAULT NULL COMMENT '修改名稱',
  `modify_time` datetime DEFAULT CURRENT_TIMESTAMP ON UPDATE CURRENT_TIMESTAMP COMMENT '修改時間',
  PRIMARY KEY (`id`)
) ENGINE=InnoDB DEFAULT CHARSET=utf8mb4 COLLATE=utf8mb4_unicode_ci COMMENT='會員資料相關選單';

--
-- Dumping data for table `dropdown_menu`
--


--
-- Table structure for table `dropdown_menu_detail`
--

CREATE TABLE `dropdown_menu_detail` (
  `id` varchar(36) COLLATE utf8mb4_unicode_ci NOT NULL,
  `dropdown_menu_id` varchar(36) COLLATE utf8mb4_unicode_ci NOT NULL COMMENT '選單 ID',
  `sorting` int(11) NOT NULL DEFAULT '1' COMMENT '排序編號',
  `description` varchar(200) COLLATE utf8mb4_unicode_ci DEFAULT NULL COMMENT '描述',
  `create_id` varchar(20) COLLATE utf8mb4_unicode_ci NOT NULL COMMENT '建立者ID',
  `create_name` varchar(20) COLLATE utf8mb4_unicode_ci NOT NULL COMMENT '建立者名稱',
  `create_time` datetime NOT NULL DEFAULT CURRENT_TIMESTAMP COMMENT '建立時間',
  `modify_id` varchar(20) COLLATE utf8mb4_unicode_ci DEFAULT NULL COMMENT '修改者ID',
  `modify_name` varchar(20) COLLATE utf8mb4_unicode_ci DEFAULT NULL COMMENT '修改名稱',
  `modify_time` datetime DEFAULT CURRENT_TIMESTAMP ON UPDATE CURRENT_TIMESTAMP COMMENT '修改時間',
  PRIMARY KEY (`id`),
  KEY `dropdown_menu_detail_dropdown_menu_id_foreign` (`dropdown_menu_id`),
  CONSTRAINT `dropdown_menu_detail_dropdown_menu_id_foreign` FOREIGN KEY (`dropdown_menu_id`) REFERENCES `dropdown_menu` (`id`)
) ENGINE=InnoDB DEFAULT CHARSET=utf8mb4 COLLATE=utf8mb4_unicode_ci COMMENT='會員資料相關選單明細';

--
-- Dumping data for table `dropdown_menu_detail`
--


--
-- Table structure for table `failed_jobs`
--

CREATE TABLE `failed_jobs` (
  `id` bigint(20) unsigned NOT NULL AUTO_INCREMENT,
  `uuid` varchar(100) COLLATE utf8mb4_unicode_ci NOT NULL,
  `connection` text COLLATE utf8mb4_unicode_ci NOT NULL,
  `queue` text COLLATE utf8mb4_unicode_ci NOT NULL,
  `payload` longtext COLLATE utf8mb4_unicode_ci NOT NULL,
  `exception` longtext COLLATE utf8mb4_unicode_ci NOT NULL,
  `failed_at` timestamp NOT NULL DEFAULT CURRENT_TIMESTAMP,
  PRIMARY KEY (`id`),
  UNIQUE KEY `failed_jobs_uuid_unique` (`uuid`)
) ENGINE=InnoDB DEFAULT CHARSET=utf8mb4 COLLATE=utf8mb4_unicode_ci;

--
-- Dumping data for table `failed_jobs`
--


--
-- Table structure for table `featured_event`
--

CREATE TABLE `featured_event` (
  `id` bigint(20) unsigned NOT NULL AUTO_INCREMENT,
  `name` varchar(100) COLLATE utf8mb4_unicode_ci DEFAULT NULL COMMENT '名稱',
  `valid_date` date NOT NULL COMMENT '啟用日期',
  `valid` tinyint(1) NOT NULL COMMENT '是否啟用',
  `description` text COLLATE utf8mb4_unicode_ci COMMENT '備註',
  `create_id` varchar(100) COLLATE utf8mb4_unicode_ci NOT NULL COMMENT '建立者ID',
  `create_name` varchar(20) COLLATE utf8mb4_unicode_ci NOT NULL COMMENT '建立者名稱',
  `create_time` datetime NOT NULL DEFAULT CURRENT_TIMESTAMP COMMENT '建立時間',
  `modify_id` varchar(100) COLLATE utf8mb4_unicode_ci DEFAULT NULL COMMENT '修改者ID',
  `modify_name` varchar(20) COLLATE utf8mb4_unicode_ci DEFAULT NULL COMMENT '修改名稱',
  `modify_time` datetime DEFAULT CURRENT_TIMESTAMP ON UPDATE CURRENT_TIMESTAMP COMMENT '修改時間',
  PRIMARY KEY (`id`)
) ENGINE=InnoDB DEFAULT CHARSET=utf8mb4 COLLATE=utf8mb4_unicode_ci COMMENT='精選活動';

--
-- Dumping data for table `featured_event`
--


--
-- Table structure for table `featured_event_detail`
--

CREATE TABLE `featured_event_detail` (
  `id` bigint(20) unsigned NOT NULL AUTO_INCREMENT,
  `featured_event_id` bigint(20) unsigned NOT NULL COMMENT 'featured_event ID',
  `sorting` int(11) NOT NULL DEFAULT '1' COMMENT '排序編號',
  `name` varchar(36) COLLATE utf8mb4_unicode_ci NOT NULL COMMENT '名稱',
  `create_id` varchar(100) COLLATE utf8mb4_unicode_ci NOT NULL COMMENT '建立者ID',
  `create_name` varchar(20) COLLATE utf8mb4_unicode_ci NOT NULL COMMENT '建立者名稱',
  `create_time` datetime NOT NULL DEFAULT CURRENT_TIMESTAMP COMMENT '建立時間',
  `modify_id` varchar(100) COLLATE utf8mb4_unicode_ci DEFAULT NULL COMMENT '修改者ID',
  `modify_name` varchar(20) COLLATE utf8mb4_unicode_ci DEFAULT NULL COMMENT '修改名稱',
  `modify_time` datetime DEFAULT CURRENT_TIMESTAMP ON UPDATE CURRENT_TIMESTAMP COMMENT '修改時間',
  PRIMARY KEY (`id`),
  KEY `featured_event_detail_featured_event_id_foreign` (`featured_event_id`),
  CONSTRAINT `featured_event_detail_featured_event_id_foreign` FOREIGN KEY (`featured_event_id`) REFERENCES `featured_event` (`id`)
) ENGINE=InnoDB DEFAULT CHARSET=utf8mb4 COLLATE=utf8mb4_unicode_ci COMMENT='精選活動明細';

--
-- Dumping data for table `featured_event_detail`
--


--
-- Table structure for table `featured_event_detail_category`
--

CREATE TABLE `featured_event_detail_category` (
  `id` bigint(20) unsigned NOT NULL AUTO_INCREMENT,
  `featured_event_detail_id` bigint(20) unsigned NOT NULL COMMENT 'featured_event_detail ID',
  `sorting` int(11) NOT NULL DEFAULT '1' COMMENT '排序編號',
  `stock_category_id` varchar(36) COLLATE utf8mb4_unicode_ci NOT NULL COMMENT '商品類別ID',
  `create_id` varchar(100) COLLATE utf8mb4_unicode_ci NOT NULL COMMENT '建立者ID',
  `create_name` varchar(20) COLLATE utf8mb4_unicode_ci NOT NULL COMMENT '建立者名稱',
  `create_time` datetime NOT NULL DEFAULT CURRENT_TIMESTAMP COMMENT '建立時間',
  `modify_id` varchar(100) COLLATE utf8mb4_unicode_ci DEFAULT NULL COMMENT '修改者ID',
  `modify_name` varchar(20) COLLATE utf8mb4_unicode_ci DEFAULT NULL COMMENT '修改名稱',
  `modify_time` datetime DEFAULT CURRENT_TIMESTAMP ON UPDATE CURRENT_TIMESTAMP COMMENT '修改時間',
  PRIMARY KEY (`id`),
  KEY `featured_event_detail_category_featured_event_detail_id_foreign` (`featured_event_detail_id`),
  KEY `featured_event_detail_category_stock_category_id_foreign` (`stock_category_id`),
  CONSTRAINT `featured_event_detail_category_featured_event_detail_id_foreign` FOREIGN KEY (`featured_event_detail_id`) REFERENCES `featured_event_detail` (`id`),
  CONSTRAINT `featured_event_detail_category_stock_category_id_foreign` FOREIGN KEY (`stock_category_id`) REFERENCES `stock_category` (`id`)
) ENGINE=InnoDB DEFAULT CHARSET=utf8mb4 COLLATE=utf8mb4_unicode_ci COMMENT='精選活動明細類別';

--
-- Dumping data for table `featured_event_detail_category`
--


--
-- Table structure for table `get_no`
--

CREATE TABLE `get_no` (
  `id` int(10) unsigned NOT NULL AUTO_INCREMENT,
  `from_id` varchar(36) COLLATE utf8mb4_unicode_ci NOT NULL COMMENT '來源id',
  `code_type` varchar(50) COLLATE utf8mb4_unicode_ci NOT NULL COMMENT '編號類型',
  `code_date` date NOT NULL COMMENT '編號產生日期',
  PRIMARY KEY (`id`),
  KEY `get_no_from_id_index` (`from_id`),
  KEY `get_no_code_type_index` (`code_type`),
  KEY `get_no_code_date_index` (`code_date`)
) ENGINE=InnoDB AUTO_INCREMENT=271 DEFAULT CHARSET=utf8mb4 COLLATE=utf8mb4_unicode_ci COMMENT='取得編號用的Table';

--
-- Dumping data for table `get_no`
--

INSERT INTO `get_no` VALUES (1,'a98e6728-12ce-4f4a-864b-8a5315239620','S','2022-10-04'),(2,'39124bcb-a91b-43cf-bc31-15013f385b4b','S','2022-10-04'),(3,'5d3c8645-e276-4111-95d4-cc5b8734b625','S','2022-10-04'),(4,'f5ad6d68-22ea-4127-a3df-5c7689081375','S','2022-10-05'),(5,'a7b226b9-c606-4556-8075-d9d41cf3356c','S','2022-10-05'),(6,'d259063d-d45d-4539-99d7-f4eb306670d7','S','2022-10-05'),(7,'d674428f-ca8f-495c-813b-6df686d66f98','S','2022-10-05'),(8,'b5cb1db1-61df-4ffc-a9b2-03dc45fb9a85','S','2022-10-05'),(9,'29a393f3-14ac-4297-be5d-e09318558663','S','2022-10-05'),(10,'b1355991-8f4d-4596-9359-1334601c908f','S','2022-10-05'),(11,'bf23e8d2-92e4-422a-a5be-dc6a52ea38f0','S','2022-10-06'),(12,'c0185b37-61bd-42d0-ba21-22a36f7045a5','S','2022-10-06'),(13,'8c341e28-5ff9-4b89-bb13-edabaf59f515','S','2022-10-06'),(14,'4cc55bcf-8945-4112-acfa-bfa0baf5a976','S','2022-10-31'),(15,'8d66874b-0e84-49c2-a43d-703a76c68c9f','S','2022-10-31'),(16,'54b991e5-4d0b-456b-a7f9-770580e60a5d','S','2022-10-31'),(17,'16750027549789','SAL','2023-01-29'),(18,'16750027778106','SAL','2023-01-29'),(19,'16750027787501','SAL','2023-01-29'),(20,'16750027802343','SAL','2023-01-29'),(21,'16750039371977','SAL','2023-01-29'),(22,'16750039472635','SAL','2023-01-29'),(23,'16750587929611','SAL','2023-01-30'),(24,'16750588076263','SAL','2023-01-30'),(25,'16750588126909','SAL','2023-01-30'),(26,'16750588170464','SAL','2023-01-30'),(27,'16750588172168','SAL','2023-01-30'),(28,'16750588173942','SAL','2023-01-30'),(29,'16750588175693','SAL','2023-01-30'),(30,'16750588177427','SAL','2023-01-30'),(31,'16750588179042','SAL','2023-01-30'),(32,'16750588183035','SAL','2023-01-30'),(33,'16750588184816','SAL','2023-01-30'),(34,'16750588186598','SAL','2023-01-30'),(35,'16750588188183','SAL','2023-01-30'),(36,'16750588189760','SAL','2023-01-30'),(37,'16750588191407','SAL','2023-01-30'),(38,'16750588192975','SAL','2023-01-30'),(39,'16750588194903','SAL','2023-01-30'),(40,'16750588196525','SAL','2023-01-30'),(41,'16750588198122','SAL','2023-01-30'),(42,'16750588199695','SAL','2023-01-30'),(43,'16750588201180','SAL','2023-01-30'),(44,'16750588202803','SAL','2023-01-30'),(45,'16750588204361','SAL','2023-01-30'),(46,'16750588266023','SAL','2023-01-30'),(47,'16750588278453','SAL','2023-01-30'),(48,'16750588351170','SAL','2023-01-30'),(49,'16751492755428','SAL','2023-01-31'),(50,'16752156867527','SAL','2023-02-01'),(51,'16752157350858','SAL','2023-02-01'),(52,'16752157356940','SAL','2023-02-01'),(53,'16752157361044','SAL','2023-02-01'),(54,'16752159602955','SAL','2023-02-01'),(55,'16752161813655','SAL','2023-02-01'),(56,'16752164936133','SAL','2023-02-01'),(57,'16752337847887','SAL','2023-02-01'),(58,'16752489804457','SAL','2023-02-01'),(59,'16753032447034','SAL','2023-02-02'),(60,'16756498072424','SAL','2023-02-06'),(61,'16756570221067','SAL','2023-02-06'),(62,'16757389814414','SAL','2023-02-07'),(63,'16757829214021','SAL','2023-02-07'),(64,'16760277010255','SAL','2023-02-10'),(65,'16760941474193','SAL','2023-02-11'),(66,'16769756998114','SAL','2023-02-21'),(67,'16770512252227','SAL','2023-02-22'),(68,'16777342525422','SAL','2023-03-02'),(69,'16777385173743','SAL','2023-03-02'),(70,'16777709244636','SAL','2023-03-02'),(71,'16778457382812','SAL','2023-03-03'),(72,'16778461741201','SAL','2023-03-03'),(73,'16780730025371','SAL','2023-03-06'),(74,'16786769276936','SAL','2023-03-13'),(75,'16786890395606','SAL','2023-03-13'),(76,'16786890448443','SAL','2023-03-13'),(77,'16786988076245','SAL','2023-03-13'),(78,'16787030761374','SAL','2023-03-13'),(79,'16787599500758','SAL','2023-03-14'),(80,'16787600396717','SAL','2023-03-14'),(81,'16787663572054','SAL','2023-03-14'),(82,'16787720702016','SAL','2023-03-14'),(83,'16787768718235','SAL','2023-03-14'),(84,'16788515114592','SAL','2023-03-15'),(85,'16789512757108','SAL','2023-03-16'),(86,'16789618461015','SAL','2023-03-16'),(87,'16795512586075','SAL','2023-03-23'),(88,'16795558709575','SAL','2023-03-23'),(89,'16795784104278','SAL','2023-03-23'),(90,'16798892145241','SAL','2023-03-27'),(91,'16799144906423','SAL','2023-03-27'),(92,'16799159335836','SAL','2023-03-27'),(93,'16799706909729','SAL','2023-03-28'),(94,'16799747305899','SAL','2023-03-28'),(95,'16799750076308','SAL','2023-03-28'),(96,'16800180178746','SAL','2023-03-28'),(97,'16800611014074','SAL','2023-03-29'),(98,'16800618035080','SAL','2023-03-29'),(99,'16800711863076','SAL','2023-03-29'),(100,'16800725335598','SAL','2023-03-29'),(101,'16800753317142','SAL','2023-03-29'),(102,'16800758019150','SAL','2023-03-29'),(103,'16800761274644','SAL','2023-03-29'),(104,'16800765185814','SAL','2023-03-29'),(105,'16800765239055','SAL','2023-03-29'),(106,'16800766211214','SAL','2023-03-29'),(107,'16800766343058','SAL','2023-03-29'),(108,'16800766517701','SAL','2023-03-29'),(109,'16800766673365','SAL','2023-03-29'),(110,'16800766925969','SAL','2023-03-29'),(111,'16800774142603','SAL','2023-03-29'),(112,'16800781283338','SAL','2023-03-29'),(113,'16800811456663','SAL','2023-03-29'),(114,'16800820453103','SAL','2023-03-29'),(115,'16800821257793','SAL','2023-03-29'),(116,'16800827239891','SAL','2023-03-29'),(117,'16800827953183','SAL','2023-03-29'),(118,'16800829370862','SAL','2023-03-29'),(119,'16800856185934','SAL','2023-03-29'),(120,'16800856842546','SAL','2023-03-29'),(121,'16800861958509','SAL','2023-03-29'),(122,'16800864057474','SAL','2023-03-29'),(123,'16800874946026','SAL','2023-03-29'),(124,'16800875494987','SAL','2023-03-29'),(125,'16800884458970','SAL','2023-03-29'),(126,'16800884824507','SAL','2023-03-29'),(127,'16800885706032','SAL','2023-03-29'),(128,'16800887254988','SAL','2023-03-29'),(129,'16800890223313','SAL','2023-03-29'),(130,'16800891366737','SAL','2023-03-29'),(131,'16800895284722','SAL','2023-03-29'),(132,'16800895682439','SAL','2023-03-29'),(133,'16800925912807','SAL','2023-03-29'),(134,'16800927161127','SAL','2023-03-29'),(135,'16801427001345','SAL','2023-03-30'),(136,'16801432698173','SAL','2023-03-30'),(137,'16801551368618','SAL','2023-03-30'),(138,'16801611551974','SAL','2023-03-30'),(139,'16801612307381','SAL','2023-03-30'),(140,'16801617083569','SAL','2023-03-30'),(141,'16801636479759','SAL','2023-03-30'),(142,'16801640032146','SAL','2023-03-30'),(143,'16801900100938','SAL','2023-03-30'),(144,'16807497303893','SAL','2023-04-06'),(145,'16807974009324','SAL','2023-04-07'),(146,'16808603717699','SAL','2023-04-07'),(147,'16809352762436','SAL','2023-04-08'),(148,'16809469119256','SAL','2023-04-08'),(149,'16809687998614','SAL','2023-04-08'),(150,'16810795633270','SAL','2023-04-10'),(151,'16811070369806','SAL','2023-04-10'),(152,'16811245752845','SAL','2023-04-10'),(153,'16811377934677','SAL','2023-04-10'),(154,'16812001617492','SAL','2023-04-11'),(155,'16812061540301','SAL','2023-04-11'),(156,'16812065953595','SAL','2023-04-11'),(157,'16812070335410','SAL','2023-04-11'),(158,'16812809911339','SAL','2023-04-12'),(159,'16812814076717','SAL','2023-04-12'),(160,'16813676723995','SAL','2023-04-13'),(161,'16814412716576','SAL','2023-04-14'),(162,'16814415120702','SAL','2023-04-14'),(163,'16814417341267','SAL','2023-04-14'),(164,'16814419440676','SAL','2023-04-14'),(165,'16814427241433','SAL','2023-04-14'),(166,'16814427876838','SAL','2023-04-14'),(167,'16814428056275','SAL','2023-04-14'),(168,'16814428344772','SAL','2023-04-14'),(169,'16814428969828','SAL','2023-04-14'),(170,'16814429135660','SAL','2023-04-14'),(171,'16814429244262','SAL','2023-04-14'),(172,'16814429602484','SAL','2023-04-14'),(173,'16814429811521','SAL','2023-04-14'),(174,'16814430256427','SAL','2023-04-14'),(175,'16814430973595','SAL','2023-04-14'),(176,'16814435777733','SAL','2023-04-14'),(177,'16821598507941','SAL','2023-04-22'),(178,'16821598645216','SAL','2023-04-22'),(179,'16821599165415','SAL','2023-04-22'),(180,'16821603608439','SAL','2023-04-22'),(181,'16821604581407','SAL','2023-04-22'),(182,'16821609882008','SAL','2023-04-22'),(183,'16822285724637','SAL','2023-04-23'),(184,'16824009092395','SAL','2023-04-25'),(185,'16830097865377','SAL','2023-05-02'),(186,'16830110787437','SAL','2023-05-02'),(187,'16830112708624','SAL','2023-05-02'),(188,'16830125484075','SAL','2023-05-02'),(189,'16830135967514','SAL','2023-05-02'),(190,'16830148913314','SAL','2023-05-02'),(191,'16831162438799','SAL','2023-05-03'),(192,'16831704412640','SAL','2023-05-04'),(193,'16831711293346','SAL','2023-05-04'),(194,'16831941556659','SAL','2023-05-04'),(195,'16831990878219','SAL','2023-05-04'),(196,'16832546223952','SAL','2023-05-05'),(197,'16835389464837','SAL','2023-05-08'),(198,'16836088163032','SAL','2023-05-09'),(199,'16836369154925','SAL','2023-05-09'),(200,'16838794530979','SAL','2023-05-12'),(201,'16838795632037','SAL','2023-05-12'),(202,'16841491914724','SAL','2023-05-15'),(203,'16841492534466','SAL','2023-05-15'),(204,'16842174451515','SAL','2023-05-16'),(205,'16842174499573','SAL','2023-05-16'),(206,'16842174576943','SAL','2023-05-16'),(207,'16842174689175','SAL','2023-05-16'),(208,'16842176380982','SAL','2023-05-16'),(209,'16842959893772','SAL','2023-05-17'),(210,'16843781283515','SAL','2023-05-18'),(211,'16843999940891','SAL','2023-05-18'),(212,'16844639395554','SAL','2023-05-19'),(213,'16844750332146','SAL','2023-05-19'),(214,'16845660783327','SAL','2023-05-20'),(215,'16847463079865','SAL','2023-05-22'),(216,'16847468146450','SAL','2023-05-22'),(217,'16847469564336','SAL','2023-05-22'),(218,'16847475183040','SAL','2023-05-22'),(219,'16847488591010','SAL','2023-05-22'),(220,'16847489887479','SAL','2023-05-22'),(221,'16847492523233','SAL','2023-05-22'),(222,'16847500245780','SAL','2023-05-22'),(223,'16847501983898','SAL','2023-05-22'),(224,'16847502847079','SAL','2023-05-22'),(225,'16847505894980','SAL','2023-05-22'),(226,'16847522643104','SAL','2023-05-22'),(227,'16847526134450','SAL','2023-05-22'),(228,'16848111216427','SAL','2023-05-23'),(229,'16848517946565','SAL','2023-05-23'),(230,'16849257543516','SAL','2023-05-24'),(231,'16849310602751','SAL','2023-05-24'),(232,'16849312975161','SAL','2023-05-24'),(233,'16849327166132','SAL','2023-05-24'),(234,'16849373886046','SAL','2023-05-24'),(235,'16849781976223','SAL','2023-05-25'),(236,'16849783509895','SAL','2023-05-25'),(237,'16849784663979','SAL','2023-05-25'),(238,'16849786588072','SAL','2023-05-25'),(239,'16849792108122','SAL','2023-05-25'),(240,'16850833182656','SAL','2023-05-26'),(241,'16851703166889','SAL','2023-05-27'),(242,'16851709067603','SAL','2023-05-27'),(243,'16852944919348','SAL','2023-05-29'),(244,'16853274259116','SAL','2023-05-29'),(245,'16853424080015','SAL','2023-05-29'),(246,'16853515285153','SAL','2023-05-29'),(247,'16853630719325','SAL','2023-05-29'),(248,'16855863661106','SAL','2023-06-01'),(249,'16856742325776','SAL','2023-06-02'),(250,'16856765195742','SAL','2023-06-02'),(251,'16856780704752','SAL','2023-06-02'),(252,'16857657588174','SAL','2023-06-03'),(253,'16857850451522','SAL','2023-06-03'),(254,'16859706879749','SAL','2023-06-05'),(255,'16859800125579','SAL','2023-06-05'),(256,'16860456317528','SAL','2023-06-06'),(257,'16860461353381','SAL','2023-06-06'),(258,'16860477004002','SAL','2023-06-06'),(259,'16860954914823','SAL','2023-06-07'),(260,'16860969181334','SAL','2023-06-07'),(261,'16862064362941','SAL','2023-06-08'),(262,'16862066173939','SAL','2023-06-08'),(263,'16862977869437','SAL','2023-06-09'),(264,'16864485330663','SAL','2023-06-11'),(265,'16864518689640','SAL','2023-06-11'),(266,'16864614571583','SAL','2023-06-11'),(267,'16864802446365','SAL','2023-06-11'),(268,'16864810213434','SAL','2023-06-11'),(269,'16864817492541','SAL','2023-06-11'),(270,'16864817948124','SAL','2023-06-11');

--
-- Table structure for table `hot_category`
--

CREATE TABLE `hot_category` (
  `id` bigint(20) unsigned NOT NULL AUTO_INCREMENT,
  `name` varchar(100) COLLATE utf8mb4_unicode_ci DEFAULT NULL COMMENT '名稱',
  `valid_date` date NOT NULL COMMENT '啟用日期',
  `valid` tinyint(1) NOT NULL COMMENT '是否啟用',
  `description` text COLLATE utf8mb4_unicode_ci COMMENT '備註',
  `create_id` varchar(100) COLLATE utf8mb4_unicode_ci NOT NULL COMMENT '建立者ID',
  `create_name` varchar(20) COLLATE utf8mb4_unicode_ci NOT NULL COMMENT '建立者名稱',
  `create_time` datetime NOT NULL DEFAULT CURRENT_TIMESTAMP COMMENT '建立時間',
  `modify_id` varchar(100) COLLATE utf8mb4_unicode_ci DEFAULT NULL COMMENT '修改者ID',
  `modify_name` varchar(20) COLLATE utf8mb4_unicode_ci DEFAULT NULL COMMENT '修改名稱',
  `modify_time` datetime DEFAULT CURRENT_TIMESTAMP ON UPDATE CURRENT_TIMESTAMP COMMENT '修改時間',
  PRIMARY KEY (`id`)
) ENGINE=InnoDB DEFAULT CHARSET=utf8mb4 COLLATE=utf8mb4_unicode_ci COMMENT='熱門分類';

--
-- Dumping data for table `hot_category`
--


--
-- Table structure for table `hot_category_detail`
--

CREATE TABLE `hot_category_detail` (
  `id` bigint(20) unsigned NOT NULL AUTO_INCREMENT,
  `hot_category_id` bigint(20) unsigned NOT NULL COMMENT 'hot_category ID',
  `sorting` int(11) NOT NULL DEFAULT '1' COMMENT '排序編號',
  `country_id` varchar(36) COLLATE utf8mb4_unicode_ci DEFAULT NULL COMMENT '國家ID',
  `stock_category_id` varchar(36) COLLATE utf8mb4_unicode_ci NOT NULL COMMENT '商品類別ID',
  `create_id` varchar(100) COLLATE utf8mb4_unicode_ci NOT NULL COMMENT '建立者ID',
  `create_name` varchar(20) COLLATE utf8mb4_unicode_ci NOT NULL COMMENT '建立者名稱',
  `create_time` datetime NOT NULL DEFAULT CURRENT_TIMESTAMP COMMENT '建立時間',
  `modify_id` varchar(100) COLLATE utf8mb4_unicode_ci DEFAULT NULL COMMENT '修改者ID',
  `modify_name` varchar(20) COLLATE utf8mb4_unicode_ci DEFAULT NULL COMMENT '修改名稱',
  `modify_time` datetime DEFAULT CURRENT_TIMESTAMP ON UPDATE CURRENT_TIMESTAMP COMMENT '修改時間',
  PRIMARY KEY (`id`),
  KEY `hot_category_detail_country_id_foreign` (`country_id`),
  KEY `hot_category_detail_hot_category_id_foreign` (`hot_category_id`),
  KEY `hot_category_detail_stock_category_id_foreign` (`stock_category_id`),
  CONSTRAINT `hot_category_detail_country_id_foreign` FOREIGN KEY (`country_id`) REFERENCES `country` (`id`),
  CONSTRAINT `hot_category_detail_hot_category_id_foreign` FOREIGN KEY (`hot_category_id`) REFERENCES `hot_category` (`id`),
  CONSTRAINT `hot_category_detail_stock_category_id_foreign` FOREIGN KEY (`stock_category_id`) REFERENCES `stock_category` (`id`)
) ENGINE=InnoDB DEFAULT CHARSET=utf8mb4 COLLATE=utf8mb4_unicode_ci COMMENT='熱門分類明細';

--
-- Dumping data for table `hot_category_detail`
--


--
-- Table structure for table `import_export_log`
--

CREATE TABLE `import_export_log` (
  `id` int(10) unsigned NOT NULL AUTO_INCREMENT,
  `name` varchar(200) COLLATE utf8mb4_unicode_ci NOT NULL COMMENT '檔案名稱',
  `description` varchar(50) COLLATE utf8mb4_unicode_ci DEFAULT NULL COMMENT '備註',
  `create_id` varchar(20) COLLATE utf8mb4_unicode_ci NOT NULL COMMENT '建立者ID',
  `create_name` varchar(20) COLLATE utf8mb4_unicode_ci NOT NULL COMMENT '建立者名稱',
  `create_time` datetime NOT NULL DEFAULT CURRENT_TIMESTAMP COMMENT '建立時間',
  `modify_id` varchar(20) COLLATE utf8mb4_unicode_ci DEFAULT NULL COMMENT '修改者ID',
  `modify_name` varchar(20) COLLATE utf8mb4_unicode_ci DEFAULT NULL COMMENT '修改名稱',
  `modify_time` datetime DEFAULT CURRENT_TIMESTAMP ON UPDATE CURRENT_TIMESTAMP COMMENT '修改時間',
  PRIMARY KEY (`id`)
) ENGINE=InnoDB AUTO_INCREMENT=39 DEFAULT CHARSET=utf8mb4 COLLATE=utf8mb4_unicode_ci COMMENT='匯入匯出紀錄';

--
-- Dumping data for table `import_export_log`
--

INSERT INTO `import_export_log` VALUES (1,'ExportPointCardSerialNumber',NULL,'admin','系統管理者','2023-05-17 13:31:17',NULL,NULL,'2023-05-17 13:31:17'),(2,'ImportStockBrand',NULL,'F800229434','Juan Raymond','2023-05-23 14:53:10',NULL,NULL,'2023-05-23 14:53:10'),(3,'ImportStock',NULL,'F800229434','Juan Raymond','2023-05-23 14:54:33',NULL,NULL,'2023-05-23 14:54:33'),(4,'ExportMember',NULL,'admin','系統管理者','2023-05-24 18:16:43',NULL,NULL,'2023-05-24 18:16:43'),(5,'ExportMember',NULL,'admin','系統管理者','2023-05-24 18:17:10',NULL,NULL,'2023-05-24 18:17:10'),(6,'ExportStock',NULL,'admin','系統管理者','2023-05-25 09:39:38',NULL,NULL,'2023-05-25 09:39:38'),(7,'ExportSale',NULL,'admin','系統管理者','2023-05-25 09:40:17',NULL,NULL,'2023-05-25 09:40:17'),(8,'ExportStock',NULL,'admin','系統管理者','2023-05-25 10:18:20',NULL,NULL,'2023-05-25 10:18:20'),(9,'ExportSale',NULL,'admin','系統管理者','2023-05-25 10:19:04',NULL,NULL,'2023-05-25 10:19:04'),(10,'ExportMember',NULL,'admin','系統管理者','2023-05-25 10:19:19',NULL,NULL,'2023-05-25 10:19:19'),(11,'ExportMember',NULL,'jay','Jay','2023-05-25 12:27:02',NULL,NULL,'2023-05-25 12:27:02'),(12,'ExportMember',NULL,'jay','Jay','2023-05-25 15:24:24',NULL,NULL,'2023-05-25 15:24:24'),(13,'ExportMember',NULL,'jay','Jay','2023-05-25 15:26:47',NULL,NULL,'2023-05-25 15:26:47'),(14,'ExportStock',NULL,'mike','Mike','2023-05-25 17:03:30',NULL,NULL,'2023-05-25 17:03:30'),(15,'ExportStock',NULL,'jay','Jay','2023-05-27 12:01:49',NULL,NULL,'2023-05-27 12:01:49'),(16,'ImportStock',NULL,'F800229434','Juan Raymond','2023-05-30 10:03:11',NULL,NULL,'2023-05-30 10:03:11'),(17,'ImportStockBrand',NULL,'F800229434','Juan Raymond','2023-05-30 10:03:33',NULL,NULL,'2023-05-30 10:03:33'),(18,'ImportStock',NULL,'F800229434','Juan Raymond','2023-05-30 10:03:44',NULL,NULL,'2023-05-30 10:03:44'),(19,'ImportStock',NULL,'F800229434','Juan Raymond','2023-05-30 10:04:37',NULL,NULL,'2023-05-30 10:04:37'),(20,'ImportStock',NULL,'F800229434','Juan Raymond','2023-05-30 10:06:48',NULL,NULL,'2023-05-30 10:06:48'),(21,'ImportStockBrand',NULL,'F800229434','Juan Raymond','2023-05-30 10:14:15',NULL,NULL,'2023-05-30 10:14:15'),(22,'ImportStock',NULL,'F800229434','Juan Raymond','2023-05-30 10:15:06',NULL,NULL,'2023-05-30 10:15:06'),(23,'ImportStock',NULL,'F800229434','Juan Raymond','2023-05-30 10:19:57',NULL,NULL,'2023-05-30 10:19:57'),(24,'ImportStock',NULL,'F800229434','Juan Raymond','2023-05-30 10:27:11',NULL,NULL,'2023-05-30 10:27:11'),(25,'ImportStock',NULL,'F800229434','Juan Raymond','2023-05-30 10:51:12',NULL,NULL,'2023-05-30 10:51:12'),(26,'ImportStock',NULL,'F800229434','Juan Raymond','2023-05-30 10:51:57',NULL,NULL,'2023-05-30 10:51:57'),(27,'ImportStock',NULL,'F800229434','Juan Raymond','2023-05-30 10:55:25',NULL,NULL,'2023-05-30 10:55:25'),(28,'ImportStock',NULL,'F800229434','Juan Raymond','2023-05-30 10:58:45',NULL,NULL,'2023-05-30 10:58:45'),(29,'ExportStock',NULL,'jay','Jay','2023-06-01 11:32:32',NULL,NULL,'2023-06-01 11:32:32'),(30,'ExportStock',NULL,'jay','Jay','2023-06-01 19:42:51',NULL,NULL,'2023-06-01 19:42:51'),(31,'ExportStock',NULL,'jay','Jay','2023-06-01 22:27:25',NULL,NULL,'2023-06-01 22:27:25'),(32,'ExportStock',NULL,'mike','Mike','2023-06-02 11:02:15',NULL,NULL,'2023-06-02 11:02:15'),(33,'ExportSale',NULL,'wei7961074','Kylie','2023-06-03 16:39:30',NULL,NULL,'2023-06-03 16:39:30'),(34,'ExportStock',NULL,'F800229434','Juan Raymond','2023-06-06 12:17:58',NULL,NULL,'2023-06-06 12:17:58'),(35,'ExportMember',NULL,'jay','Jay','2023-06-06 12:22:29',NULL,NULL,'2023-06-06 12:22:29'),(36,'ExportMember',NULL,'jay','Jay','2023-06-08 11:22:52',NULL,NULL,'2023-06-08 11:22:52'),(37,'ExportMember',NULL,'jay','Jay','2023-06-08 11:23:26',NULL,NULL,'2023-06-08 11:23:26'),(38,'ExportStock',NULL,'wei7961074','Kylie','2023-06-08 18:08:35',NULL,NULL,'2023-06-08 18:08:35');

--
-- Table structure for table `index_item`
--

CREATE TABLE `index_item` (
  `id` varchar(36) COLLATE utf8mb4_unicode_ci NOT NULL,
  `parent` varchar(36) COLLATE utf8mb4_unicode_ci DEFAULT NULL COMMENT '父類別ID',
  `index_item_type_id` varchar(36) COLLATE utf8mb4_unicode_ci NOT NULL COMMENT '項目類別ID',
  `sorting` int(11) NOT NULL DEFAULT '1' COMMENT '排序編號',
  `name` varchar(100) COLLATE utf8mb4_unicode_ci NOT NULL COMMENT '名稱',
  `route` varchar(100) COLLATE utf8mb4_unicode_ci DEFAULT NULL COMMENT '路徑名稱',
  `file_name` varchar(100) COLLATE utf8mb4_unicode_ci DEFAULT NULL COMMENT '檔案名稱',
  `icon` longtext COLLATE utf8mb4_unicode_ci COMMENT '前面顯示的icon',
  `is_enable` tinyint(4) NOT NULL DEFAULT '0' COMMENT '是否已啟用',
  `is_create` tinyint(4) NOT NULL DEFAULT '1' COMMENT '是否能建立',
  `is_read` tinyint(4) NOT NULL DEFAULT '1' COMMENT '是否能讀取',
  `is_update` tinyint(4) NOT NULL DEFAULT '1' COMMENT '是否能修改',
  `is_delete` tinyint(4) NOT NULL DEFAULT '1' COMMENT '是否能刪除',
  `description` varchar(200) COLLATE utf8mb4_unicode_ci DEFAULT NULL COMMENT '備註',
  `create_id` varchar(20) COLLATE utf8mb4_unicode_ci NOT NULL COMMENT '建立者ID',
  `create_name` varchar(20) COLLATE utf8mb4_unicode_ci NOT NULL COMMENT '建立者名稱',
  `create_time` datetime NOT NULL DEFAULT CURRENT_TIMESTAMP COMMENT '建立時間',
  `modify_id` varchar(20) COLLATE utf8mb4_unicode_ci DEFAULT NULL COMMENT '修改者ID',
  `modify_name` varchar(20) COLLATE utf8mb4_unicode_ci DEFAULT NULL COMMENT '修改名稱',
  `modify_time` datetime DEFAULT CURRENT_TIMESTAMP ON UPDATE CURRENT_TIMESTAMP COMMENT '修改時間',
  PRIMARY KEY (`id`),
  KEY `index_item_index_item_type_id_foreign` (`index_item_type_id`),
  KEY `index_item_parent_foreign` (`parent`),
  CONSTRAINT `index_item_index_item_type_id_foreign` FOREIGN KEY (`index_item_type_id`) REFERENCES `index_item_type` (`id`),
  CONSTRAINT `index_item_parent_foreign` FOREIGN KEY (`parent`) REFERENCES `index_item` (`id`)
) ENGINE=InnoDB DEFAULT CHARSET=utf8mb4 COLLATE=utf8mb4_unicode_ci COMMENT='首頁項目';

--
-- Dumping data for table `index_item`
--

INSERT INTO `index_item` VALUES ('L01',NULL,'1',999,'帳號管理','login.user','Login/views/user','<span class=\"svg-icon svg-icon-primary svg-icon-2x\"><!--begin::Svg Icon | path:/var/www/preview.keenthemes.com/metronic/releases/2021-05-14-112058/theme/html/demo1/dist/../src/media/svg/icons/Communication/Shield-user.svg--><svg xmlns=\"http://www.w3.org/2000/svg\" xmlns:xlink=\"http://www.w3.org/1999/xlink\" width=\"24px\" height=\"24px\" viewBox=\"0 0 24 24\" version=\"1.1\">\n    <g stroke=\"none\" stroke-width=\"1\" fill=\"none\" fill-rule=\"evenodd\">\n        <rect x=\"0\" y=\"0\" width=\"24\" height=\"24\"/>\n        <path d=\"M4,4 L11.6314229,2.5691082 C11.8750185,2.52343403 12.1249815,2.52343403 12.3685771,2.5691082 L20,4 L20,13.2830094 C20,16.2173861 18.4883464,18.9447835 16,20.5 L12.5299989,22.6687507 C12.2057287,22.8714196 11.7942713,22.8714196 11.4700011,22.6687507 L8,20.5 C5.51165358,18.9447835 4,16.2173861 4,13.2830094 L4,4 Z\" fill=\"#000000\" opacity=\"0.3\"/>\n        <path d=\"M12,11 C10.8954305,11 10,10.1045695 10,9 C10,7.8954305 10.8954305,7 12,7 C13.1045695,7 14,7.8954305 14,9 C14,10.1045695 13.1045695,11 12,11 Z\" fill=\"#000000\" opacity=\"0.3\"/>\n        <path d=\"M7.00036205,16.4995035 C7.21569918,13.5165724 9.36772908,12 11.9907452,12 C14.6506758,12 16.8360465,13.4332455 16.9988413,16.5 C17.0053266,16.6221713 16.9988413,17 16.5815,17 C14.5228466,17 11.463736,17 7.4041679,17 C7.26484009,17 6.98863236,16.6619875 7.00036205,16.4995035 Z\" fill=\"#000000\" opacity=\"0.3\"/>\n    </g>\n</svg><!--end::Svg Icon--></span>',1,1,1,1,1,'','system','system','2022-09-20 11:18:56',NULL,NULL,'2022-09-20 11:19:32'),('L0101','L01','2',1009,'帳號管理','login.user','Login/views/user','0',1,1,1,1,1,'','system','system','2022-09-20 11:18:56',NULL,NULL,'2022-09-20 11:19:32'),('L0102','L01','2',1019,'角色設定','login.role','Login/views/role','0',1,1,1,1,1,'','system','system','2022-09-20 11:18:56',NULL,NULL,'2022-09-20 11:19:32'),('M01',NULL,'1',5,'會員管理','member','Member/views/member','\n	   			<span class=\"svg-icon svg-icon-primary svg-icon-2x\">\n	   				<!--begin::Svg Icon | path:/var/www/preview.keenthemes.com/metronic/releases/2021-05-14-112058/theme/html/demo1/dist/../src/media/svg/icons/General/User.svg-->\n	   				<svg xmlns=\"http://www.w3.org/2000/svg\" xmlns:xlink=\"http://www.w3.org/1999/xlink\" width=\"24px\" height=\"24px\" viewBox=\"0 0 24 24\" version=\"1.1\">\n					    <g stroke=\"none\" stroke-width=\"1\" fill=\"none\" fill-rule=\"evenodd\">\n					        <polygon points=\"0 0 24 0 24 24 0 24\"/>\n					        <path d=\"M12,11 C9.790861,11 8,9.209139 8,7 C8,4.790861 9.790861,3 12,3 C14.209139,3 16,4.790861 16,7 C16,9.209139 14.209139,11 12,11 Z\" fill=\"#000000\" fill-rule=\"nonzero\" opacity=\"0.3\"/>\n					        <path d=\"M3.00065168,20.1992055 C3.38825852,15.4265159 7.26191235,13 11.9833413,13 C16.7712164,13 20.7048837,15.2931929 20.9979143,20.2 C21.0095879,20.3954741 20.9979143,21 20.2466999,21 C16.541124,21 11.0347247,21 3.72750223,21 C3.47671215,21 2.97953825,20.45918 3.00065168,20.1992055 Z\" fill=\"#000000\" fill-rule=\"nonzero\"/>\n					    </g>\n					</svg>\n					<!--end::Svg Icon-->\n				</span>\n	   		',1,1,1,1,1,'','system','system','2022-09-20 11:19:01',NULL,NULL,'2022-09-20 11:19:18'),('M0101','M01','2',15,'會員資料管理','member','Member/views/member','0',1,1,1,1,1,'','system','system','2022-09-20 11:19:01',NULL,NULL,'2022-09-20 11:19:18'),('M0103','M01','2',25,'會員等級維護','member.member_level','Member/views/member_level','0',1,1,1,1,1,'','system','system','2022-09-20 11:19:01',NULL,NULL,'2022-09-20 11:19:18'),('M0105','M01','2',35,'會員類別維護','member.member_type','Member/views/member_type','0',1,1,1,1,1,'','system','system','2022-09-20 11:19:01',NULL,NULL,'2022-09-20 11:19:18'),('M0108','M01','2',17,'會員回饋金計算','member.member_feedback_fund','Member/views/member_feedback_fund','0',1,1,1,1,1,'','system','system','2022-11-23 11:05:43',NULL,NULL,'2022-11-23 11:05:43'),('M0111','M01','2',45,'會員CLC幣','member.member_coin_log','Member/views/member_coin_log','0',1,1,1,1,1,'','system','system','2023-02-20 18:35:05',NULL,NULL,'2023-02-20 18:35:05'),('M0115','M01','2',50,'會員標籤維護','member.tag','Member/views/tag','0',1,1,1,1,1,'','system','system','2023-03-03 15:17:21',NULL,NULL,'2023-03-03 15:17:21'),('M0120','M01','2',50,'會員驗證','member.member_verify','Member/views/member_verify','0',1,1,1,1,1,'','system','system','2023-05-05 11:32:58',NULL,NULL,'2023-05-05 11:32:58'),('PointCard01',NULL,'1',500,'點數管理','','','<span class=\"svg-icon svg-icon-primary svg-icon-2x\"><!--begin::Svg Icon | path:/var/www/preview.keenthemes.com/metronic/releases/2021-05-14-112058/theme/html/demo1/dist/../src/media/svg/icons/Communication/Call#1.svg--><svg xmlns=\"http://www.w3.org/2000/svg\" xmlns:xlink=\"http://www.w3.org/1999/xlink\" width=\"24px\" height=\"24px\" viewBox=\"0 0 24 24\" version=\"1.1\">\n			<g stroke=\"none\" stroke-width=\"1\" fill=\"none\" fill-rule=\"evenodd\">\n				<rect x=\"0\" y=\"0\" width=\"24\" height=\"24\"/>\n				<path d=\"M11.914857,14.1427403 L14.1188827,11.9387145 C14.7276032,11.329994 14.8785122,10.4000511 14.4935235,9.63007378 L14.3686433,9.38031323 C13.9836546,8.61033591 14.1345636,7.680393 14.7432841,7.07167248 L17.4760882,4.33886839 C17.6713503,4.14360624 17.9879328,4.14360624 18.183195,4.33886839 C18.2211956,4.37686904 18.2528214,4.42074752 18.2768552,4.46881498 L19.3808309,6.67676638 C20.2253855,8.3658756 19.8943345,10.4059034 18.5589765,11.7412615 L12.560151,17.740087 C11.1066115,19.1936265 8.95659008,19.7011777 7.00646221,19.0511351 L4.5919826,18.2463085 C4.33001094,18.1589846 4.18843095,17.8758246 4.27575484,17.613853 C4.30030124,17.5402138 4.34165566,17.4733009 4.39654309,17.4184135 L7.04781491,14.7671417 C7.65653544,14.1584211 8.58647835,14.0075122 9.35645567,14.3925008 L9.60621621,14.5173811 C10.3761935,14.9023698 11.3061364,14.7514608 11.914857,14.1427403 Z\" fill=\"#000000\"/>\n			</g>\n		</svg><!--end::Svg Icon--></span>',1,1,1,1,1,'','system','system','2023-04-22 18:28:07',NULL,NULL,'2023-04-22 18:28:10'),('PointCard0105','PointCard01','2',510,'序號管理','point_card.point_card_serial_number','PointCard/views/point_card_serial_number','0',1,1,1,1,1,'','system','system','2023-04-22 18:28:07',NULL,NULL,'2023-04-22 18:28:10'),('PTR01',NULL,'1',20,'供應商','','','\n			<span class=\"svg-icon svg-icon-primary svg-icon-2x\">\n				<!--begin::Svg Icon | path: /var/www/preview.keenthemes.com/kt-products/docs/metronic/html/releases/2022-10-09-043348/core/html/src/media/icons/duotune/ecommerce/ecm001.svg-->\n				<svg width=\"24\" height=\"24\" viewBox=\"0 0 24 24\" fill=\"none\" xmlns=\"http://www.w3.org/2000/svg\">\n					<path opacity=\"0.3\" d=\"M18.041 22.041C18.5932 22.041 19.041 21.5932 19.041 21.041C19.041 20.4887 18.5932 20.041 18.041 20.041C17.4887 20.041 17.041 20.4887 17.041 21.041C17.041 21.5932 17.4887 22.041 18.041 22.041Z\" fill=\"currentColor\"/>\n					<path opacity=\"0.3\" d=\"M6.04095 22.041C6.59324 22.041 7.04095 21.5932 7.04095 21.041C7.04095 20.4887 6.59324 20.041 6.04095 20.041C5.48867 20.041 5.04095 20.4887 5.04095 21.041C5.04095 21.5932 5.48867 22.041 6.04095 22.041Z\" fill=\"currentColor\"/>\n					<path opacity=\"0.3\" d=\"M7.04095 16.041L19.1409 15.1409C19.7409 15.1409 20.141 14.7409 20.341 14.1409L21.7409 8.34094C21.9409 7.64094 21.4409 7.04095 20.7409 7.04095H5.44095L7.04095 16.041Z\" fill=\"currentColor\"/>\n					<path d=\"M19.041 20.041H5.04096C4.74096 20.041 4.34095 19.841 4.14095 19.541C3.94095 19.241 3.94095 18.841 4.14095 18.541L6.04096 14.841L4.14095 4.64095L2.54096 3.84096C2.04096 3.64096 1.84095 3.04097 2.14095 2.54097C2.34095 2.04097 2.94096 1.84095 3.44096 2.14095L5.44096 3.14095C5.74096 3.24095 5.94096 3.54096 5.94096 3.84096L7.94096 14.841C7.94096 15.041 7.94095 15.241 7.84095 15.441L6.54096 18.041H19.041C19.641 18.041 20.041 18.441 20.041 19.041C20.041 19.641 19.641 20.041 19.041 20.041Z\" fill=\"currentColor\"/>\n				</svg>\n				<!--end::Svg Icon-->\n			</span>\n	   		',1,1,1,1,1,'','system','system','2022-11-23 17:10:07',NULL,NULL,'2022-11-23 17:10:09'),('PTR0103','PTR01','2',22,'供應商','partner.partner','Partner/views/partner','0',1,1,1,1,1,'','system','system','2022-11-23 17:10:07',NULL,NULL,'2022-11-23 17:10:09'),('SAL01',NULL,'1',15,'訂單管理','sale','Sale/views/sale','\n			<span class=\"svg-icon svg-icon-primary svg-icon-2x\">\n				<!--begin::Svg Icon | path:/var/www/preview.keenthemes.com/metronic/releases/2021-05-14-112058/theme/html/demo1/dist/../src/media/svg/icons/Shopping/Dollar.svg-->\n				<svg xmlns=\"http://www.w3.org/2000/svg\" xmlns:xlink=\"http://www.w3.org/1999/xlink\" width=\"24px\" height=\"24px\" viewBox=\"0 0 24 24\" version=\"1.1\">\n				    <g stroke=\"none\" stroke-width=\"1\" fill=\"none\" fill-rule=\"evenodd\">\n				        <rect x=\"0\" y=\"0\" width=\"24\" height=\"24\"/>\n				        <rect fill=\"#000000\" opacity=\"0.3\" x=\"11.5\" y=\"2\" width=\"2\" height=\"4\" rx=\"1\"/>\n				        <rect fill=\"#000000\" opacity=\"0.3\" x=\"11.5\" y=\"16\" width=\"2\" height=\"5\" rx=\"1\"/>\n				        <path d=\"M15.493,8.044 C15.2143319,7.68933156 14.8501689,7.40750104 14.4005,7.1985 C13.9508311,6.98949895 13.5170021,6.885 13.099,6.885 C12.8836656,6.885 12.6651678,6.90399981 12.4435,6.942 C12.2218322,6.98000019 12.0223342,7.05283279 11.845,7.1605 C11.6676658,7.2681672 11.5188339,7.40749914 11.3985,7.5785 C11.2781661,7.74950085 11.218,7.96799867 11.218,8.234 C11.218,8.46200114 11.2654995,8.65199924 11.3605,8.804 C11.4555005,8.95600076 11.5948324,9.08899943 11.7785,9.203 C11.9621676,9.31700057 12.1806654,9.42149952 12.434,9.5165 C12.6873346,9.61150047 12.9723317,9.70966616 13.289,9.811 C13.7450023,9.96300076 14.2199975,10.1308324 14.714,10.3145 C15.2080025,10.4981676 15.6576646,10.7419985 16.063,11.046 C16.4683354,11.3500015 16.8039987,11.7268311 17.07,12.1765 C17.3360013,12.6261689 17.469,13.1866633 17.469,13.858 C17.469,14.6306705 17.3265014,15.2988305 17.0415,15.8625 C16.7564986,16.4261695 16.3733357,16.8916648 15.892,17.259 C15.4106643,17.6263352 14.8596698,17.8986658 14.239,18.076 C13.6183302,18.2533342 12.97867,18.342 12.32,18.342 C11.3573285,18.342 10.4263378,18.1741683 9.527,17.8385 C8.62766217,17.5028317 7.88033631,17.0246698 7.285,16.404 L9.413,14.238 C9.74233498,14.6433354 10.176164,14.9821653 10.7145,15.2545 C11.252836,15.5268347 11.7879973,15.663 12.32,15.663 C12.5606679,15.663 12.7949989,15.6376669 13.023,15.587 C13.2510011,15.5363331 13.4504991,15.4540006 13.6215,15.34 C13.7925009,15.2259994 13.9286662,15.0740009 14.03,14.884 C14.1313338,14.693999 14.182,14.4660013 14.182,14.2 C14.182,13.9466654 14.1186673,13.7313342 13.992,13.554 C13.8653327,13.3766658 13.6848345,13.2151674 13.4505,13.0695 C13.2161655,12.9238326 12.9248351,12.7908339 12.5765,12.6705 C12.2281649,12.5501661 11.8323355,12.420334 11.389,12.281 C10.9583312,12.141666 10.5371687,11.9770009 10.1255,11.787 C9.71383127,11.596999 9.34650161,11.3531682 9.0235,11.0555 C8.70049838,10.7578318 8.44083431,10.3968355 8.2445,9.9725 C8.04816568,9.54816454 7.95,9.03200304 7.95,8.424 C7.95,7.67666293 8.10199848,7.03700266 8.406,6.505 C8.71000152,5.97299734 9.10899753,5.53600171 9.603,5.194 C10.0970025,4.85199829 10.6543302,4.60183412 11.275,4.4435 C11.8956698,4.28516587 12.5226635,4.206 13.156,4.206 C13.9160038,4.206 14.6918294,4.34533194 15.4835,4.624 C16.2751706,4.90266806 16.9686637,5.31433061 17.564,5.859 L15.493,8.044 Z\" fill=\"#000000\"/>\n				    </g>\n				</svg>\n				<!--end::Svg Icon-->\n			</span>\n	   		',1,1,1,1,1,'','system','system','2023-01-09 11:37:11',NULL,NULL,'2023-01-09 11:37:14'),('SAL0101','SAL01','2',25,'訂單管理','sale.sale','Sale/views/sale','0',1,1,1,1,1,'','system','system','2023-01-09 11:37:11',NULL,NULL,'2023-01-09 11:37:14'),('SAL0103','SAL01','2',35,'優惠券管理','sale.coupon','Sale/views/coupon','0',1,1,1,1,1,'','system','system','2023-01-09 11:37:11',NULL,NULL,'2023-01-09 11:37:14'),('SAL0105','SAL01','2',45,'銷售點管理','sale.sale_point','Sale/views/sale_point','0',1,1,1,1,1,'','system','system','2023-01-09 11:37:11',NULL,NULL,'2023-01-09 11:37:14'),('SAL0107','SAL01','2',55,'配送方式管理','sale.delivery','Sale/views/delivery','0',1,1,1,1,1,'','system','system','2023-01-09 11:37:11',NULL,NULL,'2023-01-09 11:37:14'),('SET01',NULL,'1',30,'設定','','','\n            <span class=\"svg-icon svg-icon-primary svg-icon-2x\"><!--begin::Svg Icon | path:/var/www/preview.keenthemes.com/metronic/releases/2021-05-14-112058/theme/html/demo1/dist/../src/media/svg/icons/Code/Settings4.svg--><svg xmlns=\"http://www.w3.org/2000/svg\" xmlns:xlink=\"http://www.w3.org/1999/xlink\" width=\"24px\" height=\"24px\" viewBox=\"0 0 24 24\" version=\"1.1\">\n            <g stroke=\"none\" stroke-width=\"1\" fill=\"none\" fill-rule=\"evenodd\">\n                <rect x=\"0\" y=\"0\" width=\"24\" height=\"24\"/>\n                <path d=\"M18.6225,9.75 L18.75,9.75 C19.9926407,9.75 21,10.7573593 21,12 C21,13.2426407 19.9926407,14.25 18.75,14.25 L18.6854912,14.249994 C18.4911876,14.250769 18.3158978,14.366855 18.2393549,14.5454486 C18.1556809,14.7351461 18.1942911,14.948087 18.3278301,15.0846699 L18.372535,15.129375 C18.7950334,15.5514036 19.03243,16.1240792 19.03243,16.72125 C19.03243,17.3184208 18.7950334,17.8910964 18.373125,18.312535 C17.9510964,18.7350334 17.3784208,18.97243 16.78125,18.97243 C16.1840792,18.97243 15.6114036,18.7350334 15.1896699,18.3128301 L15.1505513,18.2736469 C15.008087,18.1342911 14.7951461,18.0956809 14.6054486,18.1793549 C14.426855,18.2558978 14.310769,18.4311876 14.31,18.6225 L14.31,18.75 C14.31,19.9926407 13.3026407,21 12.06,21 C10.8173593,21 9.81,19.9926407 9.81,18.75 C9.80552409,18.4999185 9.67898539,18.3229986 9.44717599,18.2361469 C9.26485393,18.1556809 9.05191298,18.1942911 8.91533009,18.3278301 L8.870625,18.372535 C8.44859642,18.7950334 7.87592081,19.03243 7.27875,19.03243 C6.68157919,19.03243 6.10890358,18.7950334 5.68746499,18.373125 C5.26496665,17.9510964 5.02757002,17.3784208 5.02757002,16.78125 C5.02757002,16.1840792 5.26496665,15.6114036 5.68716991,15.1896699 L5.72635306,15.1505513 C5.86570889,15.008087 5.90431906,14.7951461 5.82064513,14.6054486 C5.74410223,14.426855 5.56881236,14.310769 5.3775,14.31 L5.25,14.31 C4.00735931,14.31 3,13.3026407 3,12.06 C3,10.8173593 4.00735931,9.81 5.25,9.81 C5.50008154,9.80552409 5.67700139,9.67898539 5.76385306,9.44717599 C5.84431906,9.26485393 5.80570889,9.05191298 5.67216991,8.91533009 L5.62746499,8.870625 C5.20496665,8.44859642 4.96757002,7.87592081 4.96757002,7.27875 C4.96757002,6.68157919 5.20496665,6.10890358 5.626875,5.68746499 C6.04890358,5.26496665 6.62157919,5.02757002 7.21875,5.02757002 C7.81592081,5.02757002 8.38859642,5.26496665 8.81033009,5.68716991 L8.84944872,5.72635306 C8.99191298,5.86570889 9.20485393,5.90431906 9.38717599,5.82385306 L9.49484664,5.80114977 C9.65041313,5.71688974 9.7492905,5.55401473 9.75,5.3775 L9.75,5.25 C9.75,4.00735931 10.7573593,3 12,3 C13.2426407,3 14.25,4.00735931 14.25,5.25 L14.249994,5.31450877 C14.250769,5.50881236 14.366855,5.68410223 14.552824,5.76385306 C14.7351461,5.84431906 14.948087,5.80570889 15.0846699,5.67216991 L15.129375,5.62746499 C15.5514036,5.20496665 16.1240792,4.96757002 16.72125,4.96757002 C17.3184208,4.96757002 17.8910964,5.20496665 18.312535,5.626875 C18.7350334,6.04890358 18.97243,6.62157919 18.97243,7.21875 C18.97243,7.81592081 18.7350334,8.38859642 18.3128301,8.81033009 L18.2736469,8.84944872 C18.1342911,8.99191298 18.0956809,9.20485393 18.1761469,9.38717599 L18.1988502,9.49484664 C18.2831103,9.65041313 18.4459853,9.7492905 18.6225,9.75 Z\" fill=\"#000000\" fill-rule=\"nonzero\" opacity=\"0.3\"/>\n                <path d=\"M12,15 C13.6568542,15 15,13.6568542 15,12 C15,10.3431458 13.6568542,9 12,9 C10.3431458,9 9,10.3431458 9,12 C9,13.6568542 10.3431458,15 12,15 Z\" fill=\"#000000\"/>\n            </g>\n        </svg><!--end::Svg Icon--></span>\n	   		',1,1,1,1,1,'','system','system','2022-09-20 11:19:25',NULL,NULL,'2022-09-20 11:19:35'),('SET0103','SET01','2',40,'橫幅廣告管理','setting.banner','Setting/views/banner','0',1,1,1,1,1,'','system','system','2022-09-20 11:19:25',NULL,NULL,'2022-09-20 11:19:35'),('SET0105','SET01','2',50,'橫幅廣告區塊維護','setting.block','Setting/views/block','0',1,1,1,1,1,'','system','system','2022-09-20 11:19:25',NULL,NULL,'2022-09-20 11:19:35'),('SET0107','SET01','2',60,'語系設定','setting.lang','Setting/views/lang','0',1,1,1,1,1,'','system','system','2022-12-29 12:00:27',NULL,NULL,'2022-12-29 12:00:27'),('SET0109','SET01','2',80,'商品輪播設定','setting.slider_stock','Setting/views/slider_stock','0',1,1,1,1,1,'','system','system','2023-02-06 15:35:19',NULL,NULL,'2023-02-06 15:35:19'),('STK01',NULL,'1',10,'商品','','','\n			<span class=\"svg-icon svg-icon-primary svg-icon-2x\">\n				<!--begin::Svg Icon | path:/var/www/preview.keenthemes.com/metronic/releases/2021-05-14-112058/theme/html/demo1/dist/../src/media/svg/icons/Shopping/Box3.svg-->\n				<svg xmlns=\"http://www.w3.org/2000/svg\" xmlns:xlink=\"http://www.w3.org/1999/xlink\" width=\"24px\" height=\"24px\" viewBox=\"0 0 24 24\" version=\"1.1\">\n				    <g stroke=\"none\" stroke-width=\"1\" fill=\"none\" fill-rule=\"evenodd\">\n				        <rect x=\"0\" y=\"0\" width=\"24\" height=\"24\"/>\n				        <path d=\"M20.4061385,6.73606154 C20.7672665,6.89656288 21,7.25468437 21,7.64987309 L21,16.4115967 C21,16.7747638 20.8031081,17.1093844 20.4856429,17.2857539 L12.4856429,21.7301984 C12.1836204,21.8979887 11.8163796,21.8979887 11.5143571,21.7301984 L3.51435707,17.2857539 C3.19689188,17.1093844 3,16.7747638 3,16.4115967 L3,7.64987309 C3,7.25468437 3.23273352,6.89656288 3.59386153,6.73606154 L11.5938615,3.18050598 C11.8524269,3.06558805 12.1475731,3.06558805 12.4061385,3.18050598 L20.4061385,6.73606154 Z\" fill=\"#000000\" opacity=\"0.3\"/>\n				        <polygon fill=\"#000000\" points=\"14.9671522 4.22441676 7.5999999 8.31727912 7.5999999 12.9056825 9.5999999 13.9056825 9.5999999 9.49408582 17.25507 5.24126912\"/>\n				    </g>\n				</svg>\n				<!--end::Svg Icon-->\n			</span>\n	   		',1,1,1,1,1,'','system','system','2023-01-09 11:37:00',NULL,NULL,'2023-01-09 11:37:08'),('STK0103','STK01','2',20,'商品','stock.stock','Stock/views/stock','0',1,1,1,1,1,'','system','system','2023-01-09 11:37:00',NULL,NULL,'2023-01-09 11:37:07'),('STK0106','STK01','2',30,'熱門分類','stock.hot_category','Stock/views/hot_category','0',1,1,1,1,1,'','system','system','2023-01-09 11:37:00',NULL,NULL,'2023-01-09 11:37:07'),('STK0109','STK01','2',40,'活動精選','stock.featured_event','Stock/views/featured_event','0',1,1,1,1,1,'','system','system','2023-01-09 11:37:00',NULL,NULL,'2023-01-09 11:37:08'),('STK0112','STK01','2',50,'商品類別','stock.stock_category','Stock/views/stock_category','0',1,1,1,1,1,'','system','system','2023-01-09 11:37:00',NULL,NULL,'2023-01-09 11:37:08'),('STK0113','STK01','2',50,'商品顏色','stock.stock_color','Stock/views/stock_color','0',1,1,1,1,1,'','system','system','2023-01-19 14:42:34',NULL,NULL,'2023-01-19 14:42:34'),('STK0115','STK01','2',60,'商品品牌','stock.stock_brand','Stock/views/stock_brand','0',1,1,1,1,1,'','system','system','2023-01-09 11:37:00',NULL,NULL,'2023-01-09 11:37:08');

--
-- Table structure for table `index_item_type`
--

CREATE TABLE `index_item_type` (
  `id` varchar(36) COLLATE utf8mb4_unicode_ci NOT NULL,
  `name` varchar(100) COLLATE utf8mb4_unicode_ci NOT NULL COMMENT '名稱',
  `description` varchar(200) COLLATE utf8mb4_unicode_ci DEFAULT NULL COMMENT '備註',
  `create_id` varchar(20) COLLATE utf8mb4_unicode_ci NOT NULL COMMENT '建立者ID',
  `create_name` varchar(20) COLLATE utf8mb4_unicode_ci NOT NULL COMMENT '建立者名稱',
  `create_time` datetime NOT NULL DEFAULT CURRENT_TIMESTAMP COMMENT '建立時間',
  `modify_id` varchar(20) COLLATE utf8mb4_unicode_ci DEFAULT NULL COMMENT '修改者ID',
  `modify_name` varchar(20) COLLATE utf8mb4_unicode_ci DEFAULT NULL COMMENT '修改名稱',
  `modify_time` datetime DEFAULT CURRENT_TIMESTAMP ON UPDATE CURRENT_TIMESTAMP COMMENT '修改時間',
  PRIMARY KEY (`id`)
) ENGINE=InnoDB DEFAULT CHARSET=utf8mb4 COLLATE=utf8mb4_unicode_ci COMMENT='首頁項目類別';

--
-- Dumping data for table `index_item_type`
--

INSERT INTO `index_item_type` VALUES ('1','模組',NULL,'system','system','2022-09-20 11:18:46',NULL,NULL,'2022-09-20 11:18:46'),('2','作業項',NULL,'system','system','2022-09-20 11:18:46',NULL,NULL,'2022-09-20 11:18:46'),('3','報表',NULL,'system','system','2022-09-20 11:18:46',NULL,NULL,'2022-09-20 11:18:46'),('4','維護',NULL,'system','system','2022-09-20 11:18:46',NULL,NULL,'2022-09-20 11:18:46'),('99','其他',NULL,'system','system','2022-09-20 11:18:46',NULL,NULL,'2022-09-20 11:18:46');

--
-- Table structure for table `inform`
--

CREATE TABLE `inform` (
  `id` bigint(20) unsigned NOT NULL AUTO_INCREMENT,
  `from_id` varchar(36) COLLATE utf8mb4_unicode_ci NOT NULL COMMENT '來源ID',
  `to_id` varchar(36) COLLATE utf8mb4_unicode_ci NOT NULL COMMENT 'member ID',
  `type` varchar(10) COLLATE utf8mb4_unicode_ci NOT NULL COMMENT '通知種類',
  `title` varchar(200) COLLATE utf8mb4_unicode_ci NOT NULL COMMENT '標題',
  `content` longtext COLLATE utf8mb4_unicode_ci NOT NULL COMMENT '內容',
  `is_read` tinyint(1) NOT NULL DEFAULT '0' COMMENT '已讀狀態',
  `img_org_name` varchar(1024) COLLATE utf8mb4_unicode_ci DEFAULT NULL COMMENT '原始檔名',
  `img_name` varchar(1024) COLLATE utf8mb4_unicode_ci DEFAULT NULL COMMENT '媒體名稱',
  `create_time` timestamp NOT NULL DEFAULT CURRENT_TIMESTAMP,
  PRIMARY KEY (`id`),
  KEY `inform_to_id_foreign` (`to_id`),
  CONSTRAINT `inform_to_id_foreign` FOREIGN KEY (`to_id`) REFERENCES `member` (`id`)
) ENGINE=InnoDB AUTO_INCREMENT=3 DEFAULT CHARSET=utf8mb4 COLLATE=utf8mb4_unicode_ci COMMENT='通知';

--
-- Dumping data for table `inform`
--

INSERT INTO `inform` VALUES (1,'system','afce63d3-763d-4c4b-942e-c0d1f52486b2','info','訂單通知','CLC回饋電商通知:您的電信卡序號為\r\n(35484428649976)\r\n謝謝',1,NULL,NULL,'2023-04-22 10:46:00'),(2,'system','afce63d3-763d-4c4b-942e-c0d1f52486b2','info','訂單通知','CLC回饋電商通知:您的電信卡序號為\r\n(35419914869886)\r\n謝謝',1,NULL,NULL,'2023-04-22 10:46:00');

--
-- Table structure for table `inventory`
--

CREATE TABLE `inventory` (
  `id` varchar(36) COLLATE utf8mb4_unicode_ci NOT NULL,
  `warehouse_id` varchar(36) COLLATE utf8mb4_unicode_ci NOT NULL COMMENT '倉別ID',
  `stock_id` varchar(36) COLLATE utf8mb4_unicode_ci NOT NULL COMMENT '商品ID',
  `sorting` int(11) NOT NULL DEFAULT '1' COMMENT '排序編號',
  `serial_id` varchar(100) COLLATE utf8mb4_unicode_ci DEFAULT NULL COMMENT '商品序號ID',
  `spec_detail_id` bigint(20) unsigned DEFAULT NULL COMMENT '規格明細 ID',
  `qty` double NOT NULL DEFAULT '0' COMMENT '數量',
  `description` varchar(200) COLLATE utf8mb4_unicode_ci DEFAULT NULL COMMENT '描述',
  `create_id` varchar(20) COLLATE utf8mb4_unicode_ci NOT NULL COMMENT '建立者ID',
  `create_name` varchar(20) COLLATE utf8mb4_unicode_ci NOT NULL COMMENT '建立者名稱',
  `create_time` datetime NOT NULL DEFAULT CURRENT_TIMESTAMP COMMENT '建立時間',
  `modify_id` varchar(20) COLLATE utf8mb4_unicode_ci DEFAULT NULL COMMENT '修改者ID',
  `modify_name` varchar(20) COLLATE utf8mb4_unicode_ci DEFAULT NULL COMMENT '修改名稱',
  `modify_time` datetime DEFAULT CURRENT_TIMESTAMP ON UPDATE CURRENT_TIMESTAMP COMMENT '修改時間',
  PRIMARY KEY (`id`),
  KEY `inventory_warehouse_id_foreign` (`warehouse_id`),
  KEY `inventory_stock_id_foreign` (`stock_id`),
  KEY `inventory_spec_detail_id_foreign` (`spec_detail_id`),
  CONSTRAINT `inventory_spec_detail_id_foreign` FOREIGN KEY (`spec_detail_id`) REFERENCES `spec_detail` (`id`),
  CONSTRAINT `inventory_stock_id_foreign` FOREIGN KEY (`stock_id`) REFERENCES `stock` (`id`),
  CONSTRAINT `inventory_warehouse_id_foreign` FOREIGN KEY (`warehouse_id`) REFERENCES `warehouse` (`id`)
) ENGINE=InnoDB DEFAULT CHARSET=utf8mb4 COLLATE=utf8mb4_unicode_ci COMMENT='商品庫存';

--
-- Dumping data for table `inventory`
--

INSERT INTO `inventory` VALUES ('00148a50-796f-42eb-b96a-1803722fac35','wh01','e69b5814-aea1-467a-9f0d-e0b3b0c4fe43',3,'3a8c18fe-497f-4fa4-a663-007cdd04cd93',NULL,29,NULL,'admin','系統管理者','2023-03-09 23:14:27',NULL,NULL,'2023-05-28 16:23:35'),('00a1fb84-9fdb-4cb4-997f-75450f1ffa65','wh01','6dbe6f0e-cc4e-4ae0-94d9-19c090251981',2,'02238096-41b1-4548-9d46-3ef0aa79ef9c',NULL,0,NULL,'F800229434','Juan Raymond','2023-04-22 17:42:39',NULL,NULL,'2023-04-22 17:42:39'),('00af1c7c-b874-46c5-ab4b-eb5993b1e6d9','wh01','14dc2f3e-0f76-479f-becd-99c009aac1f7',1,'bdfa2246-dffe-4b2e-a3f4-86e22ad42304',NULL,10,NULL,'wei7961074','Kylie','2023-04-21 13:47:49',NULL,NULL,'2023-04-21 13:47:49'),('00bc5d84-5053-4b89-8b07-508cedd0520d','wh01','359305be-3351-491a-a7cc-9a02717001fb',3,'76eaf082-7c18-4cff-9a89-c8b2690e4d57',NULL,0,NULL,'wei7961074','Kylie','2023-04-22 22:37:01',NULL,NULL,'2023-05-08 16:44:34'),('014e0362-2f36-4825-a4c7-876b7b277d13','wh01','4c1c8adb-fb7f-4025-83b4-3119fc1045f0',3,'79738e9a-c1ae-4fc0-b7a1-cfbcc9b83e7c',NULL,0,NULL,'F800229434','Juan Raymond','2023-04-22 17:42:40',NULL,NULL,'2023-04-22 17:42:40'),('0181b30a-b162-462c-b3b6-facae8a1d5e1','wh01','c5af7184-5502-450f-bb93-62e30a0f1375',1,'b74d61b0-d729-4919-95f4-dbbef9d9d03d',NULL,20,NULL,'admin','系統管理者','2023-05-11 10:08:47',NULL,NULL,'2023-05-25 09:34:43'),('019e9310-212f-4376-8752-68df7c410d24','wh01','2c0cd810-6863-420f-9692-fde72ce2c1dc',1,'abb2d523-b79c-4473-8130-9c520731f034',NULL,0,NULL,'admin','系統管理者','2023-03-09 23:14:25',NULL,NULL,'2023-03-09 23:14:25'),('019f9739-a791-4e70-afe4-586b4a730535','wh01','504df0ee-424b-4a85-b834-b1cf33622e83',2,'3afac12d-6ecb-4622-a75c-51f528ac6d28',NULL,57,NULL,'admin','系統管理者','2023-03-09 23:14:24',NULL,NULL,'2023-06-06 17:47:58'),('01ae9463-5a93-4ddc-a2f9-0c4d4cc7f7c3','wh01','65d7fda1-693d-46a8-a955-d8032cf6c176',2,'62071c71-6bd3-41b3-8fc3-45afe241b8c0',NULL,0,NULL,'admin','系統管理者','2023-03-09 23:14:26',NULL,NULL,'2023-03-09 23:14:26'),('01e0622e-ba9d-4ece-8c50-761ca5e68d96','wh01','ccac36b0-e5a1-4f97-982d-ffb71f8f7ed0',6,'8f8eb81f-713a-40bf-b901-52a81e4e5be0',NULL,9,NULL,'admin','系統管理者','2023-03-09 23:14:24',NULL,NULL,'2023-06-02 09:50:00'),('020991cc-35c2-4880-aead-33d54598369f','wh01','fca03980-24f1-4ded-9fa3-f8d2bede20de',1,'4cc7256f-ede2-4d9b-aac5-73c98cef0c01',NULL,0,NULL,'admin','系統管理者','2023-03-09 23:14:23',NULL,NULL,'2023-03-09 23:14:23'),('0214f009-e804-4b6e-9211-22b4cc3f608f','wh01','c055e67a-b77d-4532-a170-5dd2050dc126',2,'7c4d8a73-6e64-44dc-a506-d755c911d12b',NULL,0,NULL,'admin','系統管理者','2023-03-09 23:14:25',NULL,NULL,'2023-04-11 14:19:00'),('021f7d1d-7d34-4159-a73f-ca8c3c41a994','wh01','dcaa8077-5afa-4f3a-8d72-43fcb10e191a',3,'fcb53cd3-8d0a-4b57-a886-34f2f50d054c',NULL,0,NULL,'admin','系統管理者','2023-03-09 23:14:25',NULL,NULL,'2023-03-09 23:14:25'),('0220aff7-42c6-4261-8e07-02ca9db9dcba','wh01','a51e3d22-d7c2-428b-a9a9-01c615941ca8',9,'c7a48b21-bd4a-4b57-8524-a95df16c61af',NULL,69,NULL,'wei7961074','Kylie','2023-06-05 11:11:12',NULL,NULL,'2023-06-11 14:27:05'),('0243a38a-59b9-4002-985a-1d800b5db9d2','wh01','6c604aac-73af-48f4-bfd0-f4a235ca389e',1,'56612996-1f08-4c58-bbf7-84b05ed5a959',NULL,27,NULL,'Ariel','Ariel','2023-04-10 15:19:07',NULL,NULL,'2023-06-08 16:34:12'),('0254d47a-408b-4242-b868-34b1c583ffc7','wh01','5f361876-b92d-4785-94ef-9c7f55ebcd17',1,'f63ac97e-6f55-4b95-b171-db0a0337ee98',NULL,0,NULL,'F800229434','Juan Raymond','2023-05-30 10:58:46',NULL,NULL,'2023-05-30 10:58:46'),('0263022d-b5d8-4848-8aac-77031c9e8b77','wh01','f49db7ef-0bb6-452b-872d-d63271559e7c',4,'4ae31573-51bd-4c78-ba6b-7653e37ee226',NULL,0,NULL,'wei7961074','Kylie','2023-06-06 10:30:23',NULL,NULL,'2023-06-06 10:30:23'),('02ee7d9b-0b3d-44a8-9a4a-dfafdbb71b7e','wh01','37fb3b9a-b0b0-4b5f-a55c-69e8a931474b',2,'e862d0ce-c085-406e-976c-a70ff8ae98c8',NULL,0,NULL,'F800229434','Juan Raymond','2023-04-22 17:42:39',NULL,NULL,'2023-04-22 17:42:39'),('03032f0d-2537-4898-8c83-4c7b2d3c64fe','wh01','eced5202-648d-43be-b9d4-fb62984116a4',1,'c44b3ed6-4876-4fb4-ad23-802a970c50b9',NULL,20,NULL,'admin','系統管理者','2023-05-08 16:44:37',NULL,NULL,'2023-05-08 18:21:37'),('03038cc0-c0df-434b-9b31-d2b18f72ab3e','wh01','be245de6-1fca-4d2d-a337-946873021cb9',1,'0778bc51-c590-4b12-a71b-7cd780bdfb98',NULL,0,NULL,'F800229434','Juan Raymond','2023-05-30 10:58:46',NULL,NULL,'2023-05-30 10:58:46'),('030c1bdf-6013-4920-987f-3262ffe245ea','wh01','9313bbc8-f42c-417e-935a-d28c6b6aa600',2,'3ac7e02c-d5ad-4bdf-be1b-f7e95b39045a',NULL,110,NULL,'admin','系統管理者','2023-03-09 23:14:23',NULL,NULL,'2023-06-12 09:08:09'),('030db127-c2c9-4d67-bdbb-7d740aa9bbb2','wh01','e0312b38-a006-442d-9992-6083943cab19',2,'d7e191cf-ca2f-4f38-b3bf-cbb21e57ce95',NULL,0,NULL,'admin','系統管理者','2023-03-09 23:14:24',NULL,NULL,'2023-03-09 23:14:24'),('0310b25b-6a32-4951-b5c9-72580f83526e','wh01','02dd91bf-80ab-40d6-8aa4-fea1fab8120a',1,'36fb6833-1f63-44f7-9fa5-5f71492dfac7',NULL,0,NULL,'clchanas','hanas','2023-04-09 15:49:34',NULL,NULL,'2023-04-09 15:49:34'),('0327ed4b-b40e-4a54-8051-5f1c55f428e1','wh01','85666014-1125-4c64-81d0-7e268e2268d4',1,'826b71b6-21fe-43b6-a2bc-0bb3e0eb1bbd',NULL,27,NULL,'admin','系統管理者','2023-03-09 23:14:27',NULL,NULL,'2023-06-02 18:25:47'),('032a2776-2402-4812-8e47-8b7610b78494','wh01','fc4e849f-160e-48e1-95ed-cde3b3cebd10',1,'fc22ae2e-3f5e-4a17-b643-115dafc48a75',NULL,100,NULL,'admin','系統管理者','2023-03-09 23:14:24',NULL,NULL,'2023-06-09 16:38:28'),('03476f27-6808-436b-a9dc-95509f944a10','wh01','19ed965a-37c4-4eb6-99f5-57c9b8284ca7',2,'980b4b00-626e-41d1-82a0-b6a4fd8931a0',NULL,0,NULL,'admin','系統管理者','2023-03-09 23:14:24',NULL,NULL,'2023-03-09 23:14:24'),('0368c2ce-11a3-4bab-9751-144fcbbb4b2a','wh01','e80f2d43-8c3d-4018-a344-d2e71aae2393',7,'bbdf4694-23ef-4626-935b-19a1c36bad3e',NULL,4,NULL,'admin','系統管理者','2023-03-09 23:14:25',NULL,NULL,'2023-06-12 10:47:19'),('036b01a3-d654-4264-b1cf-344b5bfcda9a','wh01','b0797631-89ea-41a8-b320-6a6f048f9b86',6,'6ee34384-679e-4b3d-8862-5c1dba29f936',NULL,0,NULL,'admin','系統管理者','2023-03-09 23:14:27',NULL,NULL,'2023-03-09 23:14:27'),('038f5193-a4f6-40fd-bd59-05f9e4d892e5','wh01','ea4e32cf-34b6-41e0-920b-c247283b5096',1,'40de7c45-0855-49bb-969e-924e68e7d6ec',NULL,5,NULL,'admin','系統管理者','2023-05-08 16:44:37',NULL,NULL,'2023-06-01 15:45:04'),('03a77ad5-4b9e-4923-b287-3233edfef89e','wh01','621fcdea-889d-4e9c-826a-820a0cf779d8',1,'f412cb46-ae02-4755-a68f-ecc1b38b5bd0',NULL,0,NULL,'admin','系統管理者','2023-05-08 16:44:36',NULL,NULL,'2023-05-08 16:44:36'),('03af5145-90a0-4459-ba5c-6b791494a2a9','wh01','451834a9-7508-40e7-996f-c96fefb2ad51',2,'2e854ed0-1c93-4aff-8f25-f64cb16aaae1',NULL,10,NULL,'Ariel','Ariel','2023-04-21 14:28:22',NULL,NULL,'2023-04-21 14:28:22'),('03ec9f07-e38e-4ec4-a1c9-ad35c5bfe0fb','wh01','41f08354-d162-4e9b-bb84-144486cfaaa7',1,'f85bdad2-1498-4499-b44d-9cb9934c451a',NULL,10,NULL,'wei7961074','Kylie','2023-04-21 14:24:51',NULL,NULL,'2023-04-21 14:24:51'),('03f9086f-8330-4fb4-8551-c9e5b072159d','wh01','269b30e4-c4d0-404b-8c15-007175b79195',3,'8935c578-3dd7-477e-ae8a-e4c646e4ba66',NULL,10,NULL,'Ariel','Ariel','2023-04-21 14:26:35',NULL,NULL,'2023-04-21 14:26:35'),('04036bab-3b94-4e7f-b3e2-6e676d0626d3','wh01','3957f5dc-223d-4f6b-ad93-216a22d6d7e7',2,'e037f079-dd8d-4e81-ace3-4628d05d18cc',NULL,0,NULL,'F800229434','Juan Raymond','2023-04-22 17:42:40',NULL,NULL,'2023-04-22 17:42:40'),('0404189d-0431-4e1d-8b3d-4c4ba3ebd856','wh01','655bd3ca-fcd1-469d-826a-7911ffc53937',1,'b8119e25-48db-4296-85e9-00d8d1bb2c86',NULL,0,NULL,'Ariel','Ariel','2023-04-10 14:34:24',NULL,NULL,'2023-04-10 14:34:24'),('04453c52-552a-4c76-9ee8-eb02f2a769a7','wh01','3ee81324-9d37-4c6c-9a73-252ae3b63cd5',4,'9839213f-9479-40de-9497-569cd97e07ff',NULL,0,NULL,'admin','系統管理者','2023-03-09 23:14:23',NULL,NULL,'2023-03-09 23:14:23'),('046a8cec-1bc5-4623-b61b-ee14d01578d4','wh01','4e52cf4c-63b4-41c9-839f-cfc53e4dd7fd',1,'da1623d0-beea-4c55-9054-0fa29a8660e4',NULL,0,NULL,'admin','系統管理者','2023-05-08 16:44:37',NULL,NULL,'2023-05-08 16:44:37'),('046b1678-f40f-4938-abd9-122e06eaab73','wh01','b0797631-89ea-41a8-b320-6a6f048f9b86',1,'335327e0-833b-4429-955a-f6d3623a7544',NULL,0,NULL,'admin','系統管理者','2023-03-09 23:14:27',NULL,NULL,'2023-03-09 23:14:27'),('048599bc-41d1-43bd-b104-fa9e547dfbce','wh01','4c1c8adb-fb7f-4025-83b4-3119fc1045f0',2,'17fa2744-feac-477a-8793-38d68764c4b1',NULL,0,NULL,'F800229434','Juan Raymond','2023-04-22 17:42:40',NULL,NULL,'2023-04-22 17:42:40'),('04c9c464-6e41-449b-a5fb-2db7e0eb0b5e','wh01','b1516236-3135-4989-a3f8-97012727f6da',1,'305b434e-a79d-4302-99b7-3b762c9b624c',NULL,10,NULL,'wei7961074','Kylie','2023-04-21 14:20:03',NULL,NULL,'2023-04-21 14:20:03'),('04cb3a42-2aeb-4df8-96ae-9d5a198a2d9b','wh01','f8a6a430-b580-46fe-900b-493891954cea',1,'ee99b126-6924-46c4-ba04-3f1c1c679266',NULL,22,NULL,'wei7961074','Kylie','2023-05-18 14:15:43',NULL,NULL,'2023-05-31 10:22:24'),('04dbf9f4-f740-4e03-9e66-be10bf240e0a','wh01','ccac36b0-e5a1-4f97-982d-ffb71f8f7ed0',1,'4a8719ce-b9a4-4f6d-afaf-7212bd7695ec',NULL,16,NULL,'admin','系統管理者','2023-03-09 23:14:24',NULL,NULL,'2023-06-09 10:11:38'),('04f458ab-3c7e-4684-b656-8eb057af9c5d','wh01','134bcdc8-d5f1-460a-9d7f-330bb816e611',2,'449f8cb0-edca-4ad7-874f-d10ba96fe1d2',NULL,0,NULL,'Ariel','Ariel','2023-04-25 11:38:42',NULL,NULL,'2023-04-25 11:38:42'),('054c3187-d67e-4d4e-b588-45f99bfdac50','wh01','2b474627-bb8d-4cd2-baa7-94abe306a95d',3,'c1a19a0a-e4a6-4806-9061-e0ed293e3ba4',NULL,0,NULL,'admin','系統管理者','2023-03-09 23:14:26',NULL,NULL,'2023-03-09 23:14:26'),('05585c25-39aa-4207-9c3c-64e0d66f1171','wh01','6a5dd067-5a7b-4fd1-904b-ee83357b7d36',3,'55fc25e2-28bd-4ba5-a6bd-4a419d4fb159',NULL,0,NULL,'F800229434','Juan Raymond','2023-04-22 17:42:40',NULL,NULL,'2023-04-22 17:42:40'),('059dd331-1362-455d-a38c-401db2ac87be','wh01','d7ac7290-4e94-439a-aa36-46e45d8051be',1,'24a8b55a-35ab-4aa5-92e9-60aad3ba4ef3',NULL,0,NULL,'admin','系統管理者','2023-03-09 23:14:25',NULL,NULL,'2023-03-09 23:14:25'),('05ca4894-c506-49bc-a286-a355b059d271','wh01','504787d7-d028-489a-86df-706805634576',1,'771cb2ed-420e-4a31-b435-a7fee374e8af',NULL,0,NULL,'admin','系統管理者','2023-05-08 16:44:36',NULL,NULL,'2023-05-08 16:44:36'),('061af450-80ec-4d0e-8113-9eec9f65611d','wh01','577bff63-6246-4a7c-9d51-0e9f2ea5a60c',1,'150d8745-73ce-4d1e-8623-3a9dcc8a4271',NULL,5,NULL,'admin','系統管理者','2023-03-09 23:14:27',NULL,NULL,'2023-06-07 09:33:22'),('06263fa8-58b3-4195-8587-640b6bca060b','wh01','db3a4f38-06e2-49a8-a3f8-68b2c7783e5f',4,'a23d02c2-23df-4875-8dfe-87d1a3d3a42f',NULL,18,NULL,'jay','Jay','2023-04-10 11:10:24',NULL,NULL,'2023-04-11 14:18:56'),('0658f9a4-d8b9-4fa1-9466-f2eb15358dda','wh01','652e0366-986d-4418-b4a0-b845c9ec9a0b',1,'deb7c907-527d-49db-82a6-8b6d5186702b',NULL,10,NULL,'Ariel','Ariel','2023-04-21 14:32:46',NULL,NULL,'2023-04-21 14:32:46'),('06dfe060-6ae9-4b66-bc2f-22bdd35b7a95','wh01','eef7efd2-8b68-4ea8-9644-79bea651cc8d',1,'22e27436-a22b-456a-99ac-aad73bc4f565',NULL,0,NULL,'F800229434','Juan Raymond','2023-04-22 17:42:39',NULL,NULL,'2023-04-22 17:42:39'),('06e22c65-ad4b-4b9a-be33-786e7abd0aab','wh01','afa35739-c209-4f6e-b02b-7a2859a1f01a',2,'20058d97-f71c-4818-b555-1e3fe5e30f5b',NULL,0,NULL,'admin','系統管理者','2023-03-09 23:14:27',NULL,NULL,'2023-05-29 05:35:26'),('07565d96-0a7a-4431-b143-74ef8628852f','wh01','0e54cabc-8858-4abe-b60d-cfa8f2c6682d',1,'93a0209a-9c58-4e6b-819b-aaeec0350cab',NULL,249,NULL,'clcadmin','clcadmin','2023-04-07 14:33:44',NULL,NULL,'2023-05-16 11:47:41'),('076a6595-d526-4f70-89c2-32126b47939d','wh01','cf25375f-b203-44c4-b1e1-db9fb69ac674',3,'520107bf-e006-4a82-8fa8-18fac190cc4f',NULL,-1,NULL,'admin','系統管理者','2023-03-09 23:14:26',NULL,NULL,'2023-06-08 16:58:09'),('0779bee0-cdf8-45ee-92b5-6ce01da92c28','wh01','2bbece4a-8097-4b7f-aaf9-77a425e6017b',3,'ad32ac06-f427-46da-8240-acbd4fc35d4d',NULL,0,NULL,'admin','系統管理者','2023-03-09 23:14:26',NULL,NULL,'2023-03-09 23:14:26'),('07c8ef11-98e2-446f-a2e6-e3ddce27b167','wh01','6deb8dd8-36cb-41df-a556-34640f28ec58',1,'77ed5e59-6eb3-4f93-b5aa-61d23199559e',NULL,127,NULL,'admin','系統管理者','2023-03-09 23:14:25',NULL,NULL,'2023-06-12 09:08:09'),('07f0921e-9843-454d-aa86-d84cf75ddab1','wh01','8ca4f4a8-21fa-4466-9621-ba234171b903',3,'7d60ec69-e45e-4148-bd66-f8ad2cbf084b',NULL,29,NULL,'admin','系統管理者','2023-03-09 23:14:23',NULL,NULL,'2023-06-12 10:47:19'),('085caa27-33e2-49d5-9e39-0f0b8a920d27','wh01','e80f2d43-8c3d-4018-a344-d2e71aae2393',9,'4f65ed93-df8c-4059-b381-ee30d3fc170f',NULL,11,NULL,'admin','系統管理者','2023-03-09 23:14:25',NULL,NULL,'2023-06-11 13:48:55'),('08629ce5-2618-4192-bb12-7bb153e259c8','wh01','a51e3d22-d7c2-428b-a9a9-01c615941ca8',12,'95964d9e-a695-4860-88e3-ce51d23a0c22',NULL,37,NULL,'wei7961074','Kylie','2023-06-05 11:11:12',NULL,NULL,'2023-06-12 11:30:12'),('08641c2a-550f-4f31-9333-809b49cc91d0','wh01','8cb7f9ff-bcb4-4767-bd47-eff254e73c11',1,'fe4ebe5e-1842-4cb5-ac55-bd6aa80252d8',NULL,0,NULL,'admin','系統管理者','2023-05-08 16:44:36',NULL,NULL,'2023-05-08 16:44:36'),('08690f5e-6ea9-4f41-b713-c2f978cd047c','wh01','7adeee13-29ab-473b-8bf8-6c4d9c0836a4',1,'7c4fadd0-bb1e-4379-b674-12740bce9e4d',NULL,0,NULL,'admin','系統管理者','2023-03-09 23:14:26',NULL,NULL,'2023-03-09 23:14:26'),('0886a08a-60c4-484d-b088-21caac6aa2c1','wh01','52f03313-cd0a-4e59-8087-b4adb41fd3c9',1,'7a9b5251-7bcd-43c5-98eb-e2ebbee22638',NULL,0,NULL,'jay','Jay','2023-04-22 21:51:41',NULL,NULL,'2023-04-22 21:51:41'),('08a628db-88d0-4693-8a9c-645e03c4afc1','wh01','8ca4f4a8-21fa-4466-9621-ba234171b903',1,'136df50c-1156-45a7-a616-8690009d0421',NULL,24,NULL,'admin','系統管理者','2023-03-09 23:14:23',NULL,NULL,'2023-06-09 14:17:31'),('08c59e0b-22bf-47da-82c7-4c9bcd6280ac','wh01','c04ad3d0-dc89-4222-b3c6-a04583f58baf',1,'8afccf48-97c0-49b2-8e4f-2fe3cddd4851',NULL,0,NULL,'F800229434','Juan Raymond','2023-05-30 10:58:46',NULL,NULL,'2023-05-30 10:58:46'),('092ca781-d6fc-4c8a-9004-f6082df11c63','wh01','a6d6e77c-e12e-4942-b9ee-e783f138f2d5',1,'510e497f-2e27-4ef8-b97c-bef5cb555480',NULL,0,NULL,'admin','系統管理者','2023-05-08 16:44:36',NULL,NULL,'2023-05-08 16:44:36'),('09301d1a-3819-4f80-8593-bec5e86fe31e','wh01','3949e132-96da-4045-a1ee-669be18d114a',1,'ccb8db98-ef3c-4590-a266-042e02c17ff8',NULL,0,NULL,'F800229434','Juan Raymond','2023-05-30 10:58:46',NULL,NULL,'2023-05-30 10:58:46'),('09595fc0-77dd-4c1c-b07f-1cdabb4bd51f','wh01','5526358f-fede-4a5c-8ad3-776c26559207',1,'e00cbc9e-633a-4c81-9154-415bfe320042',NULL,0,NULL,'Ariel','Ariel','2023-04-10 14:28:20',NULL,NULL,'2023-04-13 13:09:22'),('0982b7a3-518c-410f-8aab-d1ac235c5e56','wh01','1d9495af-5b77-4eb5-95fc-875ac7c77d1e',1,'71eadfd7-5e5d-4aca-8702-40828445da9e',NULL,396,NULL,'admin','系統管理者','2023-03-09 23:14:27',NULL,NULL,'2023-04-26 11:57:31'),('09e2dfd7-8b57-4c8a-bb42-d97b77efd591','wh01','1a9ccdb6-cced-4156-b19f-4d75ad254bb8',3,'97bbeda0-9ccf-4524-ad48-8d3cd1169649',NULL,10,NULL,'wei7961074','Kylie','2023-04-21 14:14:49',NULL,NULL,'2023-04-21 14:14:49'),('09ecb8c6-2409-4813-8b92-28a81da50c16','wh01','2b474627-bb8d-4cd2-baa7-94abe306a95d',2,'58349710-cb64-4ae8-8a21-2cad38259cf2',NULL,0,NULL,'admin','系統管理者','2023-03-09 23:14:26',NULL,NULL,'2023-03-09 23:14:26'),('09fd12dd-438a-4fa0-b756-ecf18a3a0e18','wh01','977e995f-3f42-4125-a458-fc9e51bcb2c6',1,'6a1f677d-680e-4dc9-a207-b52437a4b0f2',NULL,0,NULL,'F800229434','Juan Raymond','2023-05-30 10:58:46',NULL,NULL,'2023-05-30 10:58:46'),('0a08e40d-2873-4d6e-946b-b883f2ad6ece','wh01','cba44e01-6e6e-4bb8-b0dd-11625a1cc768',1,'fd8f1b2a-3d96-46fb-8d76-983f0f5c48ca',NULL,29,NULL,'admin','系統管理者','2023-03-09 23:14:24',NULL,NULL,'2023-04-11 14:18:52'),('0a277ec3-e07c-405a-b868-7dacb967227b','wh01','504de6fe-67e0-448a-bdfe-a223e48a2083',3,'ef9664f0-2d5d-4a31-9e31-3cbf0df94a72',NULL,19,NULL,'admin','系統管理者','2023-03-09 23:14:27',NULL,NULL,'2023-06-08 16:34:12'),('0a46e400-4cd6-42d2-ba95-550164484e52','wh01','addd5a24-70e9-4c5d-8f55-ee2ff1be42f3',1,'22c707d7-e2f8-4fdc-96b0-cb81d258ee1b',NULL,0,NULL,'admin','系統管理者','2023-05-08 16:44:37',NULL,NULL,'2023-05-08 16:44:37'),('0abfe1cf-5033-4df1-9ba1-e4869cf26afb','wh01','c169af1a-2b11-4adc-8f26-d5d922fdbc7c',1,'3419fff7-b014-4a7d-a395-11ad279a8beb',NULL,0,NULL,'wei7961074','Kylie','2023-06-09 15:45:02',NULL,NULL,'2023-06-09 15:45:02'),('0ad5e73f-e68c-47c6-83ee-3c151738b411','wh01','f50a9bf7-9511-4b68-9d14-902efea079c2',1,'79289739-7eb8-4834-9912-374e06c4eb1c',NULL,0,NULL,'F800229434','Juan Raymond','2023-05-30 10:58:46',NULL,NULL,'2023-05-30 10:58:46'),('0b14687e-a0fb-49c0-8aab-39c0d8971d27','wh01','b0797631-89ea-41a8-b320-6a6f048f9b86',3,'fbe6d515-c483-45db-92f2-86c933ed3eda',NULL,0,NULL,'admin','系統管理者','2023-03-09 23:14:27',NULL,NULL,'2023-03-09 23:14:27'),('0b332846-7b99-4889-84c1-09c788eec14a','wh01','1e7c2481-004a-4c0c-960b-950f44156ebb',1,'75394b2c-b300-45ba-a147-fde684a347e6',NULL,0,NULL,'F800229434','Juan Raymond','2023-04-22 17:42:39',NULL,NULL,'2023-04-22 17:42:39'),('0b5a43af-238d-4fc1-a85f-f4f46601bb12','wh01','8dc241ed-44df-4ec3-a84e-43af4d26f814',1,'69f05ee4-22fe-4c36-b1f9-d389ea62a767',NULL,0,NULL,'admin','系統管理者','2023-03-09 23:14:27',NULL,NULL,'2023-04-11 14:18:57'),('0b609f83-88ee-4d88-8acc-6551478905e3','wh01','02f065b7-80ff-437e-801d-069968ba775e',6,'f0b0e1df-af1f-4b98-9b6c-a1da6cb5ec7d',NULL,21,NULL,'clcadmin','clcadmin','2023-04-07 11:40:59',NULL,NULL,'2023-06-08 18:52:09'),('0b66ea89-ab9f-466e-82ec-5efc57333185','wh01','ccac36b0-e5a1-4f97-982d-ffb71f8f7ed0',11,'8a675924-3ad9-47f1-bfa1-c6ba7c552983',NULL,0,NULL,'admin','系統管理者','2023-03-09 23:14:24',NULL,NULL,'2023-05-31 11:46:18'),('0b88b9e0-42be-4f08-b8d4-4330ea2fa418','wh01','3f43f846-a9fa-41ca-9208-4420d33f203a',3,'8305f1fc-f6c9-4ad1-9985-2fd95f816274',NULL,0,NULL,'admin','系統管理者','2023-03-09 23:14:27',NULL,NULL,'2023-03-27 12:52:17'),('0b8ee593-a2b1-4d2b-8c81-d3c1dd07f7e2','wh01','a60a26a6-3f3e-4c4f-bfa5-f273431f604e',1,'a9663d21-4e41-4446-8ad3-a41225febe42',NULL,0,NULL,'admin','系統管理者','2023-05-08 16:44:37',NULL,NULL,'2023-05-08 16:44:37'),('0bb61433-5fb8-4e16-9e6f-a3bdcb82f5c2','wh01','618b6381-7777-4ace-9b9d-8aa419ee2be6',1,'79077ea8-3dcd-40d2-89c3-51ce43fd0f1f',NULL,0,NULL,'F800229434','Juan Raymond','2023-04-22 17:42:39',NULL,NULL,'2023-04-22 17:42:39'),('0bee1fd8-a6b5-4788-a53c-0a3685c84500','wh01','d8478ffa-507d-436b-a462-f710ff05f439',2,'3bea5e25-068f-4f7d-8948-dad5fa2d4de3',NULL,0,NULL,'admin','系統管理者','2023-03-09 23:14:26',NULL,NULL,'2023-03-09 23:14:26'),('0beef032-7587-4fb6-9179-08b880209d59','wh01','e35701a5-b061-47d4-af3f-983aea9f4468',7,'c85b7185-c71a-46cb-9b04-6ac12b6deef0',NULL,0,NULL,'admin','系統管理者','2023-03-09 23:14:26',NULL,NULL,'2023-03-09 23:14:26'),('0c59e1b2-e39a-441b-b225-b801871530c1','wh01','1e9a9554-d537-4c85-bf7e-5cce24a8dbfe',1,'26620a11-9997-401b-bc5a-caec2e9a48f1',NULL,10,NULL,'Ariel','Ariel','2023-04-21 14:21:21',NULL,NULL,'2023-04-21 14:21:21'),('0c5cd897-5409-4e8e-aad1-d5502e6e0e8d','wh01','5905725c-22a8-41c4-be77-fefa64b333aa',1,'65c5e1f4-cd91-434e-ab78-708172a6e981',NULL,11,NULL,'admin','系統管理者','2023-03-09 23:14:26',NULL,NULL,'2023-06-08 14:06:15'),('0c679d01-d5b1-4063-92b4-1336ec08c71e','wh01','9ecd0969-b415-48dc-be7b-3219bc93eb31',2,'dba297cb-0fbd-48fa-a9f2-939139f96358',NULL,10,NULL,'wei7961074','Kylie','2023-04-21 14:06:19',NULL,NULL,'2023-04-21 14:06:19'),('0c7de49b-9491-40b1-9cd6-a83a4aa5e948','wh01','8abe51b7-07d3-4514-8805-a86d89d217ef',2,'211d0660-d1e1-487a-98e0-6f24e51d0112',NULL,0,NULL,'admin','系統管理者','2023-03-09 23:14:24',NULL,NULL,'2023-03-09 23:14:24'),('0c947bb9-8043-4bd2-9ef5-e26ec2b38794','wh01','b0797631-89ea-41a8-b320-6a6f048f9b86',5,'1d8a1d5c-4c9b-4116-814b-0ac5c25d6844',NULL,0,NULL,'admin','系統管理者','2023-03-09 23:14:27',NULL,NULL,'2023-03-09 23:14:27'),('0c9af43b-59ea-4edd-8ea6-bd3bf80c9efc','wh01','39be8156-36a8-4087-8c16-8e05e6cbb306',4,'84b2fb59-45c7-4170-928c-8e7ad6ea5724',NULL,44,NULL,'admin','系統管理者','2023-03-09 23:14:23',NULL,NULL,'2023-06-08 15:30:50'),('0ca8361c-a7a4-437f-bffd-e3a13108fad2','wh01','41d00365-2fa3-4785-af19-717203534236',2,'739c7756-9e04-49e9-9110-b56400b3c105',NULL,0,NULL,'F800229434','Juan Raymond','2023-04-22 17:42:40',NULL,NULL,'2023-04-22 17:42:40'),('0cd9f79e-a806-4079-b6e2-fefd8a162acc','wh01','35f0442a-9ccc-4179-bb6a-9364289ee70c',2,'135bfd69-d5dd-46b7-89cc-71a9cd872ca6',NULL,0,NULL,'F800229434','Juan Raymond','2023-05-30 10:58:46',NULL,NULL,'2023-05-30 10:58:46'),('0cfdf407-498b-4462-8557-bd9d7e2d3f25','wh01','91603586-07f9-4a28-975c-bdb50aca520f',2,'21f2a4d6-a3ce-476e-828a-8ceff3349997',NULL,0,NULL,'admin','系統管理者','2023-03-09 23:14:23',NULL,NULL,'2023-03-09 23:14:23'),('0d0537fd-1bed-48aa-9369-ca973300fb17','wh01','6ee96156-d880-4b55-ad4e-eadcf5034808',1,'c8be8971-3e83-449f-ab1d-53cc0ae006d0',NULL,0,NULL,'F800229434','Juan Raymond','2023-05-30 10:58:46',NULL,NULL,'2023-05-30 10:58:46'),('0d3dc45b-44a6-4a23-9a4a-ed59f4af44c7','wh01','790b8dfa-2633-4ff2-b5d5-ead6c693b4ce',2,'cfeabdbd-e47a-483e-a6c1-e7aea4bfa3d7',NULL,0,NULL,'admin','系統管理者','2023-03-09 23:14:24',NULL,NULL,'2023-05-16 13:17:30'),('0d48909e-6cf8-4d82-8557-23220145b680','wh01','19aa1e7c-4eab-490d-8ca6-bff9e48ed851',1,'bedfe8c2-221c-466e-9fa6-b32967e7bfdf',NULL,0,NULL,'clchanas','hanas','2023-04-11 09:59:57',NULL,NULL,'2023-04-11 09:59:57'),('0d4f74c0-c157-4dfe-beb3-35feeb7a5aa1','wh01','18d99806-000a-47b1-84e9-5a0b5137fc8b',2,'2e6c7b7a-3f70-4697-873e-81dd174dd010',NULL,0,NULL,'Ariel','Ariel','2023-04-25 11:55:16',NULL,NULL,'2023-04-25 11:55:16'),('0d5ef9bc-8e16-4d9c-acff-f35306e268f9','wh01','7c772d75-7221-47ce-8974-0c95f8d316eb',1,'d432474a-f2bb-458a-934f-d2192055a316',NULL,0,NULL,'wei7961074','Kylie','2023-06-09 15:41:41',NULL,NULL,'2023-06-09 15:41:41'),('0d83caa9-1ed0-4266-9bba-b8e1cf9ff74a','wh01','8539b1a7-e7ed-4277-9d43-cef653012d7c',1,'c633cc3c-6456-4965-ae3a-3d0e928aca12',NULL,20,NULL,'admin','系統管理者','2023-03-09 23:14:24',NULL,NULL,'2023-05-17 16:01:07'),('0da129f3-e152-4f50-858a-5e41d6e613c0','wh01','6950d43e-53d2-4e5b-811e-d54c8ccadd92',1,'f904acf7-0005-4a52-a525-18957866e073',NULL,26,NULL,'wei7961074','Kylie','2023-04-13 13:09:24',NULL,NULL,'2023-04-13 13:09:24'),('0dd5360c-8e1c-4d64-8244-535ac9e6cfeb','wh01','d4b1e72d-a479-4ff5-a8d2-8308ec97e5c0',1,'09d87735-8752-45bf-8b15-ce017aedac53',NULL,0,NULL,'F800229434','Juan Raymond','2023-04-22 17:42:39',NULL,NULL,'2023-04-22 17:42:39'),('0de78770-876b-4cae-8ddd-ca21de20c7c6','wh01','2d4e70ad-e72b-4989-b058-53b776f306e1',2,'b5de9524-5658-4292-a7c2-e883b14c9f06',NULL,35,NULL,'admin','系統管理者','2023-03-09 23:14:23',NULL,NULL,'2023-06-06 11:45:25'),('0e1b023e-c711-4d78-a11b-467d91d7c564','wh01','892d6088-06c9-49da-a7c3-daf16cd36631',1,'e439205f-2c7b-4394-a5a3-5d2b51f9805d',NULL,0,NULL,'admin','系統管理者','2023-03-09 23:14:26',NULL,NULL,'2023-03-09 23:14:26'),('0e5e5e05-00a5-4d25-834e-8933b159c9fa','wh01','98d8ba2b-3bcd-4f00-b6d8-503b0579ac59',1,'5304afdc-8114-4953-9d2f-d876e08488f1',NULL,0,NULL,'admin','系統管理者','2023-03-09 23:14:25',NULL,NULL,'2023-03-09 23:14:25'),('0e6367d7-88ac-424a-b0fc-6b82987473b2','wh01','797512b2-e0e8-449d-9396-514ad4836f70',4,'ebf771ac-aaf1-4c1e-9a17-eb42823cca93',NULL,0,NULL,'admin','系統管理者','2023-03-09 23:14:24',NULL,NULL,'2023-06-06 16:23:34'),('0e6b4c1d-ffbd-4742-ab95-1afc1c9eec4d','wh01','1867d07b-a11d-4a96-b53f-5581b496b0f6',1,'b7ff1cc7-2e5c-489f-b4bc-94ebc4e879b5',NULL,34,NULL,'Ariel','Ariel','2023-04-25 11:53:25',NULL,NULL,'2023-06-07 09:33:22'),('0e988db7-1ce9-47fe-8218-02b132ae93cc','wh01','269b30e4-c4d0-404b-8c15-007175b79195',2,'49898d76-32c6-4cbe-a0da-927ef9131add',NULL,10,NULL,'Ariel','Ariel','2023-04-21 14:26:35',NULL,NULL,'2023-04-21 14:26:35'),('0eb3a5c1-953d-442b-8f6b-9a35be1d4d13','wh01','33ce01b9-4ae4-42c2-b63e-cf826e160090',2,'7c849fd2-e938-44e1-8475-8540acc9bf28',NULL,32,NULL,'admin','系統管理者','2023-03-09 23:14:27',NULL,NULL,'2023-05-18 16:07:05'),('0ecef00b-0221-4a92-86f8-d2a6aa859565','wh01','60a146dd-c24c-4eb7-98af-7ff67aa49507',2,'89e44563-95b2-4203-9ebc-f6036c44d4ae',NULL,0,NULL,'F800229434','Juan Raymond','2023-04-22 17:42:40',NULL,NULL,'2023-04-22 17:42:40'),('0ed12698-11c2-43ac-970c-4071b6a514a2','wh01','608d02f8-7787-459c-acfc-36f47dfab85a',1,'b3dbab30-ecac-4e72-9454-3a0f8026285f',NULL,10,NULL,'Ariel','Ariel','2023-04-21 14:19:51',NULL,NULL,'2023-04-21 14:19:51'),('0efafb08-b814-4dd6-a894-45ff1b946a73','wh01','238ecafa-2a65-4fa5-9f50-4d8f25425ce2',1,'5e145e27-4115-449c-ae72-b118832ec3e2',NULL,144,NULL,'admin','系統管理者','2023-03-09 23:14:23',NULL,NULL,'2023-06-11 14:17:18'),('0f144177-8a60-4f76-901f-5bb77ff05559','wh01','c074d8a3-2d8e-4998-81f5-f56c2ed06f1d',2,'c477e299-9efd-4024-9fb1-c1db6cec9ae7',NULL,0,NULL,'F800229434','Juan Raymond','2023-04-22 17:42:39',NULL,NULL,'2023-04-22 17:42:39'),('0f1cf1bb-8e41-4711-8d5f-4fead4325e96','wh01','60a146dd-c24c-4eb7-98af-7ff67aa49507',1,'b6ab9cba-3b2f-4544-a728-9226de4bf82a',NULL,0,NULL,'F800229434','Juan Raymond','2023-04-22 17:42:40',NULL,NULL,'2023-04-22 17:42:40'),('0f400d3c-4908-43a9-b91e-bcc8e0d3dcd3','wh01','a0d7c355-c6df-4f7e-8d0e-239f95727836',1,'d24cae20-3a19-4628-b089-ddb01369d4f4',NULL,10,NULL,'wei7961074','Kylie','2023-04-21 14:08:38',NULL,NULL,'2023-04-21 14:08:38'),('0f61dbc3-3094-48f0-87d7-2fc0d5f3380d','wh01','aa5233c7-9e99-4ea8-ab0a-105f080645d2',2,'1137d3d5-609e-4221-a67f-2c9f5e782471',NULL,0,NULL,'admin','系統管理者','2023-03-09 23:14:23',NULL,NULL,'2023-03-09 23:14:23'),('0f620184-20e6-4f97-8878-d301a4b535e5','wh01','981dac30-1e84-4935-9f68-ee44470705e2',1,'3ca4994f-29a4-44e5-80f9-01ed9e13b371',NULL,11,NULL,'admin','系統管理者','2023-03-09 23:14:24',NULL,NULL,'2023-05-21 16:01:04'),('0f6f6cdd-b5ad-43b5-9b88-c042fe7e7328','wh01','2e7da179-6822-4ffc-83af-fe43bed6a05e',1,'c352f9b7-3487-45c7-97d1-46bb67945d91',NULL,0,NULL,'admin','系統管理者','2023-05-08 16:44:37',NULL,NULL,'2023-05-08 16:44:37'),('0fe6cd31-7863-45f3-89e8-bd91e3d033ad','wh01','5760d9aa-9393-47b7-ac94-6df25571773f',1,'95b4bf4d-8aa2-4a9c-a981-e90ee81fe654',NULL,0,NULL,'admin','系統管理者','2023-03-09 23:14:23',NULL,NULL,'2023-03-09 23:14:23'),('101358cc-4b4f-4470-b51c-68bf62d0b9fa','wh01','1db47780-44bc-4019-ab54-32df6909d197',2,'b5898649-5742-4fb5-a324-847f871cee86',NULL,21,NULL,'admin','系統管理者','2023-03-09 23:14:25',NULL,NULL,'2023-05-25 14:22:57'),('1024341f-e73f-412f-89be-d770493bb5d0','wh01','9da6314c-845b-45ff-aead-b751cfa56e82',1,'06a4b4c0-6840-424f-97d9-820a8f1e5119',NULL,34,NULL,'admin','系統管理者','2023-03-09 23:14:25',NULL,NULL,'2023-06-12 09:42:12'),('102845cd-e780-4a65-8d2e-8703c10b464e','wh01','9bc8c4ed-b4d0-4b37-af6d-70c4820cca5e',1,'0762c9a9-151f-4db4-ac78-98fa21d06b66',NULL,30,NULL,'admin','系統管理者','2023-03-09 23:14:25',NULL,NULL,'2023-05-29 14:44:18'),('106bdb79-77d5-4453-a14c-5402b458c265','wh01','954a4315-9c7f-434e-85e0-8e1845b38c25',3,'0391034e-a47a-46e5-ac13-faab80215db0',NULL,0,NULL,'jay','Jay','2023-04-22 21:54:14',NULL,NULL,'2023-04-22 21:54:14'),('10d5b323-1114-4af0-8d23-acc80cec2315','wh01','0c7d5d35-c5a0-42cf-a098-1e80b351c98b',2,'6c289232-1fa4-4aa2-9b7a-b1bf28c30766',NULL,0,NULL,'F800229434','Juan Raymond','2023-04-22 17:42:39',NULL,NULL,'2023-04-22 17:42:39'),('10d721f3-51cd-4bc5-8bdb-7f51c121a09a','wh01','c129e11c-52d5-46a6-882d-c5d55fbb7d0a',1,'c160b129-24d8-4df0-b5d3-d5938ca3f6dc',NULL,10,NULL,'wei7961074','Kylie','2023-06-09 15:46:35',NULL,NULL,'2023-06-09 15:46:35'),('10fb8069-c701-472f-bb0a-f50d007662f0','wh01','c5886092-c080-4aa9-a85f-df9ff0f5e5ee',1,'833730f3-270e-4920-ad74-ecead273a27f',NULL,6,NULL,'admin','系統管理者','2023-03-09 23:14:26',NULL,NULL,'2023-06-07 10:27:57'),('10fc6046-ddbe-4ac3-99ef-398ca0bcdc3b','wh01','c1434165-82d4-4d6b-9326-0b896df10eda',1,'19544698-d78c-45df-b826-8855dc8a2311',NULL,0,NULL,'admin','系統管理者','2023-03-09 23:14:23',NULL,NULL,'2023-04-11 14:18:55'),('1115afd5-8326-48e7-bc1e-6af71d813181','wh01','7aff1c8e-7edd-4a50-b170-a7149eaa1a92',1,'10819b4a-b60c-4bf2-88d8-20f58d5b5206',NULL,0,NULL,'admin','系統管理者','2023-03-09 23:14:25',NULL,NULL,'2023-03-09 23:14:25'),('1118ad60-1511-48d2-858d-2ee6d5ddca42','wh01','78931842-9725-4449-a4a6-6fce80befefc',4,'6a0f7c7d-807f-487d-ad2a-b6553f4fca30',NULL,0,NULL,'admin','系統管理者','2023-03-09 23:14:23',NULL,NULL,'2023-05-31 15:07:51'),('113b6ebb-f28b-45c8-b508-6b93dfe92794','wh01','4afaab5e-93ed-4e9f-883e-36927b787b93',2,'9f0f232f-428b-4cd2-b242-4d62e68bcaf7',NULL,4,NULL,'admin','系統管理者','2023-03-09 23:14:26',NULL,NULL,'2023-06-11 13:56:14'),('11a70627-2634-4ad0-975c-0dd9dbf13859','wh01','4438027f-37fe-4873-a484-0196ae0c9dd2',2,'f978fe27-83b0-431d-867d-e634d617a0db',NULL,10,NULL,'Ariel','Ariel','2023-04-21 14:27:18',NULL,NULL,'2023-04-21 14:27:18'),('11ed572d-dc6f-42b0-8671-ee930aae43d1','wh01','d49c4928-a050-403f-b880-d2630e1dce98',1,'62581608-f4b8-4e25-86a1-8966ff50dc30',NULL,0,NULL,'admin','系統管理者','2023-05-08 16:44:36',NULL,NULL,'2023-05-08 16:44:36'),('12139c84-9f44-4176-81a2-06a922f83a17','wh01','a7f82047-3108-4b72-8cf4-863c4962392a',2,'cc331ca3-1539-4e73-be02-b6c0674ff8e0',NULL,0,NULL,'admin','系統管理者','2023-03-09 23:14:23',NULL,NULL,'2023-05-10 14:10:10'),('1253dd8d-742e-4a9b-a539-416d488934f5','wh01','32f0c9f9-9231-455c-adab-2c4c1fcb888b',1,'7ef20f2a-13ec-4e20-bac2-66f0e06a5405',NULL,0,NULL,'F800229434','Juan Raymond','2023-05-30 10:58:46',NULL,NULL,'2023-05-30 10:58:46'),('12785c67-0a7f-4a6a-93a2-b415ded98b8f','wh01','5d7e6e70-95b6-4184-b588-7de720531d97',1,'396c8fb2-9fa6-4ca4-9b17-6691703fee8b',NULL,13,NULL,'admin','系統管理者','2023-03-09 23:14:26',NULL,NULL,'2023-06-07 11:35:16'),('127d94b1-1d45-4e25-8f34-4e9f95e2bf6f','wh01','bfa819ad-87d1-4436-aec7-a465ca6e3a8b',1,'ae8a2809-1215-4961-ba16-53e3bf3943a9',NULL,1,NULL,'admin','系統管理者','2023-03-09 23:14:24',NULL,NULL,'2023-06-11 11:49:57'),('12985182-a3be-4159-8a4f-8cf57ddf315f','wh01','0d6464c2-eed8-4546-b0c7-a4a39d245e54',1,'190c83a9-eac9-49b2-ac60-16887eda0300',NULL,24,NULL,'clcadmin','clcadmin','2023-04-07 14:31:16',NULL,NULL,'2023-06-07 09:51:08'),('12988cd1-7339-4a48-92cf-11c7b796aa8c','wh01','e69b5814-aea1-467a-9f0d-e0b3b0c4fe43',4,'540d1f47-829f-4fe1-8e16-8c9dff3d8897',NULL,27,NULL,'admin','系統管理者','2023-03-09 23:14:27',NULL,NULL,'2023-05-08 03:19:20'),('129b37cb-8d29-4077-9add-6e6e81dfc47c','wh01','188dd5d8-8d37-48f2-8979-ae95e0e43240',2,'2902dd3a-d709-4c57-ae54-b01bec37c5a4',NULL,0,NULL,'F800229434','Juan Raymond','2023-05-02 15:40:45',NULL,NULL,'2023-05-02 15:40:45'),('129db902-5157-4333-a268-0b91e2277b7d','wh01','03defe62-d584-4a4d-a49d-643fcdc47e17',3,'3bcebbb7-71cc-4854-bee6-b06fd1d0e599',NULL,0,NULL,'jay','Jay','2023-04-22 21:27:41',NULL,NULL,'2023-04-22 21:27:41'),('1357d497-1e04-44b8-8600-4075e6c8b935','wh01','70095ff3-c21b-4a61-a278-51d75793fbbb',2,'91fdb8dc-a758-4014-a14d-6c254ec9e321',NULL,10,NULL,'wei7961074','Kylie','2023-04-21 14:16:37',NULL,NULL,'2023-04-21 14:16:37'),('139f070f-f67b-4bf9-a913-54b8bb3cd4f0','wh01','1893e412-5c62-4755-9284-598cd6df71e3',1,'22cd385c-32d3-4046-a49c-f731dba929af',NULL,2,NULL,'clcadmin','clcadmin','2023-04-07 16:51:39',NULL,NULL,'2023-06-02 09:14:22'),('13cc47bc-0795-46c3-aaa2-318727a45bfd','wh01','5d9f7e4a-669d-4046-8431-23961ed90523',1,'7d7a01c2-a3f4-447a-b463-bfb58f0c72af',NULL,0,NULL,'admin','系統管理者','2023-03-09 23:14:24',NULL,NULL,'2023-03-09 23:14:24'),('13d4494f-64ee-46bb-bd0d-ad2828fe3120','wh01','4c1c8adb-fb7f-4025-83b4-3119fc1045f0',1,'75b2445f-f648-41dc-926e-f9c18f56e632',NULL,0,NULL,'F800229434','Juan Raymond','2023-04-22 17:42:40',NULL,NULL,'2023-04-22 17:42:40'),('145fd719-682c-4988-b645-85c718eb7756','wh01','e2963980-874d-47d3-8283-dd6b83c6c871',1,'f93578bc-bbae-4ea3-a68c-ddf5886d30ee',NULL,0,NULL,'jay','Jay','2023-05-02 19:34:43',NULL,NULL,'2023-05-02 19:34:43'),('1464258c-b7a5-4c75-830c-e2e1cf108767','wh01','2e9e82ac-f8b1-48bf-811a-c21b1f30a78d',3,'a33fab70-160f-4a6a-bf82-ae065414d63a',NULL,0,NULL,'F800229434','Juan Raymond','2023-04-22 17:42:39',NULL,NULL,'2023-04-22 17:42:39'),('14759684-609b-49f0-a8e8-f4a329b04650','wh01','dcaa8077-5afa-4f3a-8d72-43fcb10e191a',10,'7011b50e-013c-4490-90e7-dc71e5b36d8b',NULL,10,NULL,'admin','系統管理者','2023-03-09 23:14:25',NULL,NULL,'2023-05-18 19:37:53'),('14775014-13b6-4a49-b94a-76a9487a701f','wh01','ce454f49-d3a2-43d2-8e70-7ec2ad536f3f',1,'8e240126-6d68-4ca8-8eeb-aee1c4b6047a',NULL,0,NULL,'F800229434','Juan Raymond','2023-05-30 10:58:46',NULL,NULL,'2023-05-30 10:58:46'),('147db58a-36f6-43ee-9731-7603933e2e85','wh01','f1996616-86dd-48d5-bc22-721ecedd2b2b',1,'2c5c67d8-9b99-413e-899a-0f1d6c78e05e',NULL,43,NULL,'jay','Jay','2023-05-02 17:21:57',NULL,NULL,'2023-06-05 14:03:20'),('148adea0-3700-4020-95ad-b3e71a0d8ef0','wh01','bec4e0c4-7fa7-4dd4-9e3d-340b40f78ce2',1,'96d49850-3020-44f6-91db-5a21ccbb175b',NULL,92,NULL,'admin','系統管理者','2023-03-09 23:14:25',NULL,NULL,'2023-06-08 16:34:12'),('148beeb8-c5d9-415a-bb90-5c2a31cab919','wh01','b276b4aa-275b-4c5c-a979-fffcea5b8f25',3,'fa2b431a-34cb-416b-9394-702c9baddd42',NULL,0,NULL,'admin','系統管理者','2023-03-09 23:14:24',NULL,NULL,'2023-03-09 23:14:24'),('14ca0f6d-4fc2-40cc-902a-f3bb5139c965','wh01','438567e5-7d32-48b5-ade1-b0fbd81b390a',1,'3962ecdf-67eb-4190-ab46-9fcb3d2a854e',NULL,0,NULL,'jay','Jay','2023-04-22 21:48:37',NULL,NULL,'2023-04-22 21:48:37'),('14fc6eb0-32ba-465d-b9e3-5903f247d38a','wh01','c48bdc3a-34a0-4dce-9eab-e016ea0b218b',3,'c2d5be10-4376-42f8-bc01-c660822841e8',NULL,0,NULL,'F800229434','Juan Raymond','2023-04-22 17:42:39',NULL,NULL,'2023-04-22 17:42:39'),('151b4afd-bf2b-435a-a8e8-893cf877e4c1','wh01','2321c4b3-8c5f-4d5d-9c8f-e44cf5d27e46',1,'402431b4-3fd3-4986-bfaf-640419fe88db',NULL,0,NULL,'wei7961074','Kylie','2023-06-09 16:09:53',NULL,NULL,'2023-06-09 16:09:53'),('15a77b6e-6501-4387-930a-1ae6b1d5ff2a','wh01','cf25375f-b203-44c4-b1e1-db9fb69ac674',2,'4f3d12aa-25df-49c1-8bfd-b12d5986a192',NULL,-1,NULL,'admin','系統管理者','2023-03-09 23:14:26',NULL,NULL,'2023-06-08 16:58:08'),('15e28ae7-5e01-452b-8f1d-0608baf5af4c','wh01','b0797631-89ea-41a8-b320-6a6f048f9b86',4,'f3c2193c-10b8-4684-aa5c-a3400e801139',NULL,0,NULL,'admin','系統管理者','2023-03-09 23:14:27',NULL,NULL,'2023-03-09 23:14:27'),('15ee54a9-96dd-41b3-baef-df1823928648','wh01','18d99806-000a-47b1-84e9-5a0b5137fc8b',1,'2371fc46-7cfb-4db3-81fe-47a473e9e3c7',NULL,0,NULL,'Ariel','Ariel','2023-04-25 11:55:16',NULL,NULL,'2023-04-25 11:55:16'),('1624662e-c070-4e0e-9eba-0146fd8e8613','wh01','a67cb925-9dcb-4d1d-b7ba-e54e75635c96',1,'6594d150-765b-42b8-b1a4-6f318393b80b',NULL,10,NULL,'wei7961074','Kylie','2023-04-21 14:25:37',NULL,NULL,'2023-04-21 14:25:37'),('1665bcdd-ab74-43b8-a64d-5f17f7a02adf','wh01','e35701a5-b061-47d4-af3f-983aea9f4468',1,'cf4a6ff5-b283-41d0-b8bd-e0fe8c46b649',NULL,7,NULL,'admin','系統管理者','2023-03-09 23:14:26',NULL,NULL,'2023-06-11 13:36:03'),('16833b72-1e79-424f-babf-66679fee2c4b','wh01','ffe6787d-c316-4080-9195-7b1146121b3e',1,'d08b9289-35af-45f5-8258-6e84e7221636',NULL,0,NULL,'F800229434','Juan Raymond','2023-05-30 10:58:46',NULL,NULL,'2023-05-30 10:58:46'),('16bd5b13-80c1-4fff-b299-219f122438aa','wh01','88504ec8-923c-4761-9282-2e06d6b84f02',1,'fd92cbc1-f3a7-4b5c-9dfe-dbd5d8f2e32d',NULL,0,NULL,'F800229434','Juan Raymond','2023-05-02 15:40:45',NULL,NULL,'2023-05-02 15:40:45'),('16c45f3b-e7b8-46c9-b547-b2f8f0b04f77','wh01','5815619c-8c94-4de0-b359-761934b29bd3',1,'ebc7658b-d0d2-4571-945e-24cf9a62969e',NULL,18,NULL,'wei7961074','Kylie','2023-06-05 11:14:29',NULL,NULL,'2023-06-08 16:39:00'),('16d3c5b0-a107-4b89-81ab-693eea26a57a','wh01','e7c2c565-90c9-4ea5-8123-3dd145b3dfb8',4,'877f2173-e79e-497d-a243-9a6ad79a05c4',NULL,2,NULL,'wei7961074','Kylie','2023-04-11 14:20:01',NULL,NULL,'2023-05-27 15:05:15'),('16e9a0d6-7f0d-4159-99a3-d078b3061494','wh01','73e11c7f-0617-480b-b237-622345a1284c',3,'428c7740-6b60-4c37-8cc4-57ab878abbcb',NULL,0,NULL,'F800229434','Juan Raymond','2023-04-22 17:42:40',NULL,NULL,'2023-04-22 17:42:40'),('16fb11f4-8688-4d49-abf6-310b9796b761','wh01','9a242bbf-6ddc-4a41-a6b1-0e3947274cb4',1,'de03da48-c102-4b55-8722-a88763005d10',NULL,0,NULL,'F800229434','Juan Raymond','2023-04-22 17:42:39',NULL,NULL,'2023-04-22 17:42:39'),('17121ecd-5d00-42cc-85c0-e4b291fe2d91','wh01','b76f90ca-6d31-4541-9d40-7867b187f72e',1,'910fa926-0804-4649-9b7d-319d8174edf7',NULL,0,NULL,'admin','系統管理者','2023-03-09 23:14:26',NULL,NULL,'2023-03-09 23:14:26'),('1739df7e-86d4-428e-890b-6dec0c5fe435','wh01','797512b2-e0e8-449d-9396-514ad4836f70',5,'af068540-0771-4530-8787-e2d048377569',NULL,117,NULL,'admin','系統管理者','2023-03-09 23:14:24',NULL,NULL,'2023-06-11 14:57:01'),('173cb23b-4834-4506-ba59-e7ffb80f978d','wh01','e1606b10-59a3-49e7-9fa7-3bfe862ed64a',3,'5452f84e-10af-4e0f-86cf-7a9be4c20804',NULL,23,NULL,'admin','系統管理者','2023-03-09 23:14:23',NULL,NULL,'2023-05-27 15:05:15'),('1759b32c-4bc9-407a-8724-6801f3aa91f5','wh01','5aa1feed-5219-4b3c-b824-d576a4c57a10',3,'ce30f737-fc0b-4e7d-b732-804e9636b2d0',NULL,10,NULL,'wei7961074','Kylie','2023-04-21 14:17:47',NULL,NULL,'2023-04-21 14:17:47'),('1759c03c-2be6-48d5-ab35-b2c99d938fa8','wh01','d4f14a63-d42e-444d-a54c-72c037255be1',1,'0ade2274-3248-4016-b6a4-c13e27759623',NULL,0,NULL,'F800229434','Juan Raymond','2023-04-22 17:42:40',NULL,NULL,'2023-04-22 17:42:40'),('175f2d6a-d964-408a-aaff-dd0e77d31423','wh01','00f41c7a-de39-4803-aa61-c99ff1a4f308',1,'3f8af0d2-9caa-44b1-9f1f-2fbaa34eed55',NULL,14,NULL,'clcadmin','clcadmin','2023-04-07 11:09:40',NULL,NULL,'2023-06-08 08:33:11'),('177c460c-8be0-4776-8790-a8485b2fe842','wh01','be85dfa8-9665-4ad6-9f10-f846068ec5d6',1,'fa8a161d-5d4d-43f4-89c6-f3d44fcb4554',NULL,0,NULL,'admin','系統管理者','2023-03-09 23:14:26',NULL,NULL,'2023-04-06 11:34:48'),('17a1397c-8e9a-4d45-84be-a7d5fc979603','wh01','121e77bb-c3ce-4e8b-a119-1c472674419c',1,'63654ad0-c57d-4688-8dd5-b200c18e3bd5',NULL,0,NULL,'F800229434','Juan Raymond','2023-05-23 14:54:33',NULL,NULL,'2023-05-23 14:54:33'),('17c5cac2-c0fb-4a98-b9f6-2a10150fd876','wh01','64f79183-8dd8-4907-b48b-efa94a792882',2,'fc1419d3-301c-4cce-9e16-858df0f14518',NULL,10,NULL,'jay','Jay','2023-04-21 15:08:17',NULL,NULL,'2023-04-21 15:08:17'),('17cb333d-c170-42ed-be2c-ff62770f33fb','wh01','a2b0383a-f6dc-4ae1-a2b1-e06bf6e6805e',1,'c9bb5c84-bc9b-4bcb-866c-545ee1645563',NULL,0,NULL,'admin','系統管理者','2023-03-09 23:14:27',NULL,NULL,'2023-06-08 11:50:06'),('17dc05dc-9f21-43d2-af2c-8d0ff3fec5d0','wh01','d3d0e4ad-e51a-47de-8f36-3e932aa5a338',1,'750d1489-438f-4f4e-9924-b463c40db211',NULL,0,NULL,'F800229434','Juan Raymond','2023-04-22 17:42:40',NULL,NULL,'2023-04-22 17:42:40'),('17faeb39-d3ef-480d-a51d-36cb3ea03f36','wh01','3ba58a7c-63d8-4c9e-85d1-ac60897a012c',1,'5b7dcab6-effe-4310-ab3a-c787a6112aea',NULL,47,NULL,'admin','系統管理者','2023-03-09 23:14:27',NULL,NULL,'2023-05-21 03:14:06'),('1828c5b2-3368-4856-8b55-3a93c60f41e5','wh01','a322dc15-d048-4d63-9c56-858cde1e5856',1,'47e5f8b9-f391-4482-80db-d67482419165',NULL,0,NULL,'admin','系統管理者','2023-03-09 23:14:26',NULL,NULL,'2023-03-09 23:14:26'),('18575b82-678d-4d63-89a9-34807ba9e48d','wh01','506d4319-ddb2-4518-85eb-5c23ca6790ae',1,'d6e020ae-c1af-49d8-b366-5e6de4eff252',NULL,10,NULL,'wei7961074','Kylie','2023-04-21 14:05:51',NULL,NULL,'2023-04-21 14:05:51'),('1875803b-4155-4665-81d5-6aa47bae7538','wh01','a0d312a6-edc6-4002-b7c7-f4467120d6de',1,'402b7631-4b87-40e3-97c5-5b89d8f149db',NULL,0,NULL,'admin','系統管理者','2023-05-08 16:44:37',NULL,NULL,'2023-05-08 16:44:37'),('187fceec-3750-493b-9432-64c353b1c89d','wh01','85914518-461d-48bb-a3b6-0fddc93d7f89',1,'910dcf1c-e9db-49c9-9b26-f10856f30d31',NULL,38,NULL,'admin','系統管理者','2023-03-09 23:14:25',NULL,NULL,'2023-06-11 13:48:55'),('1894d6b3-e871-4605-9eb9-894cf8f18d28','wh01','4ce89209-54dc-4f1b-848f-e149ef4f3bd4',1,'e76b5f71-c399-4238-8b3c-c723151c67a5',NULL,0,NULL,'jay','Jay','2023-04-22 21:50:58',NULL,NULL,'2023-04-22 21:50:58'),('18995227-7772-4471-a082-b65f138ced96','wh01','6950d43e-53d2-4e5b-811e-d54c8ccadd92',3,'6e4922d6-b2e8-4978-9c3c-6c1288a441f9',NULL,28,NULL,'Ariel','Ariel','2023-04-12 11:21:19',NULL,NULL,'2023-06-07 10:23:34'),('18ac937c-0dac-4b7a-a1e3-09e3a2e0a82d','wh01','37fb3b9a-b0b0-4b5f-a55c-69e8a931474b',1,'7f2e3d25-5412-4404-9c29-e8c5fe1025b1',NULL,0,NULL,'F800229434','Juan Raymond','2023-04-22 17:42:39',NULL,NULL,'2023-04-22 17:42:39'),('18f40670-1dd6-469b-b519-21e80d8d62b2','wh01','3acaf2d5-2e86-4387-b65e-7f4d72c13a3b',2,'e7685775-7612-4156-a11b-34e2b8dd8dd4',NULL,0,NULL,'wei7961074','Kylie','2023-06-05 11:12:54',NULL,NULL,'2023-06-06 13:21:09'),('191d4988-a54e-4b5a-96f0-aaa7b7335c11','wh01','5ed673ef-03a4-404b-acfc-1a9ca254c4ce',4,'94d5c95d-7161-400c-8c9b-4225d8ee7648',NULL,11,NULL,'admin','系統管理者','2023-03-09 23:14:27',NULL,NULL,'2023-06-08 16:34:12'),('193720f6-dced-4cf0-a6bb-f3d174403345','wh01','e2bd9328-6098-4a45-9eea-325328d68968',1,'cc9240aa-5bd5-4fb4-b16c-6a200abb280c',NULL,8,NULL,'wei7961074','Kylie','2023-05-26 11:12:04',NULL,NULL,'2023-05-26 11:12:04'),('19623246-25a3-4d3d-a672-607fc9630202','wh01','afa199ec-5f8c-4edf-aadd-3161d3628335',2,'eda32ce7-a96c-421b-8748-c83233629602',NULL,9,NULL,'admin','系統管理者','2023-03-09 23:14:26',NULL,NULL,'2023-06-12 09:08:09'),('197d018f-43bd-406d-9c77-50195a48816c','wh01','008e7dbd-52ba-4d02-b8d2-1f158b05e1cb',1,'418b8d93-1e82-4c4f-9c5f-a965ab2cf0a4',NULL,0,NULL,'clcadmin','clcadmin','2023-04-07 11:07:45',NULL,NULL,'2023-04-07 11:07:45'),('1994b8e8-1e0e-4968-b6dd-5e9fe8f3bbb7','wh01','ad2106ba-e57f-451f-b1e1-33ca6e779250',3,'43d2055e-8c69-4af6-bd22-85a3f4ffa49b',NULL,10,NULL,'jay','Jay','2023-04-21 15:07:54',NULL,NULL,'2023-04-21 15:07:54'),('19fd423c-c6d5-4b93-9649-f1625c0e4889','wh01','2672adfa-8d49-495e-a600-356cf9f057bd',1,'ccdddf59-e975-4ded-9461-b6728bc8b683',NULL,357,NULL,'Ariel','Ariel','2023-04-10 10:57:43',NULL,NULL,'2023-06-08 14:43:37'),('1a1875c6-a7b9-4c5b-86bb-0dc35cac11f4','wh01','6f5cecf7-f0d1-47b4-99fc-28d5186d6689',3,'91dbca06-717e-4346-bd1b-7f0c8fc18233',NULL,10,NULL,'wei7961074','Kylie','2023-04-21 14:35:51',NULL,NULL,'2023-04-21 14:35:51'),('1a1bd8e0-5a1c-45ef-8862-80aafe71751d','wh01','d9086940-39ac-449a-9f3b-36006c9e1754',3,'fffcf750-0c5b-4115-8ea6-1471096ae676',NULL,40,NULL,'admin','系統管理者','2023-03-09 23:14:24',NULL,NULL,'2023-06-11 14:39:02'),('1a2265ed-7274-42f0-8617-f40f5f32fe8e','wh01','33e38cf7-7339-48fb-873b-9d65b1de1b00',2,'ae4e646a-ec83-4894-bd09-789fb1d1bbc5',NULL,10,NULL,'wei7961074','Kylie','2023-04-21 13:51:59',NULL,NULL,'2023-04-21 13:51:59'),('1a241f74-ca98-451f-af8e-a70e7c940a72','wh01','d4b821c2-a15c-494a-888d-112a559c24c5',1,'b7920da3-2a94-4f23-985f-8ae0703651f3',NULL,0,NULL,'F800229434','Juan Raymond','2023-05-30 10:58:46',NULL,NULL,'2023-05-30 10:58:46'),('1a430418-a953-4180-8b31-7ab3b1625be7','wh01','797512b2-e0e8-449d-9396-514ad4836f70',6,'76036159-7ef0-40c3-bddd-c52dbbe4a46b',NULL,10,NULL,'admin','系統管理者','2023-03-09 23:14:24',NULL,NULL,'2023-05-30 14:03:07'),('1a6e6ba8-27fe-4193-a0b1-5c4ee4229440','wh01','ac282760-64d0-4aa8-99e9-bbbcbf730453',2,'fdc43b28-d4bb-4fe2-a8a2-370bf7325fff',NULL,53,NULL,'admin','系統管理者','2023-03-09 23:14:24',NULL,NULL,'2023-06-12 10:47:19'),('1a89b079-fe20-48f3-be7d-c39671ea117f','wh01','8414c0e4-bd79-4894-88f2-4538da489597',3,'0652f024-2f1f-4d1b-a54a-6e586b1fdbeb',NULL,0,NULL,'F800229434','Juan Raymond','2023-04-22 17:42:40',NULL,NULL,'2023-04-22 17:42:40'),('1b12b998-a1d7-4e26-93f5-99850ca0c7e1','wh01','b95eb1a7-7934-477f-9e70-d0db3648c130',1,'6a920cf8-d271-41a4-83b0-601377fb8f7d',NULL,0,NULL,'admin','系統管理者','2023-05-08 16:44:36',NULL,NULL,'2023-05-08 16:44:36'),('1b60553a-737d-4085-8d90-d1e1eba2f129','wh01','55feed08-cdbf-4152-a3a4-ec09e3991922',1,'da2340b0-3f3e-46c3-a7d6-1d69866f5ce1',NULL,0,NULL,'admin','系統管理者','2023-03-09 23:14:27',NULL,NULL,'2023-04-11 14:18:52'),('1b8ef2b6-7b44-42f1-bdee-c00065878c7a','wh01','7b8e9605-03f1-4760-a126-45cf506c9d51',1,'2e5deb1b-65cc-4304-8183-b9950f5c3515',NULL,20,NULL,'admin','系統管理者','2023-03-09 23:14:26',NULL,NULL,'2023-06-01 17:32:54'),('1ba4d1e2-c03b-4a6a-857a-5ccbb1974613','wh01','a760b0ce-8821-4127-99cc-80c0a7413cff',1,'798f09e9-2a27-448a-a39c-d5c950418bee',NULL,11,NULL,'admin','系統管理者','2023-03-09 23:14:26',NULL,NULL,'2023-05-18 10:04:31'),('1bb48da3-d6bd-4dfb-b28b-29106ffb0c31','wh01','79f9a2c9-cbb7-4bf8-92dd-c521307b28f0',2,'02d02079-ba73-4681-a1ed-dd08c47914b7',NULL,0,NULL,'F800229434','Juan Raymond','2023-04-22 17:42:40',NULL,NULL,'2023-04-22 17:42:40'),('1bc7b400-804e-43ef-b3f5-b22f0f954ce6','wh01','a322dc15-d048-4d63-9c56-858cde1e5856',2,'61198cb2-2c9f-4de0-becb-7b0fa771670a',NULL,0,NULL,'admin','系統管理者','2023-03-09 23:14:26',NULL,NULL,'2023-03-09 23:14:26'),('1be92fb0-212b-4674-a1cf-7e8daa69d8fe','wh01','ffb41eb9-88cb-4039-8755-d5a9fa07e4d2',1,'a7389058-1a56-413f-868f-f06f4a57a44d',NULL,7,NULL,'admin','系統管理者','2023-03-09 23:14:26',NULL,NULL,'2023-06-01 17:32:54'),('1bef397e-979f-4a89-ab84-b3add90a00f1','wh01','1d78e1e5-af12-4242-b7da-1b09b3397feb',5,'a90af1ea-f521-43c8-87b3-67f153f4f9c2',NULL,21,NULL,'admin','系統管理者','2023-03-09 23:14:27',NULL,NULL,'2023-05-30 17:04:49'),('1c036f7e-fac1-4f69-911b-100360638eef','wh01','f11752db-d109-4a81-a562-79e8ddef0031',4,'aafccb49-b4a1-4e8c-ab17-e8281d4cc422',NULL,0,NULL,'admin','系統管理者','2023-03-09 23:14:24',NULL,NULL,'2023-03-09 23:14:24'),('1c08800d-4b25-45ef-a371-124e84c74db9','wh01','55344c72-308f-413a-ae50-51542f428e39',1,'982f21e2-a56b-43d7-af64-589c950be873',NULL,10,NULL,'wei7961074','Kylie','2023-04-21 14:29:25',NULL,NULL,'2023-04-21 14:29:25'),('1c747c33-763c-4db0-adde-2836f538095a','wh01','ee5360db-7e8b-41f3-92af-144290d904ca',1,'a29c178c-d089-4df1-be52-efe71f0cf5bb',NULL,23,NULL,'admin','系統管理者','2023-03-09 23:14:23',NULL,NULL,'2023-06-01 14:23:19'),('1c9009b8-6a5e-4e3c-aca2-2b0d96b02791','wh01','f630d491-6389-468a-9ae8-f1ea5927c158',1,'0e03751c-7876-4e5b-8e80-adf39628f70f',NULL,0,NULL,'admin','系統管理者','2023-03-09 23:14:24',NULL,NULL,'2023-03-09 23:14:24'),('1ca10349-28bc-4089-ae3e-1859434079bc','wh01','86dfae9e-12fa-4f9f-8816-65194aba549c',1,'23ddcd8d-ee30-46d7-9646-26d1ebcd1071',NULL,0,NULL,'admin','系統管理者','2023-03-09 23:14:25',NULL,NULL,'2023-03-09 23:14:25'),('1caafc39-4b25-42de-b518-21e0398a7926','wh01','836272da-e63d-4d6b-8658-6f4ed2b4076c',2,'f19dfe65-11be-404f-b2b1-2b875cda4c0e',NULL,0,NULL,'F800229434','Juan Raymond','2023-04-26 17:43:57',NULL,NULL,'2023-04-26 17:43:57'),('1cdfcac7-4011-480a-a82e-17f4c3a1d705','wh01','c074d8a3-2d8e-4998-81f5-f56c2ed06f1d',1,'0f32c3b5-7695-442f-a0c7-40cfe134d070',NULL,0,NULL,'F800229434','Juan Raymond','2023-04-22 17:42:39',NULL,NULL,'2023-04-22 17:42:39'),('1cf10b2b-f5cc-405f-acee-9b6fbeeab9dd','wh01','e87bcc69-4432-41f9-bed9-6191af5e61f8',1,'ae841f1d-63be-465b-b787-32af052187ad',NULL,4,NULL,'admin','系統管理者','2023-05-08 16:44:37',NULL,NULL,'2023-06-01 15:45:04'),('1d418d61-48b3-4bff-a55b-2338527f726c','wh01','b276b4aa-275b-4c5c-a979-fffcea5b8f25',2,'a7b69e94-33e0-4925-ad8c-4e8f276cf476',NULL,0,NULL,'admin','系統管理者','2023-03-09 23:14:24',NULL,NULL,'2023-03-09 23:14:24'),('1df4d4dc-1628-454a-8fdf-be0e517c1cf7','wh01','db79d106-bcf7-49f7-8a70-d0f9a56aee77',1,'0c3efc05-e22f-4f7c-a487-81a774b5b619',NULL,0,NULL,'admin','系統管理者','2023-03-09 23:14:26',NULL,NULL,'2023-03-09 23:14:26'),('1e930c6a-7497-4c2a-bc58-afea43f5485e','wh01','2b9497df-1c27-4efb-9189-f3b59aa31733',4,'b79dc710-37b0-4306-abd9-bc63e310e451',NULL,140,NULL,'admin','系統管理者','2023-03-09 23:14:23',NULL,NULL,'2023-06-12 11:45:40'),('1eaa09f3-6241-4024-8a1d-e18c544766fc','wh01','02f065b7-80ff-437e-801d-069968ba775e',1,'107d1539-da41-43d6-8162-723457be96dc',NULL,51,NULL,'clcadmin','clcadmin','2023-04-07 11:40:59',NULL,NULL,'2023-06-07 10:23:34'),('1eaa5dd1-767d-4d3a-b513-83a0325af8f9','wh01','08a8b189-fab8-4013-9594-3d0e8085c945',1,'787e33d5-967d-4d33-a118-424861092e4b',NULL,0,NULL,'admin','系統管理者','2023-05-08 16:44:36',NULL,NULL,'2023-05-08 16:44:36'),('1ef0a262-6485-4065-8c32-ffbb8df53b31','wh01','b1d46686-447a-4b07-b79b-8f804f439f60',1,'f281c33b-5670-4edf-b259-5f3e3a851a5a',NULL,0,NULL,'admin','系統管理者','2023-04-22 20:39:36',NULL,NULL,'2023-04-22 20:39:36'),('1f2f05a6-05ad-4580-abc7-2c4a52fe25cf','wh01','ab6e5d42-2873-4ffd-9814-4e29763e1e9a',1,'6cc4d204-a65f-4790-8b7d-60700e4a120b',NULL,0,NULL,'admin','系統管理者','2023-05-08 16:44:37',NULL,NULL,'2023-05-08 16:44:37'),('1f45240f-f8e4-4c3a-8f9f-a22ec27b78b2','wh01','e0ce7ed2-e687-4dcd-8ab3-cc57444017c9',1,'1ab0233b-dcdf-4a89-907e-7a11b49bcab9',NULL,3,NULL,'admin','系統管理者','2023-03-09 23:14:25',NULL,NULL,'2023-05-28 15:56:14'),('1f69b0e5-c195-4ca6-8ee4-1b6dd7272067','wh01','44e03d32-f968-445c-af33-630d55bb353e',1,'16abc6e7-b7b0-437e-9c07-03265573031d',NULL,0,NULL,'admin','系統管理者','2023-03-09 23:14:24',NULL,NULL,'2023-04-11 14:19:00'),('1f875ae6-5303-40e6-b33b-e04042bc1c5b','wh01','234d7bc7-5ebf-4272-b3f2-e1642230620f',3,'85fc5d5d-dd3f-4a64-9387-51d18c6ae17c',NULL,8,NULL,'admin','系統管理者','2023-03-09 23:14:23',NULL,NULL,'2023-06-04 16:29:53'),('1f878679-d950-4f6c-ad4d-456a22bd2563','wh01','146e5cd9-4b7a-46ab-883c-bc4a084008c5',1,'81b9cc82-1346-4ed4-949d-828da8cdac19',NULL,0,NULL,'clchanas','hanas','2023-04-28 10:16:44',NULL,NULL,'2023-04-28 10:16:44'),('1f87e2b3-9d91-4d64-8287-6f39cf5c08a5','wh01','3e4237b5-9d9d-459e-a60a-7759b4da1efb',1,'1b13f4e3-db0f-4dda-83ec-633cc4d31567',NULL,1,NULL,'clchanas','hanas','2023-04-10 15:19:50',NULL,NULL,'2023-04-11 10:32:25'),('1f888759-74ab-46e5-8381-82ac32a48dbb','wh01','4bedc785-9dc0-4354-a9ef-8d517b956217',1,'66251305-19bf-4781-9194-6cbcdaa015b1',NULL,0,NULL,'F800229434','Juan Raymond','2023-05-30 10:58:46',NULL,NULL,'2023-05-30 10:58:46'),('1f8a7ae8-239f-4790-ad64-c23147c339f8','wh01','c9c98e2c-7bb7-43de-ad2d-600e1b828cf9',4,'8be513de-c2ff-4d61-890a-73aba88df956',NULL,81,NULL,'admin','系統管理者','2023-03-09 23:14:25',NULL,NULL,'2023-05-29 14:48:45'),('1faa788a-ec9f-4be2-84e9-b04bb0bcbe75','wh01','c55ae39e-82ac-424a-8ffc-126ac740ccc2',1,'c4f0c3ea-a2f2-49c6-a70b-372fb4a36f60',NULL,20,NULL,'admin','系統管理者','2023-05-08 16:44:37',NULL,NULL,'2023-06-05 13:59:12'),('1fd2d711-6233-4cd8-96a0-52e2bf408943','wh01','5ed84644-a186-4b6e-b4c2-6930f3f7b6ee',3,'20f0faa3-749e-4ff2-868d-2921fc84e270',NULL,10,NULL,'wei7961074','Kylie','2023-04-21 14:34:01',NULL,NULL,'2023-04-21 14:34:01'),('1fd81a79-cbab-499a-868d-6dede340faa3','wh01','169fcb78-4038-4213-930e-4f8976c08a28',3,'e4733a7c-5e53-4010-89d1-d44955a2e1c3',NULL,0,NULL,'F800229434','Juan Raymond','2023-04-22 17:42:40',NULL,NULL,'2023-04-22 17:42:40'),('1fea8c8e-2727-4d8e-bd3c-1558306f0662','wh01','be721759-0bdf-4f41-bb86-01c3dbf6bae8',1,'4d7b70b5-473c-4f79-8672-958701200954',NULL,0,NULL,'admin','系統管理者','2023-05-08 16:44:36',NULL,NULL,'2023-05-08 16:44:36'),('1ff454c1-0e1b-4d60-8987-8ccbec4f8d2a','wh01','0b61f039-d201-4dbe-b1b7-a8d6af728c73',1,'2ab839a2-1367-4cd7-8abe-ebb456847f31',NULL,0,NULL,'jay','Jay','2023-04-22 21:45:20',NULL,NULL,'2023-04-22 21:45:20'),('1ff8abad-6d54-430e-84fa-c6ddaa382c84','wh01','8e96d379-70df-429b-9c2b-c5918565f150',2,'6854f1f3-6b6f-4f8c-a1fc-9a71801b8c16',NULL,0,NULL,'admin','系統管理者','2023-03-09 23:14:24',NULL,NULL,'2023-04-11 14:19:00'),('2000ab50-94eb-4ac0-b4f4-c92dc81e8c3e','wh01','ad2106ba-e57f-451f-b1e1-33ca6e779250',4,'139452e0-7b39-4f16-9fe7-32f130a08601',NULL,10,NULL,'jay','Jay','2023-04-21 15:07:54',NULL,NULL,'2023-04-21 15:07:54'),('201e794d-2837-4122-9abe-1feb1684152e','wh01','dd06c8d2-ed06-42ad-85e4-e5d20cdb5cd0',1,'6e746cc7-aecc-4344-b50d-d939b6588b75',NULL,0,NULL,'F800229434','Juan Raymond','2023-05-30 10:58:46',NULL,NULL,'2023-05-30 10:58:46'),('204cee02-afb3-4e69-b546-8f0066d2cd49','wh01','451834a9-7508-40e7-996f-c96fefb2ad51',1,'f3c66d8f-00f1-4717-bb90-bb6cf932dadf',NULL,10,NULL,'Ariel','Ariel','2023-04-21 14:28:22',NULL,NULL,'2023-04-21 14:28:22'),('2053744c-ed78-442a-83bf-30ce6494b32a','wh01','2c75ac30-6fb6-405f-b61c-0acc7b241b62',1,'124a17d2-f90e-4b78-b01e-e20aef77f333',NULL,0,NULL,'admin','系統管理者','2023-03-09 23:14:24',NULL,NULL,'2023-05-02 10:52:13'),('20bddeb2-f33b-45e5-a299-2d71d5c8409e','wh01','7cc0de53-3f50-423f-bf10-7ec83d9988cb',1,'877e3e5d-69b2-47f7-8e87-3db0ebc8bb96',NULL,0,NULL,'wei7961074','Kylie','2023-06-09 15:42:22',NULL,NULL,'2023-06-09 15:42:22'),('20e49143-efbf-45e7-8a03-2278ebb5a756','wh01','02d253cb-97e1-4430-96d1-51322970dd71',1,'3d77249f-e217-45a2-a874-8393a777ba0a',NULL,92,NULL,'clcadmin','clcadmin','2023-04-07 11:35:56',NULL,NULL,'2023-06-06 15:44:45'),('21437559-72c8-4fc9-9baa-16939b21ee61','wh01','23ceb337-3c9b-4b7a-82ae-b682fcf53208',3,'e9ab787e-33bd-4a55-a328-0426ba187380',NULL,12,NULL,'admin','系統管理者','2023-03-09 23:14:24',NULL,NULL,'2023-06-08 17:11:38'),('216b6c8c-0ada-4228-b457-2d9e789d0756','wh01','9ecd0969-b415-48dc-be7b-3219bc93eb31',1,'6a9130c0-8e7f-4d2d-8e6d-110f4a40716d',NULL,10,NULL,'wei7961074','Kylie','2023-04-21 14:06:19',NULL,NULL,'2023-04-21 14:06:19'),('217cbee7-db41-44bc-a809-dc7575fa1611','wh01','2d4e70ad-e72b-4989-b058-53b776f306e1',3,'b341266a-bf82-48a1-a953-5c2b5fcaa033',NULL,49,NULL,'admin','系統管理者','2023-03-09 23:14:23',NULL,NULL,'2023-06-07 11:35:16'),('219fd20d-cfbf-4fd1-a207-c37a5e50987a','wh01','a51e3d22-d7c2-428b-a9a9-01c615941ca8',5,'d93e0f73-8353-416c-8a3c-6de73fa78bdf',NULL,0,NULL,'wei7961074','Kylie','2023-06-05 11:11:12',NULL,NULL,'2023-06-05 11:11:12'),('21c1e12c-c518-4fb7-809f-ea9346d61635','wh01','457f6217-aa9b-42b4-9cde-60c1e6835ae0',1,'741ad40e-2daa-4d53-9c68-01ff03f74865',NULL,34,NULL,'admin','系統管理者','2023-03-09 23:14:25',NULL,NULL,'2023-06-06 10:58:11'),('21d24ff8-3d95-4287-bde3-21cf8704bee8','wh01','08e02676-2ab7-4aa5-bc04-8c9d760492e1',3,'e69100a2-b7be-40e1-b6e1-2d1e23b6cd6a',NULL,128,NULL,'Ariel','Ariel','2023-04-25 11:02:53',NULL,NULL,'2023-06-08 17:11:11'),('22030ede-8236-49fd-b89b-bbe4d28af56b','wh01','543e6e7b-1226-47bc-a938-9d1954f3140e',2,'6d546ed8-7dd2-43a0-8592-b845f90dcdbc',NULL,35,NULL,'admin','系統管理者','2023-03-09 23:14:26',NULL,NULL,'2023-04-08 23:40:59'),('2203662d-ea8d-44f6-97e4-9d2e429d9d6b','wh01','a77c868e-f457-43da-af79-7287a8d848a1',8,'7ac6ef1f-83d4-4dc0-bfa3-70e9ca0da0ca',NULL,0,NULL,'admin','系統管理者','2023-03-09 23:14:25',NULL,NULL,'2023-03-09 23:14:25'),('22050e3b-ce50-49d0-961d-59d10f49c003','wh01','671e9de3-de9d-4a72-8a49-c1bcd5c53e1c',4,'0ae5efe7-25ef-4caf-bc60-33ba6738f81b',NULL,0,NULL,'admin','系統管理者','2023-03-09 23:14:27',NULL,NULL,'2023-03-09 23:14:27'),('221efe48-bf62-4743-aa4d-4580bb7f4441','wh01','f364f79a-7f53-481f-9adb-e67694b61019',1,'c197cec6-2aff-43d0-9e3e-07e0145d757f',NULL,0,NULL,'admin','系統管理者','2023-03-09 23:14:26',NULL,NULL,'2023-04-11 14:18:53'),('227322c7-8c19-466c-9129-6b8b7064e8a8','wh01','169fcb78-4038-4213-930e-4f8976c08a28',1,'c54ceaa4-4e51-4805-9c7e-cd00a1b7ade0',NULL,0,NULL,'F800229434','Juan Raymond','2023-04-22 17:42:40',NULL,NULL,'2023-04-22 17:42:40'),('228e1760-086a-4b62-bbd1-7d67a3670e4b','wh01','55344c72-308f-413a-ae50-51542f428e39',3,'8e32d944-775c-49a1-b534-895111fb113a',NULL,10,NULL,'wei7961074','Kylie','2023-04-21 14:29:25',NULL,NULL,'2023-04-21 14:29:25'),('2290fdf1-9bcc-4121-9a7f-449736d6cca8','wh01','a322dc15-d048-4d63-9c56-858cde1e5856',4,'2c8eedac-7d15-4220-950d-ed3181625c58',NULL,0,NULL,'admin','系統管理者','2023-03-09 23:14:26',NULL,NULL,'2023-03-09 23:14:26'),('229d63b2-f76a-4760-9d04-542210866412','wh01','b94b7165-d3fd-4921-b30c-8936be0ee1f9',3,'4b9ea8f1-10c7-42a6-ab88-3d0d93310304',NULL,0,NULL,'F800229434','Juan Raymond','2023-05-30 10:58:46',NULL,NULL,'2023-05-30 10:58:46'),('22b747d0-5e36-400a-96f2-e12022606fde','wh01','e5cc5966-54b7-475f-9b0a-90213c382729',1,'585f48b8-85a9-4b45-a2a0-11905bd90146',NULL,42,NULL,'admin','系統管理者','2023-03-09 23:14:23',NULL,NULL,'2023-05-25 09:49:28'),('234da535-e555-4ae6-8b07-392148bc4616','wh01','fa31ff27-c0ac-4994-96d5-0842a7f515d0',1,'f61a1125-8c70-4f09-b160-eb813e9c583c',NULL,10,NULL,'Ariel','Ariel','2023-04-21 14:35:45',NULL,NULL,'2023-04-21 14:35:45'),('2361391c-bf2e-4ec7-9fd6-ee52826ddd09','wh01','836272da-e63d-4d6b-8658-6f4ed2b4076c',1,'022b2cd4-6538-4dde-b644-c67fb712ecb4',NULL,0,NULL,'F800229434','Juan Raymond','2023-04-26 17:43:57',NULL,NULL,'2023-04-26 17:43:57'),('236bc1fd-0542-483d-977f-487a94fbe7c9','wh01','90863895-be2f-4046-b8d7-fb37adf608c2',1,'2399d79b-d9ac-47f3-967a-ed35ffc43224',NULL,0,NULL,'admin','系統管理者','2023-03-09 23:14:27',NULL,NULL,'2023-03-09 23:14:27'),('237406ef-a9b3-4d98-bc24-81956675838f','wh01','90d83c1a-344e-4471-bec9-0f2d3ed679d5',2,'d5196546-3b32-4787-80b8-d76f3970cd87',NULL,42,NULL,'admin','系統管理者','2023-03-09 23:14:25',NULL,NULL,'2023-06-12 10:47:19'),('23bacd67-2d29-41c4-98de-6f0152371981','wh01','85d7f46b-8275-4371-8057-5ebe8bc80dc5',1,'c89baf36-e534-412f-9ba4-2d0753e4a23f',NULL,0,NULL,'mike','Mike','2023-04-21 11:04:16',NULL,NULL,'2023-04-21 11:04:16'),('23cf6ddb-49c3-4779-9ce6-bb08024ebcc2','wh01','4805f838-dbef-496c-8f30-66a6d753bfac',2,'d830e2da-0c0a-405a-ae1e-b390fcda8d13',NULL,16,NULL,'admin','系統管理者','2023-03-09 23:14:27',NULL,NULL,'2023-04-11 14:18:59'),('23db5afa-2592-40dd-a866-0a99f710beb2','wh01','8e1d3284-29e2-4b22-b157-466bca4c8627',2,'539e7b1f-85e4-4b73-bec0-6844616da3fb',NULL,23,NULL,'admin','系統管理者','2023-03-09 23:14:25',NULL,NULL,'2023-06-11 14:20:18'),('2431ec1c-2826-427b-b702-b49487009972','wh01','7aff1c8e-7edd-4a50-b170-a7149eaa1a92',2,'bb0f10d2-a107-42d9-8595-32f82e54f8f9',NULL,0,NULL,'admin','系統管理者','2023-03-09 23:14:25',NULL,NULL,'2023-03-09 23:14:25'),('247d7c1d-54d3-4304-ac70-27b274996fc1','wh01','1234b41d-802a-4ed2-9fc6-a346cb8a683b',1,'ce0ae9e2-f697-41f7-b776-aaa25d30d221',NULL,20,NULL,'admin','系統管理者','2023-05-08 16:44:37',NULL,NULL,'2023-05-08 18:21:37'),('2480fb5c-9fb3-4f18-9117-b4c18ff097ad','wh01','7aff1c8e-7edd-4a50-b170-a7149eaa1a92',3,'cb349c1c-efdb-4d69-bc52-97f08402b99b',NULL,0,NULL,'admin','系統管理者','2023-03-09 23:14:25',NULL,NULL,'2023-03-09 23:14:25'),('248bee96-bda0-4416-8f2c-c1b489ee5526','wh01','ccac36b0-e5a1-4f97-982d-ffb71f8f7ed0',2,'b9f1c9d4-4147-48cd-a856-0afb24d21123',NULL,38,NULL,'admin','系統管理者','2023-03-09 23:14:24',NULL,NULL,'2023-06-09 10:11:32'),('2529571a-7326-407f-9e57-51ab700e9003','wh01','1893e412-5c62-4755-9284-598cd6df71e3',2,'09bb7225-7bb4-4fc1-a939-ac26a3e2790e',NULL,8,NULL,'clcadmin','clcadmin','2023-04-07 16:51:39',NULL,NULL,'2023-06-05 16:58:59'),('25458145-3ffc-4f62-bf4a-8bb1f8e07e74','wh01','6084fd1e-b209-41e6-b8a5-2d42ddf1174d',1,'8c248034-ba23-4239-a1bc-b04084e711c4',NULL,0,NULL,'admin','系統管理者','2023-03-09 23:14:24',NULL,NULL,'2023-03-09 23:14:24'),('254a9e32-5817-49e2-a678-d99f81951c6a','wh01','a3d54c38-ee3f-416e-b1ca-86cb98c7a9ad',8,'48d2fd53-22f6-4e17-a4ad-e809628164b4',NULL,0,NULL,'admin','系統管理者','2023-03-09 23:14:25',NULL,NULL,'2023-06-05 15:03:26'),('254ae90e-acd0-4bf7-aa80-d790c548bbcf','wh01','c23ad70d-f166-4165-a122-856b1bbba7fa',3,'d2b21515-c588-4d79-aa0d-d2742512c791',NULL,0,NULL,'admin','系統管理者','2023-03-09 23:14:24',NULL,NULL,'2023-03-09 23:14:24'),('254b59c0-a357-4f87-9bdd-028091a720ae','wh01','7a2baa09-1420-4dc8-b0fd-795a68352b79',1,'fb7e70a5-6d49-4a69-affb-9115ad81ba18',NULL,0,NULL,'admin','系統管理者','2023-03-09 23:14:26',NULL,NULL,'2023-03-09 23:14:26'),('25850cc2-bf09-4032-9e5f-8cb9383c9598','wh01','92e8716a-f3a4-4ac7-9f38-3cfbb96cf137',2,'f3dadfff-aa3a-4ec1-b71c-bb10ebc3eed8',NULL,0,NULL,'F800229434','Juan Raymond','2023-05-03 11:50:06',NULL,NULL,'2023-05-03 11:50:06'),('2590a74d-eafe-4dfd-a99e-10fc08da6229','wh01','66bd30cf-de6f-4500-95e2-339f45ab3fc4',3,'cbc52390-c941-4f72-8bac-34ca35df213f',NULL,0,NULL,'F800229434','Juan Raymond','2023-04-22 17:42:39',NULL,NULL,'2023-04-22 17:42:39'),('25bda176-8726-4f0a-b500-ec82fc7844e9','wh01','f5b23a98-3a81-4678-8f16-5f8894c81298',5,'2f7ef059-4b9b-4155-8a62-dd0d1d839b25',NULL,0,NULL,'admin','系統管理者','2023-03-09 23:14:25',NULL,NULL,'2023-03-09 23:14:25'),('25c6385c-fc4d-4f40-ba74-130bcab9291a','wh01','1bd4814b-039d-457d-ad59-e31fc611f452',1,'e641a186-9376-40c1-92eb-6e1d3d956711',NULL,0,NULL,'admin','系統管理者','2023-05-08 16:44:37',NULL,NULL,'2023-05-08 16:44:37'),('26103d7e-6526-473b-b334-e22dc3d1eec8','wh01','fb8cfbc3-ddf3-4afc-900d-cfa008133af6',1,'c7b2245a-c48a-441a-8003-643f591bdb40',NULL,43,NULL,'admin','系統管理者','2023-03-09 23:14:24',NULL,NULL,'2023-04-13 17:59:20'),('26170354-0024-45fb-9b97-3bd44fcb7d40','wh01','1db47780-44bc-4019-ab54-32df6909d197',7,'5e779943-0b00-4743-961f-d22ef2abe1ad',NULL,13,NULL,'admin','系統管理者','2023-03-09 23:14:25',NULL,NULL,'2023-06-02 09:07:39'),('26365a91-0a5d-4ffa-97d5-13dcdb21f8ba','wh01','61d66f85-a730-4470-89e6-987922723af7',2,'ece5b051-6f4b-4d15-b328-a75eee08691f',NULL,10,NULL,'Ariel','Ariel','2023-04-21 14:20:22',NULL,NULL,'2023-04-21 14:20:22'),('26485a7b-6715-4df3-9547-98f3b729ba08','wh01','6c7c340f-c0ca-48ed-9480-7ba8156c23a1',1,'62eb1511-576a-43c0-92a0-79bc4de4df6b',NULL,2,NULL,'admin','系統管理者','2023-03-09 23:14:24',NULL,NULL,'2023-06-08 08:33:11'),('2671276e-e0f0-4221-afa6-9116cc5ea6b2','wh01','50bd438f-4c2d-4bfc-b9fb-a2e391e96886',3,'627bac0e-5989-4586-ba56-c0dd482927a9',NULL,0,NULL,'F800229434','Juan Raymond','2023-05-30 10:58:46',NULL,NULL,'2023-05-30 10:58:46'),('2671f777-4096-48dc-92fe-1d4a31d7d9d0','wh01','f85eff33-6197-4933-97dc-3e8d0676d2f2',6,'ab4b2ef5-800a-43e8-b662-e45cfb0d0302',NULL,29,NULL,'admin','系統管理者','2023-03-09 23:14:24',NULL,NULL,'2023-06-11 13:46:51'),('27168682-8b78-4a8f-8170-c0974358e6ab','wh01','5c6b9006-a5b3-4179-a815-af186163c356',2,'61034f51-2f2e-4094-916b-ca0a5717f103',NULL,0,NULL,'F800229434','Juan Raymond','2023-04-22 17:42:40',NULL,NULL,'2023-04-22 17:42:40'),('27751d65-f70e-47dc-be5a-f72e625030cd','wh01','6667c9e7-b073-4f8b-b443-5690ec111d20',2,'c3ede535-8c9b-4fee-b56e-76d8eb72c9ec',NULL,0,NULL,'admin','系統管理者','2023-03-09 23:14:23',NULL,NULL,'2023-06-08 18:52:09'),('279731b3-c10b-4cb1-a57e-bcb9c594cef9','wh01','d8478ffa-507d-436b-a462-f710ff05f439',4,'84da26db-f7fa-4a64-b278-9e38db615fba',NULL,0,NULL,'admin','系統管理者','2023-03-09 23:14:26',NULL,NULL,'2023-03-09 23:14:26'),('27c1f349-4181-4c54-8ff7-121c4f055972','wh01','c074d8a3-2d8e-4998-81f5-f56c2ed06f1d',7,'ef7ca658-2d0a-4672-b409-de6cf745f4fc',NULL,0,NULL,'F800229434','Juan Raymond','2023-04-22 17:42:39',NULL,NULL,'2023-04-22 17:42:39'),('27c98055-a9c6-4121-9e86-a44e88321ef6','wh01','182e29de-18f4-4724-8017-2478896af83e',3,'d4211ce3-208d-49c9-afde-02c22d8bed79',NULL,14,NULL,'Ariel','Ariel','2023-04-25 11:52:25',NULL,NULL,'2023-05-23 11:05:21'),('2806ef9a-3b44-4d3d-891a-73d88a34506f','wh01','f5e6eb75-46b8-481a-993b-1ede21c0ff4c',1,'9c95dd03-c3a0-4033-b939-687452d67fed',NULL,0,NULL,'admin','系統管理者','2023-03-09 23:14:24',NULL,NULL,'2023-03-09 23:14:24'),('281e61de-d82c-4d41-9399-8445389a979d','wh01','6ed054c2-d23c-4b1c-94df-e5370c013ac3',2,'54d35c80-1133-4fa1-bfd9-c971400499c3',NULL,0,NULL,'admin','系統管理者','2023-03-09 23:14:27',NULL,NULL,'2023-04-11 14:18:59'),('283fe7d2-e96c-401d-b16e-d92883ff0079','wh01','4fe7a2bf-1f25-4679-aa4f-6a113d732f05',1,'a376a2ef-015f-4b2e-81a8-f5e4345bcc5e',NULL,0,NULL,'F800229434','Juan Raymond','2023-05-03 11:50:06',NULL,NULL,'2023-05-03 11:50:06'),('2845cf9a-e0e2-428f-825f-8fd0b32db19b','wh01','8d38a2b4-7ea5-4f94-8373-79ce6b5dc3b3',1,'71b8c184-a067-4ea6-bca9-92e5b2176bd5',NULL,0,NULL,'admin','系統管理者','2023-03-09 23:14:24',NULL,NULL,'2023-04-11 14:18:52'),('287b5e2c-612e-4415-8659-423c9a85ed01','wh01','afa35739-c209-4f6e-b02b-7a2859a1f01a',1,'d9279267-3e39-432d-a86a-2b6adeda64b6',NULL,6,NULL,'admin','系統管理者','2023-03-09 23:14:27',NULL,NULL,'2023-05-08 15:37:56'),('289ff78a-6b6b-434d-a67d-1bc27fcbe1b4','wh01','6130f4e7-cefe-4f77-8965-76df203e132b',1,'c9ec2e3e-9e91-431d-b8c9-37322c961fd9',NULL,10,NULL,'Ariel','Ariel','2023-04-21 14:29:27',NULL,NULL,'2023-04-21 14:29:27'),('28ca2953-7927-46cd-9e3c-52ef5b8f2969','wh01','02639b37-390d-4579-84be-db704bbd8f4f',2,'6305f34b-c10e-45b2-abf3-379bcf3eac3c',NULL,0,NULL,'F800229434','Juan Raymond','2023-05-03 11:50:06',NULL,NULL,'2023-05-03 11:50:06'),('28da4268-68ed-43fb-9078-b0f5f8da0353','wh01','5905725c-22a8-41c4-be77-fefa64b333aa',2,'b34d7f49-a088-49b8-a495-8171db29c416',NULL,5,NULL,'admin','系統管理者','2023-03-09 23:14:26',NULL,NULL,'2023-06-09 09:56:27'),('28fd9507-aa4c-4ef0-b53f-2b604d38f4fc','wh01','0441ebba-6e92-4f50-bfaf-bf539085b6ee',1,'ee40abfc-5866-424a-b2a3-06185837eddf',NULL,34,NULL,'admin','系統管理者','2023-03-09 23:14:24',NULL,NULL,'2023-06-11 11:49:57'),('290e1a08-39ea-493f-94fa-02107cd26267','wh01','3f0552bb-0566-45ad-92bf-516ddf38ce34',3,'872b2ee5-a39e-4880-b4e1-fb224304170e',NULL,9,NULL,'admin','系統管理者','2023-03-09 23:14:26',NULL,NULL,'2023-05-30 14:14:52'),('2914fb3a-f6c2-4409-a2cb-f7297b5bd4ae','wh01','04c0c331-ac23-4539-808d-ed558167e695',1,'69e4e490-9db3-49d8-947a-4b06117f1ead',NULL,0,NULL,'clcadmin','clcadmin','2023-04-07 11:54:09',NULL,NULL,'2023-04-07 11:54:09'),('29a421a8-f7d9-4fd6-bc45-2cde5a94161c','wh01','f10a1d58-585b-4700-9670-74ac3e7e4abe',1,'18a49d41-37c1-455d-83a2-807c1ccf36ee',NULL,0,NULL,'admin','系統管理者','2023-03-09 23:14:25',NULL,NULL,'2023-04-11 14:18:54'),('29b08bce-21a7-44a9-9bec-c80d0d2f0378','wh01','dca34471-06d2-487c-99eb-4c857d026137',1,'a8e018fa-5382-4641-9fd0-033dd1d40e92',NULL,23,NULL,'admin','系統管理者','2023-03-09 23:14:25',NULL,NULL,'2023-06-08 14:12:07'),('29c5ce70-5c6c-4ada-b3dd-a36e18e81f6d','wh01','36ee7c05-ed36-466b-ae8f-59df8c185728',1,'14f23733-1376-4436-818a-9c980afe705a',NULL,0,NULL,'admin','系統管理者','2023-03-09 23:14:27',NULL,NULL,'2023-03-31 10:03:49'),('29cf6dc8-12e3-4288-838f-96246a6c5994','wh01','0fe7ae98-ead6-4d5b-a3d9-ca7a10863748',4,'cd26b230-78e0-494f-8030-445e96633f2e',NULL,0,NULL,'F800229434','Juan Raymond','2023-05-02 15:40:45',NULL,NULL,'2023-05-02 15:40:45'),('2a099b54-5886-45f5-b591-d23a418ce79c','wh01','abe54833-e7e7-4d5b-8b96-128f041c61fe',2,'b35246ee-1518-48a2-b2d9-d3f44b03ea6f',NULL,20,NULL,'admin','系統管理者','2023-03-09 23:14:27',NULL,NULL,'2023-06-07 18:22:03'),('2a447a8d-cd9e-445b-ab19-64a40de4979d','wh01','1893e412-5c62-4755-9284-598cd6df71e3',1,'9a34e2de-5b3a-4c5c-8c50-9e8895b2615e',NULL,0,NULL,'clchanas','hanas','2023-04-09 15:34:26',NULL,NULL,'2023-04-09 15:34:26'),('2a5dcf28-e28f-4f52-9317-6871187aa679','wh01','154ef028-33c3-4a12-a219-12fe3a84d6f3',1,'f3645672-6501-4313-a8c5-7bca5b9366e0',NULL,10,NULL,'wei7961074','Kylie','2023-04-21 14:12:45',NULL,NULL,'2023-04-21 14:12:45'),('2a5ee526-1ecb-48a1-963c-358e6f205a72','wh01','8e956be0-df2b-44d8-bbd4-ce031d0fc256',1,'e0b8fb9c-de25-4608-aae2-b34d0450be90',NULL,0,NULL,'F800229434','Juan Raymond','2023-05-30 10:58:46',NULL,NULL,'2023-05-30 10:58:46'),('2a71367c-183f-495a-9df1-14a46ed1de40','wh01','c974ae9f-1b3b-43a5-972e-1e7a8af23f3a',1,'30e84762-a4f4-42a0-a2cc-7285e2ce5127',NULL,0,NULL,'admin','系統管理者','2023-03-09 23:14:25',NULL,NULL,'2023-03-09 23:14:25'),('2aa936cf-d131-453e-9e82-543ce38d95aa','wh01','6e852719-f7ab-40ab-8d02-224162a0f2a6',2,'d164754a-0001-44a4-81b0-2845f19a13a9',NULL,0,NULL,'F800229434','Juan Raymond','2023-04-22 17:42:40',NULL,NULL,'2023-04-22 17:42:40'),('2bbea0c8-c2ea-412b-bc93-ab0b28904f2b','wh01','c6e6c5ed-08f1-4202-b13c-6012c8aadc65',1,'f5d6562d-e9cc-4a83-9e65-395134876cd5',NULL,0,NULL,'F800229434','Juan Raymond','2023-05-30 10:58:46',NULL,NULL,'2023-05-30 10:58:46'),('2bbf9392-19ca-433d-be9d-98ec037e5da3','wh01','66bd30cf-de6f-4500-95e2-339f45ab3fc4',2,'2ad28b5e-f163-4cb0-b036-104459596739',NULL,0,NULL,'F800229434','Juan Raymond','2023-04-22 17:42:39',NULL,NULL,'2023-04-22 17:42:39'),('2bc968f6-cb6a-4f47-b2c1-87a8dd9a92e6','wh01','bcbc97f6-d84d-46bb-bfe3-65d2e7a13151',2,'5bb71797-2410-4392-b069-5e354d4dbb1d',NULL,0,NULL,'F800229434','Juan Raymond','2023-04-22 17:42:40',NULL,NULL,'2023-04-22 17:42:40'),('2bd27fe7-3ec0-4b4a-9aee-83ef650a87f0','wh01','56278b36-0c2c-4f65-bad8-ae85787e095d',4,'580f3f2c-decf-4873-bc4c-c10cc21fb9c0',NULL,0,NULL,'admin','系統管理者','2023-03-09 23:14:26',NULL,NULL,'2023-03-09 23:14:26'),('2bdad274-f25b-4a52-849f-7e24190dc4ca','wh01','4805f838-dbef-496c-8f30-66a6d753bfac',4,'37ca09c3-49d7-4c4d-9e2c-8e738be63f87',NULL,16,NULL,'admin','系統管理者','2023-03-09 23:14:27',NULL,NULL,'2023-04-11 14:18:59'),('2c1f71d5-3086-4588-b505-765d9d059abc','wh01','f8701ca0-9576-4aa0-b5d5-5de228fb8af8',1,'614b19be-0ea3-480e-b6dc-07f7f03997a8',NULL,0,NULL,'F800229434','Juan Raymond','2023-04-22 17:42:40',NULL,NULL,'2023-04-22 17:42:40'),('2c520c87-8c1e-40c3-aa79-ae9b00c37612','wh01','85d7f46b-8275-4371-8057-5ebe8bc80dc5',3,'8b5bb2b7-8749-4e6b-9078-34256b419656',NULL,16,NULL,'admin','系統管理者','2023-04-20 19:19:07',NULL,NULL,'2023-04-20 19:19:07'),('2caa5314-9726-45da-b587-2d29a269c687','wh01','86dfae9e-12fa-4f9f-8816-65194aba549c',2,'5e955b3f-b685-43f3-aa68-5c82dc681223',NULL,0,NULL,'admin','系統管理者','2023-03-09 23:14:25',NULL,NULL,'2023-04-06 10:39:42'),('2ce568ac-6f42-4a97-bf08-edc45185c636','wh01','6d276d51-f575-421d-9aa9-6012f2fc997b',2,'4854a1ba-277f-4b11-8be5-0be15552b496',NULL,0,NULL,'F800229434','Juan Raymond','2023-04-22 17:42:40',NULL,NULL,'2023-04-22 17:42:40'),('2d2d7fdb-92c1-41a7-b010-eb26693d9706','wh01','5bd0ed6b-40e6-4446-8236-391211fcc7bb',3,'f1ed217b-696c-4f38-bc29-eed6854fb7a1',NULL,0,NULL,'F800229434','Juan Raymond','2023-04-22 17:42:40',NULL,NULL,'2023-04-22 17:42:40'),('2d52ea2e-8b56-4369-a240-f2b5ba4f0ab4','wh01','563b5144-ef37-4207-a2b7-5cfdd8546f93',3,'96bbf726-b39b-40ca-999d-240e1fe68142',NULL,0,NULL,'admin','系統管理者','2023-03-09 23:14:23',NULL,NULL,'2023-04-07 11:25:30'),('2dc90477-1b28-480c-83ed-bbf3ff4b7d34','wh01','93461777-d9e0-463d-89eb-c4c395d4e796',4,'fa05ae5c-7703-4db8-ab5e-171f001160ea',NULL,0,NULL,'admin','系統管理者','2023-03-09 23:14:26',NULL,NULL,'2023-03-09 23:14:26'),('2de54a62-3c0c-483b-9a1c-df8b8a2f10d5','wh01','af5e4ea8-a0cf-466c-8813-8c538d8110bc',6,'d59d5aaf-2347-47bd-a65b-cfc554409515',NULL,0,NULL,'admin','系統管理者','2023-03-09 23:14:27',NULL,NULL,'2023-04-11 14:18:57'),('2deb2376-78e5-4c5d-a001-f431812d3aef','wh01','33f6009a-3e5c-4125-a41a-4a76eccbd3d7',4,'5e074dac-fd80-4c5a-86b2-efc53f633ab3',NULL,0,NULL,'F800229434','Juan Raymond','2023-05-03 11:50:06',NULL,NULL,'2023-05-03 11:50:06'),('2e27c054-67d8-4647-aadd-2b700f947fe1','wh01','c42fd7e3-a217-4f4d-a4b1-c6fcbb88aa9d',2,'2f858de7-a192-48e4-a1f8-e8d82c2514bd',NULL,0,NULL,'admin','系統管理者','2023-03-09 23:14:24',NULL,NULL,'2023-04-21 11:04:12'),('2e35df68-3b8c-4e13-960e-cee8c2fc31a3','wh01','c16edab6-7795-47f6-b655-e2b4dbe37ccd',5,'5384c4aa-344d-4ab3-b158-041705639775',NULL,26,NULL,'admin','系統管理者','2023-03-09 23:14:24',NULL,NULL,'2023-06-08 10:13:43'),('2e539fed-b897-4286-bd09-b9e9d1b793c2','wh01','42c053c7-9b7d-402d-84c0-d907934aca39',2,'0c52089f-c422-4597-8c0a-15ef3efc9833',NULL,0,NULL,'admin','系統管理者','2023-03-09 23:14:26',NULL,NULL,'2023-03-09 23:14:26'),('2f02fec7-c70a-4f77-99f3-73c9e793cb8b','wh01','fe744f6a-ebba-47c8-aa95-a6ff06b57e92',2,'fff6a617-6c3a-4080-baf8-06dccae96e0d',NULL,1,NULL,'admin','系統管理者','2023-03-09 23:14:24',NULL,NULL,'2023-06-07 14:57:25'),('2f5d8ca7-98d6-463c-b4f6-df68d25211c2','wh01','26be92c4-2cc2-44af-9573-9017c8b5c4c4',1,'6e3215e8-b9f1-41ca-bb64-33537580fd92',NULL,18,NULL,'Ariel','Ariel','2023-04-10 10:58:40',NULL,NULL,'2023-05-16 15:38:33'),('2f81fafc-92d2-4a65-9ac3-20c96a8c51f4','wh01','253ac58d-237f-4f83-a38f-0e1e4faf6fcc',2,'1bf77de4-3e05-4e46-8452-615d0f297437',NULL,0,NULL,'F800229434','Juan Raymond','2023-04-22 17:42:39',NULL,NULL,'2023-04-22 17:42:39'),('2f84bb92-c50b-4362-8c95-2ce8b4a62ecd','wh01','19b36d13-c4ab-4809-8056-98835e6da97e',1,'764ec370-6e16-4f10-9925-3d8e952d9862',NULL,0,NULL,'clcadmin','clcadmin','2023-04-07 16:52:47',NULL,NULL,'2023-04-11 14:18:55'),('2f8a66a3-e41e-49cc-bda2-cda10da67f2e','wh01','9313bbc8-f42c-417e-935a-d28c6b6aa600',1,'24a6d336-b57b-4d05-ab80-4f2882af239f',NULL,0,NULL,'admin','系統管理者','2023-03-09 23:14:23',NULL,NULL,'2023-03-09 23:14:23'),('2fc3c770-063d-43d0-ad46-173c722178af','wh01','f10a1d58-585b-4700-9670-74ac3e7e4abe',2,'725f7545-ba84-404f-8a44-0e11323a6b82',NULL,13,NULL,'admin','系統管理者','2023-03-09 23:14:25',NULL,NULL,'2023-06-11 11:49:57'),('2ff3c1b1-33af-437a-8b44-9bf92ef3f881','wh01','64f79183-8dd8-4907-b48b-efa94a792882',1,'40d300bb-cea1-4997-ac26-00911a9e2dd1',NULL,10,NULL,'jay','Jay','2023-04-21 15:08:17',NULL,NULL,'2023-04-21 15:08:17'),('3007f69f-4be6-46c1-bbd9-0daafbadb505','wh01','577e2130-ff39-44d3-94ec-018a6583d283',1,'c8792ece-89ae-47c4-bfb3-5c08d48c7de9',NULL,10,NULL,'Ariel','Ariel','2023-04-21 14:21:43',NULL,NULL,'2023-04-21 14:21:43'),('300a415e-018c-45ff-94e2-d9d990f4e196','wh01','4eaf0708-f595-463e-b6ef-a1686909f0b6',1,'c024773a-bc70-43d2-86c9-7e0beee78ed0',NULL,0,NULL,'admin','系統管理者','2023-05-08 16:44:36',NULL,NULL,'2023-05-08 16:44:36'),('304d94b4-7ddd-4256-a388-85f62f3cf7cc','wh01','42e5f514-30b4-4a10-91e4-4a2711490f2e',1,'53a19525-4f1b-478f-bc77-0c9c9240c231',NULL,0,NULL,'admin','系統管理者','2023-03-09 23:14:23',NULL,NULL,'2023-04-11 14:18:53'),('306b7705-3736-461a-9fe9-772d4ed131d1','wh01','63f9d97c-192a-43ad-add6-74101d717d81',2,'c2a723eb-d0be-4c30-9a7b-87478da34150',NULL,10,NULL,'wei7961074','Kylie','2023-04-21 14:34:57',NULL,NULL,'2023-04-21 14:34:57'),('306e4bc3-1611-4286-8912-ef498fdf2514','wh01','8e1d3284-29e2-4b22-b157-466bca4c8627',3,'b6d040a7-975a-4924-97bf-baf09b24a3c5',NULL,99,NULL,'admin','系統管理者','2023-03-09 23:14:25',NULL,NULL,'2023-06-11 14:12:26'),('306f28ff-7caa-4775-b8f3-4f50210dc7c5','wh01','a174ea95-d8ac-4e95-9150-2af48ec96e3b',2,'504919ea-b64b-4a00-8d91-f0392f19644e',NULL,10,NULL,'Ariel','Ariel','2023-04-21 14:22:38',NULL,NULL,'2023-04-21 14:22:38'),('308d51f7-3639-44f7-9adc-313d6e8969f3','wh01','e0312b38-a006-442d-9992-6083943cab19',1,'148ab011-593c-41e9-8fc4-21664d5294cf',NULL,0,NULL,'admin','系統管理者','2023-03-09 23:14:24',NULL,NULL,'2023-03-09 23:14:24'),('30970a8a-a9c9-4023-920c-291e8c17138c','wh01','c16edab6-7795-47f6-b655-e2b4dbe37ccd',6,'3c448384-18a7-4281-807b-0bd156a71502',NULL,10,NULL,'admin','系統管理者','2023-03-09 23:14:24',NULL,NULL,'2023-06-02 09:07:39'),('30a218e4-eb33-4371-b932-8051d1db0dfd','wh01','ef10d0d9-b082-4a80-ab52-991f72c321b9',3,'45e8ea95-e326-4a83-bc9f-a4c7ffb7ddc5',NULL,8,NULL,'admin','系統管理者','2023-03-09 23:14:24',NULL,NULL,'2023-06-12 09:42:13'),('30d310aa-e27c-440f-9ca6-40a87619e6c8','wh01','eed233d7-14ac-4b25-a309-99fd22de2d11',2,'fdfcd998-048e-45d7-aac9-17a50b08150f',NULL,48,NULL,'admin','系統管理者','2023-03-09 23:14:27',NULL,NULL,'2023-06-07 18:22:03'),('30e3ba6d-7a69-4010-93cb-488df8565f6b','wh01','ac43c565-f61c-47df-ae0b-4326948b5d98',2,'04cca1c8-39fc-4188-af73-82ddcaf231ca',NULL,27,NULL,'admin','系統管理者','2023-03-09 23:14:25',NULL,NULL,'2023-06-09 14:17:31'),('311b97c3-b705-489d-a8ca-0484ae94e129','wh01','ccac36b0-e5a1-4f97-982d-ffb71f8f7ed0',3,'2cba0e7c-fce8-4c23-8630-0981d314172f',NULL,7,NULL,'admin','系統管理者','2023-03-09 23:14:24',NULL,NULL,'2023-06-01 10:04:45'),('312f5d15-f0ca-4a6e-9dec-a5dd6e4e9545','wh01','42e5f514-30b4-4a10-91e4-4a2711490f2e',6,'1c556e17-febf-4ac7-8f68-f9a42a335636',NULL,2,NULL,'admin','系統管理者','2023-03-09 23:14:23',NULL,NULL,'2023-06-02 09:47:09'),('313bf64b-55fd-4490-a26f-a534cb18c58e','wh01','0fe7ae98-ead6-4d5b-a3d9-ca7a10863748',1,'72e847cc-8a3f-4988-bd0f-98dbacf575bb',NULL,0,NULL,'F800229434','Juan Raymond','2023-05-02 15:40:45',NULL,NULL,'2023-05-02 15:40:45'),('3159b461-02b8-4056-960f-4767d7f454e7','wh01','4c91d806-f278-4135-a150-42c49861e724',2,'f4a730ad-31c5-4d97-a0bb-b5c17e69bfe7',NULL,0,NULL,'admin','系統管理者','2023-03-09 23:14:27',NULL,NULL,'2023-06-06 09:46:53'),('31675d86-b7f1-4783-9b22-0fa832786d57','wh01','f49db7ef-0bb6-452b-872d-d63271559e7c',5,'346695e8-d69b-4ff0-8433-ccdadfc6ffe5',NULL,13,NULL,'wei7961074','Kylie','2023-06-06 10:30:23',NULL,NULL,'2023-06-06 10:30:23'),('31a3bdb5-8d5c-4869-b0fb-d4fb3125d7fe','wh01','aabeee9a-c5a5-4ade-a2ec-45e412077778',2,'ffc41cd0-2c76-4148-b641-7544df07b46e',NULL,3,NULL,'admin','系統管理者','2023-03-09 23:14:24',NULL,NULL,'2023-06-07 10:08:54'),('31d35447-792f-45a6-9226-2b707ba08b90','wh01','39e287ef-3d28-4d7a-b9fb-54dec834240f',2,'38c8d98c-4eaf-49a2-b70a-7746530e54cd',NULL,3,NULL,'admin','系統管理者','2023-03-09 23:14:25',NULL,NULL,'2023-06-01 17:32:54'),('320e4376-8721-4069-85fc-828948c6aa2a','wh01','9c7518f6-1ae5-4a6c-ba8a-d09db87eb427',3,'8bfff4cd-352c-4aef-92a9-e8e241b5c23d',NULL,0,NULL,'admin','系統管理者','2023-03-09 23:14:23',NULL,NULL,'2023-04-21 11:04:07'),('32343917-8fc0-4157-93a4-e14a31977eb0','wh01','65d7fda1-693d-46a8-a955-d8032cf6c176',3,'225ab8a9-f08e-4f6f-8f82-2ffb8cd830b4',NULL,0,NULL,'admin','系統管理者','2023-03-09 23:14:26',NULL,NULL,'2023-03-09 23:14:26'),('3258838e-c43f-42f9-9478-fde4e1b99df4','wh01','b41b2806-6df0-4d85-8d39-4f57432413d6',1,'219c0e8c-71c7-4e5d-98fc-d9d027d11e16',NULL,0,NULL,'admin','系統管理者','2023-05-08 16:44:37',NULL,NULL,'2023-05-08 16:44:37'),('3264b939-c18c-46cf-890b-c9e2387fb7cb','wh01','b04d19e4-0adf-4b48-aada-cca610820286',1,'00a8534a-4a6d-4da7-a050-a4d2655013bb',NULL,0,NULL,'admin','系統管理者','2023-03-09 23:14:24',NULL,NULL,'2023-03-09 23:14:24'),('32654a77-a403-4eb4-85f9-22db9a943e27','wh01','93ef5f05-2317-401d-bf36-cd813dc09a18',2,'a7f589d6-186f-4d1e-bede-3e0bc9eaee53',NULL,0,NULL,'F800229434','Juan Raymond','2023-04-22 17:42:39',NULL,NULL,'2023-04-22 17:42:39'),('3275e293-5792-4156-9921-c5ccefe2ef60','wh01','a3d54c38-ee3f-416e-b1ca-86cb98c7a9ad',6,'b70ac10a-4a30-4c16-b68b-a49b6c859fd0',NULL,0,NULL,'admin','系統管理者','2023-03-09 23:14:25',NULL,NULL,'2023-03-09 23:14:25'),('32c46896-e413-41b9-ae3f-048b536a4807','wh01','51bb459c-96fe-463e-9b0a-5c46426652bd',1,'b433186e-79d4-4526-a423-0e17ee16b9b9',NULL,0,NULL,'admin','系統管理者','2023-05-08 16:44:37',NULL,NULL,'2023-05-08 16:44:37'),('32d42ab1-874c-4091-b882-239433382e53','wh01','dfa2a48e-8ee9-45aa-8368-2256df70383f',2,'f3b50d28-5548-4eaf-a721-d4576da80126',NULL,54,NULL,'admin','系統管理者','2023-03-09 23:14:24',NULL,NULL,'2023-06-02 18:26:44'),('32d7baa5-8c89-4baf-862b-20ebc0ca9f84','wh01','054b2b6f-f43a-4815-8ed0-c787741c2bc7',1,'a04d6d5c-7f60-469e-8614-8a0a54ace649',NULL,10,NULL,'wei7961074','Kylie','2023-04-21 13:46:30',NULL,NULL,'2023-04-21 13:46:30'),('3321b22d-cde0-4f8f-b12e-28ba86f105d3','wh01','238ecafa-2a65-4fa5-9f50-4d8f25425ce2',3,'9bab1045-0049-415f-bfe8-2e85d1d71de7',NULL,0,NULL,'admin','系統管理者','2023-03-09 23:14:23',NULL,NULL,'2023-03-09 23:14:23'),('3372071b-02a7-41c2-9ffd-73297658124d','wh01','102b7bb8-0bdf-4e9f-96a6-3139c035ed6c',1,'a1d5a7f8-edc4-49d0-9ff2-74036e53bf4b',NULL,0,NULL,'admin','系統管理者','2023-05-08 16:44:36',NULL,NULL,'2023-05-08 16:44:36'),('33a56937-6377-4ad4-9be0-509b304383ac','wh01','ec97b54e-510d-4c47-b03a-663514365504',3,'4e514d5d-1591-46bc-99d9-fd18143b29df',NULL,0,NULL,'F800229434','Juan Raymond','2023-04-22 17:42:39',NULL,NULL,'2023-04-22 17:42:39'),('33a94015-bea6-4e40-9b61-8e813dd016d6','wh01','23a112d6-58aa-45de-abec-e432b9d458fd',1,'8d2f39f4-8a13-456f-8dd1-543dee247ae0',NULL,10,NULL,'wei7961074','Kylie','2023-04-21 13:48:11',NULL,NULL,'2023-04-21 13:48:11'),('33b5df28-2223-406e-a51d-2b3370997686','wh01','2c88e121-8a1d-472f-ab2f-3d71ef273483',1,'37d0ae8c-1a26-4f32-9b51-25c7adca603f',NULL,0,NULL,'admin','系統管理者','2023-05-08 16:44:36',NULL,NULL,'2023-05-08 16:44:36'),('33b8ebc4-55bd-4dc4-aa23-fa4be2b47349','wh01','c74b30c5-2f7f-47ca-b5b5-d07f7208d718',1,'f5f8611a-1146-433a-bd9c-d975437cb7e5',NULL,0,NULL,'admin','系統管理者','2023-03-09 23:14:24',NULL,NULL,'2023-03-09 23:14:24'),('33da2347-f1bf-4403-9c74-74cdd81eaad5','wh01','a322dc15-d048-4d63-9c56-858cde1e5856',3,'920d8597-831b-4a28-9192-9185eebe066f',NULL,0,NULL,'admin','系統管理者','2023-03-09 23:14:26',NULL,NULL,'2023-03-09 23:14:26'),('33ebd342-ee19-4999-8cd0-4bf4fdb7e66e','wh01','d3271705-1af7-4d9e-a435-7f82c18e5a5a',1,'90db56a7-d46e-43f2-b870-5410e21d5a10',NULL,14,NULL,'admin','系統管理者','2023-03-09 23:14:27',NULL,NULL,'2023-05-16 15:46:16'),('3438cbb6-36b5-4729-a22e-0a617bbf8d51','wh01','7422b21e-e56d-4a6c-ae15-dec9b439af04',1,'be6b957b-a1b3-43f2-96fb-cefa7c8bfd33',NULL,0,NULL,'F800229434','Juan Raymond','2023-05-30 10:58:46',NULL,NULL,'2023-05-30 10:58:46'),('34472a31-a082-46b5-9a1d-3c0618dd48e4','wh01','c3edcaf5-179d-49ca-af24-5b4e2523dd38',4,'a69c1c75-a893-4657-8b44-9fa99757e341',NULL,0,NULL,'F800229434','Juan Raymond','2023-05-03 11:50:06',NULL,NULL,'2023-05-03 11:50:06'),('3473e063-a122-413f-ab13-e13473a92d67','wh01','2738f001-2d44-47db-99d3-2dfdd424b67e',5,'14eebd78-b651-4955-bcfe-d5be2f9767df',NULL,1,NULL,'Ariel','Ariel','2023-04-10 12:27:22',NULL,NULL,'2023-06-11 10:51:08'),('347ffce5-1037-4c41-89cb-3fbdfe55476a','wh01','8e1d3284-29e2-4b22-b157-466bca4c8627',7,'dc0cc3d2-41e0-4d0e-af95-05d390f1fd03',NULL,359,NULL,'admin','系統管理者','2023-03-09 23:14:25',NULL,NULL,'2023-06-11 14:12:26'),('34800e9b-d2b4-40f7-8928-0cea79a4bac7','wh01','3957f5dc-223d-4f6b-ad93-216a22d6d7e7',1,'79d6137e-0c77-4191-bc5f-40ee5c6cce7f',NULL,0,NULL,'F800229434','Juan Raymond','2023-04-22 17:42:40',NULL,NULL,'2023-04-22 17:42:40'),('34835887-c086-478e-aa6b-fea8ff2edde9','wh01','afda542e-4c86-4de3-ba18-947a3d60c952',1,'7a9e76b0-d2f6-40be-bfa2-906b7c4117b8',NULL,0,NULL,'F800229434','Juan Raymond','2023-04-22 17:42:39',NULL,NULL,'2023-04-22 17:42:39'),('349b37cf-4847-449d-916f-20d43e43b968','wh01','e80f2d43-8c3d-4018-a344-d2e71aae2393',5,'c2d67f37-91cb-49eb-92bb-551a2bd7c216',NULL,0,NULL,'admin','系統管理者','2023-03-09 23:14:25',NULL,NULL,'2023-06-09 09:59:02'),('34b19900-905e-4520-9f21-f6a9730a438b','wh01','892d6088-06c9-49da-a7c3-daf16cd36631',2,'dbbee7cf-447b-4ced-b175-4a7c30d2b786',NULL,0,NULL,'admin','系統管理者','2023-03-09 23:14:26',NULL,NULL,'2023-03-09 23:14:26'),('34c1daf5-9a12-4547-9d20-f3c41e0ce875','wh01','9f61d871-7e2b-4b5c-8bd8-86d1751070e3',2,'e9cccd03-f9a3-4696-9281-0029bfb54fc8',NULL,0,NULL,'admin','系統管理者','2023-03-09 23:14:25',NULL,NULL,'2023-04-11 14:18:57'),('34c63a78-61a0-4b8f-be40-bae20260cc92','wh01','e79cfb7a-d123-4908-85a1-4aef25bcd882',1,'585bae04-10fd-414c-941f-7360afc55fe4',NULL,0,NULL,'admin','系統管理者','2023-03-09 23:14:27',NULL,NULL,'2023-03-09 23:14:27'),('34c850eb-0245-4716-8a61-9e228a1726f1','wh01','9017e737-a8e6-4229-8a94-ad24f21182e8',1,'358a4548-1ec4-4d70-af57-b0d4015a0cb3',NULL,20,NULL,'admin','系統管理者','2023-05-08 16:44:37',NULL,NULL,'2023-06-05 13:59:12'),('356b22c9-7348-438b-a64f-b8048965eee6','wh01','e3654f16-25f1-45b8-9b68-947ac90d57d4',1,'6d2ae166-8417-402c-9f34-8a676bcb96e6',NULL,25,NULL,'wei7961074','Kylie','2023-04-21 15:57:15',NULL,NULL,'2023-06-02 14:08:01'),('359a859f-0a60-4601-b99b-fd16c7d11a5d','wh01','93461777-d9e0-463d-89eb-c4c395d4e796',1,'55bf0364-df1c-4aa9-849c-7eed1d779a01',NULL,0,NULL,'admin','系統管理者','2023-03-09 23:14:26',NULL,NULL,'2023-04-11 14:18:55'),('35ac2668-535d-483f-862e-4ea52994bd58','wh01','4d472310-5145-417c-8476-89a5242c5b52',1,'1746567a-222a-44d7-8855-c4ef8c30b0bd',NULL,9,NULL,'admin','系統管理者','2023-03-09 23:14:24',NULL,NULL,'2023-05-16 13:27:34'),('35c7881a-5497-4d9b-9532-7ce4bccc4b40','wh01','db3a4f38-06e2-49a8-a3f8-68b2c7783e5f',7,'5c3672e9-a5e2-4b40-8e4d-fbef0c20d2c5',NULL,0,NULL,'jay','Jay','2023-04-10 11:10:24',NULL,NULL,'2023-04-11 14:18:56'),('35d01b5b-6924-43d2-b362-85e362c6d923','wh01','6e4879c8-359e-49f1-8af6-59ee9831021a',1,'7b226f90-07e2-4d57-8723-899fc4fe9b7c',NULL,0,NULL,'admin','系統管理者','2023-03-09 23:14:26',NULL,NULL,'2023-03-09 23:14:26'),('35fd20da-006d-402d-8053-028a6ef74cf8','wh01','d053f339-d2f0-44cc-b640-68e611061a71',3,'e1502eaf-1bb9-41db-9b31-f558d39064dd',NULL,0,NULL,'F800229434','Juan Raymond','2023-04-22 17:42:39',NULL,NULL,'2023-04-22 17:42:39'),('3606abfa-aede-4956-9bfb-985641dda710','wh01','a7f82047-3108-4b72-8cf4-863c4962392a',1,'701e4e4c-c2b7-4b8c-a18d-ba89a5307095',NULL,0,NULL,'admin','系統管理者','2023-03-09 23:14:23',NULL,NULL,'2023-06-06 16:23:34'),('361018e7-992a-41e5-99b1-43d6b4570948','wh01','e6681e63-5ec1-41ca-840c-3e7a833870fc',1,'8cb4a35a-e1dd-491f-8544-710ffbbf0a47',NULL,37,NULL,'admin','系統管理者','2023-03-09 23:14:25',NULL,NULL,'2023-06-11 11:44:13'),('361f73be-0dbc-4e3e-bcdb-c9758a8ea5c8','wh01','ccac36b0-e5a1-4f97-982d-ffb71f8f7ed0',8,'eab6b10a-4ded-42c4-9d17-4d8018f83b96',NULL,0,NULL,'admin','系統管理者','2023-03-09 23:14:24',NULL,NULL,'2023-05-02 10:52:13'),('3678709a-ac27-45b3-99ea-7f039ddb8b02','wh01','aa5233c7-9e99-4ea8-ab0a-105f080645d2',3,'f27a0e07-ccd0-4f45-a3db-1ac405dac6c1',NULL,0,NULL,'admin','系統管理者','2023-03-09 23:14:23',NULL,NULL,'2023-03-09 23:14:23'),('368463ea-d75d-4930-a942-bada83414641','wh01','d053f339-d2f0-44cc-b640-68e611061a71',4,'93bd7b11-4112-45c5-aaf9-2b059d9ca98c',NULL,0,NULL,'F800229434','Juan Raymond','2023-04-22 17:42:39',NULL,NULL,'2023-04-22 17:42:39'),('36882204-0c0b-4c7f-820b-972c2306410d','wh01','146cfaaa-e9da-4e98-b7cf-b27109ed5cb7',3,'9227172a-8f16-427f-9818-db010f181cd8',NULL,0,NULL,'F800229434','Juan Raymond','2023-04-22 17:42:39',NULL,NULL,'2023-04-22 17:42:39'),('36b2bc10-f861-415d-b083-d17f3a606b8e','wh01','0d6464c2-eed8-4546-b0c7-a4a39d245e54',3,'04e98143-d70f-4bf6-a379-784bc0ee9e8f',NULL,17,NULL,'clcadmin','clcadmin','2023-04-07 14:31:16',NULL,NULL,'2023-06-08 15:40:47'),('36b3c60f-c8fe-47fe-a545-9f481e34d6a4','wh01','f534e668-995c-4b0b-85df-3830987f23ca',1,'f9d8c443-fafb-472c-bc50-4b036a8afcf6',NULL,0,NULL,'admin','系統管理者','2023-03-09 23:14:26',NULL,NULL,'2023-03-09 23:14:26'),('370cfd25-139c-4374-ab45-31f01ac4b759','wh01','008e7dbd-52ba-4d02-b8d2-1f158b05e1cb',2,'f0a3bc8b-c6ce-45b6-a97d-20510b778f54',NULL,0,NULL,'clcadmin','clcadmin','2023-04-07 11:07:45',NULL,NULL,'2023-04-07 11:07:45'),('37147778-1323-430d-a909-907ac0aba83a','wh01','2738f001-2d44-47db-99d3-2dfdd424b67e',7,'286bb458-7e34-4e25-9cb0-3f198cfd92b3',NULL,0,NULL,'Ariel','Ariel','2023-04-10 12:27:22',NULL,NULL,'2023-05-11 11:42:00'),('374a1520-13bb-4e73-bfe9-d29c0709e478','wh01','1210847d-9686-45b5-ab29-473b7bd4ee1e',1,'dd306682-c85e-4478-934d-92f9b56a64f8',NULL,11,NULL,'clcadmin','clcadmin','2023-04-07 14:40:47',NULL,NULL,'2023-06-02 09:50:00'),('37879c7f-8088-418b-9194-a61a668a549a','wh01','558b6b18-9078-4706-a72e-0dc58ea7a53c',1,'f791f59a-72ba-4432-9659-f1275adf7a85',NULL,15,NULL,'admin','系統管理者','2023-03-09 23:14:26',NULL,NULL,'2023-06-12 09:03:49'),('37abe8b5-ed69-4df9-b722-f50de1c3ca41','wh01','279fdd5d-9a8a-41a1-8b1b-1e83e4b16fc9',3,'9daa1309-db1f-484d-9dd6-32d9f38bb40e',NULL,10,NULL,'wei7961074','Kylie','2023-04-21 14:33:30',NULL,NULL,'2023-04-21 14:33:30'),('37b5801d-935e-4028-af50-03f8c303b68f','wh01','7bafd357-4ee7-49b1-a669-a0fb6e716db5',1,'656808f7-43d5-4f44-8f01-5762b089410f',NULL,0,NULL,'admin','系統管理者','2023-05-08 16:44:37',NULL,NULL,'2023-05-08 16:44:37'),('380e3898-5125-4d00-a126-b0b0a208864f','wh01','cc0458b2-6d48-4471-af80-e4b6fff83cfa',2,'66495a79-2f73-4d82-8603-dad730a54744',NULL,10,NULL,'Ariel','Ariel','2023-04-21 14:20:46',NULL,NULL,'2023-04-21 14:20:46'),('381fcf59-6e88-4637-ad44-4d8dd278b881','wh01','56ef5ce6-6686-48f6-884e-834dd27b1ad9',1,'c97bf5dd-9a9f-4e6f-b01d-e7687a6d95f8',NULL,0,NULL,'F800229434','Juan Raymond','2023-05-30 10:58:46',NULL,NULL,'2023-05-30 10:58:46'),('384c9937-6b48-4344-972f-1ec6cd78c6db','wh01','3e9cd1d5-6eb7-4e92-afd2-b9bdd0a91120',1,'762dc163-f78d-46b9-8d9f-31c02f202e13',NULL,99,NULL,'admin','系統管理者','2023-03-09 23:14:24',NULL,NULL,'2023-05-23 09:48:35'),('38a73715-2478-4945-b137-3dcd824fb38f','wh01','33a4b120-f4e8-4946-b18e-c7d06285cf4e',1,'18f89de5-37f9-4276-a9dd-fa0e6fc97fba',NULL,0,NULL,'jay','Jay','2023-04-22 18:36:50',NULL,NULL,'2023-04-22 18:36:50'),('38e0bc1b-85c2-48b9-a5de-d9d5d30d3d48','wh01','4ed22c42-b02a-4714-8f32-01803ff9815b',2,'09dab1f9-8b4e-4ddd-bff6-424081e6e404',NULL,0,NULL,'admin','系統管理者','2023-03-09 23:14:26',NULL,NULL,'2023-03-09 23:14:26'),('38f4bd36-22dd-479b-bae2-2fb4a9eeaead','wh01','db3a4f38-06e2-49a8-a3f8-68b2c7783e5f',8,'cdcc8177-4e84-4672-9cfa-96dd297ecf00',NULL,0,NULL,'jay','Jay','2023-04-10 11:10:24',NULL,NULL,'2023-04-10 11:10:24'),('38f97abe-9dd6-4c59-beb4-3bdcea9252c5','wh01','2b974645-6dec-4856-845b-44a8061bf658',1,'4626a684-c65b-40eb-8073-a3b2bcc4a750',NULL,12,NULL,'admin','系統管理者','2023-03-09 23:14:23',NULL,NULL,'2023-04-11 14:18:56'),('39069345-33bc-4185-b8bb-2b89955b6f05','wh01','169fcb78-4038-4213-930e-4f8976c08a28',2,'08ea2eec-a72c-42e3-9cf6-96f551974cd7',NULL,0,NULL,'F800229434','Juan Raymond','2023-04-22 17:42:40',NULL,NULL,'2023-04-22 17:42:40'),('3918e989-3a4c-48dd-992b-582ba4b8be4e','wh01','71c98841-b72a-47ed-908c-fd8e48d4a9d3',1,'d6f33071-1254-49c5-aec9-3a51b5620233',NULL,0,NULL,'F800229434','Juan Raymond','2023-05-30 10:58:46',NULL,NULL,'2023-05-30 10:58:46'),('394b7b84-b929-4958-af2b-981d80b9d760','wh01','506d4319-ddb2-4518-85eb-5c23ca6790ae',2,'e1cf7a31-39d8-40c7-ab53-ab2334a18a88',NULL,10,NULL,'wei7961074','Kylie','2023-04-21 14:05:51',NULL,NULL,'2023-04-21 14:05:51'),('396086fa-0017-4555-80dc-ce778c597788','wh01','b982d993-ec55-48e1-82cb-748c119a3176',1,'ebd87662-c34d-4269-97bf-127623487920',NULL,32,NULL,'admin','系統管理者','2023-03-09 23:14:27',NULL,NULL,'2023-06-08 16:47:56'),('39855966-5218-4a6d-9407-3ec57cd2cd92','wh01','d11783d5-11bd-4a3c-af67-cd31d7840d60',1,'cb28c640-2116-4279-808e-39286e3db0b9',NULL,0,NULL,'F800229434','Juan Raymond','2023-05-30 10:58:46',NULL,NULL,'2023-05-30 10:58:46'),('3987f1fe-9128-4af6-9e39-5f64d1d15fc6','wh01','8e1d3284-29e2-4b22-b157-466bca4c8627',1,'c3733509-a68f-41cb-9279-3d0d94eb8ddd',NULL,133,NULL,'admin','系統管理者','2023-03-09 23:14:25',NULL,NULL,'2023-06-12 10:45:09'),('39b5425f-e9ee-44a1-9b56-b33355f29392','wh01','c074d8a3-2d8e-4998-81f5-f56c2ed06f1d',6,'cb7a6cfc-fad0-4331-8392-59079934ef41',NULL,0,NULL,'F800229434','Juan Raymond','2023-04-22 17:42:39',NULL,NULL,'2023-04-22 17:42:39'),('39b88bff-6edf-4499-a3c1-ec1d96945c33','wh01','42338488-f4c9-4c30-a856-554ca1b9821f',1,'4aeb0a37-211c-48ce-a3bb-1168eee88c1d',NULL,5,NULL,'admin','系統管理者','2023-03-09 23:14:27',NULL,NULL,'2023-05-22 11:07:13'),('39bc664a-e049-45e2-bcf3-77a74a202b5e','wh01','55825cd9-dfeb-45c1-b621-e8a78cd2f035',1,'f8e93bc5-e2ba-4089-8846-5b3cbe5ee5ad',NULL,0,NULL,'F800229434','Juan Raymond','2023-05-30 10:58:46',NULL,NULL,'2023-05-30 10:58:46'),('39bd2bce-1292-43d1-8129-59cd2c148149','wh01','54760055-97d4-453d-8124-87e071a4cf72',1,'4ea81140-0e62-4a58-9031-13cbbed7cac7',NULL,0,NULL,'admin','系統管理者','2023-03-09 23:14:27',NULL,NULL,'2023-03-09 23:14:27'),('39d11e90-1494-4063-9ec2-487f3980b2f5','wh01','d4b1e72d-a479-4ff5-a8d2-8308ec97e5c0',2,'4f0a4aca-89e3-4d2d-b2c2-110354989db6',NULL,0,NULL,'F800229434','Juan Raymond','2023-04-22 17:42:39',NULL,NULL,'2023-04-22 17:42:39'),('3a210009-c118-4c42-98bc-f2917a11380e','wh01','dcaa8077-5afa-4f3a-8d72-43fcb10e191a',11,'04112042-fa28-4a10-9c11-ba7c0e131fde',NULL,0,NULL,'admin','系統管理者','2023-03-09 23:14:25',NULL,NULL,'2023-03-09 23:14:25'),('3a28d2ce-bbf8-435e-af75-0fb0d896a764','wh01','438567e5-7d32-48b5-ade1-b0fbd81b390a',2,'84c86e10-b78e-4931-a243-92db3d2a3e92',NULL,0,NULL,'jay','Jay','2023-04-22 21:48:37',NULL,NULL,'2023-04-22 21:48:37'),('3a487b58-263f-4228-8877-89fcc05fdfb2','wh01','a51e3d22-d7c2-428b-a9a9-01c615941ca8',11,'0922de12-0056-43d3-9dde-00705e0f3c59',NULL,0,NULL,'wei7961074','Kylie','2023-06-05 11:11:12',NULL,NULL,'2023-06-05 11:11:12'),('3a731cc0-9534-4f03-b587-0c4965b13d4f','wh01','7de53f33-b645-4ece-9634-50bfdd875535',3,'78d0e53b-203e-4f8e-9e23-1a841ed26bae',NULL,0,NULL,'admin','系統管理者','2023-03-09 23:14:25',NULL,NULL,'2023-03-09 23:14:25'),('3a9852b0-3d6f-4d9d-b505-742228e32002','wh01','4fe7a2bf-1f25-4679-aa4f-6a113d732f05',2,'f7800193-82ab-44cb-9bf0-5033a8864206',NULL,0,NULL,'F800229434','Juan Raymond','2023-05-03 11:50:06',NULL,NULL,'2023-05-03 11:50:06'),('3ab7851f-c700-4c4b-b295-b2c5bac7a4ac','wh01','c502a570-ad9e-4143-8c08-9c338831870c',1,'b1d82fe2-29f3-402f-bd38-4702f2e97fc1',NULL,0,NULL,'admin','系統管理者','2023-04-12 12:06:23',NULL,NULL,'2023-04-12 12:06:23'),('3b473e9f-db1f-4459-aafa-d1af9fccf372','wh01','3e4237b5-9d9d-459e-a60a-7759b4da1efb',3,'20349362-aac9-449d-a943-673e331dde3e',NULL,0,NULL,'Ariel','Ariel','2023-04-10 14:08:33',NULL,NULL,'2023-05-19 11:45:29'),('3c08aa7e-9c71-480c-a6ba-60845cbbab17','wh01','e7c2c565-90c9-4ea5-8123-3dd145b3dfb8',1,'97605a69-a1bd-4903-8cb8-1364627beca5',NULL,0,NULL,'clchanas','hanas','2023-04-11 17:08:42',NULL,NULL,'2023-04-11 17:08:42'),('3c1000be-3f44-4aab-996c-a535e84fe063','wh01','08f6253a-5b52-484d-bb99-d731bfa68a3e',2,'7284b778-a4e3-4bca-993a-7dcc4e537cb9',NULL,0,NULL,'F800229434','Juan Raymond','2023-05-30 10:58:46',NULL,NULL,'2023-05-30 10:58:46'),('3c24efa8-1e4b-4471-a4c7-41a39754d0f8','wh01','1e1f1a9e-ca45-4fab-9478-319fa6940516',1,'f1ae3fec-edb7-4945-aabf-080d7e98b693',NULL,0,NULL,'admin','系統管理者','2023-03-09 23:14:24',NULL,NULL,'2023-05-05 10:14:34'),('3c28d27b-f4e1-444c-bb40-6e0322c18de4','wh01','9f553dde-bc12-4636-8c20-729b42c76a9e',1,'a9df6fd6-7eeb-414e-b49f-f2a9d51fc325',NULL,0,NULL,'F800229434','Juan Raymond','2023-05-23 14:54:33',NULL,NULL,'2023-05-23 14:54:33'),('3c6e1558-2b85-4558-ab78-3ecd71235ef0','wh01','8ab971c8-bd1b-4ad0-9e03-4814181e7ad0',1,'429ebc37-6368-4281-99b9-242c46015f8c',NULL,10,NULL,'admin','系統管理者','2023-03-09 23:14:24',NULL,NULL,'2023-04-11 14:18:57'),('3cbf6672-43f3-432e-81fc-7bcd607a4dfb','wh01','625ec2f9-388a-42da-a7a6-a9b16d080ec6',1,'c8ce970c-616c-43ed-8790-c488a2a0f058',NULL,24,NULL,'admin','系統管理者','2023-03-09 23:14:25',NULL,NULL,'2023-05-30 17:43:31'),('3cfd87e9-3241-4227-8c40-44885816bcbe','wh01','fc4e849f-160e-48e1-95ed-cde3b3cebd10',3,'e666b19d-4e2b-4101-bbb7-edd9e3119bde',NULL,7,NULL,'admin','系統管理者','2023-03-09 23:14:24',NULL,NULL,'2023-04-08 23:40:59'),('3d0da525-2588-4ac0-bc8d-03fac675320b','wh01','70100eaa-585a-4aa0-bc39-4a840af4f378',2,'5835496f-2818-4736-b5fc-18b76139de98',NULL,0,NULL,'admin','系統管理者','2023-03-09 23:14:24',NULL,NULL,'2023-04-11 14:18:59'),('3d14f1a4-b834-4c8b-87a8-3c2065126f2b','wh01','55344c72-308f-413a-ae50-51542f428e39',2,'c830a845-839f-40f9-a04d-c32f08569ed3',NULL,10,NULL,'wei7961074','Kylie','2023-04-21 14:29:25',NULL,NULL,'2023-04-21 14:29:25'),('3d42215b-f5c7-4afd-a3d7-61a69c392337','wh01','6ed054c2-d23c-4b1c-94df-e5370c013ac3',4,'c1fea64c-5640-4dea-8dc0-390e75c37c62',NULL,1,NULL,'admin','系統管理者','2023-03-09 23:14:27',NULL,NULL,'2023-06-08 18:26:11'),('3d752a01-9ab1-4367-bad5-79a95034b81c','wh01','7830e9f2-2c87-440b-a1f5-3e64a60c1ae1',1,'f61b009b-9934-4afe-be20-39b79467f748',NULL,0,NULL,'F800229434','Juan Raymond','2023-05-30 10:58:46',NULL,NULL,'2023-05-30 10:58:46'),('3dbe4482-053b-49a3-8704-b115d14beaa3','wh01','5aa1feed-5219-4b3c-b824-d576a4c57a10',1,'24712c15-2a4b-494f-bb0b-992bc1d973ca',NULL,10,NULL,'wei7961074','Kylie','2023-04-21 14:17:47',NULL,NULL,'2023-04-21 14:17:47'),('3dcaf63a-cca7-4ebf-a82b-19a5f9c80804','wh01','0f520ef3-9e5d-4447-9c11-fd8e50e0f612',1,'00962de9-2f29-4182-8fb2-5c9871b7747c',NULL,5,NULL,'admin','系統管理者','2023-05-08 16:44:37',NULL,NULL,'2023-06-01 15:45:04'),('3de25794-6320-4d94-b688-83c50521c51a','wh01','4b2cb72c-d511-4c24-b441-adc331482899',1,'ce309aa0-fe99-4150-b69c-69f503bcaa8d',NULL,22,NULL,'admin','系統管理者','2023-03-09 23:14:25',NULL,NULL,'2023-04-11 14:18:55'),('3e2141ef-75de-469c-bedf-0e6f01931e60','wh01','eaec4ac1-0b00-4bb7-8e9c-4168eb16aa11',1,'50863c79-af74-432f-bd87-06b5d7a074f5',NULL,10,NULL,'wei7961074','Kylie','2023-06-02 13:28:22',NULL,NULL,'2023-06-02 13:28:22'),('3e22f832-63ad-4ec5-a6f0-623f3698eefa','wh01','0e0697a6-1be7-4440-a945-9f019deef6e3',1,'71c42999-f078-45a3-b734-749a7c1f66ea',NULL,0,NULL,'admin','系統管理者','2023-05-08 16:44:37',NULL,NULL,'2023-05-08 16:44:37'),('3e24ca4d-040c-4003-b4bd-8af5c153d217','wh01','58e7b83f-e239-4381-b0bc-9e8c574c3abc',1,'402a25ec-0a19-4ff0-b2bd-5b925c026602',NULL,0,NULL,'F800229434','Juan Raymond','2023-04-22 17:42:39',NULL,NULL,'2023-04-22 17:42:39'),('3e469298-9bf2-4258-8700-e5be490590e1','wh01','ccac36b0-e5a1-4f97-982d-ffb71f8f7ed0',5,'d2e6874b-8f40-49c1-90b5-f2e22295c26e',NULL,2,NULL,'admin','系統管理者','2023-03-09 23:14:24',NULL,NULL,'2023-06-09 10:11:30'),('3e53c0ff-a66d-4527-9fef-4f1babc16f6e','wh01','b855c1b9-5e31-4427-adae-4440f83c2877',3,'d8ba933f-a9fd-4ddc-be37-b28c75d4579e',NULL,10,NULL,'jay','Jay','2023-04-21 15:07:32',NULL,NULL,'2023-04-21 15:07:32'),('3eb2da51-7ad7-462f-8119-8bfe1fdf5914','wh01','5ed84644-a186-4b6e-b4c2-6930f3f7b6ee',4,'a5d5ab18-fac1-4b7a-b7d9-b530571b19fd',NULL,10,NULL,'wei7961074','Kylie','2023-04-21 14:34:01',NULL,NULL,'2023-04-21 14:34:01'),('3f3f0ce7-db74-48a5-b5be-44ea13c73af8','wh01','39be8156-36a8-4087-8c16-8e05e6cbb306',2,'80d7a828-53d7-4f0d-8744-9e5fb01de7a7',NULL,20,NULL,'admin','系統管理者','2023-03-09 23:14:23',NULL,NULL,'2023-06-09 09:58:45'),('3f7c5f63-e025-45e2-8444-74a1a5db546e','wh01','1e7c2481-004a-4c0c-960b-950f44156ebb',3,'c7b268cf-2f92-4224-a45b-7d420e8d625b',NULL,0,NULL,'F800229434','Juan Raymond','2023-04-22 17:42:39',NULL,NULL,'2023-04-22 17:42:39'),('3f81b619-9181-4289-b3e3-adec59e59f31','wh01','33f6009a-3e5c-4125-a41a-4a76eccbd3d7',2,'d0199435-cb58-40b6-ac5c-0bcbb28e3fc8',NULL,0,NULL,'F800229434','Juan Raymond','2023-05-03 11:50:06',NULL,NULL,'2023-05-03 11:50:06'),('3fc3322c-e7ee-4caf-acb5-5830ac5102fa','wh01','2bbece4a-8097-4b7f-aaf9-77a425e6017b',2,'2e22fba3-fd10-4a78-8031-137e4e556897',NULL,1,NULL,'admin','系統管理者','2023-03-09 23:14:26',NULL,NULL,'2023-06-05 10:03:18'),('3fd88021-3832-47a2-8c4d-aee61f171b6e','wh01','1d78e1e5-af12-4242-b7da-1b09b3397feb',1,'5e6767f8-c743-491a-ad60-06e71b2887cc',NULL,17,NULL,'admin','系統管理者','2023-03-09 23:14:27',NULL,NULL,'2023-05-30 17:04:49'),('3fdb3d92-6aac-4f81-8532-d1906ddb35fd','wh01','f49db7ef-0bb6-452b-872d-d63271559e7c',3,'d3e64ffa-1145-4348-9a15-1073f79eb41e',NULL,0,NULL,'wei7961074','Kylie','2023-06-06 10:30:23',NULL,NULL,'2023-06-06 10:30:23'),('3fe98f92-561e-4061-b1d0-2150ab30e632','wh01','36d43a9f-a84e-4b4d-ae89-25d091981fbd',4,'bb126017-7bf6-46d6-8e9b-0bdf6af6f301',NULL,0,NULL,'wei7961074','Kylie','2023-04-21 15:59:27',NULL,NULL,'2023-04-21 15:59:27'),('40281915-a494-4af1-9d08-ae889974d2f2','wh01','3ee81324-9d37-4c6c-9a73-252ae3b63cd5',3,'c3c3be76-d20e-4f15-a4a5-c73d8bdcc646',NULL,0,NULL,'admin','系統管理者','2023-03-09 23:14:23',NULL,NULL,'2023-04-11 14:18:52'),('4078c255-6569-4d3f-bf9d-71f4f40c1b4e','wh01','03defe62-d584-4a4d-a49d-643fcdc47e17',2,'e5620a78-0ddc-4e42-9dae-b349934cbd2d',NULL,0,NULL,'jay','Jay','2023-04-22 21:27:41',NULL,NULL,'2023-04-22 21:27:41'),('40d73259-15b1-4728-b87b-ccc86ad43e55','wh01','766eb073-dd2d-45e1-8952-31b954e1f687',1,'0dde2393-aa68-49ae-b72f-805a92eb7b34',NULL,0,NULL,'admin','系統管理者','2023-03-09 23:14:27',NULL,NULL,'2023-03-09 23:14:27'),('40d7dcbe-b77b-4fc6-b351-4b034a44ad94','wh01','c16edab6-7795-47f6-b655-e2b4dbe37ccd',8,'d638000d-e125-4606-8466-eb0bc1b9bd96',NULL,0,NULL,'admin','系統管理者','2023-03-09 23:14:24',NULL,NULL,'2023-03-09 23:14:24'),('40ee23cf-73b5-4cd6-b79b-2184644abeeb','wh01','570ce254-07d1-4c4f-a3c6-855e8347bc99',1,'0997e6bd-dc88-4976-a942-c56ceff8fc00',NULL,0,NULL,'F800229434','Juan Raymond','2023-04-22 17:42:39',NULL,NULL,'2023-04-22 17:42:39'),('4105c5e3-dfb8-4003-9a87-4a5d03bd64e7','wh01','f00d44ae-ce1d-4a29-9307-824e3fde163b',1,'7ad84ea0-cc6a-4a32-9b1b-55ab97700740',NULL,0,NULL,'F800229434','Juan Raymond','2023-04-22 17:42:40',NULL,NULL,'2023-04-22 17:42:40'),('41370893-a751-4132-9538-e554fec8f9b0','wh01','7aff1c8e-7edd-4a50-b170-a7149eaa1a92',4,'21fb6957-ae89-4b69-8943-ceb093993403',NULL,0,NULL,'admin','系統管理者','2023-03-09 23:14:25',NULL,NULL,'2023-03-09 23:14:25'),('41431439-1fe0-4928-8a9b-455cd4c33657','wh01','65d7fda1-693d-46a8-a955-d8032cf6c176',4,'233c273f-b03e-4487-baec-c42905b42e38',NULL,0,NULL,'admin','系統管理者','2023-03-09 23:14:26',NULL,NULL,'2023-03-09 23:14:26'),('41452c40-0b7a-4af2-88f2-86dddca851b8','wh01','6950d43e-53d2-4e5b-811e-d54c8ccadd92',2,'3707b4b3-5d75-4d4d-93f7-79f5aed7f36e',NULL,0,NULL,'Ariel','Ariel','2023-04-12 11:21:19',NULL,NULL,'2023-04-12 11:21:19'),('417506f5-c54d-42b6-8a8d-89b786c1ebb6','wh01','66bd30cf-de6f-4500-95e2-339f45ab3fc4',1,'23be3718-1772-4b7c-9bfa-5a89fa9bd971',NULL,0,NULL,'F800229434','Juan Raymond','2023-04-22 17:42:39',NULL,NULL,'2023-04-22 17:42:39'),('41b3a097-9f1f-4177-8caa-70e017a7b6fb','wh01','3568cd64-27af-49bb-b856-3c91bd67c376',1,'c883c092-74fa-4448-81b8-d7748c740ed8',NULL,123,NULL,'admin','系統管理者','2023-03-09 23:14:26',NULL,NULL,'2023-06-11 13:36:03'),('41c0f47a-1e24-4f06-a2d3-9f366b7d5445','wh01','1bfc5f9a-a1bd-4d77-9733-583e9abf904d',3,'994f4c7b-6258-462e-b86c-08d0e72c38ae',NULL,10,NULL,'wei7961074','Kylie','2023-04-21 14:29:02',NULL,NULL,'2023-04-21 14:29:02'),('41e96ce8-f152-4d5f-a1f8-f65639dfd5d3','wh01','7dd23ad2-461b-4f2c-8659-4e2db294c7cf',2,'7d931c32-64bc-48f4-8a4e-6b4801e06e0b',NULL,0,NULL,'admin','系統管理者','2023-03-09 23:14:27',NULL,NULL,'2023-03-09 23:14:27'),('42363717-6bee-4d8d-a118-47f9121125e2','wh01','57a5a05c-45fe-46dd-a844-f9ccf4af9b94',6,'1396859f-da32-44f7-9931-a8bfbe618c18',NULL,78,NULL,'admin','系統管理者','2023-03-09 23:14:23',NULL,NULL,'2023-06-06 11:29:42'),('425cc8b1-0e69-4315-95ef-d4fe16b46508','wh01','34673f97-2205-432f-843b-4a93c14831ad',3,'40b8a72d-0157-4987-90fa-cfb663dbd050',NULL,13,NULL,'admin','系統管理者','2023-03-09 23:14:24',NULL,NULL,'2023-06-11 11:49:57'),('425d8a94-9e99-4704-9bf6-91089d73ba22','wh01','6ed054c2-d23c-4b1c-94df-e5370c013ac3',1,'7ecbfc98-557e-4cff-8b95-4a83f215ce1a',NULL,0,NULL,'admin','系統管理者','2023-03-09 23:14:27',NULL,NULL,'2023-04-11 14:18:59'),('428e6e8d-dcca-4e69-9ae3-6e342c9be8ad','wh01','b276b4aa-275b-4c5c-a979-fffcea5b8f25',1,'0e1ecc64-469a-4a71-a0bd-9078b95a3696',NULL,0,NULL,'admin','系統管理者','2023-03-09 23:14:24',NULL,NULL,'2023-03-09 23:14:24'),('4292ecc3-0a62-4076-931e-64998aa6d408','wh01','e2963980-874d-47d3-8283-dd6b83c6c871',2,'45072f0e-926c-4528-9427-c8e193e2d093',NULL,0,NULL,'jay','Jay','2023-05-02 19:34:43',NULL,NULL,'2023-05-02 19:34:43'),('42a4ed61-7c9d-4583-b49c-7276183cca4c','wh01','5905725c-22a8-41c4-be77-fefa64b333aa',3,'c84d418c-799b-4c44-aa53-a7fee2de2a94',NULL,0,NULL,'admin','系統管理者','2023-03-09 23:14:26',NULL,NULL,'2023-03-09 23:14:26'),('42ab7b7a-55db-47ca-b22d-880694c330a2','wh01','ac282760-64d0-4aa8-99e9-bbbcbf730453',1,'33a56ced-5f50-4536-8535-73dd5d21018f',NULL,63,NULL,'admin','系統管理者','2023-03-09 23:14:24',NULL,NULL,'2023-06-09 16:38:28'),('42c2dab6-bca8-4333-bdb9-ba2ccc491fbc','wh01','63702189-7689-46dc-8201-6cd536554a94',1,'f634431e-83f7-40b0-a3a4-891f34e92d93',NULL,14,NULL,'admin','系統管理者','2023-03-09 23:14:24',NULL,NULL,'2023-06-05 15:28:53'),('42cc931f-94f1-4b2c-a233-caa1bab2eeb4','wh01','c3618948-a4ba-4710-8c32-972d08f04e6f',1,'0c805afd-549c-494f-a701-f252a9b8c97c',NULL,0,NULL,'F800229434','Juan Raymond','2023-05-30 10:58:46',NULL,NULL,'2023-05-30 10:58:46'),('4348faf8-78db-4c63-9aeb-4be24feb3bcc','wh01','087b09ed-70b7-4351-aecf-84f7d87098af',1,'8ed71811-52a8-4340-b5b8-4da7f4c28c94',NULL,0,NULL,'Ariel','Ariel','2023-04-10 15:22:35',NULL,NULL,'2023-04-10 15:22:35'),('435c6476-600b-494c-b2ba-321ded4369e9','wh01','66b22dcd-a6bb-4748-bfe1-6f4c73494f4e',2,'9f3fd976-3141-4409-81aa-718949d14d1a',NULL,0,NULL,'admin','系統管理者','2023-03-09 23:14:27',NULL,NULL,'2023-03-09 23:14:27'),('43692255-3d25-40e0-a7cc-5913309b32a9','wh01','cb4216f7-3638-4b51-950b-2de87dc12e39',1,'f0dab790-01e1-4175-ae49-6de719948ff3',NULL,0,NULL,'F800229434','Juan Raymond','2023-04-22 17:42:39',NULL,NULL,'2023-04-22 17:42:39'),('43a65230-a31b-4013-9e06-ccbfe5153762','wh01','1384121b-524a-400c-86cc-24d0c9797062',1,'23f0932b-3ca7-4c0a-b2ac-78224029d854',NULL,0,NULL,'F800229434','Juan Raymond','2023-04-22 17:42:40',NULL,NULL,'2023-04-22 17:42:40'),('43e26f9d-e825-47ac-9259-1fcf2a778cc5','wh01','797512b2-e0e8-449d-9396-514ad4836f70',1,'9242bd6f-ee4b-405d-9794-9600133a01f7',NULL,0,NULL,'admin','系統管理者','2023-03-09 23:14:24',NULL,NULL,'2023-03-09 23:14:24'),('4488ee01-af0c-4b2b-95df-7058418021ac','wh01','4ce89209-54dc-4f1b-848f-e149ef4f3bd4',3,'4e50a386-86da-4144-b5ea-8557af09e7e8',NULL,0,NULL,'jay','Jay','2023-04-22 21:50:58',NULL,NULL,'2023-04-22 21:50:58'),('449b8aff-8ac1-426f-b51e-3519c265d040','wh01','b3112e94-acd5-43fc-8ab9-6fe1529df493',1,'b5d85d91-bea5-47d8-ada7-6c17084c21a8',NULL,0,NULL,'F800229434','Juan Raymond','2023-05-30 10:58:46',NULL,NULL,'2023-05-30 10:58:46'),('44cb94d3-f61e-4a68-a091-1340fc95b3f4','wh01','9ae2f10a-47bb-43a9-bc2c-e8bc668bc022',2,'7a43789e-43cd-4463-9681-d9c18a52bbc3',NULL,10,NULL,'wei7961074','Kylie','2023-04-21 14:35:25',NULL,NULL,'2023-04-21 14:35:25'),('44db4ced-56ac-4ed9-af8c-451fd839d617','wh01','5c6b9006-a5b3-4179-a815-af186163c356',3,'a03c8d23-c716-486f-9b9a-c14985aae952',NULL,0,NULL,'F800229434','Juan Raymond','2023-04-22 17:42:40',NULL,NULL,'2023-04-22 17:42:40'),('44ef9d69-0c9a-4eb1-8128-1a709684d0bb','wh01','4a4d7de1-380d-419a-b3f3-8b3bf2e0fb21',1,'367cebf1-d6dd-4470-88cf-c0c8ef632b8e',NULL,0,NULL,'admin','系統管理者','2023-05-08 16:44:36',NULL,NULL,'2023-05-08 16:44:36'),('453c9a9c-580a-44f4-9195-53e2d06983e6','wh01','1182fcd3-0d27-407c-af79-9f44d2717fad',1,'fcc178eb-fc09-45f0-9123-50b5deb7b551',NULL,10,NULL,'wei7961074','Kylie','2023-04-21 14:13:08',NULL,NULL,'2023-04-21 14:13:08'),('454789d7-e37b-4164-991d-0866cbd2d089','wh01','9899a283-2999-46dc-80b0-6a89ca30a0ee',1,'411fb048-a094-435b-95d8-5b14a28c8c3c',NULL,0,NULL,'admin','系統管理者','2023-03-09 23:14:25',NULL,NULL,'2023-05-09 10:45:12'),('455b9144-63ac-492a-9e00-46f8e7db392f','wh01','a078cea0-fe87-43d2-b6c8-4832dbf23455',1,'7ab1d711-df85-4b54-8c1e-52d272c69257',NULL,0,NULL,'F800229434','Juan Raymond','2023-05-23 14:54:33',NULL,NULL,'2023-05-23 14:54:33'),('4602c400-d4cc-4747-be21-21eedcab0e98','wh01','1b1ebb5e-8f46-4481-b850-a21582359cda',1,'4c2a62bb-7bff-48b9-aee5-88f9d3c911a9',NULL,0,NULL,'admin','系統管理者','2023-05-08 16:44:37',NULL,NULL,'2023-05-08 16:44:37'),('46134a3e-b71e-42d7-b9d1-fb1b4bf5bef4','wh01','2b9497df-1c27-4efb-9189-f3b59aa31733',3,'00d37234-6eab-4981-935c-85276ed9d7a6',NULL,0,NULL,'admin','系統管理者','2023-03-09 23:14:23',NULL,NULL,'2023-04-13 23:39:54'),('46136368-b49d-4636-aad8-28ef0e1f2695','wh01','afa35739-c209-4f6e-b02b-7a2859a1f01a',4,'f8e8057d-8f46-4a06-92d0-2d481a8d340f',NULL,9,NULL,'admin','系統管理者','2023-03-09 23:14:27',NULL,NULL,'2023-04-20 14:33:12'),('4614e37c-2148-4c95-9344-069c01df0d22','wh01','9d61c5c9-8cdc-45d0-b0d0-520eeb3b561c',1,'537b9ee2-f5b5-43f8-b8ea-8d526c81785e',NULL,19,NULL,'jay','Jay','2023-05-02 17:21:11',NULL,NULL,'2023-05-02 17:21:11'),('462ef05b-f457-4bc7-9d33-e8b73c9487ba','wh01','dbfdbf83-2d63-4db7-967d-a32482aa5190',1,'19c8b6a5-99cf-4bbc-9332-a6e9d038a463',NULL,0,NULL,'admin','系統管理者','2023-05-08 16:44:36',NULL,NULL,'2023-05-08 16:44:36'),('463872d7-3b2f-4190-9f1a-ecedbd30762a','wh01','accade3b-60c7-4ef2-835d-6f51ab3c41be',2,'96b8b06b-dd10-41c4-980e-f83cf4e3e6eb',NULL,28,NULL,'admin','系統管理者','2023-03-09 23:14:23',NULL,NULL,'2023-06-02 11:42:55'),('4665b40f-5515-4dc4-9bd6-042afbf36a8f','wh01','3524353b-5629-41b1-990d-134e632b72ad',2,'99f7f94c-9780-42dc-bc28-adab07351451',NULL,0,NULL,'admin','系統管理者','2023-03-09 23:14:24',NULL,NULL,'2023-04-06 10:39:48'),('46b41264-b6a0-4600-bbb7-a49548f93b2d','wh01','ac43c565-f61c-47df-ae0b-4326948b5d98',3,'71420e42-3962-4cf5-9f41-5423a1c690f7',NULL,6,NULL,'admin','系統管理者','2023-03-09 23:14:25',NULL,NULL,'2023-06-09 14:17:31'),('46e53d1e-2b00-411b-b3e8-2587d204750f','wh01','ccac36b0-e5a1-4f97-982d-ffb71f8f7ed0',10,'77ec00ea-b6d6-4cff-ba99-e74cadef5315',NULL,0,NULL,'admin','系統管理者','2023-03-09 23:14:24',NULL,NULL,'2023-03-09 23:14:24'),('470d05a9-5f7b-4218-bd52-5f680f1e7994','wh01','0207a82c-5d8e-4355-a9b4-24cb272e5124',1,'fd0f8916-b499-46d2-97db-73441d6dd006',NULL,0,NULL,'F800229434','Juan Raymond','2023-05-23 14:54:33',NULL,NULL,'2023-05-23 14:54:33'),('470dc397-0c97-4fbb-a4ef-807158a46c2d','wh01','a8d25bff-3d57-418d-871c-9d0c570a2b72',1,'c48c55d4-ae3e-4479-b5b7-18cbc2a1d2b7',NULL,0,NULL,'F800229434','Juan Raymond','2023-05-30 10:58:46',NULL,NULL,'2023-05-30 10:58:46'),('47d36cf0-a2fc-4cc2-ba85-fa9b8d55545e','wh01','09cbdaf1-d8bf-40d0-9fd9-bfc50e47ecab',1,'d129da52-4e49-4293-b936-3b3fe0286a32',NULL,34,NULL,'Ariel','Ariel','2023-04-25 11:05:44',NULL,NULL,'2023-06-07 09:33:22'),('47e2276b-eebf-4548-a59e-e1aba7bba15c','wh01','42382862-f7b4-42fd-995d-6cc7785c8a7a',2,'bd65660c-a3d7-4a5a-aef2-a83a3730a4b0',NULL,0,NULL,'admin','系統管理者','2023-03-09 23:14:23',NULL,NULL,'2023-03-09 23:14:23'),('4809fbd2-9e6f-4e76-b3bb-31713a9dcd4e','wh01','8fe52a1c-974c-492f-b87f-7d885bff4ff0',2,'d30dedc4-bacd-4574-ab60-4360a5e7fb05',NULL,0,NULL,'F800229434','Juan Raymond','2023-04-22 17:42:39',NULL,NULL,'2023-04-22 17:42:39'),('48202d10-f06c-448f-acd9-0a162d64a263','wh01','e500c85e-c4d0-421c-b6eb-f88e8db0b818',1,'2ea5b002-8230-45a5-9911-d7432b9b7530',NULL,19,NULL,'jay','Jay','2023-05-02 18:04:41',NULL,NULL,'2023-05-02 18:04:41'),('48529b31-f8e0-4a53-8fbe-9034ff85e27c','wh01','d053f339-d2f0-44cc-b640-68e611061a71',1,'8e1aa7ee-221e-43a0-8a8e-498c59c2fddc',NULL,0,NULL,'F800229434','Juan Raymond','2023-04-22 17:42:39',NULL,NULL,'2023-04-22 17:42:39'),('4890b9e0-875e-4bbf-be6e-a6c61ad74f10','wh01','c074d8a3-2d8e-4998-81f5-f56c2ed06f1d',4,'877b7201-dd11-46b9-9a73-9499ca60215c',NULL,0,NULL,'F800229434','Juan Raymond','2023-04-22 17:42:39',NULL,NULL,'2023-04-22 17:42:39'),('48d84168-f331-49fd-b9d8-3dd709e3e2ff','wh01','9f99054c-f234-4daa-826e-618d18cff2f3',1,'838dd727-09e1-4e8a-9dba-e1590aab6186',NULL,0,NULL,'admin','系統管理者','2023-03-09 23:14:25',NULL,NULL,'2023-03-09 23:14:25'),('48dd96ef-5e07-4efe-a2e1-e204fe22564c','wh01','2e9e82ac-f8b1-48bf-811a-c21b1f30a78d',1,'fd98fcfb-885f-4f62-acc8-2a1f49a87162',NULL,0,NULL,'F800229434','Juan Raymond','2023-04-22 17:42:39',NULL,NULL,'2023-04-22 17:42:39'),('48e85863-8719-4f9e-b154-e9625752372d','wh01','36d43a9f-a84e-4b4d-ae89-25d091981fbd',2,'c35fc50f-d95a-43d6-91ee-4fe2d1e76649',NULL,0,NULL,'wei7961074','Kylie','2023-04-21 15:59:27',NULL,NULL,'2023-04-21 15:59:27'),('4913de00-b984-476c-91a0-f94871ab7178','wh01','d30fe172-3b9a-4ecb-a1a1-c95cc6730e9f',1,'048c1b2d-6e41-4e62-8cbf-14ef6c6346a6',NULL,0,NULL,'admin','系統管理者','2023-03-09 23:14:25',NULL,NULL,'2023-03-09 23:14:25'),('492af17a-2265-4ab2-b0a5-e49bc589ab23','wh01','3e4237b5-9d9d-459e-a60a-7759b4da1efb',2,'0101b6fa-a2c1-4ac0-bbdb-b3296dd306ed',NULL,0,NULL,'Ariel','Ariel','2023-04-10 14:08:33',NULL,NULL,'2023-05-26 11:29:38'),('495cabc8-6233-42e5-80b1-d339937f8eda','wh01','d6ce26ff-69eb-4ce3-a91f-ef05cfb06ce1',2,'af3a7205-2cc1-4f67-b791-5e373a9b225f',NULL,0,NULL,'admin','系統管理者','2023-03-09 23:14:24',NULL,NULL,'2023-04-11 14:18:54'),('4969cd71-011e-4bed-b8aa-bd2e9397310e','wh01','d9babd8f-14c2-4b21-b811-21da02fceb8d',1,'86e4dca0-8e83-4212-8518-9fca84434cd7',NULL,0,NULL,'admin','系統管理者','2023-05-08 16:44:36',NULL,NULL,'2023-05-08 16:44:36'),('4974e94f-aab3-409a-8082-03920da2bfe6','wh01','c48bdc3a-34a0-4dce-9eab-e016ea0b218b',2,'32c0d1a0-ec0e-4b9a-b73f-0e34c4a91bd3',NULL,0,NULL,'F800229434','Juan Raymond','2023-04-22 17:42:39',NULL,NULL,'2023-04-22 17:42:39'),('499992a8-16ca-4fbd-b466-cf02cf55fc49','wh01','e3740318-a75d-4979-9b89-89b4b32650e1',2,'e82e70af-5945-41ab-8f0f-2d7f09a9e0e4',NULL,1,NULL,'admin','系統管理者','2023-03-09 23:14:23',NULL,NULL,'2023-06-08 07:53:59'),('49a651b0-f90c-42a2-83ef-c46f11430f33','wh01','66bd30cf-de6f-4500-95e2-339f45ab3fc4',4,'2022b6b2-11c4-4e9d-984a-d3887407a5bb',NULL,0,NULL,'F800229434','Juan Raymond','2023-04-22 17:42:39',NULL,NULL,'2023-04-22 17:42:39'),('49aa8112-eae3-471a-bd72-ef8d27e82bfd','wh01','67991955-615a-46f3-8fab-d3d82788745a',1,'6d5bea4d-cfcc-49ec-bf63-d5080bfc40ae',NULL,10,NULL,'Ariel','Ariel','2023-04-21 14:29:44',NULL,NULL,'2023-04-21 14:29:44'),('49e57afb-90af-4126-b801-515e87c56ee8','wh01','188dd5d8-8d37-48f2-8979-ae95e0e43240',1,'732f5d06-3f18-4407-9021-47f102edbd19',NULL,0,NULL,'F800229434','Juan Raymond','2023-05-02 15:40:45',NULL,NULL,'2023-05-02 15:40:45'),('49f3d0d8-8d18-4b3c-b77f-f2932b67afa5','wh01','f85eff33-6197-4933-97dc-3e8d0676d2f2',7,'a77ba396-a8a1-4c99-bb83-80a5254be491',NULL,25,NULL,'admin','系統管理者','2023-03-09 23:14:24',NULL,NULL,'2023-05-31 10:00:10'),('4a0d37dc-c9cf-411e-987e-3ac71ac144ed','wh01','8d9edfae-64e6-4ce2-b7eb-1c6982532fcf',1,'ed9ba6fa-a750-4527-9834-bbb999af2971',NULL,0,NULL,'F800229434','Juan Raymond','2023-05-23 14:54:33',NULL,NULL,'2023-05-23 14:54:33'),('4a129647-02d8-4bfe-b9b3-055a9826e11d','wh01','b9e71624-45c4-4b7e-9006-b7f749828c9f',1,'1228aa3d-d1d4-4f4c-8254-180fdd3c457d',NULL,0,NULL,'admin','系統管理者','2023-03-09 23:14:26',NULL,NULL,'2023-03-09 23:14:26'),('4a502ca3-0473-4538-bc1a-1652c9bf670c','wh01','62667e28-ffdb-44fc-93e6-340e552d373e',1,'e9cc741c-29c1-4df8-8081-6e38c81cdbd7',NULL,0,NULL,'admin','系統管理者','2023-03-09 23:14:27',NULL,NULL,'2023-03-09 23:14:27'),('4a6be738-6423-49e7-a3c5-8c259e3e3136','wh01','39f2ac1d-055e-45ba-a6a4-c76d3b5f3e1a',3,'8eec19a4-8e97-4a81-a599-7cdb0ca71830',NULL,27,NULL,'admin','系統管理者','2023-03-09 23:14:27',NULL,NULL,'2023-05-17 04:54:01'),('4a76c680-9b0d-4cd9-be78-c9795f7e6c75','wh01','63f9d97c-192a-43ad-add6-74101d717d81',4,'32003900-297e-47dc-aa60-50ed961f7985',NULL,10,NULL,'wei7961074','Kylie','2023-04-21 14:34:57',NULL,NULL,'2023-04-21 14:34:57'),('4a846f51-cf27-4cb1-9b96-9e9d5f14cb42','wh01','f5ca95da-7482-41b4-8310-b6fb28befdc8',1,'0120fb16-c684-48d3-8e14-976cd15b0820',NULL,0,NULL,'admin','系統管理者','2023-03-09 23:14:26',NULL,NULL,'2023-03-09 23:14:26'),('4a905139-2883-4889-864f-63d9b27227f8','wh01','4f133243-7d76-491a-930d-f7f28388295a',1,'121614db-4607-4b0a-82b8-68b7ad840270',NULL,36,NULL,'admin','系統管理者','2023-03-09 23:14:24',NULL,NULL,'2023-05-16 10:06:10'),('4b4fc09c-22da-4c50-878a-5a351a5facf9','wh01','9df24df2-4288-41ae-a041-2ed53ef5ed00',1,'5e6a3046-7aa0-4c5f-8318-a2eb5574bf14',NULL,0,NULL,'wei7961074','Kylie','2023-05-03 17:40:50',NULL,NULL,'2023-05-03 17:40:50'),('4b5d50e5-d250-47ac-bd36-268d84bcdfef','wh01','dcf49753-8784-430a-a589-26ae289a2ef1',1,'874a7589-9bf0-4e3a-9c03-f72c633654cc',NULL,30,NULL,'admin','系統管理者','2023-03-09 23:14:25',NULL,NULL,'2023-06-11 13:48:55'),('4b9fbe7b-76d2-49e0-85c1-8b2291c21999','wh01','21acc67b-5d86-4ed4-b20a-928a9e0d6476',4,'3e95d3c9-6a7a-4d26-b7b3-bce9e57d6352',NULL,0,NULL,'admin','系統管理者','2023-03-09 23:14:25',NULL,NULL,'2023-04-11 14:18:58'),('4c165a41-3707-4eb2-a335-f7772e175e47','wh01','a77c868e-f457-43da-af79-7287a8d848a1',2,'466c1ae3-2481-443b-92c7-74949232fa82',NULL,0,NULL,'admin','系統管理者','2023-03-09 23:14:25',NULL,NULL,'2023-05-24 19:04:17'),('4c2abf2e-2a43-4c01-83f0-628fcfc2aa91','wh01','e0e8999e-c933-4309-882a-c328930e91dc',2,'2dfa2db0-a9a8-4044-9bf7-511d776e545d',NULL,0,NULL,'wei7961074','Kylie','2023-06-05 10:39:12',NULL,NULL,'2023-06-05 10:39:12'),('4c3736f2-8dba-4570-b9ee-ce622793a1fd','wh01','a12bae17-8fa6-477e-958d-84a89a281f8f',3,'c5b03a3c-17a5-40e2-974a-5bd0da305167',NULL,0,NULL,'F800229434','Juan Raymond','2023-04-22 17:42:39',NULL,NULL,'2023-04-22 17:42:39'),('4c398716-f64b-47bf-90e9-66f32e9a9da6','wh01','08e02676-2ab7-4aa5-bc04-8c9d760492e1',1,'727754cd-3da3-4a59-a8cc-2663167ea496',NULL,0,NULL,'Ariel','Ariel','2023-04-25 11:02:53',NULL,NULL,'2023-04-25 11:02:53'),('4c5685cd-83a2-41f3-b14d-1ebbb57a6146','wh01','0310d247-b313-4076-b1cb-d8a8a56c243b',1,'61fdea03-1e3f-4401-add7-957de1653ad1',NULL,13,NULL,'admin','系統管理者','2023-03-09 23:14:26',NULL,NULL,'2023-06-09 10:21:46'),('4c7c39fb-d2c7-428c-9d32-1464fbd64748','wh01','3524353b-5629-41b1-990d-134e632b72ad',1,'8fcbc0bb-283c-4382-8dd3-3116d50c6dff',NULL,12,NULL,'admin','系統管理者','2023-03-09 23:14:24',NULL,NULL,'2023-06-11 11:58:28'),('4c9a23ab-92f7-4480-9a02-6410a6cefbda','wh01','81efa76f-c14a-47da-9fa1-b89dca7a6dfc',4,'a241be48-5a19-421a-86de-a53d94d9fed3',NULL,0,NULL,'F800229434','Juan Raymond','2023-05-03 11:50:06',NULL,NULL,'2023-05-03 11:50:06'),('4cdc2168-d600-4f61-8e20-149f92fc218d','wh01','8c18b5a2-7af4-4e2d-8b1a-45544a779876',1,'79f72b54-8252-4718-9902-f68b4c7958fa',NULL,89,NULL,'admin','系統管理者','2023-03-09 23:14:25',NULL,NULL,'2023-06-11 14:07:13'),('4ce083d8-e467-48d7-8811-eb7f2db61790','wh01','afa35739-c209-4f6e-b02b-7a2859a1f01a',5,'34320304-e5a7-4c09-8a98-64deebf34455',NULL,6,NULL,'admin','系統管理者','2023-03-09 23:14:27',NULL,NULL,'2023-06-08 16:34:12'),('4cf3e48c-f171-4775-92a2-5acaf92e5707','wh01','49f85938-f591-421f-a46c-ca2b302f319e',2,'5880dcd9-e21b-4dd5-8927-78ef38604164',NULL,0,NULL,'jay','Jay','2023-04-22 21:50:25',NULL,NULL,'2023-04-22 21:50:25'),('4d1fa4ea-1c9c-4ee1-b11e-932f9aacf8c2','wh01','6a2fa7b1-f451-40b1-b569-dd714ff85cf8',3,'6bfbc3f5-a7cc-4e33-be07-89dec8a90861',NULL,53,NULL,'admin','系統管理者','2023-03-09 23:14:24',NULL,NULL,'2023-06-12 09:08:09'),('4d363ff2-cc06-4ab2-8f25-817c82599f93','wh01','60a146dd-c24c-4eb7-98af-7ff67aa49507',3,'4a02b66e-a7ef-432c-a215-88769002265f',NULL,0,NULL,'F800229434','Juan Raymond','2023-04-22 17:42:40',NULL,NULL,'2023-04-22 17:42:40'),('4d47b5b9-c976-4540-a750-cecedd19eb36','wh01','39e287ef-3d28-4d7a-b9fb-54dec834240f',1,'e219e2c2-8428-4a95-b4c2-4b624c1c3b68',NULL,57,NULL,'admin','系統管理者','2023-03-09 23:14:25',NULL,NULL,'2023-06-09 09:59:02'),('4d522c3b-aa9c-4519-bfe0-b90b3a8a3e30','wh01','a4f0858c-ff02-48e6-8720-e6cc92aa11eb',2,'95dbd127-eb2f-4694-99f8-21b83e4e730f',NULL,0,NULL,'admin','系統管理者','2023-03-09 23:14:27',NULL,NULL,'2023-03-09 23:14:27'),('4d8635e6-6014-40ff-94ad-2e14d4702e34','wh01','7b8e9605-03f1-4760-a126-45cf506c9d51',2,'fcc37ca6-b0fe-4df1-8743-2ed37ac74d95',NULL,3,NULL,'admin','系統管理者','2023-03-09 23:14:26',NULL,NULL,'2023-05-17 09:54:15'),('4dd777a3-3f54-4840-a525-cf6dfccfabb5','wh01','1db47780-44bc-4019-ab54-32df6909d197',1,'592efe9a-70ab-48ec-816b-6b4827f75508',NULL,14,NULL,'admin','系統管理者','2023-03-09 23:14:25',NULL,NULL,'2023-05-25 14:12:23'),('4ddb1dcc-b125-4152-9c12-3751c2156b74','wh01','28fa9c75-990f-42eb-9083-3c7932e71dc7',1,'7486a817-6a45-4e61-b5fa-2b6350c18439',NULL,0,NULL,'wei7961074','Kylie','2023-05-03 17:41:14',NULL,NULL,'2023-05-03 17:41:14'),('4e1a173d-ef35-43ae-94b0-eb7bf6c927d0','wh01','995ce15f-aecc-4044-a90a-7beb436c3263',1,'1b86a910-1a4f-4320-9e7f-6ef62ee254fe',NULL,8,NULL,'admin','系統管理者','2023-03-09 23:14:26',NULL,NULL,'2023-06-02 09:47:09'),('4e648125-2298-47cd-8545-a50992120814','wh01','d30fe172-3b9a-4ecb-a1a1-c95cc6730e9f',3,'4105d070-8742-44d4-9df6-e09edb4bba10',NULL,7,NULL,'admin','系統管理者','2023-03-09 23:14:25',NULL,NULL,'2023-06-08 17:11:11'),('4e69ab5c-ea52-4ab5-8892-6fbe9ee2fdea','wh01','8e1d3284-29e2-4b22-b157-466bca4c8627',13,'74abd667-6d1d-4eec-ba72-82f144564b99',NULL,3,NULL,'admin','系統管理者','2023-03-09 23:14:25',NULL,NULL,'2023-06-09 14:35:44'),('4eea9a02-2c61-40d2-9e9a-506793ef9449','wh01','a3d54c38-ee3f-416e-b1ca-86cb98c7a9ad',1,'85a95b26-4798-4279-86ea-51424ab18056',NULL,41,NULL,'admin','系統管理者','2023-03-09 23:14:25',NULL,NULL,'2023-06-11 10:51:08'),('4eed6ca5-3976-4e96-b8ef-78efa1a486c3','wh01','cf91648b-faf4-4a2e-9dab-1eb46fee7add',1,'8e4b4ce0-edfe-4f7d-be21-95f35e1e3002',NULL,0,NULL,'F800229434','Juan Raymond','2023-04-22 17:42:40',NULL,NULL,'2023-04-22 17:42:40'),('4f19e0f7-d716-4ec2-9370-6a4cb9b23d3c','wh01','9c3ae0c1-60e6-44ea-9b3b-212f3fe8946c',1,'7f8b6141-0a39-4645-8c19-3e32e532381f',NULL,10,NULL,'wei7961074','Kylie','2023-04-21 14:20:57',NULL,NULL,'2023-04-21 14:20:57'),('4f3d2524-e7d3-4a45-8d3f-154b5b8a621d','wh01','ce13b310-bcbb-4be8-b0f2-05053f638401',1,'7594e62c-150c-41b7-a6e2-82c063d8057c',NULL,0,NULL,'wei7961074','Kylie','2023-05-03 17:43:38',NULL,NULL,'2023-05-03 17:43:38'),('4f3e8dd0-549b-4f60-8ecd-92caa1733edf','wh01','e80f2d43-8c3d-4018-a344-d2e71aae2393',8,'df239dc9-9e08-471d-92ec-cb639e068b2e',NULL,0,NULL,'admin','系統管理者','2023-03-09 23:14:25',NULL,NULL,'2023-06-09 16:57:38'),('4f4372bd-34b8-4509-846f-18f503a122a7','wh01','38cdd6e5-31f9-4fb6-a49d-6cc56ed91ad5',2,'ddaebeea-ef94-43a0-aac0-683ec35db3f2',NULL,0,NULL,'F800229434','Juan Raymond','2023-04-26 17:43:57',NULL,NULL,'2023-04-26 17:43:57'),('4f4a4c7e-ba38-4f04-8dfb-6eefbec5f390','wh01','c23ad70d-f166-4165-a122-856b1bbba7fa',2,'8f0effb9-a282-48c6-9c76-b2026d5f1fa7',NULL,0,NULL,'admin','系統管理者','2023-03-09 23:14:24',NULL,NULL,'2023-03-09 23:14:24'),('4f69d232-895c-4c23-a81a-6fe1c60db8d7','wh01','81efa76f-c14a-47da-9fa1-b89dca7a6dfc',1,'c325d7a6-77d0-4993-971b-34b8a4acc756',NULL,0,NULL,'F800229434','Juan Raymond','2023-05-03 11:50:06',NULL,NULL,'2023-05-03 11:50:06'),('4f6b34b4-507e-4d59-a273-bcf130aa64be','wh01','1a9ccdb6-cced-4156-b19f-4d75ad254bb8',2,'25811223-2ff3-4dc9-a19a-78f8475914bf',NULL,10,NULL,'wei7961074','Kylie','2023-04-21 14:14:49',NULL,NULL,'2023-04-21 14:14:49'),('4f6bd68e-fe74-4d40-8869-8d0dd0fd7494','wh01','6c93f32d-c7f6-46a8-a89d-84aab64b0849',1,'4942f153-06dc-4ba7-b473-bbfe3047bb4a',NULL,14,NULL,'admin','系統管理者','2023-03-09 23:14:23',NULL,NULL,'2023-06-09 14:10:44'),('4f80f48f-d3ce-4cda-a619-ddd8d9a37325','wh01','18e6203f-8667-48ea-9e1a-25376dfedcd9',1,'46e6c333-b3b1-481f-b66c-a6f8be3cc28c',NULL,22,NULL,'Ariel','Ariel','2023-04-25 11:56:42',NULL,NULL,'2023-05-08 13:30:50'),('4fa1a761-3c86-4ad3-af1e-c4d52aaa4d60','wh01','360bed9d-5da4-4739-9b1a-a15aa34fd8f1',4,'30ecde94-d560-4154-b8f8-e1d5b260dca7',NULL,0,NULL,'F800229434','Juan Raymond','2023-04-22 17:42:39',NULL,NULL,'2023-04-22 17:42:39'),('4fb43387-820e-4772-ba24-e9f09e30cb27','wh01','c3edcaf5-179d-49ca-af24-5b4e2523dd38',2,'cedcbb73-c002-4f3b-a36a-599adbdcb760',NULL,0,NULL,'F800229434','Juan Raymond','2023-05-03 11:50:06',NULL,NULL,'2023-05-03 11:50:06'),('4fb58ea0-7dde-4821-965c-adf3cd71c18b','wh01','3657fddd-8e86-435b-bec6-d4867d1021a5',1,'b8204297-33fd-4b9a-bfcd-d4ec32d515d8',NULL,0,NULL,'admin','系統管理者','2023-05-08 16:44:36',NULL,NULL,'2023-05-08 16:44:36'),('4fb88d76-682f-401d-8bf5-3bb3bf53d188','wh01','abe54833-e7e7-4d5b-8b96-128f041c61fe',1,'55489385-421f-4353-b38a-52c5a02b1ce0',NULL,27,NULL,'admin','系統管理者','2023-03-09 23:14:27',NULL,NULL,'2023-06-07 18:22:03'),('4fc1a447-3e65-43a0-b161-cedbb43093f3','wh01','f47d13a3-709e-41fa-a651-53439ba61809',4,'ce5a100c-e56a-4c62-92ad-ac7e0a8fc120',NULL,14,NULL,'admin','系統管理者','2023-03-09 23:14:26',NULL,NULL,'2023-04-11 14:18:53'),('4fc5b578-cc95-436e-9195-6859d8d14fd4','wh01','c04a2899-2d8d-48fd-b7f9-6b94845002b3',1,'df63a382-c8bd-49ed-a31b-d961b54b9710',NULL,0,NULL,'admin','系統管理者','2023-03-09 23:14:23',NULL,NULL,'2023-03-09 23:14:23'),('4fdbe31e-d6b7-47c3-875d-c7ac8a37b268','wh01','5d9f34cd-2d01-4eb2-b530-bad95116cd55',1,'f08c1189-2756-4e6d-bdda-936d82b2e5e5',NULL,0,NULL,'admin','系統管理者','2023-05-08 16:44:37',NULL,NULL,'2023-05-08 16:44:37'),('50219b2b-acc4-4258-bcad-f1097506c6e4','wh01','1d78e1e5-af12-4242-b7da-1b09b3397feb',2,'d587229a-ec0e-4061-a2c6-e70cdcc79a1d',NULL,0,NULL,'admin','系統管理者','2023-03-09 23:14:27',NULL,NULL,'2023-04-11 14:18:58'),('505a331a-0da3-4496-bc09-0d6675c0c385','wh01','455cd598-c88e-4231-a7fb-79f271ecc739',2,'80908b0d-84ca-4915-8ebe-525678ca2634',NULL,339,NULL,'admin','系統管理者','2023-03-09 23:14:24',NULL,NULL,'2023-06-11 11:49:57'),('508c3bd6-81c2-4122-b51b-7ae8a9ccae7d','wh01','146cfaaa-e9da-4e98-b7cf-b27109ed5cb7',2,'1075a411-8c7b-4374-849a-7e1889cb95c6',NULL,0,NULL,'F800229434','Juan Raymond','2023-04-22 17:42:39',NULL,NULL,'2023-04-22 17:42:39'),('5090abac-b5b0-4f03-8c51-82d0de4a32fb','wh01','874ff437-e6d0-48f6-be48-7835e7ff9084',3,'7eee03e1-9f09-4f62-9c68-a96d57f3341f',NULL,0,NULL,'F800229434','Juan Raymond','2023-05-03 11:50:06',NULL,NULL,'2023-05-03 11:50:06'),('50da0c03-cc08-4061-ab6a-81ccd37b8acd','wh01','78931842-9725-4449-a4a6-6fce80befefc',1,'3f0bec78-3e9a-40d5-9c7a-6c36125f1aba',NULL,0,NULL,'admin','系統管理者','2023-03-09 23:14:23',NULL,NULL,'2023-05-31 15:07:51'),('510f27f9-e243-4b0b-92f0-05facbfabcb3','wh01','f3e4ab4f-52df-451c-bb3e-00868f97a1f8',1,'9a8a1f0f-376f-4d6e-88b4-487fa77d12ab',NULL,20,NULL,'admin','系統管理者','2023-05-08 16:44:37',NULL,NULL,'2023-05-08 18:21:37'),('512da60e-c655-494e-924c-69ca7820a22a','wh01','826a7426-70bf-4d6b-8b14-8a652de162fe',1,'2caff048-d5c0-4d01-b6b2-5bcfa7935a23',NULL,0,NULL,'F800229434','Juan Raymond','2023-04-22 17:42:40',NULL,NULL,'2023-04-22 17:42:40'),('5137bd2c-da34-49c9-8c08-b7e99fd48798','wh01','e021ec56-63a7-48d3-a650-a10ae0fd978c',2,'c92fc578-77cd-4509-9bcf-ff9680c835f9',NULL,109,NULL,'admin','系統管理者','2023-03-09 23:14:24',NULL,NULL,'2023-06-09 09:45:27'),('5143ae54-9a57-4d61-a29e-37b470471629','wh01','0d6464c2-eed8-4546-b0c7-a4a39d245e54',4,'cad65bdc-6cd5-4487-9d77-a3c5ea3d5446',NULL,21,NULL,'clcadmin','clcadmin','2023-04-07 14:31:16',NULL,NULL,'2023-05-19 08:03:15'),('515120a0-0d8c-4d5a-84f8-cd6f16804ae2','wh01','f297e415-d8d8-4b74-b1f2-17c2c026b4a6',2,'5f807ccf-8f0f-42b4-82b4-548a42149730',NULL,7,NULL,'admin','系統管理者','2023-03-09 23:14:23',NULL,NULL,'2023-05-03 13:58:23'),('517b38ad-bd67-4df1-afa1-f100ed0e5ba6','wh01','a75080f1-24fc-43d8-af87-b473ead8bfba',3,'91d7e12f-662c-4b20-bc2f-3210a16becb6',NULL,0,NULL,'jay','Jay','2023-04-22 21:56:30',NULL,NULL,'2023-04-22 21:56:30'),('51ac9d7c-8b2e-4c23-8c10-5ef48fbca5f3','wh01','19aa1e7c-4eab-490d-8ca6-bff9e48ed851',1,'b7cf215c-9fa7-4155-a844-f1b5bbe9b3b8',NULL,5,NULL,'Ariel','Ariel','2023-04-10 11:01:13',NULL,NULL,'2023-05-10 17:20:32'),('51e93190-5c75-43fb-a129-c20b1542e81b','wh01','a24b8258-595a-41bd-b784-8bfd5ceb9ab2',1,'94d28efe-cf5b-4f15-9cfe-1b71618602fe',NULL,0,NULL,'admin','系統管理者','2023-05-08 16:44:37',NULL,NULL,'2023-05-08 16:44:37'),('51eff29e-fdba-47a2-88c1-03755fd1e751','wh01','b1d46686-447a-4b07-b79b-8f804f439f60',4,'b24f3ef0-dac7-4ce2-b135-6b0c09518678',NULL,0,NULL,'admin','系統管理者','2023-04-22 20:39:36',NULL,NULL,'2023-04-22 20:39:36'),('5216d9fb-31d9-419f-bfe7-f3d51abc4a9a','wh01','1399f88b-044b-481e-baf6-a48c1a5149a7',2,'092fedee-51bc-446a-a63e-aeb4456104cf',NULL,35,NULL,'clcadmin','clcadmin','2023-04-07 14:50:18',NULL,NULL,'2023-06-09 14:17:31'),('522ffaaf-f9ce-4d6d-a4fb-91df4f7fe572','wh01','0d6e00b3-04b0-46c1-8484-cbc637c446ca',1,'2caf0eaf-9a51-4cfe-b2ed-82b0326f2cb7',NULL,0,NULL,'clcadmin','clcadmin','2023-04-07 14:32:17',NULL,NULL,'2023-04-27 20:12:20'),('524542bd-6ae7-4527-ad85-0a4bde06d76b','wh01','64f79183-8dd8-4907-b48b-efa94a792882',3,'930c0783-5e14-4f68-8b5b-521c76b5eed9',NULL,10,NULL,'jay','Jay','2023-04-21 15:08:17',NULL,NULL,'2023-04-21 15:08:17'),('52895f8e-52e4-4755-b068-0be7b63fdb60','wh01','6667c9e7-b073-4f8b-b443-5690ec111d20',3,'42e3607b-538e-4f85-a1d6-f69363b6af51',NULL,14,NULL,'admin','系統管理者','2023-03-09 23:14:23',NULL,NULL,'2023-06-08 18:52:09'),('528e4ac2-76fc-4f08-bb81-a76941078f26','wh01','2ca012f9-eee3-4364-8b87-70716ea3b4cc',1,'c91251e0-3051-498b-b286-2742bde4b6da',NULL,23,NULL,'admin','系統管理者','2023-03-09 23:14:27',NULL,NULL,'2023-06-07 18:22:03'),('52c3d534-6fe0-4c0d-888b-b1f6108158c3','wh01','f49db7ef-0bb6-452b-872d-d63271559e7c',7,'f16684ce-7cff-4e54-a5bc-2c368ee35dfa',NULL,0,NULL,'wei7961074','Kylie','2023-06-06 10:30:23',NULL,NULL,'2023-06-06 10:30:23'),('52c88c76-4ec8-4eb4-9972-198803e4d162','wh01','087b09ed-70b7-4351-aecf-84f7d87098af',2,'4754d139-f5ad-44a3-9b6d-69ea56a2e9f6',NULL,0,NULL,'Ariel','Ariel','2023-04-10 15:22:35',NULL,NULL,'2023-04-10 15:22:35'),('5339f612-34ed-41ff-8c4e-bf9bda990458','wh01','f85eff33-6197-4933-97dc-3e8d0676d2f2',1,'f1df66d7-ee9e-4cdd-ae8b-3129b52d5c39',NULL,19,NULL,'admin','系統管理者','2023-03-09 23:14:24',NULL,NULL,'2023-06-09 10:42:12'),('53444c35-6c5e-41bf-9aca-9f3c24fd01fa','wh01','f7bc51c8-0e9f-4b37-afc3-c0a2bc1d18fe',1,'77e75a57-d72e-4fde-bfc7-9c81a8c72abc',NULL,0,NULL,'F800229434','Juan Raymond','2023-05-23 14:54:33',NULL,NULL,'2023-05-23 14:54:33'),('534a4576-0f61-42c1-af44-4318b6aa11a9','wh01','7de53f33-b645-4ece-9634-50bfdd875535',1,'1822a77c-f612-4097-996c-b5275e6364cb',NULL,0,NULL,'admin','系統管理者','2023-03-09 23:14:25',NULL,NULL,'2023-03-09 23:14:25'),('53b790cc-3b50-4e20-b565-01a777ef6f27','wh01','f280beac-3f10-44fe-ba96-942a75b0c10c',1,'e3efd482-1df4-4543-8625-740a964a57ad',NULL,0,NULL,'admin','系統管理者','2023-03-09 23:14:24',NULL,NULL,'2023-05-24 17:50:41'),('53ca1b03-e014-4b3f-a111-d61c3c152d22','wh01','707ad91e-9ce0-49a3-9204-45306eda0fd9',1,'8cabc411-a64c-485c-9120-48087144b34a',NULL,0,NULL,'admin','系統管理者','2023-03-09 23:14:24',NULL,NULL,'2023-03-09 23:14:24'),('53ced56a-3921-4e6f-8828-f06bf879d66a','wh01','c399a72e-1d13-44c1-8779-19470237cb9c',1,'223a5c9a-1a7a-45c6-b287-a21e3f8171c6',NULL,0,NULL,'admin','系統管理者','2023-05-08 16:44:37',NULL,NULL,'2023-05-08 16:44:37'),('54253080-3098-4c8d-b26a-2789278b14ab','wh01','62667e28-ffdb-44fc-93e6-340e552d373e',2,'047a5af7-bd76-433b-b747-06cdda0d0d54',NULL,0,NULL,'admin','系統管理者','2023-03-09 23:14:27',NULL,NULL,'2023-03-09 23:14:27'),('54285e05-9d4f-4046-a770-d3ae7879e1ab','wh01','c9fe8529-e8da-4e22-8b2e-c3bd857fa973',1,'910e016a-0e78-4ed3-a8c4-4315ba7d4f1e',NULL,10,NULL,'wei7961074','Kylie','2023-04-21 14:26:20',NULL,NULL,'2023-04-21 14:26:20'),('5451a9e2-c04d-4edf-abda-3667d4f42eca','wh01','d4b821c2-a15c-494a-888d-112a559c24c5',2,'9c87e6c7-a93a-416d-86eb-15de91f87de7',NULL,0,NULL,'F800229434','Juan Raymond','2023-05-30 10:58:46',NULL,NULL,'2023-05-30 10:58:46'),('54714ba9-b231-49cb-99cc-c46c3f6fb311','wh01','dcaa8077-5afa-4f3a-8d72-43fcb10e191a',12,'bf5251f2-abcf-41ad-968a-7143c9ef676d',NULL,0,NULL,'admin','系統管理者','2023-03-09 23:14:25',NULL,NULL,'2023-03-09 23:14:25'),('547f5085-00de-42d8-8de2-ffb66025506a','wh01','4ef0e860-d588-4b5d-8a73-ce0c73c6f174',1,'3826a101-d8da-482a-b5d2-28014d7fb6e2',NULL,10,NULL,'jay','Jay','2023-05-02 17:56:06',NULL,NULL,'2023-05-02 17:56:06'),('5484ec38-15ef-465a-81e9-0086033d3b10','wh01','3e4237b5-9d9d-459e-a60a-7759b4da1efb',1,'9982a237-3492-43f0-91a9-1cf578b9450f',NULL,538,NULL,'Ariel','Ariel','2023-04-10 14:08:33',NULL,NULL,'2023-06-11 14:55:36'),('5490d774-98fe-4512-a05c-eabb311a1f5c','wh01','455cd598-c88e-4231-a7fb-79f271ecc739',1,'377a7116-6c40-4225-8f4b-6df4f75439e9',NULL,92,NULL,'admin','系統管理者','2023-03-09 23:14:24',NULL,NULL,'2023-06-08 08:33:11'),('54b38a1b-ff4b-458c-9548-c803a20dfc1d','wh01','93461777-d9e0-463d-89eb-c4c395d4e796',5,'cfbb5a1b-8671-4acc-98a4-78532e34d441',NULL,0,NULL,'admin','系統管理者','2023-03-09 23:14:26',NULL,NULL,'2023-03-09 23:14:26'),('55004878-e6e6-44a4-9a4d-8e4e9e977e55','wh01','e3740318-a75d-4979-9b89-89b4b32650e1',1,'d6ff14ee-3196-4d40-ab4c-69a9a781339f',NULL,0,NULL,'admin','系統管理者','2023-03-09 23:14:23',NULL,NULL,'2023-03-09 23:14:23'),('5508b920-c787-4c81-ac66-e38f95b1562b','wh01','c16edab6-7795-47f6-b655-e2b4dbe37ccd',2,'6d154b2e-67fb-489a-9f9b-c9e488374b48',NULL,20,NULL,'admin','系統管理者','2023-03-09 23:14:24',NULL,NULL,'2023-06-08 16:59:57'),('5512dd2e-8aca-4883-a481-81c27a42e6e0','wh01','a3d54c38-ee3f-416e-b1ca-86cb98c7a9ad',7,'bc68df49-5ea4-4375-8dbb-4217937e3fdf',NULL,11,NULL,'admin','系統管理者','2023-03-09 23:14:25',NULL,NULL,'2023-05-24 12:31:36'),('551bb8ea-a395-4c49-82ac-29ebe3232a35','wh01','353a294a-ea01-47f0-81ae-6fcb0630a390',1,'21d22397-ce88-468a-9861-37bccb99c438',NULL,0,NULL,'F800229434','Juan Raymond','2023-04-22 17:42:40',NULL,NULL,'2023-04-22 17:42:40'),('552b5538-6c0b-48e9-b621-01d81fef9f02','wh01','0656458f-8601-4f6e-8041-2a83e856342e',1,'3d7894bd-4cb5-42ac-9e10-9e87ff525873',NULL,10,NULL,'wei7961074','Kylie','2023-04-21 13:58:04',NULL,NULL,'2023-04-21 13:58:04'),('553c7ebb-2621-4ff5-9b2f-9fe813a77d10','wh01','400eb5b4-324b-4127-935e-1827c234de63',1,'13b34f9e-b64e-4251-bf7c-7037b175c4c5',NULL,3,NULL,'admin','系統管理者','2023-03-09 23:14:25',NULL,NULL,'2023-06-12 09:06:09'),('558df2db-ac31-4cb5-90e0-366d10754749','wh01','b7afc9a4-ae6f-497b-82db-264bd24df011',1,'0b890018-0b46-4bb5-8b48-4a1620735b4e',NULL,10,NULL,'wei7961074','Kylie','2023-04-21 14:21:21',NULL,NULL,'2023-04-21 14:21:21'),('55bb1e07-338a-4d0e-8763-645317bfd642','wh01','9ce5e86c-d022-4e10-9ed7-6e927cceefd0',1,'efade804-0a5c-4dd7-8b7c-8cdd5881ead2',NULL,49,NULL,'admin','系統管理者','2023-03-09 23:14:24',NULL,NULL,'2023-06-02 18:26:44'),('56185a72-b9e7-421d-b048-687e6590bcd7','wh01','7d369192-e2f1-4187-a052-c95745fc6dae',1,'59d7ec82-48a2-4372-81a2-c753dc9adf42',NULL,66,NULL,'Ariel','Ariel','2023-04-10 15:24:58',NULL,NULL,'2023-06-12 10:47:19'),('56629374-66f1-4cd5-9482-2e043a162b91','wh01','08e02676-2ab7-4aa5-bc04-8c9d760492e1',2,'22823f8d-a49a-49b3-80ac-80db2b79f149',NULL,0,NULL,'Ariel','Ariel','2023-04-25 11:02:53',NULL,NULL,'2023-04-25 11:02:53'),('5679be4f-010c-49f5-b977-f753c3e06fff','wh01','2f711542-e24d-4aff-8f72-d621d8d28596',1,'bdd4efa3-5cfe-4b3c-a290-dfb9443d8aa0',NULL,30,NULL,'admin','系統管理者','2023-03-09 23:14:27',NULL,NULL,'2023-05-08 03:19:20'),('56abd403-1537-4ff3-9337-b205fb2c6109','wh01','0487c778-6d90-4628-abfd-3b927b281bfa',1,'eef5aaf1-cb76-47e1-8882-bcba08efc174',NULL,10,NULL,'wei7961074','Kylie','2023-04-21 14:12:13',NULL,NULL,'2023-04-21 14:12:13'),('56f896c0-4fda-44f2-b064-e8f4d21df666','wh01','984fd54c-72bc-4b4c-8e9d-fd2293b3a834',2,'dcdce890-8432-4e93-b3c9-d67d7fb89155',NULL,0,NULL,'F800229434','Juan Raymond','2023-04-22 17:42:40',NULL,NULL,'2023-04-22 17:42:40'),('5712dc95-8626-448d-a4ab-38a493d9d060','wh01','44571084-a7f0-4e05-87a9-247ccf6626e0',2,'5ecab8fd-54f2-4db6-a109-4013f8230243',NULL,0,NULL,'admin','系統管理者','2023-03-09 23:14:26',NULL,NULL,'2023-03-09 23:14:26'),('572ae780-54c8-428f-9f0c-af7a34e7ef9c','wh01','5e98fc89-977c-4d28-896a-5c9570a3f06f',2,'b8a50e73-e3e8-4761-8abf-2952853587a7',NULL,10,NULL,'wei7961074','Kylie','2023-04-21 14:17:19',NULL,NULL,'2023-04-21 14:17:19'),('5742bec4-7b59-48e3-96dd-4e57d13e3f94','wh01','ff2feb19-8ff0-45c9-8af6-2553aad41ff2',1,'74efac75-73e5-41cf-af3b-fd4cc3d3a225',NULL,4,NULL,'admin','系統管理者','2023-03-09 23:14:26',NULL,NULL,'2023-05-26 09:51:13'),('576fab19-ce33-4196-b384-76105fe71408','wh01','ef10d0d9-b082-4a80-ab52-991f72c321b9',1,'66f72561-b19e-40a0-8455-a3523efd75dc',NULL,9,NULL,'admin','系統管理者','2023-03-09 23:14:24',NULL,NULL,'2023-06-12 09:42:13'),('57d36361-520d-44ae-bfba-454dc757ef1b','wh01','68a86d6c-147e-4fd9-8b4a-2d7e4a399879',1,'c97a3828-5606-40b6-90ce-a8f8700cf2df',NULL,2,NULL,'admin','系統管理者','2023-03-09 23:14:23',NULL,NULL,'2023-05-17 17:26:41'),('57e46251-6ba1-446b-a4c2-f48a11412c66','wh01','cf25375f-b203-44c4-b1e1-db9fb69ac674',4,'5ce4a8d1-abaa-4b44-9c8d-51de8d025d81',NULL,-1,NULL,'admin','系統管理者','2023-03-09 23:14:26',NULL,NULL,'2023-06-08 16:58:10'),('581716eb-5a79-4672-ba0c-329b434802db','wh01','14299e7f-0777-458f-8982-66164d7d4ebf',1,'57556708-f2b8-45a8-9c0b-cefe21cbbd5b',NULL,0,NULL,'wei7961074','Kylie','2023-05-30 10:43:18',NULL,NULL,'2023-05-30 10:43:18'),('5826c049-c930-483f-8c0d-0ce006b556de','wh01','c42fd7e3-a217-4f4d-a4b1-c6fcbb88aa9d',1,'6da94797-9d67-4b5e-98f7-1ea0f73942b6',NULL,1,NULL,'admin','系統管理者','2023-03-09 23:14:24',NULL,NULL,'2023-06-11 13:36:03'),('588c9863-3581-4ee8-8ab6-fb43b229279d','wh01','466a2bf9-19df-443c-ba27-03f20c40e1bb',1,'167023ed-aa35-49a2-a2b7-f8cf1f0b32f4',NULL,0,NULL,'admin','系統管理者','2023-05-08 16:44:37',NULL,NULL,'2023-05-08 16:44:37'),('58a31d31-fc5d-4f9b-8e7d-e9976178fc4e','wh01','e3254089-7b6a-4d89-bb9c-8e152290b735',1,'87c8fd81-803c-4f2f-b597-25f07782e5b9',NULL,10,NULL,'wei7961074','Kylie','2023-04-21 13:57:13',NULL,NULL,'2023-04-21 13:57:13'),('58aa7dff-298a-4f77-b8c4-744aaa9c519a','wh01','3acaf2d5-2e86-4387-b65e-7f4d72c13a3b',3,'f2efc47b-8e00-4ac9-829d-403492775e4a',NULL,0,NULL,'wei7961074','Kylie','2023-06-05 11:12:54',NULL,NULL,'2023-06-05 11:12:54'),('58b57cf4-dd02-44ab-b23b-108db9e76a19','wh01','21acc67b-5d86-4ed4-b20a-928a9e0d6476',6,'b7607044-2219-42e2-8725-a639399a6d54',NULL,0,NULL,'admin','系統管理者','2023-03-09 23:14:25',NULL,NULL,'2023-03-09 23:14:25'),('58fcff57-ee89-425c-a9a8-e130d8213770','wh01','ca872c7f-f7c9-47c6-85d9-c165ca6d827c',1,'4438262a-c6fa-4879-bad1-21bc44d58579',NULL,0,NULL,'wei7961074','Kylie','2023-06-09 15:41:01',NULL,NULL,'2023-06-09 15:41:01'),('58ffbf86-4b67-49c7-82e8-aa7ddd9530cf','wh01','52b31124-ab79-42fa-a0de-cc07a295f5d9',1,'d55b6e7d-a2dc-4321-b902-5816d4d85e4b',NULL,0,NULL,'admin','系統管理者','2023-03-09 23:14:26',NULL,NULL,'2023-03-09 23:14:26'),('5959af82-8111-43a0-b710-69581ce6d53b','wh01','5dc7380e-91a4-46c8-a55f-6975fac6e478',1,'7a742abf-05e7-4b4e-9a65-420e6c2daeee',NULL,0,NULL,'F800229434','Juan Raymond','2023-05-30 10:58:46',NULL,NULL,'2023-05-30 10:58:46'),('59870146-31e8-4141-aaa6-eb7778fd58f7','wh01','33ce01b9-4ae4-42c2-b63e-cf826e160090',1,'b5773469-aca6-4ec1-a914-3855c9bc4bec',NULL,0,NULL,'admin','系統管理者','2023-03-09 23:14:27',NULL,NULL,'2023-04-11 14:18:59'),('59cbf04d-f88b-4ece-8263-de0bdcd36991','wh01','1fd4086c-46e6-42fe-9967-c1e1220fa3e8',1,'f9763068-109d-4d02-8ab1-79176a5bf0f8',NULL,15,NULL,'admin','系統管理者','2023-03-09 23:14:25',NULL,NULL,'2023-06-07 16:43:34'),('5a2ee5a5-60ab-4d6c-8b19-755c616ef970','wh01','d053f339-d2f0-44cc-b640-68e611061a71',2,'74e9a090-0b45-4e22-b3ab-c3215b5d52bd',NULL,0,NULL,'F800229434','Juan Raymond','2023-04-22 17:42:39',NULL,NULL,'2023-04-22 17:42:39'),('5a454c3d-468b-486f-bb09-160d889c4b1d','wh01','e0e8999e-c933-4309-882a-c328930e91dc',1,'48901ca2-a5ad-496e-a98d-2c241c9490d6',NULL,0,NULL,'wei7961074','Kylie','2023-06-05 10:39:12',NULL,NULL,'2023-06-05 10:39:12'),('5a57c4c1-bbbf-4aaa-9610-9b0a32d11028','wh01','0fe7ae98-ead6-4d5b-a3d9-ca7a10863748',3,'3c192414-82cd-4902-b052-4cb3a12873e3',NULL,0,NULL,'F800229434','Juan Raymond','2023-05-02 15:40:45',NULL,NULL,'2023-05-02 15:40:45'),('5a619818-d20f-48da-9a0c-4e82ea0d15b6','wh01','baa274d5-9858-45d1-890d-30750639dbd2',1,'a87fb025-a668-4d41-a9a1-978032e631ac',NULL,10,NULL,'jay','Jay','2023-04-13 22:13:23',NULL,NULL,'2023-06-08 15:22:27'),('5a720f00-5954-45f8-aa92-8c166039b996','wh01','a32de8e7-48df-413c-a974-45d1dd45b9a5',3,'f5a255ad-9687-4abc-abbb-88637248cfd1',NULL,10,NULL,'wei7961074','Kylie','2023-04-21 14:36:32',NULL,NULL,'2023-04-21 14:36:32'),('5a753752-2658-4ef3-82be-065533c77db1','wh01','ac26f5a8-1eb2-4886-b57e-9f99517ee0f5',1,'d4ea79a1-e0cb-47e0-9c6b-a1adca12e390',NULL,0,NULL,'admin','系統管理者','2023-05-08 16:44:37',NULL,NULL,'2023-05-08 16:44:37'),('5a80958b-53cd-4ea2-95b2-a05a30b915af','wh01','178bf0fa-ae92-422d-b2c4-6a9cef76ae51',1,'c44b4b0a-6502-42d3-b28c-2bcab2380e27',NULL,0,NULL,'clchanas','hanas','2023-04-27 15:07:15',NULL,NULL,'2023-04-27 15:07:15'),('5a8dfd33-4a78-410e-8e35-5e674046ba1c','wh01','0fe7ae98-ead6-4d5b-a3d9-ca7a10863748',2,'0fb33881-8d22-449f-bdc0-7f38b48f90db',NULL,0,NULL,'F800229434','Juan Raymond','2023-05-02 15:40:45',NULL,NULL,'2023-05-02 15:40:45'),('5ab9c5da-9494-469c-8aff-2aed1b198e2b','wh01','e06c86ed-3b27-446f-a1c7-7bb563a6c62f',1,'ec1d76fe-330d-440e-adad-77d2061c9176',NULL,34,NULL,'admin','系統管理者','2023-03-09 23:14:25',NULL,NULL,'2023-06-09 10:21:46'),('5ac47536-15a9-40d7-8367-256111631682','wh01','f85eff33-6197-4933-97dc-3e8d0676d2f2',5,'ff56caa9-9840-4722-9fb7-3c1c633bf983',NULL,31,NULL,'admin','系統管理者','2023-03-09 23:14:24',NULL,NULL,'2023-06-11 13:46:51'),('5b5425c5-1a0a-4658-abaf-20acb8b87aa7','wh01','83c53370-1db7-4627-87d3-5c45a1f5ab75',4,'174b610b-da3c-433e-bdda-08f3d38176af',NULL,0,NULL,'F800229434','Juan Raymond','2023-05-03 11:50:06',NULL,NULL,'2023-05-03 11:50:06'),('5b616410-c7f2-419e-b5fe-cbc1c31c740e','wh01','f45f14d9-dc5a-4482-8978-81a749fc429f',1,'74f7cf77-a7e1-4076-a2e0-a2ee8748264b',NULL,29,NULL,'admin','系統管理者','2023-03-09 23:14:26',NULL,NULL,'2023-06-11 12:06:05'),('5b63f019-720c-4ae1-a270-7d47bc65edc0','wh01','b0d127a5-806a-4181-8821-28ce1e5520ef',1,'31746765-34b3-495a-9a5b-f23968391551',NULL,26,NULL,'admin','系統管理者','2023-03-09 23:14:24',NULL,NULL,'2023-06-08 14:43:37'),('5b951233-68a2-46e0-bf2b-32355f40e663','wh01','e311a504-6ffd-4cbe-b339-377de42918b8',1,'fc47c552-ade8-41a5-98e6-20fb7f818ea3',NULL,0,NULL,'admin','系統管理者','2023-03-09 23:14:27',NULL,NULL,'2023-04-11 14:18:56'),('5bb7d3ef-97de-4626-8fe1-805f54f3b6ab','wh01','92e8716a-f3a4-4ac7-9f38-3cfbb96cf137',1,'f11ad64a-1d6f-47c1-a214-3af1451eaa01',NULL,0,NULL,'F800229434','Juan Raymond','2023-05-03 11:50:06',NULL,NULL,'2023-05-03 11:50:06'),('5c1e2646-b9d5-4cd7-a462-0706d5b5ba50','wh01','ad5b2858-fc82-439e-8126-ef3391e0f1f2',1,'81d18746-f5dd-4dd7-8abc-4fc62224f9c9',NULL,0,NULL,'admin','系統管理者','2023-03-09 23:14:27',NULL,NULL,'2023-04-11 14:18:59'),('5c8a5ac2-70a0-417c-9bbf-45ccc62af424','wh01','d8478ffa-507d-436b-a462-f710ff05f439',3,'290c0e90-7e89-4f75-ae5f-9c51cd9f99fe',NULL,0,NULL,'admin','系統管理者','2023-03-09 23:14:26',NULL,NULL,'2023-03-09 23:14:26'),('5ca2c495-4199-4998-a1ca-9ce996bf8a5b','wh01','e2502e3e-10bb-47ac-a1b8-4f1a53594a0f',1,'f4c67347-e809-4cba-ad32-14153e4cf8a8',NULL,37,NULL,'admin','系統管理者','2023-03-09 23:14:25',NULL,NULL,'2023-06-06 11:39:49'),('5cb0936c-8b18-4e80-95b2-9a7bda6a2ab3','wh01','2e8b85d7-c8e7-43ed-9dea-e39ef839c70b',3,'852d836a-79d0-4222-ba53-da034c0af629',NULL,17,NULL,'admin','系統管理者','2023-03-09 23:14:24',NULL,NULL,'2023-06-02 11:42:55'),('5cb54c54-08d1-4703-8653-2771da0f5154','wh01','2738f001-2d44-47db-99d3-2dfdd424b67e',3,'c4bd1dec-3495-45b3-beaf-eb33d0de73c5',NULL,0,NULL,'Ariel','Ariel','2023-04-10 12:27:22',NULL,NULL,'2023-05-24 12:54:37'),('5cc6f91a-806f-465b-bb4f-693745f2de99','wh01','5c5f9afc-7920-4396-8d96-b6c4d7bf0660',2,'b5ddd993-31aa-447e-9638-2399f20b2ecc',NULL,0,NULL,'admin','系統管理者','2023-03-09 23:14:26',NULL,NULL,'2023-03-09 23:14:26'),('5cc99c94-e91d-4323-9f00-06564ed950fb','wh01','ccdf8a9e-a7c9-4092-87e5-33ea01f01b83',1,'c571cd55-ee81-41d3-91fd-de474450e0fb',NULL,10,NULL,'wei7961074','Kylie','2023-04-21 14:16:09',NULL,NULL,'2023-04-21 14:16:09'),('5cea5688-1c91-4f80-8c5a-f243e57ddf9f','wh01','acbf8888-47d9-4f38-86e4-fc1d1045c224',1,'b08e80dd-732d-4590-b256-0bdaf7fe5b70',NULL,0,NULL,'admin','系統管理者','2023-03-09 23:14:26',NULL,NULL,'2023-03-09 23:14:26'),('5cf10005-8f9f-4e2b-9e61-25645328b896','wh01','78931842-9725-4449-a4a6-6fce80befefc',2,'04e96075-45f2-432f-8498-e54828735bfe',NULL,0,NULL,'admin','系統管理者','2023-03-09 23:14:23',NULL,NULL,'2023-05-31 15:07:51'),('5d212e37-ead3-4ff2-a13f-7c43c4c2755f','wh01','49f85938-f591-421f-a46c-ca2b302f319e',3,'71541e6b-00af-4d82-991b-5e95374a0996',NULL,0,NULL,'jay','Jay','2023-04-22 21:50:25',NULL,NULL,'2023-04-22 21:50:25'),('5d397bd5-c145-4931-86fd-aaced76f1a1f','wh01','8414c0e4-bd79-4894-88f2-4538da489597',4,'9f99a5cb-d03d-4ecd-9ba2-edba6b2369bb',NULL,0,NULL,'F800229434','Juan Raymond','2023-04-22 17:42:40',NULL,NULL,'2023-04-22 17:42:40'),('5d692b0c-a576-48ac-87f5-eabd66f0356f','wh01','5815619c-8c94-4de0-b359-761934b29bd3',3,'82b61b90-7569-4ed7-a88a-3e8a2cca124d',NULL,10,NULL,'wei7961074','Kylie','2023-06-05 11:14:29',NULL,NULL,'2023-06-11 18:57:01'),('5d70d55f-2d8c-46ed-b76d-d162f57a0aa2','wh01','788f9593-ae28-4bf5-923d-0ba8decd26bc',1,'5b6a2be0-9e3d-430f-81bf-8efeb4d2734d',NULL,8,NULL,'admin','系統管理者','2023-03-09 23:14:23',NULL,NULL,'2023-06-12 09:34:07'),('5da89425-7669-480e-bc60-d5d1e33f408c','wh01','b3969a5c-3d6e-4ba7-9c67-0c2f523ad000',2,'17c941f7-0f5f-4969-adaa-5f839f902fea',NULL,0,NULL,'F800229434','Juan Raymond','2023-04-22 17:42:40',NULL,NULL,'2023-04-22 17:42:40'),('5dbcd19d-5805-4f5a-944e-0a4155fef3d5','wh01','8ca4f4a8-21fa-4466-9621-ba234171b903',2,'de6946e2-ad66-46a8-9db1-7253f0bf1479',NULL,47,NULL,'admin','系統管理者','2023-03-09 23:14:23',NULL,NULL,'2023-06-01 17:32:54'),('5e33375a-4d16-43df-9487-a92d89a676fb','wh01','3be23a33-6aa8-462c-a566-77112e0f5cef',1,'febc0f49-41ac-43d3-8888-3d8cedc590f0',NULL,20,NULL,'admin','系統管理者','2023-05-08 16:44:37',NULL,NULL,'2023-05-08 18:21:37'),('5e6698a4-bf20-4607-b0f2-a50a083b7cb1','wh01','2b9497df-1c27-4efb-9189-f3b59aa31733',1,'49e66896-54f3-4486-9374-2dff8dc79f0a',NULL,31,NULL,'admin','系統管理者','2023-03-09 23:14:23',NULL,NULL,'2023-06-12 11:45:40'),('5e6f1d62-62a4-41fc-8e65-0e94bccff038','wh01','a7f82047-3108-4b72-8cf4-863c4962392a',3,'971efe16-be79-4db5-af0a-738122a80885',NULL,13,NULL,'admin','系統管理者','2023-03-09 23:14:23',NULL,NULL,'2023-06-07 17:22:22'),('5e8af63a-2b23-4055-9776-a433e8a3f00f','wh01','6667c9e7-b073-4f8b-b443-5690ec111d20',1,'54f5490c-1e99-493d-b813-4c9923b3dde2',NULL,20,NULL,'admin','系統管理者','2023-03-09 23:14:23',NULL,NULL,'2023-05-12 10:07:44'),('5ec8c55e-21bb-4c66-b14b-490f1d541a17','wh01','db272c5c-beda-4ec1-9770-28dc8d34c9e4',2,'fb1e39aa-773e-4b75-a1e9-129dd4b287e9',NULL,0,NULL,'F800229434','Juan Raymond','2023-05-30 10:58:46',NULL,NULL,'2023-05-30 10:58:46'),('5ed758de-256a-4964-9d46-ad8d987a582e','wh01','b1d46686-447a-4b07-b79b-8f804f439f60',2,'0c7bf7e2-e5a1-4fd4-8eef-7300501da414',NULL,0,NULL,'admin','系統管理者','2023-04-22 20:39:36',NULL,NULL,'2023-04-22 20:39:36'),('5f9d9557-f524-4749-ae7d-9e24c4e6061a','wh01','5ed84644-a186-4b6e-b4c2-6930f3f7b6ee',2,'f4364551-0d7e-4d6b-935b-9c856f9e23ef',NULL,10,NULL,'wei7961074','Kylie','2023-04-21 14:34:01',NULL,NULL,'2023-04-21 14:34:01'),('5fb33e82-1c25-43c4-a2bc-18fedc899fc1','wh01','c16edab6-7795-47f6-b655-e2b4dbe37ccd',1,'ed3233a8-c1ab-40b1-9b8a-df88a0cca53d',NULL,21,NULL,'admin','系統管理者','2023-03-09 23:14:24',NULL,NULL,'2023-06-08 14:54:08'),('5fb625a5-e8ec-4ab4-a6bd-c0f848b79d2c','wh01','0c7d5d35-c5a0-42cf-a098-1e80b351c98b',1,'6fb3eb7a-1d1b-4294-a328-7709a13c0abd',NULL,0,NULL,'F800229434','Juan Raymond','2023-04-22 17:42:39',NULL,NULL,'2023-04-22 17:42:39'),('5fcdd5de-bf06-497f-ae1a-917e8b0e6e79','wh01','4be03037-b7bd-4b14-bc02-7a7c676353bb',1,'e868d238-ae4c-4d57-98b4-e46e5369817b',NULL,0,NULL,'F800229434','Juan Raymond','2023-05-23 14:54:33',NULL,NULL,'2023-05-23 14:54:33'),('5ff868c4-d667-47aa-aa7d-7087f77e1cc2','wh01','ca9f0e0c-36b2-4a50-9c9e-e330ca11de75',1,'6788bfb9-29ae-4c3d-82f0-04792160431a',NULL,10,NULL,'Ariel','Ariel','2023-04-21 14:34:53',NULL,NULL,'2023-04-21 14:34:53'),('602bb93f-7ed1-4fb9-954f-25df0f676990','wh01','a75080f1-24fc-43d8-af87-b473ead8bfba',2,'40fff414-5d18-40bb-a2d4-8d742c061a44',NULL,0,NULL,'jay','Jay','2023-04-22 21:56:30',NULL,NULL,'2023-04-22 21:56:30'),('602f8130-7bc5-439f-b115-7885b52e5548','wh01','a12bae17-8fa6-477e-958d-84a89a281f8f',1,'72cd22ad-5c2f-4546-99a2-d1cd2089900d',NULL,0,NULL,'F800229434','Juan Raymond','2023-04-22 17:42:39',NULL,NULL,'2023-04-22 17:42:39'),('60363716-a419-4b1f-807e-8b7d639ebc2e','wh01','f6db5c97-065d-4a65-9ad9-95e3f87e9df6',1,'def31eca-e99c-464a-9c25-937f1724e4ff',NULL,0,NULL,'admin','系統管理者','2023-03-09 23:14:24',NULL,NULL,'2023-03-09 23:14:24'),('605dd407-c11a-4b91-a5b5-fb4a8646e8ea','wh01','43ddd41a-f35e-452a-8e81-56c2d338ea3f',1,'e0ceb6d7-3008-4829-9e63-5252b70d5a48',NULL,13,NULL,'admin','系統管理者','2023-03-09 23:14:23',NULL,NULL,'2023-06-12 10:47:19'),('6074fcb3-9f49-4ad7-948e-2edd7bb1b44e','wh01','5e98fc89-977c-4d28-896a-5c9570a3f06f',3,'7cf593ed-8462-424a-a94d-a385e20c6da0',NULL,10,NULL,'wei7961074','Kylie','2023-04-21 14:17:19',NULL,NULL,'2023-04-21 14:17:19'),('60dfcb15-7d87-4df0-ac1c-8a698866db79','wh01','f7c36c36-dd80-43b6-a485-0e02de1eea8c',2,'9dc665c4-69e3-468d-b261-af323b2822a7',NULL,21,NULL,'admin','系統管理者','2023-03-09 23:14:23',NULL,NULL,'2023-04-19 14:39:45'),('60ea0304-562c-4089-ba87-da588a60e4c2','wh01','21acc67b-5d86-4ed4-b20a-928a9e0d6476',1,'a7b00e81-f7bf-496b-8782-8b39849462d3',NULL,0,NULL,'admin','系統管理者','2023-03-09 23:14:25',NULL,NULL,'2023-04-11 14:18:58'),('61093b04-40e5-4e35-b9a8-4bd11d8d9a21','wh01','ead9a324-288e-4590-a3d8-37186bc4c419',2,'2ad5e78d-9712-45da-87c0-db030f4e7cfd',NULL,0,NULL,'admin','系統管理者','2023-03-09 23:14:25',NULL,NULL,'2023-03-09 23:14:25'),('610b5017-ea1f-4fdf-b869-fc1d3e264f4e','wh01','5323a76d-da6b-460f-95ab-39642d5afbc0',1,'a2604f2d-2b3d-476f-8ecc-54db6911e625',NULL,0,NULL,'admin','系統管理者','2023-03-09 23:14:24',NULL,NULL,'2023-06-11 13:36:03'),('61380ccd-fe5d-429a-a78e-40b644d45fe0','wh01','bec4e0c4-7fa7-4dd4-9e3d-340b40f78ce2',2,'a13135ef-c9fc-44a9-bdd3-5451d163ea5c',NULL,47,NULL,'admin','系統管理者','2023-03-09 23:14:25',NULL,NULL,'2023-06-04 17:09:55'),('614b2a4b-e3bd-4e8d-b59c-5ef7fa4a8f8e','wh01','e1606b10-59a3-49e7-9fa7-3bfe862ed64a',2,'52dc4e50-9387-480f-a6de-0db413ea0006',NULL,30,NULL,'admin','系統管理者','2023-03-09 23:14:23',NULL,NULL,'2023-05-27 15:05:15'),('614b2f3d-ad42-4be7-9869-b33b8b44ebcf','wh01','8db1f785-49e3-4b00-9418-592ccdd413e1',1,'e61ad890-f1cb-4f36-b5e6-500d9422dcc2',NULL,0,NULL,'admin','系統管理者','2023-05-08 16:44:37',NULL,NULL,'2023-05-08 16:44:37'),('615a1be8-a109-4016-9581-0d32eb221728','wh01','5ed673ef-03a4-404b-acfc-1a9ca254c4ce',3,'6c48d202-772c-43ae-97f0-6e35f7065310',NULL,0,NULL,'admin','系統管理者','2023-03-09 23:14:27',NULL,NULL,'2023-04-11 14:19:01'),('615a9c6c-8798-42eb-a11c-9da09b19d792','wh01','afdb2b8a-42c7-42cf-8d42-231ad8d13663',1,'e1bfbbe1-2238-42cf-a7a8-f731ee8b58d4',NULL,0,NULL,'admin','系統管理者','2023-03-09 23:14:26',NULL,NULL,'2023-03-27 12:52:12'),('61749d9d-4d6e-4c19-b20a-16e92c53a1f2','wh01','a75080f1-24fc-43d8-af87-b473ead8bfba',1,'1a0ee922-56cf-4bee-af87-a10a26ca32dc',NULL,0,NULL,'jay','Jay','2023-04-22 21:56:30',NULL,NULL,'2023-04-22 21:56:30'),('61ce750f-c4ba-4320-8502-fa610f3178d2','wh01','832a3ce6-bf98-4005-b90a-0b778c2b093e',1,'6cfa3f18-9dd7-40c5-8218-18a463274123',NULL,0,NULL,'admin','系統管理者','2023-03-09 23:14:24',NULL,NULL,'2023-03-09 23:14:24'),('621eb5d7-9be0-42b2-a5fe-63cb8c5d98d2','wh01','3acaf2d5-2e86-4387-b65e-7f4d72c13a3b',4,'687f36e7-09f5-4c25-b9be-c5351b4ceb60',NULL,0,NULL,'wei7961074','Kylie','2023-06-05 11:12:54',NULL,NULL,'2023-06-05 11:12:54'),('6229c9c7-6901-47e8-832d-73a4021e37ee','wh01','30bcf6dd-d355-480d-9779-c9b5ca578153',2,'e3f8a7d4-a0d9-4d80-91a7-1ca8f2dae4d5',NULL,0,NULL,'F800229434','Juan Raymond','2023-04-22 17:42:39',NULL,NULL,'2023-04-22 17:42:39'),('6258c21d-1008-41f5-a2d4-e3bdc7ee15d9','wh01','279fdd5d-9a8a-41a1-8b1b-1e83e4b16fc9',6,'ef66e820-dcb6-4a05-9bb2-18ca6448f2a0',NULL,10,NULL,'wei7961074','Kylie','2023-04-21 14:33:30',NULL,NULL,'2023-04-21 14:33:30'),('628dd182-8a76-410d-9214-18575d224794','wh01','cc0458b2-6d48-4471-af80-e4b6fff83cfa',1,'1d7b49b6-2880-43a9-8fdb-76133e5cf2aa',NULL,10,NULL,'Ariel','Ariel','2023-04-21 14:20:46',NULL,NULL,'2023-04-21 14:20:46'),('62ad2e6c-292e-42a4-a657-1c260187d334','wh01','86dfae9e-12fa-4f9f-8816-65194aba549c',3,'5f100500-1494-400a-b46a-31c0cf4bd389',NULL,0,NULL,'admin','系統管理者','2023-03-09 23:14:25',NULL,NULL,'2023-06-08 08:33:11'),('62e5cce1-f6a8-40aa-925e-8286d14a3a25','wh01','d9086940-39ac-449a-9f3b-36006c9e1754',1,'d24ed48f-536c-4394-a7a9-bfbd9a533568',NULL,166,NULL,'admin','系統管理者','2023-03-09 23:14:24',NULL,NULL,'2023-06-08 13:56:16'),('62f41f8c-1109-47bd-8dd1-ab7e5dba4032','wh01','1a9ccdb6-cced-4156-b19f-4d75ad254bb8',1,'1b820aec-9c3a-4756-b2c9-2996170c6712',NULL,10,NULL,'wei7961074','Kylie','2023-04-21 14:14:49',NULL,NULL,'2023-04-21 14:14:49'),('6321b49c-9757-4c80-9652-031bf84060fb','wh01','684ac9b6-fe72-40fe-bdce-030fb0339f02',1,'897d958e-c4ab-4139-9aac-b475041bb198',NULL,0,NULL,'Ariel','Ariel','2023-04-12 11:12:10',NULL,NULL,'2023-04-12 11:12:10'),('63291354-82f1-4e3b-90d0-0f36878e091f','wh01','45b8c1aa-2ca6-4455-b329-5fda2698e1ad',1,'cd88847a-d419-46cf-bdb2-3b354788bf63',NULL,10,NULL,'wei7961074','Kylie','2023-06-02 13:27:47',NULL,NULL,'2023-06-02 13:27:47'),('633a5f9a-4e93-4d3e-b6b0-c7ae03dd41df','wh01','2d4e70ad-e72b-4989-b058-53b776f306e1',1,'1d432097-0d21-4804-a788-9ceece9a0556',NULL,54,NULL,'admin','系統管理者','2023-03-09 23:14:23',NULL,NULL,'2023-06-07 11:35:16'),('634431e6-f6f4-4f30-8999-980431aad324','wh01','8414c0e4-bd79-4894-88f2-4538da489597',1,'6ff18ae2-331c-4447-b3a9-85508578b290',NULL,0,NULL,'F800229434','Juan Raymond','2023-04-22 17:42:40',NULL,NULL,'2023-04-22 17:42:40'),('6348b95b-4ac3-4ab9-9c21-fed0ffff95ae','wh01','90d83c1a-344e-4471-bec9-0f2d3ed679d5',1,'6261979b-fcf4-4772-b9c9-01a0a2a2f41d',NULL,69,NULL,'admin','系統管理者','2023-03-09 23:14:25',NULL,NULL,'2023-06-11 13:44:28'),('63a0ec73-d5fa-4f9d-8d41-32023ba56fb0','wh01','6fcfece8-782e-4aea-a6ad-1834ad811f0b',2,'c8d091b8-8010-4136-99c2-c8bf5108d96c',NULL,0,NULL,'F800229434','Juan Raymond','2023-05-02 15:40:45',NULL,NULL,'2023-05-02 15:40:45'),('63b6f03f-39d0-4d77-a35e-a6fefa3e4629','wh01','1d93744b-9620-4bd4-a984-5e4150603f81',1,'729f35de-7dff-4ef8-acb6-e943ec5bd082',NULL,80,NULL,'admin','系統管理者','2023-03-09 23:14:25',NULL,NULL,'2023-06-08 15:18:08'),('63bb8748-5d91-41c8-8421-e832bda08f7f','wh01','0d6e00b3-04b0-46c1-8484-cbc637c446ca',2,'35559672-63e5-4e93-88ac-b01fea61f7b1',NULL,0,NULL,'clcadmin','clcadmin','2023-04-07 14:32:17',NULL,NULL,'2023-04-07 14:32:17'),('63d8fce7-6f4b-4959-b4b6-365d8c245f50','wh01','42382862-f7b4-42fd-995d-6cc7785c8a7a',1,'f8346783-41ab-4a27-ada2-9c27ea360e8f',NULL,0,NULL,'admin','系統管理者','2023-03-09 23:14:23',NULL,NULL,'2023-03-09 23:14:23'),('63fd32e9-dee4-4ec2-b838-eba171b9dac4','wh01','c9c98e2c-7bb7-43de-ad2d-600e1b828cf9',3,'b8f23184-4786-4c54-877f-f2b80fdbd719',NULL,6,NULL,'admin','系統管理者','2023-03-09 23:14:25',NULL,NULL,'2023-05-29 14:48:45'),('6402fcd5-938c-4f64-93b1-457b8d2ff164','wh01','19f2d62a-4b1c-4a23-8fd9-27f0e1185890',1,'66093a96-032e-4e4d-90d4-7e0f8aaeaa8c',NULL,0,NULL,'admin','系統管理者','2023-03-09 23:14:23',NULL,NULL,'2023-05-24 19:04:17'),('64056b7d-3ef0-4da2-a574-d53256b5d1ba','wh01','94d75cd8-8621-4042-9121-7d31ff020e4d',1,'e4058b6c-f6ec-4c61-9227-4919f2beb16f',NULL,0,NULL,'admin','系統管理者','2023-05-08 16:44:36',NULL,NULL,'2023-05-08 16:44:36'),('646162d3-d8fb-4633-90d2-e216e905a281','wh01','f7c36c36-dd80-43b6-a485-0e02de1eea8c',1,'a6875644-f993-4a81-ae8b-aa0e279805cd',NULL,24,NULL,'admin','系統管理者','2023-03-09 23:14:23',NULL,NULL,'2023-06-02 12:21:25'),('648e67dc-04e9-4e88-80ac-afd03e15c85a','wh01','ec97b54e-510d-4c47-b03a-663514365504',1,'08d92098-422d-490f-bb02-5f5c2603e585',NULL,0,NULL,'F800229434','Juan Raymond','2023-04-22 17:42:39',NULL,NULL,'2023-04-22 17:42:39'),('64c4601a-8faa-4ec5-8c3e-7a5127adc614','wh01','02f065b7-80ff-437e-801d-069968ba775e',7,'82bfc148-49f3-46f6-b850-8ad1fdbdf276',NULL,4,NULL,'clcadmin','clcadmin','2023-04-07 11:40:59',NULL,NULL,'2023-06-05 15:46:40'),('64c88cf7-3b19-4942-ac90-ec14c968e436','wh01','3f43f846-a9fa-41ca-9208-4420d33f203a',4,'6f5b1c6e-6f93-4643-a39a-dd2f1246cc93',NULL,0,NULL,'admin','系統管理者','2023-03-09 23:14:27',NULL,NULL,'2023-03-09 23:14:27'),('652e09d2-e7da-4ca3-bd97-a69802c0296f','wh01','3e2cd22b-b0a8-4087-8492-6667aef0b0e8',1,'b3a72051-2961-4fe1-bc6f-9b157e7cc186',NULL,0,NULL,'admin','系統管理者','2023-03-09 23:14:26',NULL,NULL,'2023-03-09 23:14:26'),('65487886-f3e3-433b-9548-3c00ba76c709','wh01','b0797631-89ea-41a8-b320-6a6f048f9b86',2,'815df380-d03d-4551-9ea7-ef6858a13775',NULL,0,NULL,'admin','系統管理者','2023-03-09 23:14:27',NULL,NULL,'2023-03-09 23:14:27'),('65b7b03c-80af-4299-8760-390012e92745','wh01','e35701a5-b061-47d4-af3f-983aea9f4468',4,'131a0aa3-fe9e-45cc-a297-933a803f567c',NULL,83,NULL,'admin','系統管理者','2023-03-09 23:14:26',NULL,NULL,'2023-06-05 15:57:33'),('65f9b5b1-1159-4aea-b7ad-51b8a91ff7c6','wh01','f49db7ef-0bb6-452b-872d-d63271559e7c',2,'d1d341c4-b4c2-44fb-b0fb-a206fdae2965',NULL,0,NULL,'wei7961074','Kylie','2023-06-06 10:30:23',NULL,NULL,'2023-06-06 10:30:23'),('661a00b5-6951-4ce9-9d21-dc7c6a6e9040','wh01','d99341ef-db75-4647-8026-abba571259b7',2,'f90d5852-7713-49df-9a12-fbb0f19cb351',NULL,0,NULL,'F800229434','Juan Raymond','2023-04-22 17:42:40',NULL,NULL,'2023-04-22 17:42:40'),('664cf61a-30a2-4c3a-ab31-b1679e3f1a5f','wh01','e69b5814-aea1-467a-9f0d-e0b3b0c4fe43',5,'db0dd546-8b92-4352-b620-846be32dab36',NULL,15,NULL,'admin','系統管理者','2023-03-09 23:14:27',NULL,NULL,'2023-05-28 16:23:35'),('666a8ac9-638d-4d1c-aef1-896aa9912900','wh01','6f91c60a-fdb6-4792-aed2-e5a862e7ae04',3,'a6327d67-766f-4a44-94e5-948085839ce0',NULL,0,NULL,'F800229434','Juan Raymond','2023-04-22 17:42:39',NULL,NULL,'2023-04-22 17:42:39'),('668c1e6a-e10e-41f2-83a0-56f6a6d17adf','wh01','09e921f5-6da6-49f2-90b7-ecef6caf52bd',1,'72b8c5a8-dd46-49c2-98f5-9db141203168',NULL,0,NULL,'Ariel','Ariel','2023-04-25 11:09:34',NULL,NULL,'2023-04-25 11:09:34'),('66af6edc-7ae8-416c-9e22-aa75fd4b4f1b','wh01','1ed0fbb9-21eb-4510-ae04-66b02c2d9d7b',1,'c5042fa1-4190-48e0-8fcb-67c5ea2fec36',NULL,969,NULL,'admin','系統管理者','2023-05-08 16:44:37',NULL,NULL,'2023-06-06 18:08:55'),('66e130e1-ed7e-42ea-b6f5-6bae215fddf5','wh01','fc4e849f-160e-48e1-95ed-cde3b3cebd10',2,'16cb628b-4a91-4f32-a781-35dbddb665dc',NULL,14,NULL,'admin','系統管理者','2023-03-09 23:14:24',NULL,NULL,'2023-06-12 10:47:19'),('66f3dbf1-8078-44e4-8179-aadad7d11499','wh01','0d6464c2-eed8-4546-b0c7-a4a39d245e54',5,'2be00f49-0fe6-4dd5-bc67-130252b4e721',NULL,18,NULL,'clcadmin','clcadmin','2023-04-07 14:31:16',NULL,NULL,'2023-06-07 09:51:08'),('672b0c20-a9ad-4267-b4ad-b681dab28f95','wh01','d9086940-39ac-449a-9f3b-36006c9e1754',2,'f2dc4863-5262-44a0-99f4-7e95222fe1c1',NULL,168,NULL,'admin','系統管理者','2023-03-09 23:14:24',NULL,NULL,'2023-06-11 11:49:57'),('67671e26-db27-4c05-8008-41f8de39971b','wh01','dfa2a48e-8ee9-45aa-8368-2256df70383f',3,'ff302ac6-feae-4b85-a69f-521be196bd98',NULL,7,NULL,'admin','系統管理者','2023-03-09 23:14:24',NULL,NULL,'2023-06-07 09:51:08'),('67a8ea19-e223-4279-928b-47d59ec77701','wh01','80b2cf84-83ee-415d-b2ba-1e18cdc7daf3',1,'6a7e7d55-9205-46de-82e7-be72152a3416',NULL,17,NULL,'admin','系統管理者','2023-03-09 23:14:25',NULL,NULL,'2023-05-31 11:46:18'),('67ae2362-71b9-4341-a3cf-4e26c9181d25','wh01','ccdf8a9e-a7c9-4092-87e5-33ea01f01b83',4,'d120ec90-335d-48b2-90c8-8204162b1ab9',NULL,10,NULL,'wei7961074','Kylie','2023-04-21 14:16:09',NULL,NULL,'2023-04-21 14:16:09'),('67ba2b37-a32f-4482-9c6e-2580ea025496','wh01','c055e67a-b77d-4532-a170-5dd2050dc126',1,'cef00d5a-3b22-4f9b-a7a2-4d18f6fae8f4',NULL,0,NULL,'admin','系統管理者','2023-03-09 23:14:25',NULL,NULL,'2023-03-09 23:14:25'),('68588e2b-fcd1-44b5-9450-5fadd35df728','wh01','a51e3d22-d7c2-428b-a9a9-01c615941ca8',6,'2843ffce-d47a-4b49-85cc-3e3874232654',NULL,37,NULL,'wei7961074','Kylie','2023-06-05 11:11:12',NULL,NULL,'2023-06-11 11:51:52'),('6877282b-ccfe-4cc7-870d-bcbe007b16ad','wh01','e53446e5-6437-4a2a-a732-e38149c5c73e',1,'3f4de8ed-3668-4084-8e51-ad34c9591291',NULL,24,NULL,'admin','系統管理者','2023-03-09 23:14:25',NULL,NULL,'2023-06-06 11:06:51'),('68923ccc-5c19-4d7a-b508-da86bd22b494','wh01','554ec53e-29c1-4c67-8e74-b3213d80aed5',1,'1bdb7530-1dfa-4347-b32d-468211fba6fa',NULL,170,NULL,'admin','系統管理者','2023-03-09 23:14:25',NULL,NULL,'2023-06-08 15:18:08'),('69032321-d4c5-4b16-81dc-236c614ec1be','wh01','fde029bf-2d9e-4317-9019-cb46a8f68251',2,'0d647121-cb44-49c4-af70-250e2ae93882',NULL,0,NULL,'F800229434','Juan Raymond','2023-04-22 17:42:39',NULL,NULL,'2023-04-22 17:42:39'),('69548aea-b440-49d6-ad50-c478f9c5a8b0','wh01','b7afc9a4-ae6f-497b-82db-264bd24df011',2,'6c27d5fb-a5a4-4050-bb39-2db8ccb49b8d',NULL,10,NULL,'wei7961074','Kylie','2023-04-21 14:21:21',NULL,NULL,'2023-04-21 14:21:21'),('6954cdc8-93c1-4b81-8081-89f9ba59f95e','wh01','384e6a36-43ed-44f0-a71d-2de90462bb76',1,'fae635af-5801-4c3c-9924-6af16ef1d38e',NULL,0,NULL,'F800229434','Juan Raymond','2023-04-22 17:42:39',NULL,NULL,'2023-04-22 17:42:39'),('696c7877-8dc0-4968-83ce-0eba188abdcd','wh01','14f43fcc-22a3-4a13-8383-a690735b8993',1,'3d6a64f7-1b09-4b1a-9002-6a32675967fd',NULL,0,NULL,'F800229434','Juan Raymond','2023-05-30 10:58:46',NULL,NULL,'2023-05-30 10:58:46'),('69915731-d183-4e04-804c-b41a6a638903','wh01','b0797631-89ea-41a8-b320-6a6f048f9b86',7,'4b255a90-3553-4b76-bcf3-f1dd9b99d9f9',NULL,0,NULL,'admin','系統管理者','2023-03-09 23:14:27',NULL,NULL,'2023-03-09 23:14:27'),('69f618cd-4ec8-4e43-94c2-d7f860198040','wh01','6fcfece8-782e-4aea-a6ad-1834ad811f0b',1,'a271520b-6fb9-4038-9f22-fd97bfa20a6f',NULL,0,NULL,'F800229434','Juan Raymond','2023-05-02 15:40:45',NULL,NULL,'2023-05-02 15:40:45'),('6a1b8c99-1d4a-496f-9bb2-86573d90e095','wh01','90d83c1a-344e-4471-bec9-0f2d3ed679d5',5,'8c24dfdf-6ee5-4668-a947-f0df9eacc9e4',NULL,0,NULL,'admin','系統管理者','2023-03-09 23:14:25',NULL,NULL,'2023-05-31 15:07:51'),('6a7f537e-8f9f-4f13-8b81-8dd14eddafa8','wh01','85d7f46b-8275-4371-8057-5ebe8bc80dc5',2,'ee96cbf6-aa0b-473c-95f3-703c3937a9b0',NULL,16,NULL,'admin','系統管理者','2023-04-20 19:19:07',NULL,NULL,'2023-04-20 19:19:07'),('6a993875-434a-4ead-bdcd-a47f55307cc5','wh01','cf91648b-faf4-4a2e-9dab-1eb46fee7add',2,'a0398c02-8cca-417c-9ab4-b920b8c7f700',NULL,0,NULL,'F800229434','Juan Raymond','2023-04-22 17:42:40',NULL,NULL,'2023-04-22 17:42:40'),('6abbb875-eaaa-4bbb-b956-992db8ad7936','wh01','423b4126-567c-4358-8cb6-6a24bff54738',2,'06fb7615-a99c-44be-85d0-401d5a0e9e59',NULL,0,NULL,'F800229434','Juan Raymond','2023-04-22 17:42:40',NULL,NULL,'2023-04-22 17:42:40'),('6b03ea05-2e6a-487a-ab7a-b8da2a3390ff','wh01','af9c781e-c9fe-4cf8-a0aa-8df131cd2a3c',2,'b92318f7-5d19-46b0-bf8f-f9ea5692fea8',NULL,40,NULL,'admin','系統管理者','2023-03-09 23:14:24',NULL,NULL,'2023-05-15 17:27:06'),('6b2cbd87-8270-40c6-8d28-9bf2bf0f6eef','wh01','f84915d0-f12a-4975-9afb-1bb15cdfde98',1,'1091dbd9-9955-4387-90d5-940c3b32802c',NULL,0,NULL,'F800229434','Juan Raymond','2023-05-30 10:58:46',NULL,NULL,'2023-05-30 10:58:46'),('6b2f4735-8d5c-4727-86a5-a026be9e4704','wh01','8f3df542-cab3-4c60-ab85-c4faf2640f00',1,'841720a1-8c1b-4996-bf4b-446be1525cf3',NULL,0,NULL,'F800229434','Juan Raymond','2023-05-23 14:54:33',NULL,NULL,'2023-05-23 14:54:33'),('6b888cb1-02d9-4b0e-8d4d-4107e09c6ba2','wh01','b7bc1aec-cd39-4f07-b613-92b2de5f7bd6',1,'f7a9f583-af13-49dd-b66d-c63218444d12',NULL,15,NULL,'jay','Jay','2023-04-20 20:18:15',NULL,NULL,'2023-06-05 14:03:20'),('6bcb0b9a-6ef7-4a0d-8449-666ee0788e93','wh01','33f6009a-3e5c-4125-a41a-4a76eccbd3d7',1,'0b047677-9377-46e4-b47a-edff23277bc0',NULL,0,NULL,'F800229434','Juan Raymond','2023-05-03 11:50:06',NULL,NULL,'2023-05-03 11:50:06'),('6be73dfd-400a-4b54-8bc8-596570046635','wh01','50bd438f-4c2d-4bfc-b9fb-a2e391e96886',2,'68a3cd19-965e-4c81-8693-3061e643cfaf',NULL,0,NULL,'F800229434','Juan Raymond','2023-05-30 10:58:46',NULL,NULL,'2023-05-30 10:58:46'),('6bec195a-d59b-4b45-a1cd-68f134b4d004','wh01','279f730b-80bc-4d3f-b86c-e3a4eff80ff7',1,'df1158a2-6db3-43b2-aae7-e3b97f4e6d41',NULL,117,NULL,'admin','系統管理者','2023-05-16 10:26:52',NULL,NULL,'2023-06-06 15:42:03'),('6c010878-46a4-45d6-a8b2-8ec7e52eaa32','wh01','4ed22c42-b02a-4714-8f32-01803ff9815b',1,'d18163fc-5dbb-4241-abd6-a27e54aa472c',NULL,0,NULL,'admin','系統管理者','2023-03-09 23:14:26',NULL,NULL,'2023-03-09 23:14:26'),('6c300431-f168-48a4-b42e-98313691459a','wh01','4fe7a2bf-1f25-4679-aa4f-6a113d732f05',4,'56bcf99d-12b9-48a1-a3b7-f609ded812b2',NULL,0,NULL,'F800229434','Juan Raymond','2023-05-03 11:50:06',NULL,NULL,'2023-05-03 11:50:06'),('6c537de5-54e2-47d3-b28e-02b0ffd9a695','wh01','7abf5983-39ed-4cc3-97d8-6008c6823b16',1,'5fb2a84a-b5cc-4045-8575-334f22488dde',NULL,1,NULL,'admin','系統管理者','2023-03-09 23:14:24',NULL,NULL,'2023-06-12 10:47:19'),('6c701cc4-f900-4085-bc82-7d418fea65d1','wh01','b855c1b9-5e31-4427-adae-4440f83c2877',4,'67f40d47-1435-4a45-8bd9-e33e3d467cbc',NULL,10,NULL,'jay','Jay','2023-04-21 15:07:32',NULL,NULL,'2023-04-21 15:07:32'),('6c9861fc-d2a2-43b4-b566-a7636d6ee6e4','wh01','09e921f5-6da6-49f2-90b7-ecef6caf52bd',5,'91225ead-1e1b-4573-81de-823e1d06b508',NULL,0,NULL,'Ariel','Ariel','2023-04-25 11:09:34',NULL,NULL,'2023-04-25 11:09:34'),('6cdd3d0a-96cc-4132-bf42-a5e38747203b','wh01','847cd6a4-43fb-45a0-aa1d-570a0ac38823',1,'e9a0a365-f04e-430e-8c8b-654e641de4cd',NULL,0,NULL,'F800229434','Juan Raymond','2023-05-30 10:58:46',NULL,NULL,'2023-05-30 10:58:46'),('6cfbba95-48d0-49c0-b630-2272a0a8eee9','wh01','490ff07c-61af-49d9-9b60-47e9e90bdbb1',2,'272e89ba-a364-4c35-b4d3-546fd81f223f',NULL,0,NULL,'F800229434','Juan Raymond','2023-05-30 10:58:46',NULL,NULL,'2023-05-30 10:58:46'),('6dc2ab5b-9551-4ff0-88aa-655eb00884b7','wh01','be245de6-1fca-4d2d-a337-946873021cb9',2,'1c6d8e2a-dba3-42b4-8942-8678cb909143',NULL,0,NULL,'F800229434','Juan Raymond','2023-05-30 10:58:46',NULL,NULL,'2023-05-30 10:58:46'),('6dc9a181-b12c-4dfc-ad43-7d955c0cd5c5','wh01','57a5a05c-45fe-46dd-a844-f9ccf4af9b94',1,'8a7b75e5-cfef-4796-acd9-872ae436eb72',NULL,81,NULL,'admin','系統管理者','2023-03-09 23:14:23',NULL,NULL,'2023-06-06 11:29:42'),('6dd18d8b-1722-4479-8286-592f45c205b6','wh01','5e98fc89-977c-4d28-896a-5c9570a3f06f',1,'e253f4ce-7010-4773-b06a-4f5b11237a4d',NULL,10,NULL,'wei7961074','Kylie','2023-04-21 14:17:19',NULL,NULL,'2023-04-21 14:17:19'),('6de2dd40-973c-4725-84bb-407261f3e2c0','wh01','097dc36d-ea26-41be-bee8-65a47777c55e',1,'aaba6cd3-3fea-461e-9be1-89442f07106c',NULL,0,NULL,'admin','系統管理者','2023-03-09 23:14:25',NULL,NULL,'2023-03-09 23:14:25'),('6e1ad703-ed3b-4249-8ecb-5c6f74d0e4d7','wh01','0cb53b0e-421d-4a00-8a05-31cdf91ee13b',1,'6d70fed9-b842-4e11-a78b-d82a0b6eaead',NULL,0,NULL,'admin','系統管理者','2023-03-09 23:14:24',NULL,NULL,'2023-03-09 23:14:24'),('6e44af85-f271-4397-9e24-6794d6364c54','wh01','269b30e4-c4d0-404b-8c15-007175b79195',1,'c4e984d5-c231-4e56-8cda-f13f229b270d',NULL,10,NULL,'Ariel','Ariel','2023-04-21 14:26:35',NULL,NULL,'2023-04-21 14:26:35'),('6e691643-c0b3-4bec-9710-7abe89f9fd5e','wh01','234d7bc7-5ebf-4272-b3f2-e1642230620f',2,'65c36a09-052f-4c91-b888-6592fb031141',NULL,26,NULL,'admin','系統管理者','2023-03-09 23:14:23',NULL,NULL,'2023-06-11 13:36:03'),('6e82a3d5-7748-476a-834e-e4b6862b8469','wh01','01aabd3b-034b-4cad-9c4f-5f7857a4dd48',3,'b1712652-d708-48fc-96a8-99f87e066d43',NULL,2,NULL,'clcadmin','clcadmin','2023-04-07 11:26:17',NULL,NULL,'2023-06-04 16:29:53'),('6e91cc3d-5ce4-42c1-b0d8-daa9acb31a23','wh01','f49db7ef-0bb6-452b-872d-d63271559e7c',6,'b3f741b2-92e6-40e1-a155-628526edaeb2',NULL,0,NULL,'wei7961074','Kylie','2023-06-06 10:30:23',NULL,NULL,'2023-06-06 10:30:23'),('6eeaab78-d385-4eae-b79e-3f459caf9f09','wh01','e69b5814-aea1-467a-9f0d-e0b3b0c4fe43',2,'96b83cc0-5ae8-42bf-aa91-bf1eda82e79d',NULL,22,NULL,'admin','系統管理者','2023-03-09 23:14:27',NULL,NULL,'2023-06-07 09:33:22'),('6efe4aa0-1ba1-48f4-8170-fcee80f58935','wh01','ffe2ae1e-0e71-42ed-841c-1cbde556c3ec',1,'b29b738c-bd03-4c59-9a7b-019941403494',NULL,0,NULL,'admin','系統管理者','2023-05-08 16:44:37',NULL,NULL,'2023-05-08 16:44:37'),('6f0aa52c-2a36-4c57-87a3-2ee98e2e3af5','wh01','0eaac711-dd67-4baf-b50b-68a25716f3d4',1,'8e2695d6-724e-4aea-9f7b-f5f912f37c39',NULL,5,NULL,'Ariel','Ariel','2023-04-25 11:21:56',NULL,NULL,'2023-06-08 17:02:27'),('6f402194-a4be-480e-a3e3-37e9efa71a16','wh01','e69b5814-aea1-467a-9f0d-e0b3b0c4fe43',1,'f8a7ee15-3c42-4977-9236-ebe4b4cc3311',NULL,21,NULL,'admin','系統管理者','2023-03-09 23:14:27',NULL,NULL,'2023-05-28 16:23:35'),('6f9e6d92-f333-48e3-a222-2b2b38bcb00d','wh01','1db47780-44bc-4019-ab54-32df6909d197',9,'a456eaea-6f2d-465d-882a-c0def4e5bb12',NULL,15,NULL,'admin','系統管理者','2023-03-09 23:14:25',NULL,NULL,'2023-06-06 17:52:41'),('6fc1396c-939f-4d88-924e-091991c68236','wh01','8d0acfed-a34b-4742-a794-76ea83dde0a6',1,'9118c5ef-80d9-4c5c-86a0-0bec8726b8fc',NULL,0,NULL,'F800229434','Juan Raymond','2023-05-30 10:58:46',NULL,NULL,'2023-05-30 10:58:46'),('6ff08b4e-c1bb-4b88-a905-73384b15d0fa','wh01','db272c5c-beda-4ec1-9770-28dc8d34c9e4',3,'a2d95b58-26b0-4766-bd85-7c1fbc676d97',NULL,0,NULL,'F800229434','Juan Raymond','2023-05-30 10:58:46',NULL,NULL,'2023-05-30 10:58:46'),('7014cf2b-6f70-4cee-a0fc-9abd7d2b8300','wh01','965f4764-ed03-4cf7-814f-ed74eb60dd00',1,'ff22ac0f-0dbe-4397-9b7f-5280768bc7ca',NULL,10,NULL,'admin','系統管理者','2023-03-09 23:14:26',NULL,NULL,'2023-04-11 14:18:52'),('7030f4aa-8d47-4294-a179-5d51e8570a59','wh01','138a5f59-910c-4be5-b5c8-dde6df017e26',1,'d23290ce-009b-49d7-acbb-310e95a25257',NULL,0,NULL,'admin','系統管理者','2023-05-08 16:44:37',NULL,NULL,'2023-05-08 16:44:37'),('703b9439-e5d3-4b67-b642-5112e50bc29e','wh01','cb145198-bf09-4c19-9a70-ee5bdf497d81',2,'d9b29ae1-f703-4b8a-85a9-191c10fa4443',NULL,0,NULL,'admin','系統管理者','2023-03-09 23:14:25',NULL,NULL,'2023-04-11 14:18:52'),('7057b816-11fa-461c-a9a6-65d7976923ee','wh01','cf91648b-faf4-4a2e-9dab-1eb46fee7add',3,'b6cc7abb-85b1-4bd4-92f0-b73ec1186c84',NULL,0,NULL,'F800229434','Juan Raymond','2023-04-22 17:42:40',NULL,NULL,'2023-04-22 17:42:40'),('707dabab-8bf5-4382-ba81-47f444e90db6','wh01','59f4a253-7fcc-43ce-8e3e-c9c8cb0a3390',1,'98d425eb-5aca-40a8-89c2-a926b5c7884d',NULL,0,NULL,'admin','系統管理者','2023-03-09 23:14:25',NULL,NULL,'2023-03-09 23:14:25'),('70b724bc-8f7c-46b4-b8d3-189318f4418b','wh01','ca90307f-90f5-4f7a-ab60-4fb563a87453',1,'a2dd1d12-9621-4c28-b5fc-587628a463b1',NULL,5,NULL,'admin','系統管理者','2023-05-08 16:44:37',NULL,NULL,'2023-06-01 15:45:04'),('71256a1e-1e87-487e-80db-d298b8f89f0e','wh01','f7c8d377-d805-4109-b672-023872727a14',1,'3a55e5ca-b933-464d-aef3-f20331fde455',NULL,0,NULL,'F800229434','Juan Raymond','2023-05-23 14:54:33',NULL,NULL,'2023-05-23 14:54:33'),('7148a745-efc4-4ef1-aaed-15d61c9eb232','wh01','d2f6bbc3-ae65-4ed0-bf1a-42c3af9d1233',1,'c3ff10f9-e6df-4a92-94a4-367aec919c23',NULL,10,NULL,'wei7961074','Kylie','2023-04-21 14:09:59',NULL,NULL,'2023-04-21 14:09:59'),('715115f9-5910-4e44-b1a9-114841e7a651','wh01','9ae2f10a-47bb-43a9-bc2c-e8bc668bc022',1,'dd4bf2c2-2017-4c2b-844d-d5f37b750a27',NULL,10,NULL,'wei7961074','Kylie','2023-04-21 14:35:25',NULL,NULL,'2023-04-21 14:35:25'),('716017f8-3c6d-4bd3-b8e7-e54882366d4e','wh01','44e03d32-f968-445c-af33-630d55bb353e',3,'20dcfdf4-e66f-4132-b31e-e30f16e6c0a5',NULL,26,NULL,'admin','系統管理者','2023-03-09 23:14:24',NULL,NULL,'2023-04-11 14:19:00'),('7198b46c-9982-47c4-9ae4-df38e80e3f7b','wh01','90d83c1a-344e-4471-bec9-0f2d3ed679d5',3,'630b555a-3066-4c83-a250-cdd45e538756',NULL,0,NULL,'admin','系統管理者','2023-03-09 23:14:25',NULL,NULL,'2023-05-31 15:07:51'),('71c3e68e-c160-47a0-8a84-286ff60b1dfa','wh01','671e9de3-de9d-4a72-8a49-c1bcd5c53e1c',2,'37812812-bee5-4ec7-8d36-d62f6740d0a3',NULL,0,NULL,'admin','系統管理者','2023-03-09 23:14:27',NULL,NULL,'2023-03-09 23:14:27'),('71ef6f0c-93e5-44d3-b840-2f5b79874c94','wh01','02dd91bf-80ab-40d6-8aa4-fea1fab8120a',2,'8238aaba-64b7-4fd3-870a-c3a9133c0ff1',NULL,37,NULL,'clcadmin','clcadmin','2023-04-07 11:38:01',NULL,NULL,'2023-06-09 14:17:31'),('720331fe-e235-4e53-94e8-292dce151d48','wh01','279fdd5d-9a8a-41a1-8b1b-1e83e4b16fc9',4,'cc5025e7-25bc-41fa-b562-cc16708f9166',NULL,10,NULL,'wei7961074','Kylie','2023-04-21 14:33:30',NULL,NULL,'2023-04-21 14:33:30'),('7224f79b-d1e2-4910-8787-f0347a29bff8','wh01','dcaa8077-5afa-4f3a-8d72-43fcb10e191a',1,'4120676d-1abe-426a-88b7-66fcd8f0ca9c',NULL,0,NULL,'admin','系統管理者','2023-03-09 23:14:25',NULL,NULL,'2023-03-09 23:14:25'),('723287ed-caa4-4c01-b64f-92d1edf762df','wh01','37fb3b9a-b0b0-4b5f-a55c-69e8a931474b',4,'dd56b295-b557-4517-8fa2-90a9c42548db',NULL,0,NULL,'F800229434','Juan Raymond','2023-04-22 17:42:39',NULL,NULL,'2023-04-22 17:42:39'),('725d9726-7d8a-43fa-acea-9372a9763e5a','wh01','fe45d39f-2c0e-4ae3-ac1b-6b47f3eb1a22',1,'4d0468c0-584b-45e6-a809-91cb3a0c9c75',NULL,0,NULL,'F800229434','Juan Raymond','2023-04-26 17:43:57',NULL,NULL,'2023-04-26 17:43:57'),('7269919a-2af1-4bab-ab62-dc282796e084','wh01','d3052fa7-0664-49d1-b01e-1d9cfe35daf2',1,'a9e5b66d-5ff3-40f6-8b76-e2d837132a1b',NULL,10,NULL,'wei7961074','Kylie','2023-04-21 14:10:22',NULL,NULL,'2023-04-21 14:10:22'),('727e6f88-b9a0-430c-83fa-8cabfcf5443b','wh01','a32de8e7-48df-413c-a974-45d1dd45b9a5',1,'43f38e36-6680-4f21-bb5d-7e204cbc350f',NULL,10,NULL,'wei7961074','Kylie','2023-04-21 14:36:32',NULL,NULL,'2023-04-21 14:36:32'),('72980f86-2a8d-432d-bf40-14c826fe7776','wh01','5c5f9afc-7920-4396-8d96-b6c4d7bf0660',1,'5eaf9aa7-35af-4810-a2f6-05bd3e6b4d39',NULL,0,NULL,'admin','系統管理者','2023-03-09 23:14:26',NULL,NULL,'2023-03-09 23:14:26'),('72d99af7-a62e-44f6-a8b1-127371502d42','wh01','c10775c9-edf0-460a-8d8c-dcad10043883',1,'cbb33be3-8ac5-47a1-af37-5b1d62315f13',NULL,0,NULL,'admin','系統管理者','2023-03-09 23:14:26',NULL,NULL,'2023-03-09 23:14:26'),('72de76fe-ddf7-4731-bf0e-19ace191dd73','wh01','65133ad4-6aaf-4020-8947-c698683c0ed3',2,'46a14e7e-d9ea-4e9a-9e7a-52a8d2ac20d2',NULL,0,NULL,'F800229434','Juan Raymond','2023-05-02 15:40:45',NULL,NULL,'2023-05-02 15:40:45'),('72f90331-52f9-4556-b15c-40c6d2df34dc','wh01','44571084-a7f0-4e05-87a9-247ccf6626e0',3,'18556ee6-e870-49ff-b2ed-c90e41d60674',NULL,0,NULL,'admin','系統管理者','2023-03-09 23:14:26',NULL,NULL,'2023-03-09 23:14:26'),('73027d79-d1f3-45e2-b32a-2f72e94a0669','wh01','5ba05837-fb8c-4527-aee6-0aa1a1bfd1ce',4,'bd7ee352-a6e7-4a69-9cbc-56114b523456',NULL,0,NULL,'admin','系統管理者','2023-03-09 23:14:23',NULL,NULL,'2023-03-09 23:14:23'),('73406605-960f-4257-80e8-65927563fba2','wh01','975ef70c-8881-45b3-8529-12a81fbb4257',2,'53b147ba-bb4c-4c3b-bc06-8a7ef68e7a58',NULL,0,NULL,'admin','系統管理者','2023-03-09 23:14:25',NULL,NULL,'2023-05-29 05:35:06'),('7349ce52-1c9f-4c4e-97cc-0660180b3820','wh01','f5ca95da-7482-41b4-8310-b6fb28befdc8',2,'bb78f504-0124-42f2-af3a-d51d79badbf5',NULL,13,NULL,'admin','系統管理者','2023-03-09 23:14:26',NULL,NULL,'2023-05-30 14:03:07'),('73d49cca-1ad1-4641-89c5-9e1c93ffcfbf','wh01','570ce254-07d1-4c4f-a3c6-855e8347bc99',4,'11980176-c48d-4e7a-a742-f0c757faecb2',NULL,0,NULL,'F800229434','Juan Raymond','2023-04-22 17:42:39',NULL,NULL,'2023-04-22 17:42:39'),('73e4f2b6-95f8-4a5f-92fe-355130781438','wh01','2b974645-6dec-4856-845b-44a8061bf658',2,'5482e058-48f9-4a86-b5c6-4a05cc3a6661',NULL,13,NULL,'admin','系統管理者','2023-03-09 23:14:23',NULL,NULL,'2023-05-19 14:41:50'),('74142bde-fd23-4d8d-b0a5-21be326a86f1','wh01','97c94d87-d4e3-4c10-b76b-fe7fca1602f7',1,'0470ecab-e1da-4283-827a-4568937c7065',NULL,33,NULL,'admin','系統管理者','2023-03-09 23:14:24',NULL,NULL,'2023-04-21 11:04:13'),('7456fbbe-0583-44b4-9e21-abc72b64e46d','wh01','afa35739-c209-4f6e-b02b-7a2859a1f01a',3,'31676dbf-ca14-4c1a-9431-2ed2a98e29fa',NULL,0,NULL,'admin','系統管理者','2023-03-09 23:14:27',NULL,NULL,'2023-04-11 14:18:57'),('745a317e-bb3d-45eb-8dda-2b63253d7cec','wh01','2bba472b-7b60-4ae9-ad89-14221dea433b',2,'790e269e-5a1e-4849-9f03-3f80d2e1fbac',NULL,46,NULL,'admin','系統管理者','2023-03-09 23:14:23',NULL,NULL,'2023-04-11 14:18:57'),('748f6711-48f6-48f9-9c65-c4ff9c8c29e8','wh01','3eba9626-5cd9-4058-aec4-549064cfed89',1,'2daab78a-30e2-490e-81db-6579aa8294df',NULL,0,NULL,'admin','系統管理者','2023-05-08 16:44:37',NULL,NULL,'2023-05-08 16:44:37'),('74f4dce9-70c3-44fa-8d72-415546d1e1c6','wh01','14184544-c989-4861-8743-41cff25197a6',2,'2132f3b2-df12-4124-bca2-3baa8f7833d7',NULL,0,NULL,'Ariel','Ariel','2023-04-25 11:42:00',NULL,NULL,'2023-04-25 11:42:00'),('750ee3f2-db8a-4802-a076-1139702db2b7','wh01','56f6b44d-75be-4399-a4f0-721f009110e5',1,'7d6b468f-c084-4ba6-aab4-2051ffc7370f',NULL,0,NULL,'F800229434','Juan Raymond','2023-05-30 10:58:46',NULL,NULL,'2023-05-30 10:58:46'),('756afbc5-841f-4eb8-b0cd-a7567b220f16','wh01','dc87610a-b184-46bb-9b46-1bbf8726d778',2,'6cac8ca8-3f0c-4f75-beec-3e1610291ab0',NULL,0,NULL,'F800229434','Juan Raymond','2023-04-22 17:42:40',NULL,NULL,'2023-04-22 17:42:40'),('75bb6d70-0604-4093-b3d4-ba4102f017de','wh01','57a5a05c-45fe-46dd-a844-f9ccf4af9b94',5,'8424a817-2138-427b-8333-ebf2d2cb2018',NULL,76,NULL,'admin','系統管理者','2023-03-09 23:14:23',NULL,NULL,'2023-06-06 11:29:42'),('75d0a280-3634-49c4-b1a1-9d25ca43e555','wh01','09f83dc1-6d37-4491-a5f5-c5448e681ed2',1,'e8cc606d-c31f-40d0-8ee9-5723d1f78475',NULL,20,NULL,'admin','系統管理者','2023-05-08 16:44:37',NULL,NULL,'2023-05-08 18:21:37'),('75e75588-952d-4c94-a407-7ce1a2d3ca15','wh01','39be8156-36a8-4087-8c16-8e05e6cbb306',1,'231bd3fa-c810-4ee2-8c34-a05bc5accdfb',NULL,23,NULL,'admin','系統管理者','2023-03-09 23:14:23',NULL,NULL,'2023-06-12 09:06:09'),('76240112-48ca-4b48-865b-4fdd467f5481','wh01','3b29abba-cc73-4c62-8acf-a977ee41ea7b',1,'790faa23-23c9-4b2a-a7a8-a9142f5a9a2f',NULL,0,NULL,'F800229434','Juan Raymond','2023-05-30 10:58:46',NULL,NULL,'2023-05-30 10:58:46'),('76991d3e-ee66-401f-81d8-08e626657ae0','wh01','af9c781e-c9fe-4cf8-a0aa-8df131cd2a3c',1,'e4cc9920-5712-4a4c-8bf2-ea1d670bd688',NULL,158,NULL,'admin','系統管理者','2023-03-09 23:14:24',NULL,NULL,'2023-06-12 10:47:19'),('77198cd6-a2a8-4fb1-b89c-fc10d90458f4','wh01','cde8c084-ba29-499e-ba8e-21105c93d4c8',2,'217edb49-e1d0-4ab9-be0b-568aa15a1c51',NULL,24,NULL,'admin','系統管理者','2023-03-09 23:14:26',NULL,NULL,'2023-06-09 14:17:31'),('77b8f243-8eb1-4399-9b58-1b7b02868a0a','wh01','61d66f85-a730-4470-89e6-987922723af7',1,'d9fa7396-675c-4d9b-a055-fc8b9ceda411',NULL,10,NULL,'Ariel','Ariel','2023-04-21 14:20:22',NULL,NULL,'2023-04-21 14:20:22'),('77e76d2a-bb36-459a-95d0-011742c1f71c','wh01','1db47780-44bc-4019-ab54-32df6909d197',6,'c4a9bc5b-2316-4f9f-8f16-1b6dfe563fba',NULL,0,NULL,'admin','系統管理者','2023-03-09 23:14:25',NULL,NULL,'2023-05-24 19:04:17'),('77fb2701-b8d1-46a3-9c8d-5f7d42772076','wh01','dfa2a48e-8ee9-45aa-8368-2256df70383f',1,'f18d23d7-6eeb-4ad5-913d-c962f43b0dd8',NULL,12,NULL,'admin','系統管理者','2023-03-09 23:14:24',NULL,NULL,'2023-05-28 15:56:14'),('7801e7d0-27f0-410e-bf61-e66754e6c3fe','wh01','a7171a4f-103b-4dcc-a335-e423295ac12e',1,'b3dc5974-0243-4b09-a1ad-57e85beb94c8',NULL,23,NULL,'admin','系統管理者','2023-05-08 16:44:37',NULL,NULL,'2023-05-29 05:36:33'),('78222beb-c87e-4e08-8024-e2c2e871f4ae','wh01','a7e063e9-903c-47fb-8205-41448254becd',1,'031d0afb-bb31-4a1b-a990-b304afdd4a83',NULL,0,NULL,'F800229434','Juan Raymond','2023-05-30 10:58:46',NULL,NULL,'2023-05-30 10:58:46'),('783093fd-f68b-46a1-9b25-dcfcaf5c94aa','wh01','7dd23ad2-461b-4f2c-8659-4e2db294c7cf',3,'8d01783e-d257-494a-9589-f420b4ec1235',NULL,0,NULL,'admin','系統管理者','2023-03-09 23:14:27',NULL,NULL,'2023-03-09 23:14:27'),('783888bb-35ee-4f40-81be-a4a1a2b744af','wh01','22fde20b-73b5-4f89-a2f0-5d2e09a3f57e',1,'4646376c-7a30-49a1-b63a-c1b4421ec982',NULL,0,NULL,'F800229434','Juan Raymond','2023-05-30 10:58:46',NULL,NULL,'2023-05-30 10:58:46'),('786a28b8-3e8f-4129-9ebb-f2b6cba1ebd7','wh01','5bf7f0a1-35b5-48a9-af2c-a48280fbb915',1,'e47d2087-efc4-4ace-aa99-b0a352231386',NULL,7,NULL,'jay','Jay','2023-05-02 18:04:18',NULL,NULL,'2023-06-05 14:03:20'),('78977ae5-d595-4772-8f20-f8ed52a470c2','wh01','e1606b10-59a3-49e7-9fa7-3bfe862ed64a',4,'b5a84ea1-cf8b-4f06-ade5-73b97843519f',NULL,0,NULL,'admin','系統管理者','2023-03-09 23:14:23',NULL,NULL,'2023-04-11 14:18:56'),('789e4c0e-05b8-47b4-a0f9-2c3c3577fc5f','wh01','d4b1e72d-a479-4ff5-a8d2-8308ec97e5c0',3,'e693ff2d-1c03-4b69-afa9-813e4bce4b44',NULL,0,NULL,'F800229434','Juan Raymond','2023-04-22 17:42:39',NULL,NULL,'2023-04-22 17:42:39'),('794f017f-7885-4a05-ae38-5cb646573883','wh01','7f53eea5-7267-42e7-bb4e-efc46125afbe',1,'59817d4a-8113-4420-99c7-449b5569ad1b',NULL,0,NULL,'admin','系統管理者','2023-03-09 23:14:23',NULL,NULL,'2023-04-08 23:40:59'),('7950f3c6-a9bc-4092-820b-bec712cea679','wh01','285e6b80-d58e-43d4-ab3f-af8fd266ea41',1,'e54d10a0-9a2e-4f8c-8f15-cc44c2bedacc',NULL,0,NULL,'admin','系統管理者','2023-03-09 23:14:23',NULL,NULL,'2023-04-18 10:36:34'),('79576a3b-a63c-43f1-ae4e-01c2e6943509','wh01','7f53eea5-7267-42e7-bb4e-efc46125afbe',2,'014aa50e-f6ce-48f0-97bf-3c3cb000fed1',NULL,0,NULL,'admin','系統管理者','2023-03-09 23:14:23',NULL,NULL,'2023-03-09 23:14:23'),('797cf982-371c-42a4-9385-e0b5850c38bb','wh01','4808dbf5-fbf3-4750-beb1-98ae7d5480d6',4,'cab2868b-74ad-4d0f-9af3-dffba4160a29',NULL,0,NULL,'F800229434','Juan Raymond','2023-04-22 17:42:39',NULL,NULL,'2023-04-22 17:42:39'),('79b2f165-6223-4754-ab46-48253c879e03','wh01','c11d460a-0e45-4be1-b4f5-20f243054c1e',1,'fb8a0181-7965-482c-9ae0-b41863661454',NULL,0,NULL,'admin','系統管理者','2023-05-08 16:44:36',NULL,NULL,'2023-05-08 16:44:36'),('79be4255-a31e-4be1-a051-9f3e4b40b37c','wh01','874ff437-e6d0-48f6-be48-7835e7ff9084',1,'b07c6410-f3cc-4653-9779-d382958437db',NULL,0,NULL,'F800229434','Juan Raymond','2023-05-03 11:50:06',NULL,NULL,'2023-05-03 11:50:06'),('79c3b603-655a-4816-9c17-a0eb71a94256','wh01','68e1888a-3e17-4783-8653-35324f5c5c8e',1,'faf43716-a56e-47d6-9408-8ffec34d00a9',NULL,10,NULL,'wei7961074','Kylie','2023-04-21 14:34:25',NULL,NULL,'2023-04-21 14:34:25'),('79c88046-be1f-43ae-ad8c-cc2bfc88471a','wh01','ade961ec-4530-4c77-ae02-1fc234c1beff',1,'f1d02618-9cbc-412f-a6af-9549aa4fc1dc',NULL,0,NULL,'wei7961074','Kylie','2023-06-09 15:41:57',NULL,NULL,'2023-06-09 15:41:57'),('79dbf298-28f4-4e9c-8e6b-8318e2b4496c','wh01','ad353409-29d9-4a35-940d-a059ac636b07',1,'4b6821b8-f82a-44ab-aa41-500d00ce2239',NULL,2,NULL,'jay','Jay','2023-05-10 11:46:47',NULL,NULL,'2023-06-07 13:57:32'),('79f28e92-1a7b-42c0-afd2-367747373430','wh01','81efa76f-c14a-47da-9fa1-b89dca7a6dfc',2,'1f612c03-54d1-4f74-acc0-db36f4c3bea6',NULL,0,NULL,'F800229434','Juan Raymond','2023-05-03 11:50:06',NULL,NULL,'2023-05-03 11:50:06'),('79fe3b72-345b-4538-be29-7774f771f92a','wh01','19616b1e-43a4-4ab5-8237-817811df96b2',2,'21fe1c31-7e29-44ff-8e55-fc7009df0fed',NULL,0,NULL,'F800229434','Juan Raymond','2023-04-22 17:42:39',NULL,NULL,'2023-04-22 17:42:39'),('7a118524-b81e-4d9b-b2b0-ac3ad4005182','wh01','1db47780-44bc-4019-ab54-32df6909d197',8,'f3c8e831-0942-4a35-87c4-3b95634d9342',NULL,2,NULL,'admin','系統管理者','2023-03-09 23:14:25',NULL,NULL,'2023-05-25 17:34:48'),('7a1a0694-36ff-4d58-9c1e-e2565e9f7992','wh01','0877272b-1d16-45b3-90cb-cdd36b372945',4,'4a7f9a59-90b4-46ca-b36c-410a746cadfe',NULL,0,NULL,'admin','系統管理者','2023-03-09 23:14:26',NULL,NULL,'2023-04-11 14:19:01'),('7a3242b3-7c62-4217-94bd-f19307ca846e','wh01','7fe9213f-eb94-4ba7-8c36-6b1ea3de4384',1,'12bc4dba-45ef-4a8d-b1a7-e3a661c4f8ad',NULL,0,NULL,'admin','系統管理者','2023-03-09 23:14:26',NULL,NULL,'2023-03-09 23:14:26'),('7a36f9fb-c82b-4a76-8078-0ddef0cf9a31','wh01','205afe4c-96bc-4c6f-a7d0-87490fd82ba4',1,'0d6f50cb-01d7-4de5-87f7-1d424e4fb273',NULL,22,NULL,'admin','系統管理者','2023-03-09 23:14:25',NULL,NULL,'2023-06-12 10:47:19'),('7a5cce3d-0b50-4350-88d9-90c438e99de9','wh01','c12e6d47-558f-49f8-841f-9c64bb4536c9',1,'623f7824-5206-4c9d-a343-81046ba560c7',NULL,0,NULL,'admin','系統管理者','2023-03-09 23:14:23',NULL,NULL,'2023-03-09 23:14:23'),('7a7203b3-16ae-429f-85fc-7f8f3fec2d36','wh01','0d5b249d-5c69-4eb3-900d-37eb30340e3d',2,'c65b3450-71d2-46b7-949f-4127cff7448c',NULL,30,NULL,'clcadmin','clcadmin','2023-04-07 14:30:22',NULL,NULL,'2023-06-07 11:43:30'),('7a83076e-b52e-417c-92d8-3cca3936b335','wh01','afda542e-4c86-4de3-ba18-947a3d60c952',2,'d4a75e15-90ea-488d-a76e-ee46a87ec135',NULL,0,NULL,'F800229434','Juan Raymond','2023-04-22 17:42:39',NULL,NULL,'2023-04-22 17:42:39'),('7aa1f8cd-f8c1-4857-ad3c-c0b4ae0a0817','wh01','ccac36b0-e5a1-4f97-982d-ffb71f8f7ed0',4,'b5f6278b-1955-4c22-8094-d1d0b57cb7ee',NULL,0,NULL,'admin','系統管理者','2023-03-09 23:14:24',NULL,NULL,'2023-04-11 14:18:51'),('7aa420cd-5f76-41c2-881a-2f00000f9dbc','wh01','98a53d77-a953-43e5-b452-c61b00ec158d',1,'16d646aa-421e-49f9-a5e1-634bae7d9d75',NULL,64,NULL,'admin','系統管理者','2023-03-09 23:14:24',NULL,NULL,'2023-05-28 15:56:14'),('7ab74315-faab-4b21-b85c-5023b56ceea6','wh01','5ba05837-fb8c-4527-aee6-0aa1a1bfd1ce',3,'2e8eabcc-b9f9-4c5d-ada1-cfce2636c0de',NULL,24,NULL,'admin','系統管理者','2023-03-09 23:14:23',NULL,NULL,'2023-05-18 16:07:05'),('7aedb332-3038-4a03-b81d-66b1c860755f','wh01','23ceb337-3c9b-4b7a-82ae-b682fcf53208',1,'2d65ccf0-d9ba-48d0-810c-5306786604f6',NULL,3,NULL,'admin','系統管理者','2023-03-09 23:14:24',NULL,NULL,'2023-06-12 10:47:19'),('7b1ea9dd-8b1e-43c1-8b87-59db727df9db','wh01','dc87610a-b184-46bb-9b46-1bbf8726d778',1,'1b4fb8d6-a845-4870-819c-3015bce0474d',NULL,0,NULL,'F800229434','Juan Raymond','2023-04-22 17:42:40',NULL,NULL,'2023-04-22 17:42:40'),('7b1fa50b-5993-429b-bbfc-0ace79d8715d','wh01','59bb2973-a367-4944-9c71-61bcf730d241',2,'3787df09-ecac-4192-8462-10c261b3800c',NULL,67,NULL,'admin','系統管理者','2023-03-09 23:14:26',NULL,NULL,'2023-06-02 15:20:30'),('7b3e8cd8-62fa-4ca5-8033-9f675a87c87a','wh01','ad2106ba-e57f-451f-b1e1-33ca6e779250',2,'86284b5a-ce33-4f9f-8c6f-52d770eef31d',NULL,10,NULL,'jay','Jay','2023-04-21 15:07:54',NULL,NULL,'2023-04-21 15:07:54'),('7b564a1e-06ef-4695-ac85-695629d9d907','wh01','ad5b2858-fc82-439e-8126-ef3391e0f1f2',3,'ea60538e-d3d9-4ecc-ad77-37d942e1a31d',NULL,22,NULL,'admin','系統管理者','2023-03-09 23:14:27',NULL,NULL,'2023-06-09 09:45:27'),('7b6f8f88-6979-4a14-9215-44c097d1b087','wh01','5d9e1161-7762-462f-94c3-5de1ea3434a2',1,'27e354c9-144d-4bbe-8b6f-a670bdf298bb',NULL,0,NULL,'F800229434','Juan Raymond','2023-04-22 17:42:40',NULL,NULL,'2023-04-22 17:42:40'),('7b73c894-ecbe-467d-8779-2ec7c29d225b','wh01','42e5f514-30b4-4a10-91e4-4a2711490f2e',2,'d20ab9cd-3f6b-44d5-9fbb-b069433bf7c7',NULL,16,NULL,'admin','系統管理者','2023-03-09 23:14:23',NULL,NULL,'2023-06-11 13:48:55'),('7b808c00-0cbd-4f39-bf5d-feccc55119d8','wh01','a77c868e-f457-43da-af79-7287a8d848a1',3,'d73834e3-97b3-43fe-bb3b-d3e52cf5572b',NULL,18,NULL,'admin','系統管理者','2023-03-09 23:14:25',NULL,NULL,'2023-05-01 11:01:19'),('7b9a677d-a1e1-478e-ae2f-e69badee350a','wh01','f85eff33-6197-4933-97dc-3e8d0676d2f2',3,'687d88b2-1f9a-4a0e-a5e8-551ebae2695b',NULL,28,NULL,'admin','系統管理者','2023-03-09 23:14:24',NULL,NULL,'2023-06-11 13:46:51'),('7bebd9fe-fb6b-4355-9904-78a319f12ecc','wh01','d2d1c45f-fda4-47ec-bae1-6f380f23fe8e',1,'7c1801e0-56de-44ac-a56f-5afe3a9b3bdb',NULL,0,NULL,'F800229434','Juan Raymond','2023-05-30 10:58:46',NULL,NULL,'2023-05-30 10:58:46'),('7bec1ee0-abe1-4203-917d-4d522650cd2e','wh01','d51a1b9f-463b-44f3-bf65-8e9d01ab5c57',1,'2cb8be15-dbe7-4ca6-8aa3-c70a35f20d9f',NULL,0,NULL,'admin','系統管理者','2023-03-09 23:14:27',NULL,NULL,'2023-03-09 23:14:27'),('7c0a0048-668a-4ef6-a649-1c49bfad0a6d','wh01','008776e7-d72b-46bf-82e8-584340a6263b',1,'9d84badc-3142-439d-9035-93abb9f8994d',NULL,0,NULL,'wei7961074','Kylie','2023-05-26 11:21:58',NULL,NULL,'2023-05-26 11:21:58'),('7c46aa72-cbc9-4a5b-b834-ae90f9b99153','wh01','dc8b27d6-0cf4-40be-9fef-7620619e2a51',1,'bce4e1fe-0f29-4044-aae8-b7856980efa2',NULL,0,NULL,'admin','系統管理者','2023-03-09 23:14:27',NULL,NULL,'2023-03-09 23:14:27'),('7c4e2708-78be-489e-a305-e32298711a88','wh01','625ec2f9-388a-42da-a7a6-a9b16d080ec6',2,'9822c417-0983-4215-9b16-0444ca87e4b1',NULL,14,NULL,'admin','系統管理者','2023-03-09 23:14:25',NULL,NULL,'2023-06-11 14:37:04'),('7c54e27e-583f-4300-b7b0-ddcbb19cbdfa','wh01','41f08354-d162-4e9b-bb84-144486cfaaa7',2,'4da2aa89-8c57-47f6-bbb2-12b4439b9557',NULL,10,NULL,'wei7961074','Kylie','2023-04-21 14:24:51',NULL,NULL,'2023-04-21 14:24:51'),('7c604acf-be5b-47e0-9ba9-4144870ac770','wh01','3ec59605-e179-4bfa-89c6-5860fc8e3aeb',1,'992be97e-f310-496f-b84b-598f3a90dc18',NULL,10,NULL,'Ariel','Ariel','2023-04-21 13:55:56',NULL,NULL,'2023-04-21 13:55:56'),('7c6a58af-ca00-4b2b-916f-a11cb5aec0d4','wh01','c65b3626-bfba-4bb1-a0ed-0628dc56118e',2,'94463e69-f7d1-4e7a-80cf-950ffa6aa814',NULL,0,NULL,'admin','系統管理者','2023-03-09 23:14:27',NULL,NULL,'2023-03-09 23:14:27'),('7c896029-979c-476f-b332-bf58bc874861','wh01','ac87337f-4cb1-4e82-85cf-65b27b63f385',1,'79a250c7-9916-4c80-8b94-1eb79c9cc6ae',NULL,0,NULL,'admin','系統管理者','2023-03-09 23:14:23',NULL,NULL,'2023-06-12 09:53:57'),('7ca0a456-3ffe-45fb-9566-bb7af5ec8ffe','wh01','21acc67b-5d86-4ed4-b20a-928a9e0d6476',9,'2eb6a106-7bdd-4250-8e85-09756b2dcdc2',NULL,0,NULL,'admin','系統管理者','2023-03-09 23:14:25',NULL,NULL,'2023-03-09 23:14:25'),('7cfe68f7-ffcc-463c-b30d-de3fb884665c','wh01','a77c868e-f457-43da-af79-7287a8d848a1',5,'082a3ddf-3fb1-4c81-a539-21f0756d970d',NULL,0,NULL,'admin','系統管理者','2023-03-09 23:14:25',NULL,NULL,'2023-04-06 10:50:27'),('7d32cfdd-7dc0-49f2-bd73-55585db3a0d3','wh01','3d22239d-ab1c-49db-bff7-0b94bf1835ff',1,'b5fe2ceb-fce1-4a74-a0ec-7f975179fef6',NULL,0,NULL,'admin','系統管理者','2023-05-08 16:44:37',NULL,NULL,'2023-05-08 16:44:37'),('7d4d0f5c-778a-4e5d-916d-7b1081511668','wh01','8c80579c-e028-40d9-9783-9f43db6a08b1',2,'436a39ae-cd6e-4c59-9857-ada5f24cf967',NULL,0,NULL,'F800229434','Juan Raymond','2023-04-22 17:42:39',NULL,NULL,'2023-04-22 17:42:39'),('7d7e93df-7ec2-4e58-a955-3ae89e305ba5','wh01','63f9d97c-192a-43ad-add6-74101d717d81',3,'931917de-43e6-44dd-9864-7c9fab40f9e1',NULL,10,NULL,'wei7961074','Kylie','2023-04-21 14:34:57',NULL,NULL,'2023-04-21 14:34:57'),('7d8fc823-0ba8-4fae-9664-ed774b304fd4','wh01','52f03313-cd0a-4e59-8087-b4adb41fd3c9',3,'97d410f4-9de3-4a98-b28d-2576c3dd4ddc',NULL,0,NULL,'jay','Jay','2023-04-22 21:51:41',NULL,NULL,'2023-04-22 21:51:41'),('7d9cfa95-c805-4ab5-b416-45c701224c39','wh01','1854d1e1-95bf-40c7-b3e0-b5e63c69432f',1,'61af416b-2bdc-4b18-9039-02bc13894427',NULL,108,NULL,'clcadmin','clcadmin','2023-04-07 16:48:08',NULL,NULL,'2023-06-09 10:01:44'),('7da3327b-e5a4-43a6-894f-e95a76cb2fbb','wh01','65d7fda1-693d-46a8-a955-d8032cf6c176',1,'4a062365-119f-45ef-a4d9-f7540c0aeb58',NULL,0,NULL,'admin','系統管理者','2023-03-09 23:14:26',NULL,NULL,'2023-03-09 23:14:26'),('7da473dc-3c53-4c15-8910-946c67619a0a','wh01','b4e14e76-6041-4581-87e6-47746ac4c37d',1,'91d39c2d-6997-4941-8a02-0302e80650db',NULL,0,NULL,'F800229434','Juan Raymond','2023-05-30 10:58:46',NULL,NULL,'2023-05-30 10:58:46'),('7db9a42f-dca5-42e9-834a-f3c5daad3c63','wh01','6a5dd067-5a7b-4fd1-904b-ee83357b7d36',1,'535fbdd0-c36e-4450-8146-fa4572f53762',NULL,0,NULL,'F800229434','Juan Raymond','2023-04-22 17:42:40',NULL,NULL,'2023-04-22 17:42:40'),('7dbb1a99-be27-47d8-9d34-8802b3def810','wh01','db3a4f38-06e2-49a8-a3f8-68b2c7783e5f',9,'f3663fca-93fb-4678-9d24-4cbb83c82bfb',NULL,6,NULL,'jay','Jay','2023-04-10 11:10:24',NULL,NULL,'2023-04-11 14:18:56'),('7e25623f-6fce-4609-9afe-556644eb2b84','wh01','83fce626-5d1e-4eba-b982-68dbcd6d0227',1,'5c7a75db-a4eb-41ea-b5b1-7b72d71dea31',NULL,0,NULL,'admin','系統管理者','2023-03-09 23:14:25',NULL,NULL,'2023-03-09 23:14:25'),('7e5d0dcb-d5d5-4058-a7e8-630aaba8039f','wh01','76c2d874-b8df-41a2-b521-e228eb1eaa6a',1,'9acb852b-d869-4a6e-8556-5776b8560601',NULL,0,NULL,'F800229434','Juan Raymond','2023-05-30 10:58:46',NULL,NULL,'2023-05-30 10:58:46'),('7ea1e795-f36d-4b96-8d82-b0d48b72e602','wh01','cf942f1b-d388-437b-a338-ab9842b4cde3',2,'1f5587c9-b52d-446f-9bb4-cb45c1dc661c',NULL,14,NULL,'admin','系統管理者','2023-03-09 23:14:27',NULL,NULL,'2023-04-11 14:18:55'),('7ee2a8c9-1eb3-42f4-a928-ee4659fc18ef','wh01','563b5144-ef37-4207-a2b7-5cfdd8546f93',2,'67a5fa4a-0232-44f7-b052-6c29f97758d3',NULL,0,NULL,'admin','系統管理者','2023-03-09 23:14:23',NULL,NULL,'2023-04-11 14:18:55'),('7eeefae3-af8d-4ff6-8d4c-8344708283fb','wh01','5aa1feed-5219-4b3c-b824-d576a4c57a10',4,'d1db5e8f-b6fb-4e5a-b955-35a6b6c50f82',NULL,10,NULL,'wei7961074','Kylie','2023-04-21 14:17:47',NULL,NULL,'2023-04-21 14:17:47'),('7ef03655-075f-4d49-a2cf-1848d0f44646','wh01','b69d1466-6d24-442a-a634-bf3feaae2941',1,'17a7f31a-47c3-4230-a3b1-d35f7b09500b',NULL,0,NULL,'admin','系統管理者','2023-03-09 23:14:25',NULL,NULL,'2023-03-09 23:14:25'),('7f107ed0-c4e9-4c8b-b46e-7abac3728b05','wh01','68f5c893-7d5e-417b-adf1-32eb711e49f9',3,'e8c5f073-f4db-4644-abac-a0a4cf433e76',NULL,0,NULL,'jay','Jay','2023-04-22 21:52:57',NULL,NULL,'2023-04-22 21:52:57'),('7f29938d-2685-4215-bf97-fc7947192a5f','wh01','2e8b85d7-c8e7-43ed-9dea-e39ef839c70b',1,'bed5fec5-aac5-4b39-882b-02bce9d94fa1',NULL,16,NULL,'admin','系統管理者','2023-03-09 23:14:24',NULL,NULL,'2023-06-08 16:34:12'),('7f37b939-5457-4d99-b2fe-f3ddf4e58390','wh01','5dc7380e-91a4-46c8-a55f-6975fac6e478',2,'593a3427-61db-4cab-a1c6-acfd93edc751',NULL,0,NULL,'F800229434','Juan Raymond','2023-05-30 10:58:46',NULL,NULL,'2023-05-30 10:58:46'),('7f437e2a-7247-41dc-8200-72792efd0114','wh01','f74ea757-65c0-47e7-b2aa-742b8201a378',3,'e4281a4b-818c-4355-bb9e-823760f2517c',NULL,0,NULL,'F800229434','Juan Raymond','2023-04-22 17:42:40',NULL,NULL,'2023-04-22 17:42:40'),('7f5677a0-447a-4e1b-8628-d68038535de4','wh01','182e29de-18f4-4724-8017-2478896af83e',1,'15a7023b-f11d-4ec2-becb-c6c9b34a5f6e',NULL,0,NULL,'Ariel','Ariel','2023-04-25 11:52:25',NULL,NULL,'2023-04-25 11:52:25'),('7f951460-d820-401f-a1c4-4a1ffa68107d','wh01','6998a0c0-3609-4d42-9ed1-f87960f0c7c1',1,'62f5cba5-2e2c-4015-aab7-58df4d98913f',NULL,0,NULL,'admin','系統管理者','2023-03-09 23:14:24',NULL,NULL,'2023-03-09 23:14:24'),('7fa320ef-8dac-4b5c-bde4-14a21a65fc1a','wh01','ad4dd4f8-756f-4ebf-9078-19291ae32ea1',1,'fd79e636-bc51-4ae6-90ad-6d5e28101366',NULL,0,NULL,'F800229434','Juan Raymond','2023-05-30 10:58:46',NULL,NULL,'2023-05-30 10:58:46'),('7fba72e4-45e2-44e1-8de1-78782e16195d','wh01','1db47780-44bc-4019-ab54-32df6909d197',5,'e0b83e64-92d4-4302-b103-4e3d4ed2d4e0',NULL,8,NULL,'admin','系統管理者','2023-03-09 23:14:25',NULL,NULL,'2023-06-02 09:07:39'),('7fcf0b20-c4b7-4fe6-a38e-50bc53a7ff28','wh01','d30fe172-3b9a-4ecb-a1a1-c95cc6730e9f',2,'b8ee0458-609d-4151-beea-cc8ce70dde15',NULL,3,NULL,'admin','系統管理者','2023-03-09 23:14:25',NULL,NULL,'2023-05-31 14:30:55'),('7fd6ff93-ce97-440a-aade-65ac9b00ed66','wh01','7abf5983-39ed-4cc3-97d8-6008c6823b16',2,'bf9b3dc8-79fb-46f2-a10a-0ecedb39aee9',NULL,0,NULL,'admin','系統管理者','2023-03-09 23:14:24',NULL,NULL,'2023-06-06 17:47:40'),('7fd75514-aa7d-45e9-ab10-7c86ea2bcb94','wh01','db79d106-bcf7-49f7-8a70-d0f9a56aee77',2,'97695b82-76c7-42ff-a1cf-30f7060bbdd3',NULL,0,NULL,'admin','系統管理者','2023-03-09 23:14:26',NULL,NULL,'2023-03-09 23:14:26'),('7ff36c6d-9f07-422c-8191-f770835c48e3','wh01','d892e6e2-0e48-499a-8d0d-442df87fc1fa',1,'9eb14f99-bb77-406d-b7e6-577258d7fba8',NULL,0,NULL,'F800229434','Juan Raymond','2023-05-30 10:58:46',NULL,NULL,'2023-05-30 10:58:46'),('80050fa4-4f7b-461b-961f-7a0d36507375','wh01','7a2baa09-1420-4dc8-b0fd-795a68352b79',3,'5332accb-8773-4eab-9ff9-d0eefd410b1e',NULL,0,NULL,'admin','系統管理者','2023-03-09 23:14:26',NULL,NULL,'2023-03-09 23:14:26'),('801d5879-a60d-4507-96b5-152932253a15','wh01','6549fa89-55e4-4af5-8cac-7212c2c19898',1,'596d26dc-68e5-4019-9290-c3a8624ac107',NULL,0,NULL,'admin','系統管理者','2023-05-08 16:44:37',NULL,NULL,'2023-05-08 16:44:37'),('8031d4c9-dfb6-4881-92c5-013a5f4d3acd','wh01','423b4126-567c-4358-8cb6-6a24bff54738',1,'5a46a23b-7598-4b38-b15c-0b9995c4d9c9',NULL,0,NULL,'F800229434','Juan Raymond','2023-04-22 17:42:40',NULL,NULL,'2023-04-22 17:42:40'),('804b602b-d447-458c-b573-a51ac4c7fc7d','wh01','b0ea70f2-aad7-4f1e-8c48-279e7d95e4a0',1,'8f6b3efe-010e-4684-81b8-33acf256d0ed',NULL,0,NULL,'admin','系統管理者','2023-03-09 23:14:27',NULL,NULL,'2023-05-31 11:46:18'),('806e2314-d6f0-4090-8d29-112bf46f1836','wh01','65133ad4-6aaf-4020-8947-c698683c0ed3',4,'e9d44c19-50ea-4c2d-a4b0-cdb0037374ce',NULL,0,NULL,'F800229434','Juan Raymond','2023-05-02 15:40:45',NULL,NULL,'2023-05-02 15:40:45'),('80931090-9cf7-4ee7-a5c5-080b1ab63b95','wh01','143fcb80-6a0e-4974-8e6c-6a07908b091e',1,'4be55ae6-27fd-498f-bef8-65dc28f623df',NULL,40,NULL,'clcadmin','clcadmin','2023-04-07 14:53:02',NULL,NULL,'2023-06-08 14:12:07'),('80b11b32-5934-4633-a700-427fb73e9428','wh01','b2057ee7-d5d2-4362-b45b-fe1a95ddc790',2,'0c491c70-e9c5-42b5-a565-a0c0429fceca',NULL,0,NULL,'F800229434','Juan Raymond','2023-04-22 17:42:39',NULL,NULL,'2023-04-22 17:42:39'),('80fe7533-f57b-4c4f-acf5-a5acf2aba19a','wh01','d51a1b9f-463b-44f3-bf65-8e9d01ab5c57',3,'8f1afe80-72d9-49ce-808b-d7b408245f62',NULL,0,NULL,'admin','系統管理者','2023-03-09 23:14:27',NULL,NULL,'2023-03-09 23:14:27'),('810db229-ebee-4a5b-8015-79c854b7bb2c','wh01','954a4315-9c7f-434e-85e0-8e1845b38c25',2,'63a3d259-e662-455d-b30d-99be7ef00629',NULL,0,NULL,'jay','Jay','2023-04-22 21:54:14',NULL,NULL,'2023-04-22 21:54:14'),('81418a21-aa67-4e92-9377-3ccae8308cec','wh01','caa3a12d-ff95-493d-b6d7-3d1d04c7df71',1,'9c57d892-deab-4df9-9764-8bdfd78f04ba',NULL,0,NULL,'admin','系統管理者','2023-05-08 16:44:37',NULL,NULL,'2023-05-08 16:44:37'),('81775605-0267-42aa-b944-6ba9255ec5ab','wh01','0a3c9149-00d4-4122-8c7e-b1d997ffb1a5',1,'7fbfe63a-4dc3-4690-bb75-391738974aa5',NULL,0,NULL,'clcadmin','clcadmin','2023-04-07 14:27:19',NULL,NULL,'2023-04-07 14:27:19'),('818ce6be-c84b-4625-a4ef-542486f70e14','wh01','14184544-c989-4861-8743-41cff25197a6',1,'00420a85-b868-40c3-8630-cffeb1cbae5c',NULL,0,NULL,'Ariel','Ariel','2023-04-25 11:42:00',NULL,NULL,'2023-04-25 11:42:00'),('819c2902-3c98-4771-af3a-e38b1de0af84','wh01','c3edcaf5-179d-49ca-af24-5b4e2523dd38',1,'b78bba62-377e-43d0-b64f-1f5965246f5c',NULL,0,NULL,'F800229434','Juan Raymond','2023-05-03 11:50:06',NULL,NULL,'2023-05-03 11:50:06'),('81ccd326-6004-4e76-baec-43bc1f068002','wh01','1fc107e5-37e5-4b05-a166-5a2d259144e3',1,'77688ab7-6376-483e-8867-ddc64a28c99b',NULL,151,NULL,'admin','系統管理者','2023-03-09 23:14:23',NULL,NULL,'2023-06-11 10:51:08'),('81e2fc43-566d-489e-84a7-896c15a1ac48','wh01','b5f8d9e6-2b2f-4e99-a388-c911193a6fb4',1,'d9048028-cbac-4690-809c-1fe13401ec98',NULL,10,NULL,'admin','系統管理者','2023-03-09 23:14:26',NULL,NULL,'2023-05-12 09:23:00'),('8256bc24-d513-4365-9264-3d235fb555d1','wh01','bff542b6-03ff-4699-9704-157312201379',1,'5fde9318-0724-45c5-8de7-5cd6c266b7ec',NULL,10,NULL,'wei7961074','Kylie','2023-06-02 13:29:42',NULL,NULL,'2023-06-02 13:29:42'),('8273a083-597d-473a-b866-ca43b1e912f6','wh01','a3a973a5-be27-478d-8b68-e87ecaf30440',2,'e67e1833-bab7-4058-b2ff-b4dfed220079',NULL,0,NULL,'admin','系統管理者','2023-03-09 23:14:24',NULL,NULL,'2023-03-09 23:14:24'),('82a70c15-c786-4209-8a14-cbc8b667fed2','wh01','f47d13a3-709e-41fa-a651-53439ba61809',2,'c1aa04af-c0ec-4c0a-8cce-1ff4e6ad5921',NULL,7,NULL,'admin','系統管理者','2023-03-09 23:14:26',NULL,NULL,'2023-05-18 09:43:41'),('82c5766e-20bc-4ace-8f46-be7af1e8beaa','wh01','3944f6a8-9b49-4219-882c-61d0f369a773',1,'f8c981f4-a92d-478f-92df-41a49d282a27',NULL,10,NULL,'wei7961074','Kylie','2023-04-21 14:19:28',NULL,NULL,'2023-04-21 14:19:28'),('82f0e15b-45cc-4f03-9caa-ddfbb80631e0','wh01','232d5717-3798-433b-8fee-3c1791540ed6',1,'9bfc0b93-1dc5-48df-8fc1-58113733aa74',NULL,10,NULL,'jay','Jay','2023-04-20 20:10:29',NULL,NULL,'2023-04-20 20:10:29'),('82fac36b-5ce3-4206-ab84-55acd8acdd0f','wh01','f96d0f8d-d2ab-4fdd-8eaa-b0b5abc9192f',1,'95d4e5b1-9baf-4467-a4fa-9bf23b1a572c',NULL,0,NULL,'admin','系統管理者','2023-03-09 23:14:26',NULL,NULL,'2023-03-23 11:41:29'),('83079a95-844c-483d-af09-1b9fb4b3c1e7','wh01','1fd4086c-46e6-42fe-9967-c1e1220fa3e8',2,'ff61fdfb-1997-4277-8bea-39c8e5bd819b',NULL,0,NULL,'admin','系統管理者','2023-03-09 23:14:25',NULL,NULL,'2023-03-09 23:14:25'),('830d9eae-b068-43cc-bc11-813a48fad2d9','wh01','3ec2b192-5fb2-458c-b111-9471e3644a8f',4,'26e8f543-b2f9-4397-b873-408143e624cd',NULL,21,NULL,'admin','系統管理者','2023-03-09 23:14:24',NULL,NULL,'2023-06-05 09:52:10'),('833a6ec3-728d-4afd-8f7d-2feaf4513692','wh01','ccac36b0-e5a1-4f97-982d-ffb71f8f7ed0',12,'0a797c39-149c-4ad1-9668-c193491b9390',NULL,13,NULL,'admin','系統管理者','2023-03-09 23:14:24',NULL,NULL,'2023-06-04 14:06:15'),('83603bb6-33c6-44d0-89f5-cc8c5facd5d4','wh01','1399f88b-044b-481e-baf6-a48c1a5149a7',1,'f393581a-c4c7-4ef9-bfcf-40f75ed699e6',NULL,25,NULL,'clcadmin','clcadmin','2023-04-07 14:50:18',NULL,NULL,'2023-06-12 09:03:49'),('838da41f-9a22-48f5-a711-7e7a0de80387','wh01','34673f97-2205-432f-843b-4a93c14831ad',1,'344efcd9-8fe8-4797-9bf6-19d94250aaa3',NULL,3,NULL,'admin','系統管理者','2023-03-09 23:14:24',NULL,NULL,'2023-06-09 14:21:59'),('83ae5c12-cd40-421e-b691-c2ce17fe5b42','wh01','a760b0ce-8821-4127-99cc-80c0a7413cff',3,'422fbe62-98ba-4ae7-83e6-8109b177fed8',NULL,21,NULL,'admin','系統管理者','2023-03-09 23:14:26',NULL,NULL,'2023-06-02 17:01:35'),('83ca60dd-6aed-4787-874d-de0097c17c3a','wh01','92e8716a-f3a4-4ac7-9f38-3cfbb96cf137',3,'6fc8e15c-d7af-4086-a721-b66148ad4a10',NULL,0,NULL,'F800229434','Juan Raymond','2023-05-03 11:50:06',NULL,NULL,'2023-05-03 11:50:06'),('83e63e92-59fa-46d4-ace3-b59b6e8f5559','wh01','58e7b83f-e239-4381-b0bc-9e8c574c3abc',2,'181a7d7d-7b80-4e6e-836d-45770a3179bb',NULL,0,NULL,'F800229434','Juan Raymond','2023-04-22 17:42:39',NULL,NULL,'2023-04-22 17:42:39'),('843de5c0-a56b-4d94-84c5-136df7e4c36f','wh01','c10775c9-edf0-460a-8d8c-dcad10043883',2,'b5466ef1-2022-4faf-a225-50d2962d308e',NULL,0,NULL,'admin','系統管理者','2023-03-09 23:14:26',NULL,NULL,'2023-03-09 23:14:26'),('8480e35c-8fc3-4e1f-9cf8-3477e61e7e67','wh01','4c91d806-f278-4135-a150-42c49861e724',4,'e9585adb-8637-4ce3-99e5-394bed05b598',NULL,0,NULL,'admin','系統管理者','2023-03-09 23:14:27',NULL,NULL,'2023-03-09 23:14:27'),('84ab527f-bc6f-41fe-ae4c-0ec1db9fe681','wh01','c883d6c9-b6ff-44eb-89cf-cf92ce7d8fd1',1,'425de05b-889a-44c1-bc41-eaa6c0df6b47',NULL,0,NULL,'admin','系統管理者','2023-05-08 16:44:36',NULL,NULL,'2023-05-08 16:44:36'),('852dee70-ff54-44e2-a11b-95df8ff22aa0','wh01','6732be52-fb66-4f80-bc5c-aee75478b30b',1,'ace5628e-81c9-40c7-811b-6bfd95ebefa4',NULL,0,NULL,'Ariel','Ariel','2023-04-10 14:40:24',NULL,NULL,'2023-04-10 14:40:24'),('85852c8d-8bd7-474a-a736-a206510a28cd','wh01','954a4315-9c7f-434e-85e0-8e1845b38c25',1,'e328669b-b6e1-4c73-9878-b26b2fb30b1e',NULL,0,NULL,'jay','Jay','2023-04-22 21:54:14',NULL,NULL,'2023-04-22 21:54:14'),('858693bc-42d7-4e4b-9316-8341457255e1','wh01','8d38a2b4-7ea5-4f94-8373-79ce6b5dc3b3',2,'94768a42-38a2-4f7f-b873-e5b386dc97e4',NULL,0,NULL,'admin','系統管理者','2023-03-09 23:14:24',NULL,NULL,'2023-04-21 11:04:08'),('85b3fe81-93c0-4d82-84a4-315d4604bb56','wh01','a2acb27d-867c-4168-a75f-b59467108a7b',1,'886f4c04-7f2d-495b-bf26-45c1507836a7',NULL,0,NULL,'admin','系統管理者','2023-05-08 16:44:37',NULL,NULL,'2023-05-08 16:44:37'),('85b92cce-3b2d-4f01-906a-3396715a0aad','wh01','37fb3b9a-b0b0-4b5f-a55c-69e8a931474b',3,'4580222f-335b-428e-9541-2932010f7f9e',NULL,0,NULL,'F800229434','Juan Raymond','2023-04-22 17:42:39',NULL,NULL,'2023-04-22 17:42:39'),('85fc1ec6-8051-47ab-82f5-ef893f28e294','wh01','0fa377e3-0751-4b8a-b4e6-a958fe234f2a',3,'a49ae5c8-7f4e-444c-9c65-ac271d511e7b',NULL,0,NULL,'admin','系統管理者','2023-03-09 23:14:26',NULL,NULL,'2023-03-09 23:14:26'),('865540a6-8208-436d-bb3c-8285edf9a242','wh01','679eccbf-0f9c-44af-87c9-7e17f150f4f0',2,'04962b9e-c8b5-4418-a179-c5205ab31ffe',NULL,0,NULL,'admin','系統管理者','2023-03-09 23:14:23',NULL,NULL,'2023-03-09 23:14:23'),('867cfa99-19b0-4305-93df-c9912dd0bbe1','wh01','874ff437-e6d0-48f6-be48-7835e7ff9084',4,'68b40888-d99b-448d-b7a5-c1beca95f4ee',NULL,0,NULL,'F800229434','Juan Raymond','2023-05-03 11:50:06',NULL,NULL,'2023-05-03 11:50:06'),('86f6b178-8848-49ea-b32c-135f65203145','wh01','db3a4f38-06e2-49a8-a3f8-68b2c7783e5f',2,'579991a5-bd0c-41af-8a64-6260613f9d5f',NULL,37,NULL,'jay','Jay','2023-04-10 11:10:24',NULL,NULL,'2023-04-11 14:18:56'),('86f782b9-2233-4b10-b403-7928c478b304','wh01','49d31006-4c3e-42d4-8eda-e767ef1dbe3f',1,'82343b34-80b5-45d3-92a0-30b74dd5e4cb',NULL,37,NULL,'admin','系統管理者','2023-03-09 23:14:24',NULL,NULL,'2023-04-19 16:22:41'),('8737d60d-f3cd-44ed-9ae4-91572aa9378f','wh01','33e38cf7-7339-48fb-873b-9d65b1de1b00',1,'427441a4-8d06-46d9-bc11-9ba2b7d9e84b',NULL,10,NULL,'wei7961074','Kylie','2023-04-21 13:51:59',NULL,NULL,'2023-04-21 13:51:59'),('8740e1cb-3556-4ce9-8f19-dba1d9ef54a2','wh01','e8afe3d3-5568-4b48-8c38-809b501f98e0',1,'533f5cf2-b8bd-4fe5-92d1-5a1fcd274467',NULL,0,NULL,'admin','系統管理者','2023-05-08 16:44:36',NULL,NULL,'2023-05-08 16:44:36'),('87b82421-611d-411e-a4a3-55d0baf9a965','wh01','a86a70be-ce98-4154-8cf8-f62dec90864c',1,'b0739361-b94d-4e2f-b372-dd79495a572e',NULL,0,NULL,'admin','系統管理者','2023-03-09 23:14:26',NULL,NULL,'2023-03-23 11:41:32'),('87bf7eca-f534-484f-a104-06da8a3f926a','wh01','4c91d806-f278-4135-a150-42c49861e724',3,'99044bd0-be32-4727-b3ed-5871bc0a96b2',NULL,0,NULL,'admin','系統管理者','2023-03-09 23:14:27',NULL,NULL,'2023-03-09 23:14:27'),('87ca53f6-9491-4100-9108-8e98934f99af','wh01','1399f88b-044b-481e-baf6-a48c1a5149a7',1,'8446fc5c-2324-4d81-9cd8-28b90fc0ce45',NULL,6,NULL,'clchanas','hanas','2023-04-09 13:14:23',NULL,NULL,'2023-04-09 14:38:41'),('8820cf27-06b2-4095-bce2-3d853e580000','wh01','78931842-9725-4449-a4a6-6fce80befefc',3,'1b62a23f-7e9b-4aba-aeb3-3cd8621391b1',NULL,0,NULL,'admin','系統管理者','2023-03-09 23:14:23',NULL,NULL,'2023-05-08 13:30:50'),('88781163-a2bb-4efe-9160-2f475b20ca70','wh01','ccdf8a9e-a7c9-4092-87e5-33ea01f01b83',3,'5a3d0d4a-453e-423a-bf35-ca8a664dd2dc',NULL,10,NULL,'wei7961074','Kylie','2023-04-21 14:16:09',NULL,NULL,'2023-04-21 14:16:09'),('88e9f643-7649-4017-b70c-afc452ecdd22','wh01','7fe9213f-eb94-4ba7-8c36-6b1ea3de4384',3,'dbb1e027-d2d2-4cc4-8f20-a231b853d5f8',NULL,45,NULL,'admin','系統管理者','2023-03-09 23:14:26',NULL,NULL,'2023-06-11 16:14:19'),('88f22973-5d58-4a3b-8cc0-b6cc10a51f4a','wh01','0aae33ef-90d9-4789-ae9c-c6c7ffa597f8',1,'1b4d428e-253d-49bb-a037-1514e1493cab',NULL,15,NULL,'jay','Jay','2023-04-20 20:11:34',NULL,NULL,'2023-06-05 14:03:20'),('89018334-813e-46ec-b0c1-3f977d9f3078','wh01','a4f0858c-ff02-48e6-8720-e6cc92aa11eb',1,'aee05f84-e6b6-45a3-a7dd-6423618f3b9b',NULL,0,NULL,'admin','系統管理者','2023-03-09 23:14:27',NULL,NULL,'2023-03-09 23:14:27'),('8913e82b-875e-474a-b3e8-f457f4b227a0','wh01','7a2baa09-1420-4dc8-b0fd-795a68352b79',2,'231fc0b4-aa02-4f41-ab64-0ac04a36b9bf',NULL,0,NULL,'admin','系統管理者','2023-03-09 23:14:26',NULL,NULL,'2023-03-09 23:14:26'),('8917eb00-09f0-4b96-b76c-2feedc6874f1','wh01','f96d0f8d-d2ab-4fdd-8eaa-b0b5abc9192f',3,'e1b270c4-3ffd-4b88-93cf-e9ed9805ce4d',NULL,0,NULL,'admin','系統管理者','2023-03-09 23:14:26',NULL,NULL,'2023-03-09 23:14:26'),('89471c72-499b-48b4-80a5-0c319608a340','wh01','a34b0268-8462-4699-b630-03229b3d0689',1,'654be30f-5f43-40bc-abf5-003ae4fa8728',NULL,0,NULL,'F800229434','Juan Raymond','2023-05-23 14:54:33',NULL,NULL,'2023-05-23 14:54:33'),('8951bcc9-dae8-4af7-a1c8-c5e2d2bb8d33','wh01','a51e3d22-d7c2-428b-a9a9-01c615941ca8',7,'ede2f59a-472e-46a1-9b25-68b2f95cb9da',NULL,35,NULL,'wei7961074','Kylie','2023-06-05 11:11:12',NULL,NULL,'2023-06-09 14:38:33'),('8971cf36-5919-4c7d-8df0-504b38e18fae','wh01','02639b37-390d-4579-84be-db704bbd8f4f',3,'57750326-d664-4fcd-a408-11957fbc5069',NULL,0,NULL,'F800229434','Juan Raymond','2023-05-03 11:50:06',NULL,NULL,'2023-05-03 11:50:06'),('89d48a8d-4328-4f1c-81bd-8213706a4723','wh01','c48bdc3a-34a0-4dce-9eab-e016ea0b218b',1,'e00d7233-1c80-4c88-99f2-48d702193ec7',NULL,0,NULL,'F800229434','Juan Raymond','2023-04-22 17:42:39',NULL,NULL,'2023-04-22 17:42:39'),('89f112f3-1ae7-4511-9964-ddca18c90010','wh01','9f3b0de2-3094-4935-85f5-4447944adb50',1,'efd5ea48-4f5c-4bd6-9f4d-5d921972bc6b',NULL,10,NULL,'wei7961074','Kylie','2023-04-21 14:06:57',NULL,NULL,'2023-04-21 14:06:57'),('8a223351-025b-4a9b-9d2a-4c4ff43bfc88','wh01','9c7518f6-1ae5-4a6c-ba8a-d09db87eb427',1,'295272f1-9ef9-4106-bebd-dca487ee3f62',NULL,16,NULL,'admin','系統管理者','2023-03-09 23:14:23',NULL,NULL,'2023-06-07 09:33:22'),('8a62a966-32d0-4b76-8f72-8bd7a747c842','wh01','8e1d3284-29e2-4b22-b157-466bca4c8627',12,'a53a2be2-fa73-4cfc-983b-bf68567f3e20',NULL,242,NULL,'admin','系統管理者','2023-03-09 23:14:25',NULL,NULL,'2023-06-12 10:47:19'),('8b3b414d-5e0f-40c0-a428-cdb247b93b06','wh01','490ff07c-61af-49d9-9b60-47e9e90bdbb1',1,'d4970779-7575-4bc4-8a1b-b00359a5a2d9',NULL,0,NULL,'F800229434','Juan Raymond','2023-05-30 10:58:46',NULL,NULL,'2023-05-30 10:58:46'),('8b56eefa-ac13-489e-a8a4-75e5df344b0d','wh01','713cb297-77cd-40ed-ada8-c929ddfcfdbf',2,'5424d1fc-056f-436b-8af4-e4deb62a79d1',NULL,0,NULL,'admin','系統管理者','2023-03-09 23:14:23',NULL,NULL,'2023-03-09 23:14:23'),('8b75311d-17d6-4d70-9fbb-8addb11d3a38','wh01','6a5dd067-5a7b-4fd1-904b-ee83357b7d36',2,'e14a90bf-b072-4e6e-858b-f25ab6e35363',NULL,0,NULL,'F800229434','Juan Raymond','2023-04-22 17:42:40',NULL,NULL,'2023-04-22 17:42:40'),('8b7dcb90-2f6e-4ac9-b505-9cde5aad5228','wh01','cc769bb8-ee62-4dc2-9989-5e2d3afbf3d9',1,'c4e72761-d4fe-4838-8def-ab5d1356eb25',NULL,0,NULL,'F800229434','Juan Raymond','2023-04-22 17:42:39',NULL,NULL,'2023-04-22 17:42:39'),('8b838144-f4fc-40a9-ae0d-46914219ddb5','wh01','2a9abe64-c0d3-407b-9960-34a29ddad357',1,'91cf781b-c101-491b-b5ba-8342aad1bb17',NULL,20,NULL,'admin','系統管理者','2023-03-09 23:14:25',NULL,NULL,'2023-05-05 09:27:14'),('8bdbe5a1-2841-46f2-9cab-e5a5416d22b3','wh01','d99341ef-db75-4647-8026-abba571259b7',1,'255269d9-3355-49dc-b12e-c904338a27fb',NULL,0,NULL,'F800229434','Juan Raymond','2023-04-22 17:42:40',NULL,NULL,'2023-04-22 17:42:40'),('8bec0888-a951-492e-a67d-c2f7c90f3e95','wh01','c65b3626-bfba-4bb1-a0ed-0628dc56118e',1,'9a404f84-b36e-4add-8b99-d83dceba0985',NULL,0,NULL,'admin','系統管理者','2023-03-09 23:14:27',NULL,NULL,'2023-04-11 14:18:57'),('8c381e1f-1be3-401a-828b-06122ae88dc2','wh01','671e9de3-de9d-4a72-8a49-c1bcd5c53e1c',6,'aca5fe4b-1817-42df-8963-e35f885a82c7',NULL,0,NULL,'admin','系統管理者','2023-03-09 23:14:27',NULL,NULL,'2023-03-09 23:14:27'),('8cc5874e-8148-4539-aeb7-d3754a15978a','wh01','f3f0c2a4-5684-4942-8541-03a2bd5ac077',1,'51d13f7c-60ea-4041-99f8-6bbac4560a46',NULL,0,NULL,'wei7961074','Kylie','2023-04-14 09:47:05',NULL,NULL,'2023-04-14 09:47:05'),('8cf580b5-3a2b-409d-8d15-198fee65e50d','wh01','238ecafa-2a65-4fa5-9f50-4d8f25425ce2',2,'f36b6385-c70d-49e8-b770-f321b395ec63',NULL,0,NULL,'admin','系統管理者','2023-03-09 23:14:23',NULL,NULL,'2023-03-09 23:14:23'),('8cfe2ba5-70b8-460a-a397-9fd3cf4fe8fa','wh01','2eff7ada-d3d4-4012-988e-5ad9cca72668',1,'d2770442-3135-4480-a7f6-c5ff96662bbe',NULL,13,NULL,'admin','系統管理者','2023-03-09 23:14:25',NULL,NULL,'2023-06-08 07:53:59'),('8d37868b-337d-468a-9595-b064af49f810','wh01','7aff1c8e-7edd-4a50-b170-a7149eaa1a92',6,'84ca0a29-49e6-4f38-a9c4-3b90aced257f',NULL,0,NULL,'admin','系統管理者','2023-03-09 23:14:25',NULL,NULL,'2023-03-09 23:14:25'),('8d3df503-4460-4905-9184-f0c79048b727','wh01','02b5bb04-9816-4275-b1f5-c1b8b6d49713',1,'0794c1e5-e0de-44d9-a18f-ace742a9cf5d',NULL,14,NULL,'admin','系統管理者','2023-03-09 23:14:24',NULL,NULL,'2023-06-04 16:29:53'),('8d81428a-2179-48ba-8b80-1adc63b42312','wh01','492bf791-a391-4884-9443-f0783a9cf1cb',3,'ff044f0d-9b85-4336-94ab-1a301ffe5d02',NULL,0,NULL,'jay','Jay','2023-04-22 21:49:49',NULL,NULL,'2023-04-22 21:49:49'),('8dc175e6-f79e-41fc-9f26-aae5929a19a2','wh01','83c53370-1db7-4627-87d3-5c45a1f5ab75',1,'a0e721bd-d740-496b-9efc-0273fd82403b',NULL,0,NULL,'F800229434','Juan Raymond','2023-05-03 11:50:06',NULL,NULL,'2023-05-03 11:50:06'),('8dca3a82-2a5b-4272-95d6-e05c51d86e1d','wh01','35f0442a-9ccc-4179-bb6a-9364289ee70c',1,'df9bec5f-33a6-4c4a-8a3e-742c26766a0c',NULL,0,NULL,'F800229434','Juan Raymond','2023-05-30 10:58:46',NULL,NULL,'2023-05-30 10:58:46'),('8de3a0b8-d61e-453e-a87e-21796ea51090','wh01','acaa1cd3-a21d-4619-bd8f-483d0c3e8613',1,'a807c2ea-061c-46a9-9131-f6b912e2c5c2',NULL,23,NULL,'admin','系統管理者','2023-03-09 23:14:27',NULL,NULL,'2023-06-11 10:51:09'),('8e0f69f8-aed9-43a5-bd74-ec8a7ec75405','wh01','19ed965a-37c4-4eb6-99f5-57c9b8284ca7',1,'f8240a4f-3448-4bd7-8e78-469297b6c022',NULL,0,NULL,'admin','系統管理者','2023-03-09 23:14:24',NULL,NULL,'2023-04-11 14:18:58'),('8e1226b1-27fb-4c7b-bb83-03cd6e6ca6f2','wh01','819ae123-ab4a-483a-9f97-7fa729e9b591',2,'09587538-2345-420f-9e64-2aaa4d719537',NULL,0,NULL,'F800229434','Juan Raymond','2023-04-22 17:42:39',NULL,NULL,'2023-04-22 17:42:39'),('8e33eaef-18fa-42fa-a43b-9c45615dd683','wh01','b53b9ee2-a4bf-40b3-b1b4-cf2fccde71dd',3,'c06e74e1-9727-4ced-b9da-736f8b0c47c2',NULL,0,NULL,'admin','系統管理者','2023-03-09 23:14:26',NULL,NULL,'2023-03-09 23:14:26'),('8e622a6e-872a-4f1d-8d5e-3be94de5fcb4','wh01','af5e4ea8-a0cf-466c-8813-8c538d8110bc',4,'1f9bf828-70a6-4fef-ac1b-a05db30790c1',NULL,0,NULL,'admin','系統管理者','2023-03-09 23:14:27',NULL,NULL,'2023-03-09 23:14:27'),('8e6df2ee-aeba-4699-b81e-bf6820a76f69','wh01','dc87610a-b184-46bb-9b46-1bbf8726d778',3,'99720db5-93bb-4c7b-b0cd-d76847c0bfe2',NULL,0,NULL,'F800229434','Juan Raymond','2023-04-22 17:42:40',NULL,NULL,'2023-04-22 17:42:40'),('8eab2aca-b949-4adf-a48a-2796ba1c4b42','wh01','65133ad4-6aaf-4020-8947-c698683c0ed3',3,'31722ca0-db6a-4f80-a471-6ee0003a80f4',NULL,0,NULL,'F800229434','Juan Raymond','2023-05-02 15:40:45',NULL,NULL,'2023-05-02 15:40:45'),('8ef0bf2c-98b8-43e8-934b-3d2752d1423a','wh01','fe951cdc-e580-4a87-8725-762835f60524',1,'94d28093-9913-4442-8cec-34410398fb84',NULL,0,NULL,'admin','系統管理者','2023-03-09 23:14:24',NULL,NULL,'2023-05-15 09:42:28'),('8f28cc79-58c2-4b44-9923-9020ccc06461','wh01','a862768a-139a-4bb1-9aa5-21c58d4f43b8',1,'b64dccac-d973-4408-9da4-09209b84ae72',NULL,0,NULL,'admin','系統管理者','2023-03-09 23:14:27',NULL,NULL,'2023-03-09 23:14:27'),('8f2d3d98-3d93-4310-a6fe-c1b15e1650db','wh01','7a2baa09-1420-4dc8-b0fd-795a68352b79',4,'a44fc0dc-7454-4fc7-833f-177f018e7367',NULL,0,NULL,'admin','系統管理者','2023-03-09 23:14:26',NULL,NULL,'2023-03-09 23:14:26'),('8f30075a-6145-45da-b0c0-425fd85a3edc','wh01','2738f001-2d44-47db-99d3-2dfdd424b67e',4,'2b7e2352-7486-469d-9655-9f5a7613f232',NULL,0,NULL,'Ariel','Ariel','2023-04-10 12:27:22',NULL,NULL,'2023-05-09 15:13:30'),('8f8e864d-822e-42d5-ae8f-8bcf975fdc5c','wh01','02f065b7-80ff-437e-801d-069968ba775e',8,'6f4cb763-d0b6-44dc-9b97-1efb46419259',NULL,19,NULL,'clcadmin','clcadmin','2023-04-07 11:40:59',NULL,NULL,'2023-06-07 10:23:34'),('8fb439f0-28f0-4e1d-bda4-36959b1442c6','wh01','e6e1e660-bf25-478b-81da-0da06ac74841',1,'23315ca4-e94a-48c2-ba62-83cf30dc2500',NULL,21,NULL,'admin','系統管理者','2023-03-09 23:14:23',NULL,NULL,'2023-06-08 14:43:37'),('8fbbdf1f-10e1-45ec-ba68-c01fccc15f0d','wh01','713cb297-77cd-40ed-ada8-c929ddfcfdbf',5,'987c0b33-277a-4d2a-8500-4f8382448a43',NULL,0,NULL,'admin','系統管理者','2023-03-09 23:14:23',NULL,NULL,'2023-03-09 23:14:23'),('8ff3ee6d-5e86-40d7-ba68-b298163f8117','wh01','c1e29839-93c3-41f4-83c3-f5e4eccbbf65',1,'557d1089-81fc-4ea4-9699-9fa61f92c917',NULL,57,NULL,'admin','系統管理者','2023-03-09 23:14:24',NULL,NULL,'2023-06-12 09:42:12'),('8ffbfa60-35d9-45c3-b38f-ee3b58465a19','wh01','cde8c084-ba29-499e-ba8e-21105c93d4c8',4,'c90f5b07-c255-4688-9e58-8ab8329de164',NULL,2,NULL,'admin','系統管理者','2023-03-09 23:14:26',NULL,NULL,'2023-05-21 16:40:40'),('90026398-3d4c-4d1d-9b2d-2e14b2839df6','wh01','359305be-3351-491a-a7cc-9a02717001fb',4,'4694d976-3233-4869-a027-f9ec78cfc52a',NULL,0,NULL,'wei7961074','Kylie','2023-04-22 22:37:01',NULL,NULL,'2023-05-08 16:44:34'),('906d028c-48cf-429c-b85c-82a9ac00e7fb','wh01','dcaa8077-5afa-4f3a-8d72-43fcb10e191a',5,'dc9b9d48-523b-4408-b53b-1492c5efc120',NULL,63,NULL,'admin','系統管理者','2023-03-09 23:14:25',NULL,NULL,'2023-05-31 11:58:33'),('90719bf8-c287-471e-84f6-462d10f2a458','wh01','ccac36b0-e5a1-4f97-982d-ffb71f8f7ed0',13,'b649f645-80b4-4cdb-9793-6ca429d674fd',NULL,0,NULL,'admin','系統管理者','2023-03-09 23:14:24',NULL,NULL,'2023-03-09 23:14:24'),('90a41fb1-f220-4579-a9ff-8709a1439090','wh01','ba846028-0230-4236-a6d9-29e5b8e40c00',1,'68af2f90-23d0-499a-9003-32e5f651df80',NULL,0,NULL,'admin','系統管理者','2023-03-09 23:14:24',NULL,NULL,'2023-03-09 23:14:24'),('90c6a3b1-0caa-4476-8115-52b1bf196514','wh01','cf25375f-b203-44c4-b1e1-db9fb69ac674',5,'1b861daa-d38c-4d99-913c-a4ce6d499138',NULL,78,NULL,'admin','系統管理者','2023-03-09 23:14:26',NULL,NULL,'2023-06-07 16:20:22'),('90eb12f8-89b2-422f-91df-dec66782acc0','wh01','e7c2c565-90c9-4ea5-8123-3dd145b3dfb8',1,'6f84f350-c9a6-40ac-98c8-bbb41f2403d3',NULL,6,NULL,'wei7961074','Kylie','2023-04-11 14:20:01',NULL,NULL,'2023-05-23 22:23:14'),('90fb01d5-d18b-4237-97be-9d8acc22fdf4','wh01','f8701ca0-9576-4aa0-b5d5-5de228fb8af8',2,'64221ee6-eae0-4818-9be6-e791ed4f64e6',NULL,0,NULL,'F800229434','Juan Raymond','2023-04-22 17:42:40',NULL,NULL,'2023-04-22 17:42:40'),('912c7c9f-6519-4ade-9c30-dfacd28b0396','wh01','2bbece4a-8097-4b7f-aaf9-77a425e6017b',1,'a6523a01-9797-411a-9c12-917d7a958a9c',NULL,0,NULL,'admin','系統管理者','2023-03-09 23:14:26',NULL,NULL,'2023-03-09 23:14:26'),('913a736c-c56f-4281-9d53-2ff3f6d54787','wh01','0a35d692-fa69-4042-aaa8-97dcd8dd9f1c',1,'96b80c54-0c67-4b80-8854-551d455a6839',NULL,0,NULL,'admin','系統管理者','2023-05-08 16:44:37',NULL,NULL,'2023-05-08 16:44:37'),('914b6288-5775-4e1f-80f9-1d32a136e9ad','wh01','4808dbf5-fbf3-4750-beb1-98ae7d5480d6',1,'ab1ec352-4ee9-43aa-94fe-955571daea57',NULL,0,NULL,'F800229434','Juan Raymond','2023-04-22 17:42:39',NULL,NULL,'2023-04-22 17:42:39'),('91540ce5-31b2-4670-961a-7cb04fc5059a','wh01','557d0c79-7bd1-48b3-aa38-91f47ecc1b72',1,'4b010b22-79ef-4b92-8d5e-3fce1745ae60',NULL,0,NULL,'admin','系統管理者','2023-05-08 16:44:37',NULL,NULL,'2023-05-08 16:44:37'),('9161afea-494e-4a12-a98c-ae2aa374ca8a','wh01','b53b9ee2-a4bf-40b3-b1b4-cf2fccde71dd',1,'1eb0170f-823f-4586-9984-3d9aee62f7f7',NULL,56,NULL,'admin','系統管理者','2023-03-09 23:14:26',NULL,NULL,'2023-06-05 10:03:18'),('919696e7-403b-48bb-96b9-ffa99461157b','wh01','d569ca74-2a0f-437f-8991-e972533df740',1,'f9b7232e-9dfa-41cc-a173-ac5e11cc9de3',NULL,28,NULL,'admin','系統管理者','2023-03-09 23:14:25',NULL,NULL,'2023-06-09 14:04:14'),('91c19d41-b0c4-4d98-8f9a-e059d74c6317','wh01','a322dc15-d048-4d63-9c56-858cde1e5856',5,'96b8bae4-7e6b-47cd-9798-c04cfd92aa04',NULL,0,NULL,'admin','系統管理者','2023-03-09 23:14:26',NULL,NULL,'2023-03-09 23:14:26'),('91c9e3c7-c69b-4c9e-9f51-5872c28beed0','wh01','d84c7879-958a-402e-a225-77886e1c6d2a',1,'d2cd8371-08c9-4020-b902-43c2a6e5d190',NULL,8,NULL,'admin','系統管理者','2023-03-09 23:14:25',NULL,NULL,'2023-06-07 11:35:16'),('91ce7c92-0c8f-41c4-a0f3-6fb16deb20f4','wh01','146e5cd9-4b7a-46ab-883c-bc4a084008c5',3,'e1c7694e-25ec-4c2a-b95e-e173586ac7f5',NULL,40,NULL,'Ariel','Ariel','2023-04-25 11:43:06',NULL,NULL,'2023-05-16 10:02:01'),('921cdcb2-a2b7-44d0-9a05-2b34ae1c4ce9','wh01','0877272b-1d16-45b3-90cb-cdd36b372945',1,'f0b7cf73-56fc-4d7f-bc5a-98ada7255f15',NULL,0,NULL,'admin','系統管理者','2023-03-09 23:14:26',NULL,NULL,'2023-04-11 14:19:01'),('922478bb-8929-4310-ac3e-c0b62dbbd599','wh01','85d7f46b-8275-4371-8057-5ebe8bc80dc5',4,'b8c23bc3-196b-4734-85ef-744a37e5f2e5',NULL,16,NULL,'admin','系統管理者','2023-04-20 19:19:07',NULL,NULL,'2023-04-20 19:19:07'),('922fb563-f972-42eb-9bf3-ada6f01d6b73','wh01','5c5d8a7b-864d-4ccd-9ab5-2d9dc44e6483',1,'eee75320-4558-4418-a9ad-faf525e723bc',NULL,10,NULL,'Ariel','Ariel','2023-04-21 14:22:19',NULL,NULL,'2023-04-21 14:22:19'),('923d6ca3-d25e-4ddb-8780-8717b8378ef9','wh01','db272c5c-beda-4ec1-9770-28dc8d34c9e4',1,'36bd837d-055c-4a49-9401-3bb7a0b946be',NULL,0,NULL,'F800229434','Juan Raymond','2023-05-30 10:58:46',NULL,NULL,'2023-05-30 10:58:46'),('925f3489-6d58-4d1f-96de-3726f532f0f4','wh01','6dbe6f0e-cc4e-4ae0-94d9-19c090251981',1,'f0c0a296-94a1-4b38-aba8-2c60e0694f7e',NULL,0,NULL,'F800229434','Juan Raymond','2023-04-22 17:42:39',NULL,NULL,'2023-04-22 17:42:39'),('926d757b-b699-47d1-b500-6b4cc9f5e27b','wh01','c23ad70d-f166-4165-a122-856b1bbba7fa',1,'3afca007-b2e9-4b12-8391-ae65886ffba9',NULL,0,NULL,'admin','系統管理者','2023-03-09 23:14:24',NULL,NULL,'2023-03-09 23:14:24'),('9288c78f-bf0c-4fad-9958-0e9486c20ef1','wh01','1267158e-19bc-4364-88b4-09a889def9d8',1,'8c018ffd-fc04-443b-9060-d2b8eac4307f',NULL,10,NULL,'wei7961074','Kylie','2023-04-21 14:28:41',NULL,NULL,'2023-04-21 14:28:41'),('928de21f-5223-4f2d-8a57-5352f5abc7ae','wh01','cf03c548-3e96-4a67-867a-b30efe69959c',1,'6f49619d-073f-41f8-933a-446a940f365a',NULL,0,NULL,'wei7961074','Kylie','2023-06-09 16:11:11',NULL,NULL,'2023-06-09 16:11:11'),('92e15010-7cd0-4c9d-92bf-f6e6839b5963','wh01','0877272b-1d16-45b3-90cb-cdd36b372945',2,'5c3e13c3-093d-473c-9de2-39cf6f94df59',NULL,0,NULL,'admin','系統管理者','2023-03-09 23:14:26',NULL,NULL,'2023-04-11 14:19:01'),('92eb7d0f-965f-40a1-8fd5-9a9f77db66bc','wh01','cb145198-bf09-4c19-9a70-ee5bdf497d81',1,'20ad4535-f32c-444a-8b66-120763d66563',NULL,0,NULL,'admin','系統管理者','2023-03-09 23:14:25',NULL,NULL,'2023-03-09 23:14:25'),('92f453fb-d372-4edb-b4fc-9151f4f16697','wh01','ad2106ba-e57f-451f-b1e1-33ca6e779250',1,'ce6c7ac5-645c-4bf9-ac76-2cd14672442e',NULL,10,NULL,'jay','Jay','2023-04-21 15:07:54',NULL,NULL,'2023-04-21 15:07:54'),('93ab9a8d-9c3a-469f-870e-3d47c02455e3','wh01','59ba4e5c-dc7f-471c-97e3-157aabd21f6a',1,'1a866c7e-ef63-4069-89be-525c20d758e9',NULL,30,NULL,'admin','系統管理者','2023-03-09 23:14:23',NULL,NULL,'2023-06-11 15:05:27'),('93c3bb9f-96c0-4ec9-890b-0def5e62cae1','wh01','763f9dbb-1f08-4168-a12d-4fdd30cdbe37',1,'c4af3fc3-76e9-467b-b55d-a5ab64a0d759',NULL,10,NULL,'Ariel','Ariel','2023-04-21 14:25:46',NULL,NULL,'2023-04-21 14:25:46'),('93cabe82-6258-4522-8062-400847412260','wh01','af5e4ea8-a0cf-466c-8813-8c538d8110bc',3,'d3ecf470-6052-455a-bd5e-c42c17a8af9c',NULL,0,NULL,'admin','系統管理者','2023-03-09 23:14:27',NULL,NULL,'2023-03-09 23:14:27'),('93f779ab-2760-41a3-bd77-0f06de638457','wh01','5e98fc89-977c-4d28-896a-5c9570a3f06f',4,'dd31e598-a4f2-4ffc-a035-cdcb62a31b35',NULL,10,NULL,'wei7961074','Kylie','2023-04-21 14:17:19',NULL,NULL,'2023-04-21 14:17:19'),('943bcf80-6241-444e-a3a5-730b8af5a2dc','wh01','0b5712da-cd7a-423b-9a46-c59c4fc9a830',1,'eba62540-b466-4df2-91e4-68a79d2c6206',NULL,0,NULL,'admin','系統管理者','2023-05-08 16:44:37',NULL,NULL,'2023-05-08 16:44:37'),('9446a446-ebcc-4414-aa22-449aece2c602','wh01','90d83c1a-344e-4471-bec9-0f2d3ed679d5',8,'0821e7b5-14c0-4945-8ae5-3bdf4ee43d99',NULL,0,NULL,'admin','系統管理者','2023-03-09 23:14:25',NULL,NULL,'2023-03-09 23:14:25'),('9468c631-82d3-466c-babb-ea359d671fbc','wh01','e35701a5-b061-47d4-af3f-983aea9f4468',6,'f53b6a4b-607f-4dd7-9257-3e5c0a6dc89e',NULL,0,NULL,'admin','系統管理者','2023-03-09 23:14:26',NULL,NULL,'2023-03-09 23:14:26'),('947e9d1b-6c9a-4f5b-8a7d-2f62d58802c1','wh01','e4400650-b84a-49c0-8598-e0a9dce97e49',1,'9ea8d817-0a6c-4c04-8180-f2182ba861d7',NULL,22,NULL,'admin','系統管理者','2023-03-09 23:14:24',NULL,NULL,'2023-06-08 15:35:21'),('952dcdda-4d48-4ffc-a97b-553a734c2da5','wh01','fb159f24-6044-4359-a47a-8c5b3d01d396',1,'c32dd9d5-a4ad-4a24-a9f9-6d01cb9060e5',NULL,0,NULL,'admin','系統管理者','2023-05-08 16:44:37',NULL,NULL,'2023-05-08 16:44:37'),('9579ab07-0c20-4172-b963-102d091fa8f6','wh01','cb4216f7-3638-4b51-950b-2de87dc12e39',3,'af13e292-0049-4392-bed2-cc030236737a',NULL,0,NULL,'F800229434','Juan Raymond','2023-04-22 17:42:39',NULL,NULL,'2023-04-22 17:42:39'),('95edeac5-f3f9-4350-8bec-9fb23217fbf3','wh01','09b8d59c-8927-4f9c-95bf-151b3e0c69ee',1,'7f618355-e947-42d7-a84a-ed3d6236e023',NULL,0,NULL,'admin','系統管理者','2023-05-08 16:44:37',NULL,NULL,'2023-05-08 16:44:37'),('966cf260-851a-475d-a38e-0a3f8bf8ea26','wh01','61d66f85-a730-4470-89e6-987922723af7',3,'8a264587-9364-48ed-bfb3-09e6c4a17a43',NULL,10,NULL,'Ariel','Ariel','2023-04-21 14:20:22',NULL,NULL,'2023-04-21 14:20:22'),('967ffe65-588a-4f29-a0c3-01ead6abac7b','wh01','e62470a2-accc-4009-8c1d-0271185714c1',1,'b0ecc1db-6aac-4180-8cf5-5b828bce4f34',NULL,0,NULL,'admin','系統管理者','2023-03-09 23:14:24',NULL,NULL,'2023-03-09 23:14:24'),('968f5d5e-7199-4122-9526-ad5466eb214c','wh01','bebd19c7-3994-42e9-8ad1-3001a4594bb3',1,'a42e7653-aa68-491a-8f21-95a3d46dabe4',NULL,0,NULL,'admin','系統管理者','2023-03-09 23:14:24',NULL,NULL,'2023-03-09 23:14:24'),('96b49d1b-e4e4-4f36-a917-c495c7cf4368','wh01','185b8ce0-ced7-4ab8-b5f8-e7b6dadcd940',1,'e43a95c8-48ba-4df7-8cca-d236b321b97a',NULL,0,NULL,'admin','系統管理者','2023-03-09 23:14:26',NULL,NULL,'2023-04-06 10:50:26'),('96c11f4c-8c5d-4c52-9cb2-ff007b5f33ef','wh01','69461850-2766-48a4-a5c9-64b42fb0a5f2',3,'cdcbde4e-d7bc-4097-97af-f1787de3636f',NULL,0,NULL,'F800229434','Juan Raymond','2023-05-03 11:50:06',NULL,NULL,'2023-05-03 11:50:06'),('96c36c02-071f-42e0-8603-9da254b61cdb','wh01','76b73a58-170e-476d-9c7c-74ad8a6c81a1',1,'62b49424-15f5-4a29-b769-8fe2ca2ef204',NULL,0,NULL,'admin','系統管理者','2023-03-09 23:14:25',NULL,NULL,'2023-03-09 23:14:25'),('96e8267c-d186-4f31-90c0-1a6125c09d2f','wh01','b41575fe-d355-4c18-9fb5-3bfcd742e762',1,'9287b9d7-ac72-420a-ba61-4fb4c9ad664e',NULL,10,NULL,'wei7961074','Kylie','2023-04-21 14:09:33',NULL,NULL,'2023-04-21 14:09:33'),('970dc733-5534-40f4-8911-bc07ab7eca7f','wh01','57166b14-2637-4a3f-91ab-d6deba551623',2,'33d9fd1a-f3e9-4470-8125-51f11c548000',NULL,8,NULL,'admin','系統管理者','2023-03-09 23:14:24',NULL,NULL,'2023-06-08 14:43:37'),('977540bb-9d70-454c-8cc2-3a8bc82d29cf','wh01','0d5b249d-5c69-4eb3-900d-37eb30340e3d',1,'c513bc4f-74cd-4f3b-ab84-03c5f3e09e80',NULL,36,NULL,'clcadmin','clcadmin','2023-04-07 14:30:22',NULL,NULL,'2023-06-12 11:32:54'),('97756c6c-5184-4888-a2da-b26a89cf9d62','wh01','41d00365-2fa3-4785-af19-717203534236',3,'0d95208b-8265-4747-b0ab-8382ade674e6',NULL,0,NULL,'F800229434','Juan Raymond','2023-04-22 17:42:40',NULL,NULL,'2023-04-22 17:42:40'),('977b7834-5df5-4521-9656-4b760f002f9c','wh01','a760b0ce-8821-4127-99cc-80c0a7413cff',2,'f3d45296-def5-4293-b6d0-fbe768bbd76c',NULL,6,NULL,'admin','系統管理者','2023-03-09 23:14:26',NULL,NULL,'2023-05-08 02:39:33'),('9783ae7e-5525-4dcf-8492-7b10ea639d83','wh01','492bf791-a391-4884-9443-f0783a9cf1cb',1,'cc75b265-3266-4d01-9019-c9914960c9d9',NULL,0,NULL,'jay','Jay','2023-04-22 21:49:49',NULL,NULL,'2023-04-22 21:49:49'),('978659b4-dbc8-4d4c-8e32-63ecc3b426e1','wh01','31c2b982-f378-45d4-9ee6-4cd4c5799d81',1,'817c4ac1-a44f-4c9a-ac26-125cf8e6442c',NULL,10,NULL,'wei7961074','Kylie','2023-04-21 13:51:32',NULL,NULL,'2023-04-21 13:51:32'),('979632c7-8600-4ecb-a5ec-78dbf96aa91c','wh01','4ba214ae-5cb3-4f06-a49a-8104096d1921',1,'b4649b5f-3e58-479f-9d7a-d8f6fac1e7ac',NULL,10,NULL,'wei7961074','Kylie','2023-06-06 10:59:28',NULL,NULL,'2023-06-06 10:59:28'),('979e0a69-fcb5-4be6-876d-144e6ec2d733','wh01','8e96d379-70df-429b-9c2b-c5918565f150',1,'ff8aac69-d7b6-4860-a852-535efec0b615',NULL,0,NULL,'admin','系統管理者','2023-03-09 23:14:24',NULL,NULL,'2023-04-11 14:19:00'),('97aff35b-5800-4841-a39f-532c8ded2a3b','wh01','279fdd5d-9a8a-41a1-8b1b-1e83e4b16fc9',5,'e80dfad6-e2ea-4633-bc83-dc6aae01973b',NULL,10,NULL,'wei7961074','Kylie','2023-04-21 14:33:30',NULL,NULL,'2023-04-21 14:33:30'),('97b6904a-5724-4bf7-aa35-391ab0745e6f','wh01','18d99806-000a-47b1-84e9-5a0b5137fc8b',3,'664a2031-4be1-48d8-b2a6-cb6918207d3b',NULL,0,NULL,'Ariel','Ariel','2023-04-25 11:55:16',NULL,NULL,'2023-04-25 11:55:16'),('97c29a25-8623-4d9d-8ee4-0ae2b98f641a','wh01','db28988b-32ec-424e-a782-6ca1160225d6',1,'aab2f9b9-09ac-4286-b0b3-13a65ff4e614',NULL,0,NULL,'admin','系統管理者','2023-03-09 23:14:26',NULL,NULL,'2023-03-09 23:14:26'),('97cfd9aa-b716-40cb-8348-096aa255dfbc','wh01','84114e78-7a30-4e66-8b2a-80796bb8a5f6',1,'6fc46292-7e5a-457c-b663-72f9ec81c219',NULL,40,NULL,'admin','系統管理者','2023-03-09 23:14:25',NULL,NULL,'2023-04-11 14:18:56'),('97e52b3b-d0c5-4dbb-bcba-3ea9eceb9873','wh01','f04ec431-c232-49eb-9bc7-fb65bd9407a1',1,'18455b61-7823-48ac-a70b-74721083205c',NULL,52,NULL,'admin','系統管理者','2023-03-09 23:14:26',NULL,NULL,'2023-06-04 17:18:38'),('97f33c68-e590-4457-9a6d-98e5be67cfb0','wh01','f85eff33-6197-4933-97dc-3e8d0676d2f2',4,'2580c17e-1a01-4cc2-9126-f8e254c34435',NULL,35,NULL,'admin','系統管理者','2023-03-09 23:14:24',NULL,NULL,'2023-06-11 13:46:51'),('98236808-937d-4a34-aba9-6ef7bb03b62a','wh01','56278b36-0c2c-4f65-bad8-ae85787e095d',2,'3d1d29f7-089c-4476-ba72-f4125c5ba4e7',NULL,0,NULL,'admin','系統管理者','2023-03-09 23:14:26',NULL,NULL,'2023-03-09 23:14:26'),('9849195b-1e0d-4ca1-b3e1-85c5b31c3554','wh01','8e1d3284-29e2-4b22-b157-466bca4c8627',4,'1a131cff-9b73-412e-bb01-7773ad03fe28',NULL,954,NULL,'admin','系統管理者','2023-03-09 23:14:25',NULL,NULL,'2023-06-12 10:45:09'),('98ac9a22-4275-4e6b-8649-f0f8fab9f5d8','wh01','21acc67b-5d86-4ed4-b20a-928a9e0d6476',2,'3b8c20e4-3a50-4474-8626-e8bff3d0bc48',NULL,0,NULL,'admin','系統管理者','2023-03-09 23:14:25',NULL,NULL,'2023-03-09 23:14:25'),('98d716e0-3485-4d45-8870-1e97be699877','wh01','free_cloud_card',1,'1d33d083-e4d2-460f-a3c7-d3a76237483a',NULL,984,NULL,'admin','系統管理者','2023-05-05 16:53:37',NULL,NULL,'2023-06-11 19:09:54'),('98d960bd-d324-41bf-ae62-83e32462d330','wh01','7563e267-ace4-4607-95dc-20fb814ccdd1',1,'4ad00847-c1c2-4a7d-84a6-4e12102f9ebc',NULL,0,NULL,'admin','系統管理者','2023-03-09 23:14:25',NULL,NULL,'2023-03-09 23:14:25'),('9911ac38-96c5-49a9-bda6-8dd655ccf199','wh01','34096ca2-e959-4998-8b76-750adead8aa9',2,'3b58e619-b278-4ebe-96eb-b0d621963900',NULL,0,NULL,'admin','系統管理者','2023-03-09 23:14:23',NULL,NULL,'2023-04-11 14:19:00'),('992a552a-6fcb-409d-8de9-c22ca79f9c51','wh01','b7aae81e-bfcd-41a8-9316-2c7774eba74f',1,'84496dd4-294b-448a-b019-8a41241c60d3',NULL,10,NULL,'jay','Jay','2023-04-21 15:07:05',NULL,NULL,'2023-04-21 15:07:05'),('9935de6d-2c5d-4e42-af45-959510088a51','wh01','c074d8a3-2d8e-4998-81f5-f56c2ed06f1d',5,'aa1a78db-37ef-494b-9596-08d430eaf52d',NULL,0,NULL,'F800229434','Juan Raymond','2023-04-22 17:42:39',NULL,NULL,'2023-04-22 17:42:39'),('993933fe-88e9-4876-9462-4e8111622e2f','wh01','41d00365-2fa3-4785-af19-717203534236',1,'d2bafdd1-be58-473e-a718-5bbbd736f3c4',NULL,0,NULL,'F800229434','Juan Raymond','2023-04-22 17:42:40',NULL,NULL,'2023-04-22 17:42:40'),('99685705-ce52-4150-a6e2-375e75092ef0','wh01','69461850-2766-48a4-a5c9-64b42fb0a5f2',2,'cd58aaec-9394-4fda-bd93-5789e7f4d3ae',NULL,0,NULL,'F800229434','Juan Raymond','2023-05-03 11:50:06',NULL,NULL,'2023-05-03 11:50:06'),('99b4306c-5702-4920-8b68-7cd28aa774c8','wh01','b6839678-505c-4b90-bdad-b5d2e6d6adf1',1,'08c9664a-055a-4c2a-8797-ef65541b7dcc',NULL,7,NULL,'admin','系統管理者','2023-03-09 23:14:26',NULL,NULL,'2023-05-16 15:46:16'),('9a19effa-8b09-4a3a-b8ed-becdf2c41844','wh01','5aa1feed-5219-4b3c-b824-d576a4c57a10',2,'ea1b1f71-8988-4db1-9012-8dab9866dcce',NULL,10,NULL,'wei7961074','Kylie','2023-04-21 14:17:47',NULL,NULL,'2023-04-21 14:17:47'),('9a36c6ad-88bd-40dc-a95c-8997a29172e4','wh01','20442f3b-a201-42ec-a2aa-f424afac2700',1,'6d2b4dbc-1308-4d71-b7d2-dbfc7a9e0814',NULL,0,NULL,'F800229434','Juan Raymond','2023-05-23 14:54:33',NULL,NULL,'2023-05-23 14:54:33'),('9a4cb5cd-689c-4b47-a3c2-5c4ed4d2fdb3','wh01','577e2130-ff39-44d3-94ec-018a6583d283',2,'6a2a24c9-0d90-450a-a6a4-23ac22f338c3',NULL,10,NULL,'Ariel','Ariel','2023-04-21 14:21:43',NULL,NULL,'2023-04-21 14:21:43'),('9a575e84-7cc8-4db5-8561-5ff818d847ed','wh01','474c65e0-c580-4bb5-8a65-90c10e8d153a',1,'03fa831f-5abb-4bc1-ae8d-998cad8b541a',NULL,21,NULL,'admin','系統管理者','2023-03-09 23:14:26',NULL,NULL,'2023-06-07 13:46:16'),('9a65382f-4068-4392-9b8a-099e1ce28ae2','wh01','a51e3d22-d7c2-428b-a9a9-01c615941ca8',3,'cc103559-dc82-45f1-be68-6dab8b73984c',NULL,0,NULL,'wei7961074','Kylie','2023-06-05 11:11:12',NULL,NULL,'2023-06-05 11:11:12'),('9a653f75-9933-471e-87cf-c8008b9d3b41','wh01','353a294a-ea01-47f0-81ae-6fcb0630a390',3,'97760f51-d651-42ae-8cc4-05d7083c333b',NULL,0,NULL,'F800229434','Juan Raymond','2023-04-22 17:42:40',NULL,NULL,'2023-04-22 17:42:40'),('9a7b3343-67f5-48a9-992a-57c2c1c8725d','wh01','146cfaaa-e9da-4e98-b7cf-b27109ed5cb7',1,'776de074-c991-4dac-8bee-d95fd30f45d2',NULL,0,NULL,'F800229434','Juan Raymond','2023-04-22 17:42:39',NULL,NULL,'2023-04-22 17:42:39'),('9a86adf0-375a-4ec0-b6ab-01bfe84ff088','wh01','a12bae17-8fa6-477e-958d-84a89a281f8f',2,'0c44bd14-0ebf-4300-84c6-29318cf4f823',NULL,0,NULL,'F800229434','Juan Raymond','2023-04-22 17:42:39',NULL,NULL,'2023-04-22 17:42:39'),('9a8fcc89-eebb-4c50-ab3f-ff2572f5bf30','wh01','75c0d00b-4141-4617-bcab-03b65b4e60d6',2,'ebd705a2-b19a-4adb-ba57-5feffde8103a',NULL,0,NULL,'F800229434','Juan Raymond','2023-05-03 11:50:06',NULL,NULL,'2023-05-03 11:50:06'),('9a945d25-d541-43d6-8dcb-7dd0a18ae8bf','wh01','98d0f5ef-cdfe-4c89-8269-cb0ddbde77fe',1,'c9416e6b-44ae-4291-bd0e-e9a9d77e3fa0',NULL,21,NULL,'admin','系統管理者','2023-03-09 23:14:24',NULL,NULL,'2023-05-19 14:41:49'),('9ac2e585-4414-43f9-b5f0-4565e0e0d7a9','wh01','10aa8f02-f480-474d-9de7-744cdbcf85e6',1,'88ffd3f8-b240-49cd-af8f-dfa04253da1a',NULL,0,NULL,'admin','系統管理者','2023-05-08 16:44:37',NULL,NULL,'2023-05-08 16:44:37'),('9ac93c62-aa32-43d9-8f43-706099c16d2f','wh01','6e852719-f7ab-40ab-8d02-224162a0f2a6',1,'4171e527-f6e1-4347-8c1e-8c91263aa534',NULL,0,NULL,'F800229434','Juan Raymond','2023-04-22 17:42:40',NULL,NULL,'2023-04-22 17:42:40'),('9ae9e30e-34f9-4691-8004-50635d984b04','wh01','e56ee732-441d-42cf-bce6-177152be7323',1,'8253ad51-6865-46ce-a1a3-0742f08788b1',NULL,0,NULL,'admin','系統管理者','2023-03-09 23:14:27',NULL,NULL,'2023-04-11 14:18:57'),('9af47667-669f-45e1-972d-5f6b648e2a82','wh01','43f77941-051b-4b79-af20-f89daa5eaa31',1,'6057fa8c-3bb4-4063-b127-69b1209700bd',NULL,0,NULL,'F800229434','Juan Raymond','2023-05-03 11:50:06',NULL,NULL,'2023-05-03 11:50:06'),('9af861c8-142b-4b6c-834a-92d8d69bebb8','wh01','618b6381-7777-4ace-9b9d-8aa419ee2be6',3,'6c5e223e-7e62-46f9-87d0-3091c1183718',NULL,0,NULL,'F800229434','Juan Raymond','2023-04-22 17:42:39',NULL,NULL,'2023-04-22 17:42:39'),('9b3201c0-97bc-4367-8b29-6257ff45a87d','wh01','f1479c35-df30-4110-986c-ab55fde7ee72',1,'df0080ff-8e09-467c-8f62-929132740f22',NULL,0,NULL,'F800229434','Juan Raymond','2023-04-26 17:43:57',NULL,NULL,'2023-04-26 17:43:57'),('9b6465a7-64ab-40c0-9248-40ed4f0a2c9d','wh01','d3d0e4ad-e51a-47de-8f36-3e932aa5a338',3,'5bc0721d-91e2-4f0c-91f2-e500364aa628',NULL,0,NULL,'F800229434','Juan Raymond','2023-04-22 17:42:40',NULL,NULL,'2023-04-22 17:42:40'),('9b769b9c-8486-4b05-a5e5-02b1d2620e59','wh01','6f91c60a-fdb6-4792-aed2-e5a862e7ae04',4,'db9d867a-11e5-4309-92c8-cabb2d7936f1',NULL,0,NULL,'F800229434','Juan Raymond','2023-04-22 17:42:39',NULL,NULL,'2023-04-22 17:42:39'),('9b7f83c5-018b-434f-b348-3fe19cded58a','wh01','8e1d3284-29e2-4b22-b157-466bca4c8627',14,'ddd44364-6ffa-40a7-b8d2-58bb4fd385d9',NULL,397,NULL,'admin','系統管理者','2023-03-09 23:14:25',NULL,NULL,'2023-06-12 10:47:19'),('9b9089c2-f8d1-433c-a3ef-dd6e62a68613','wh01','8ec3cf26-b82b-4add-8b75-e12ef731e596',1,'11f5a003-22c3-497e-887f-57412a2d9a4f',NULL,0,NULL,'admin','系統管理者','2023-03-09 23:14:27',NULL,NULL,'2023-05-02 10:52:13'),('9b9c0c7a-045b-4ccc-b485-57567bd82f79','wh01','02f065b7-80ff-437e-801d-069968ba775e',4,'8d450a52-16a9-4e40-a030-a78d7273b37e',NULL,62,NULL,'clcadmin','clcadmin','2023-04-07 11:40:59',NULL,NULL,'2023-06-12 09:08:09'),('9c2e090b-abe9-4260-af60-c746db8dc996','wh01','1f36cca5-8034-41c9-9c0d-9cba2a73b576',1,'a8826117-a6f8-4fb1-81e3-88f0643f90a3',NULL,44,NULL,'admin','系統管理者','2023-03-09 23:14:26',NULL,NULL,'2023-05-25 15:28:27'),('9c310df3-2137-4c8d-81cc-4128b0c92b51','wh01','81efa76f-c14a-47da-9fa1-b89dca7a6dfc',3,'2f5751d8-c0dd-45f7-b1ec-0374a3a49c14',NULL,0,NULL,'F800229434','Juan Raymond','2023-05-03 11:50:06',NULL,NULL,'2023-05-03 11:50:06'),('9cafe052-da13-433f-99f3-a34614c8bf8a','wh01','5049770b-4661-449e-aa1e-bb85af493c17',3,'d6dfa910-070f-4d1f-aae0-60fec531e577',NULL,0,NULL,'F800229434','Juan Raymond','2023-04-22 17:42:40',NULL,NULL,'2023-04-22 17:42:40'),('9cd87569-fc4c-4e2c-ae81-28845c1b3ede','wh01','d7ed04d8-253c-4e28-a5ac-a970307592b3',3,'60948656-8e48-4d44-b83c-a8fd8ce8f360',NULL,0,NULL,'admin','系統管理者','2023-03-09 23:14:25',NULL,NULL,'2023-04-11 14:18:55'),('9cd9ab92-006e-475a-8db1-d33722500b3e','wh01','dc87610a-b184-46bb-9b46-1bbf8726d778',4,'7a120189-c585-46a2-a21a-bc20923cd752',NULL,0,NULL,'F800229434','Juan Raymond','2023-04-22 17:42:40',NULL,NULL,'2023-04-22 17:42:40'),('9d1d5e02-8522-4378-b152-463bff289930','wh01','0c516d88-ac76-4d30-8f17-6a8a8a741d06',1,'c8b6c48c-5f85-40ab-b627-43c7d7a76851',NULL,0,NULL,'admin','系統管理者','2023-05-08 16:44:37',NULL,NULL,'2023-05-08 16:44:37'),('9d299723-475c-45dd-9818-56ac0fd78abc','wh01','182e29de-18f4-4724-8017-2478896af83e',2,'d4743162-e748-468e-b9fc-a53e60a57077',NULL,38,NULL,'Ariel','Ariel','2023-04-25 11:52:25',NULL,NULL,'2023-05-29 10:21:55'),('9d30373d-c561-41d3-8d36-02c76e11c5fb','wh01','90d83c1a-344e-4471-bec9-0f2d3ed679d5',6,'18dd148b-205f-446a-a340-f54846e81fad',NULL,0,NULL,'admin','系統管理者','2023-03-09 23:14:25',NULL,NULL,'2023-05-31 15:07:51'),('9d65afd2-31f0-4979-a89b-96826c0db4e1','wh01','free_mobile_card',1,'c8c8a656-3ddf-43ac-a727-9d7166583327',NULL,997,NULL,'admin','系統管理者','2023-05-05 16:53:37',NULL,NULL,'2023-05-25 09:37:38'),('9d6eb667-74d9-4c6b-ab7d-7cd56477339d','wh01','c76baa56-124b-45b8-8a2b-8bcf2e9d22c9',1,'385bc0af-cdd7-403f-8dce-0d641cbcce8f',NULL,0,NULL,'admin','系統管理者','2023-05-08 16:44:36',NULL,NULL,'2023-05-08 16:44:36'),('9d7e6de6-98d1-44a3-ade4-30bf1e92c33a','wh01','d3d0e4ad-e51a-47de-8f36-3e932aa5a338',2,'fbfe3012-7a53-49c2-b3a2-ca6292ede793',NULL,0,NULL,'F800229434','Juan Raymond','2023-04-22 17:42:40',NULL,NULL,'2023-04-22 17:42:40'),('9d99b3a3-5c04-4df6-839e-be1c077c2d36','wh01','5049770b-4661-449e-aa1e-bb85af493c17',1,'9b9d6231-a341-41ac-b5b9-4527cce027f3',NULL,0,NULL,'F800229434','Juan Raymond','2023-04-22 17:42:40',NULL,NULL,'2023-04-22 17:42:40'),('9dcb15e7-297d-473c-a825-02fc1dc16a30','wh01','b3969a5c-3d6e-4ba7-9c67-0c2f523ad000',1,'aea0afad-c110-47e0-b45a-df10fca6d9ba',NULL,0,NULL,'F800229434','Juan Raymond','2023-04-22 17:42:40',NULL,NULL,'2023-04-22 17:42:40'),('9dd379a7-9827-4f07-bcb7-19278bc930f7','wh01','a675e14c-7e53-4bd7-941b-e90db069de72',1,'f10cd924-0cb7-4c9a-81e9-a16b44206d07',NULL,0,NULL,'F800229434','Juan Raymond','2023-05-30 10:58:46',NULL,NULL,'2023-05-30 10:58:46'),('9ddaaecd-0594-4322-b195-16b3152d2566','wh01','c16edab6-7795-47f6-b655-e2b4dbe37ccd',4,'2e4ea568-0da6-4ab2-b808-e042e46bc6f8',NULL,0,NULL,'admin','系統管理者','2023-03-09 23:14:24',NULL,NULL,'2023-03-09 23:14:24'),('9df1e540-20da-4340-9c8f-668f2a20de3a','wh01','238aa65a-7951-439f-9c77-f6822d65f1c2',1,'3f21ec82-1277-4a3b-a2d3-8ced9c537d8b',NULL,10,NULL,'wei7961074','Kylie','2023-04-21 14:13:55',NULL,NULL,'2023-04-21 14:13:55'),('9e232ed8-97ce-40a6-9ea5-f9e496f7a1b6','wh01','58e7b83f-e239-4381-b0bc-9e8c574c3abc',3,'31f31527-a8ef-4103-aa7e-c1562163bb00',NULL,0,NULL,'F800229434','Juan Raymond','2023-04-22 17:42:39',NULL,NULL,'2023-04-22 17:42:39'),('9e47b5f3-53d5-471b-b935-8a712f5d0343','wh01','7de53f33-b645-4ece-9634-50bfdd875535',2,'94dd5674-6e65-4e30-a22c-1ca23bf3f7a4',NULL,0,NULL,'admin','系統管理者','2023-03-09 23:14:25',NULL,NULL,'2023-03-09 23:14:25'),('9e520c5b-e987-4aeb-b309-ecb5d3cdee51','wh01','05288ee6-d1a3-45c4-ae2d-859581b97bfa',1,'a340e38e-98cb-4915-9e23-8930b6ff258e',NULL,0,NULL,'clcadmin','clcadmin','2023-04-07 11:56:27',NULL,NULL,'2023-04-07 11:56:27'),('9e52bf7b-c0cc-4ba6-a139-56ad0e166dc9','wh01','238ecafa-2a65-4fa5-9f50-4d8f25425ce2',5,'56c29988-1d84-464e-b320-876aab4fd68d',NULL,0,NULL,'admin','系統管理者','2023-03-09 23:14:23',NULL,NULL,'2023-03-09 23:14:23'),('9e903391-8439-4c20-bc46-5199a1d6ef18','wh01','68e1888a-3e17-4783-8653-35324f5c5c8e',2,'92752199-3139-46a7-916a-c6891cff4618',NULL,10,NULL,'wei7961074','Kylie','2023-04-21 14:34:25',NULL,NULL,'2023-04-21 14:34:25'),('9ea9a04c-fd11-4e00-80ea-ccaa5eb8c8ec','wh01','64586489-264a-498a-932a-727bf295674b',1,'8ef53d33-9035-436f-858a-c40302913938',NULL,0,NULL,'Ariel','Ariel','2023-04-10 14:32:46',NULL,NULL,'2023-04-10 14:32:46'),('9ebc8702-92aa-400d-992a-a349127ef2a0','wh01','6dbe6f0e-cc4e-4ae0-94d9-19c090251981',3,'ac69b4c7-4a7a-4ea5-bd81-c7b90e9a9db2',NULL,0,NULL,'F800229434','Juan Raymond','2023-04-22 17:42:39',NULL,NULL,'2023-04-22 17:42:39'),('9edcb8ef-e508-485c-8ba9-5fc04e23c978','wh01','39be8156-36a8-4087-8c16-8e05e6cbb306',3,'cfebd0fb-5a56-42e2-818d-4ef11ffee106',NULL,0,NULL,'admin','系統管理者','2023-03-09 23:14:23',NULL,NULL,'2023-03-23 11:41:30'),('9ee6a778-033f-45e7-9570-c00d003b8cad','wh01','2bbece4a-8097-4b7f-aaf9-77a425e6017b',4,'83f199f3-b5c5-44c4-95a1-f67f70b688c2',NULL,6,NULL,'admin','系統管理者','2023-03-09 23:14:26',NULL,NULL,'2023-06-07 16:25:08'),('9ef11292-765a-49f5-bbe1-8ce12b524aa7','wh01','a28830ef-db65-42b3-85b4-d4e7e0b91d32',1,'d86e1632-df86-4f63-a746-f50090b6f1b4',NULL,10,NULL,'wei7961074','Kylie','2023-06-09 15:48:09',NULL,NULL,'2023-06-09 15:48:09'),('9ef755ef-c05b-4377-acec-76f4904e100c','wh01','e8bc20bd-6186-43fb-9c20-bef91ec3c1e0',1,'a61a319e-8f06-4e71-ac45-029e2be7f352',NULL,0,NULL,'admin','系統管理者','2023-05-08 16:44:36',NULL,NULL,'2023-05-08 16:44:36'),('9f102811-2395-4194-bd53-95e15bc92f31','wh01','2b474627-bb8d-4cd2-baa7-94abe306a95d',1,'b43e39db-fcd3-4f3c-9d3d-25c7573c629d',NULL,0,NULL,'admin','系統管理者','2023-03-09 23:14:26',NULL,NULL,'2023-03-09 23:14:26'),('9ffb8f9b-0628-4561-bb6f-2d063bd411e9','wh01','d11783d5-11bd-4a3c-af67-cd31d7840d60',2,'c02cbeb5-1a4b-473e-bf23-86db46793261',NULL,0,NULL,'F800229434','Juan Raymond','2023-05-30 10:58:46',NULL,NULL,'2023-05-30 10:58:46'),('a05cb1d8-fa48-40a8-bb77-df60c9d76d00','wh01','43f77941-051b-4b79-af20-f89daa5eaa31',2,'0c55bcf9-4cd9-403f-a801-2dddbe3123e3',NULL,0,NULL,'F800229434','Juan Raymond','2023-05-03 11:50:06',NULL,NULL,'2023-05-03 11:50:06'),('a09fd6d7-a4c3-4937-be4c-339fcb5e3f6f','wh01','6ae1ad98-8ed5-4adf-a6f0-7d3d9762c665',2,'11df6ec3-a023-4cad-9673-862747b06b67',NULL,8,NULL,'admin','系統管理者','2023-03-09 23:14:24',NULL,NULL,'2023-06-08 15:09:29'),('a0c57351-b762-48c0-b266-0be98d15d2b2','wh01','319f3b1b-dac5-44fa-9a33-3f4b0a03c3dd',1,'7c480e9f-d2f7-4597-ba19-21662521f005',NULL,34,NULL,'admin','系統管理者','2023-03-09 23:14:23',NULL,NULL,'2023-06-04 14:29:52'),('a0ebd72c-1737-4aaf-9541-e4f2a1d22b3c','wh01','44571084-a7f0-4e05-87a9-247ccf6626e0',1,'3bd91a16-3636-4061-8c71-3c46d4919634',NULL,0,NULL,'admin','系統管理者','2023-03-09 23:14:26',NULL,NULL,'2023-03-09 23:14:26'),('a111914e-6bb1-409f-9c31-8c0fb075aa47','wh01','58b8c0dc-00f1-417e-99ad-29a5458c274c',1,'e17c26c5-faaa-4379-bfdf-d684e838f62b',NULL,6,NULL,'admin','系統管理者','2023-03-09 23:14:26',NULL,NULL,'2023-05-08 10:27:21'),('a11370c1-b71f-4a80-bbfe-d22b8d41cb61','wh01','05039ca3-48e7-41a5-bed6-7172c4dcf1fe',3,'21e66568-8a20-4ec2-ba67-a10df71c80ab',NULL,0,NULL,'Ariel','Ariel','2023-04-25 10:54:45',NULL,NULL,'2023-04-25 10:54:45'),('a113d777-41a4-4548-9ab0-4c37963ed18b','wh01','c9c98e2c-7bb7-43de-ad2d-600e1b828cf9',1,'318b60f8-ffe2-4a1e-b615-622bc04919a4',NULL,0,NULL,'admin','系統管理者','2023-03-09 23:14:25',NULL,NULL,'2023-04-11 14:18:54'),('a151e282-097d-48f7-be99-eaf120f22121','wh01','5c5d8a7b-864d-4ccd-9ab5-2d9dc44e6483',2,'9ddcbe50-f98b-47d8-8ac4-7537ae0e0479',NULL,10,NULL,'Ariel','Ariel','2023-04-21 14:22:19',NULL,NULL,'2023-04-21 14:22:19'),('a1637ae7-537e-4b4c-9f51-247adb603add','wh01','fde029bf-2d9e-4317-9019-cb46a8f68251',1,'06042b12-2c24-477f-b520-dab5b022ad8a',NULL,0,NULL,'F800229434','Juan Raymond','2023-04-22 17:42:39',NULL,NULL,'2023-04-22 17:42:39'),('a1838ec9-138e-44c4-89ea-d987947f61ef','wh01','4805f838-dbef-496c-8f30-66a6d753bfac',1,'126c4678-8875-4ead-a602-3953244f36f4',NULL,14,NULL,'admin','系統管理者','2023-03-09 23:14:27',NULL,NULL,'2023-04-11 14:18:59'),('a19081de-6eac-46a2-aa27-6028c6ca8219','wh01','81855cf3-edfb-40c3-bcde-eac30d377d7d',1,'d35356ac-a989-41e6-9084-b1d71cc77a5d',NULL,10,NULL,'admin','系統管理者','2023-03-09 23:14:26',NULL,NULL,'2023-04-11 14:18:51'),('a191c65a-6faf-43b1-803f-3f2df559cfc3','wh01','57a5a05c-45fe-46dd-a844-f9ccf4af9b94',2,'e330bf01-33c1-4a0b-9b93-e2dbb6bed427',NULL,75,NULL,'admin','系統管理者','2023-03-09 23:14:23',NULL,NULL,'2023-05-30 13:54:30'),('a1c00be7-2c18-46a4-8669-4ea995cc1313','wh01','e6c791a8-0f94-4257-a3b0-f28d5475f2d2',1,'ffac5fe1-8023-4ec5-bfe7-4e34e96d588e',NULL,53,NULL,'admin','系統管理者','2023-03-09 23:14:26',NULL,NULL,'2023-06-05 15:57:33'),('a1cc0ab7-b29e-4dc8-81f1-bc51b67594da','wh01','f1479c35-df30-4110-986c-ab55fde7ee72',2,'b006e654-b7c1-4857-a3ea-a4d6080eb726',NULL,0,NULL,'F800229434','Juan Raymond','2023-04-26 17:43:57',NULL,NULL,'2023-04-26 17:43:57'),('a1e801b7-9d3b-42f5-b199-6ad27481c916','wh01','6f5cecf7-f0d1-47b4-99fc-28d5186d6689',4,'97e1e25d-b8e1-4846-b753-ee1f596b1f27',NULL,10,NULL,'wei7961074','Kylie','2023-04-21 14:35:51',NULL,NULL,'2023-04-21 14:35:51'),('a21793da-2395-4bc1-b797-62515a6934a7','wh01','3957f5dc-223d-4f6b-ad93-216a22d6d7e7',3,'86a831b0-dc1e-41f6-a78c-e2b6e7fbf2f8',NULL,0,NULL,'F800229434','Juan Raymond','2023-04-22 17:42:40',NULL,NULL,'2023-04-22 17:42:40'),('a221a5b3-757e-4982-857e-ab4d6bed97e6','wh01','28eab9a2-fdb7-4b93-af39-d6f603b73f27',1,'a1892332-28c2-443b-9973-9f1ba563795d',NULL,0,NULL,'F800229434','Juan Raymond','2023-05-23 14:54:33',NULL,NULL,'2023-05-23 14:54:33'),('a24a446e-2b64-407d-8567-d2758db55247','wh01','826a7426-70bf-4d6b-8b14-8a652de162fe',2,'1002b946-bb69-43c1-94c9-04c9e12f19de',NULL,0,NULL,'F800229434','Juan Raymond','2023-04-22 17:42:40',NULL,NULL,'2023-04-22 17:42:40'),('a275d512-2012-4015-b5c7-513eee873432','wh01','81900e65-16af-4fa0-846b-53f18ae75bc2',1,'9b15edb0-f14f-4f29-aaa2-371c4deb8066',NULL,0,NULL,'admin','系統管理者','2023-03-09 23:14:24',NULL,NULL,'2023-05-26 11:29:38'),('a28487a2-c5a0-4a1a-a9a2-8618565a5e57','wh01','ead9a324-288e-4590-a3d8-37186bc4c419',1,'ea4de93c-e690-4527-8518-969a5857e715',NULL,0,NULL,'admin','系統管理者','2023-03-09 23:14:25',NULL,NULL,'2023-03-09 23:14:25'),('a28a9255-df9c-4b8c-aa1c-b479c6c0956c','wh01','39f2ac1d-055e-45ba-a6a4-c76d3b5f3e1a',5,'4ab3b8ad-8e5e-418d-9960-e8decb29479d',NULL,56,NULL,'admin','系統管理者','2023-03-09 23:14:27',NULL,NULL,'2023-06-04 14:17:32'),('a2b04ffa-8fef-4d2c-b9ac-d615c8bfd51a','wh01','db727699-cbe7-4c7d-9182-072dd8f4df0f',1,'70460281-9382-4542-8e4d-ff8572d14f36',NULL,10,NULL,'wei7961074','Kylie','2023-04-21 14:21:48',NULL,NULL,'2023-04-21 14:21:48'),('a2fab53e-ca9b-4638-b7f3-1fd744c384ba','wh01','d6ce26ff-69eb-4ce3-a91f-ef05cfb06ce1',1,'e1739b5b-d5a8-4f2a-b12c-7381592355a4',NULL,0,NULL,'admin','系統管理者','2023-03-09 23:14:24',NULL,NULL,'2023-03-09 23:14:24'),('a3295df2-f91f-43d8-b3e1-7b2001b903fa','wh01','504de6fe-67e0-448a-bdfe-a223e48a2083',1,'dcae60f9-5c63-438e-bf37-b3e3dca443d7',NULL,0,NULL,'admin','系統管理者','2023-03-09 23:14:27',NULL,NULL,'2023-04-20 17:18:14'),('a33e2c4f-1689-4182-9361-f0048a88f2a2','wh01','6c009e29-d422-4703-b1aa-37da6d71cba6',1,'0da75cef-3e30-4d27-bae7-0e37d51428e2',NULL,3,NULL,'admin','系統管理者','2023-03-09 23:14:24',NULL,NULL,'2023-06-08 14:43:37'),('a398f6df-1682-4463-9df9-aa5ff50107ea','wh01','cde8c084-ba29-499e-ba8e-21105c93d4c8',5,'63f292b1-a674-4a4b-9f0d-601b340e7c58',NULL,35,NULL,'admin','系統管理者','2023-03-09 23:14:26',NULL,NULL,'2023-06-09 09:56:27'),('a39d6009-c0ad-42bb-a5c3-208d67386da9','wh01','e7c2c565-90c9-4ea5-8123-3dd145b3dfb8',3,'c23cdff3-3780-45b3-a887-3dd66ac32242',NULL,5,NULL,'wei7961074','Kylie','2023-04-11 14:20:01',NULL,NULL,'2023-06-11 10:51:08'),('a3ad0a70-0b0d-4676-81df-f994dfa7e3a4','wh01','819ae123-ab4a-483a-9f97-7fa729e9b591',3,'8fe5524d-1cd5-4b97-8a27-4eb5bdd0d18c',NULL,0,NULL,'F800229434','Juan Raymond','2023-04-22 17:42:39',NULL,NULL,'2023-04-22 17:42:39'),('a3b9de3c-790a-404c-b0b6-2997158e9cb3','wh01','c8abf9a8-d067-4c21-9955-a5ef798ae6e3',1,'2a07a6a8-5fd3-495f-869c-77d6510ab0e2',NULL,0,NULL,'admin','系統管理者','2023-03-09 23:14:26',NULL,NULL,'2023-03-09 23:14:26'),('a3d1783a-4fa4-40dc-867a-14ab857c91d7','wh01','dcaa8077-5afa-4f3a-8d72-43fcb10e191a',6,'5310d9ba-6622-4234-af40-d03f5c2a2cb9',NULL,3,NULL,'admin','系統管理者','2023-03-09 23:14:25',NULL,NULL,'2023-05-18 19:37:53'),('a3df5d60-9402-475b-819f-cf133339b988','wh01','8fe52a1c-974c-492f-b87f-7d885bff4ff0',3,'b981e7b6-e6c8-4529-971a-26744809a971',NULL,0,NULL,'F800229434','Juan Raymond','2023-04-22 17:42:39',NULL,NULL,'2023-04-22 17:42:39'),('a44370be-bd66-4377-9f8c-bec05ef8f10a','wh01','39be8156-36a8-4087-8c16-8e05e6cbb306',5,'5505a711-6690-444b-9132-c4d7be42cacf',NULL,2,NULL,'admin','系統管理者','2023-03-09 23:14:23',NULL,NULL,'2023-06-08 16:15:44'),('a482bd6c-8205-4dd7-96ac-745df13643ac','wh01','ef150e92-3663-4255-a8d1-3703bd3ce836',1,'a9dd83d3-fc27-4d4c-88e7-d547c6262918',NULL,0,NULL,'admin','系統管理者','2023-03-09 23:14:26',NULL,NULL,'2023-03-09 23:14:26'),('a48559ce-6d92-42a2-9243-d19d601f31d9','wh01','93429220-72d6-468a-b111-67bcf045ec36',2,'5e3f0344-126d-44a4-9748-2d515e917f8c',NULL,0,NULL,'F800229434','Juan Raymond','2023-04-22 17:42:40',NULL,NULL,'2023-04-22 17:42:40'),('a4a08a74-0b61-4c82-a697-6d1344c01f43','wh01','f5b23a98-3a81-4678-8f16-5f8894c81298',4,'26985d42-b5d7-4576-a151-ffee936abc5a',NULL,1,NULL,'admin','系統管理者','2023-03-09 23:14:25',NULL,NULL,'2023-05-18 19:37:12'),('a4ce35fe-fc3d-4bf9-b3d7-c47619434a34','wh01','d552dbf4-37b0-481b-bd51-e4508b945480',1,'b14f181e-2b89-4a17-a0fd-2269f37145cd',NULL,10,NULL,'wei7961074','Kylie','2023-04-21 14:27:15',NULL,NULL,'2023-04-21 14:27:15'),('a4e86a94-98db-4967-9240-f9fbbe956990','wh01','2738f001-2d44-47db-99d3-2dfdd424b67e',6,'42dbc6b9-5e83-470f-9247-c22d951edeeb',NULL,0,NULL,'Ariel','Ariel','2023-04-10 12:27:22',NULL,NULL,'2023-04-11 14:18:51'),('a5208eb4-3695-4431-94e2-b8266d344794','wh01','f49db7ef-0bb6-452b-872d-d63271559e7c',1,'de18d53c-e647-4156-b23b-90cdefa240b4',NULL,0,NULL,'wei7961074','Kylie','2023-06-06 10:30:23',NULL,NULL,'2023-06-06 10:30:23'),('a544aed3-36f4-44ac-b417-7445f8491f40','wh01','0546b42c-bf55-4fac-abca-bf4bf3aa622d',1,'2c3298d6-f3d2-46d6-9f6f-251e33d7c5f3',NULL,0,NULL,'F800229434','Juan Raymond','2023-04-26 17:43:57',NULL,NULL,'2023-04-26 17:43:57'),('a57016c3-621f-45b1-a91f-ff22a621d73d','wh01','02f065b7-80ff-437e-801d-069968ba775e',3,'6901b33c-60da-4c04-bb8b-84740b9b90a2',NULL,0,NULL,'clcadmin','clcadmin','2023-04-07 11:40:59',NULL,NULL,'2023-05-11 14:03:20'),('a57193d3-67ca-48e9-b8c2-69a7afdd9882','wh01','3e6df048-adc7-4298-a298-7f4cc5b4770a',1,'189b2f18-9305-4995-9678-499b39e9005c',NULL,0,NULL,'admin','系統管理者','2023-03-09 23:14:24',NULL,NULL,'2023-04-11 14:18:59'),('a58a1395-5d88-46be-8fad-e6034bd4153b','wh01','3f2ac6d5-ae17-43c5-b913-782026b9626f',1,'8dc2b734-798c-403c-9bf9-145d06878cc5',NULL,0,NULL,'admin','系統管理者','2023-04-22 19:41:42',NULL,NULL,'2023-04-22 19:41:42'),('a5be29b9-1fa9-4ded-985c-8e09135409bd','wh01','31a09627-fb47-48d6-b782-0276d312d19a',1,'ffd269ad-37ef-404a-bc66-b540a171df9e',NULL,0,NULL,'admin','系統管理者','2023-03-09 23:14:27',NULL,NULL,'2023-05-25 15:47:57'),('a5d242e8-c8e8-4e3b-8800-a7f60b52269e','wh01','5ed673ef-03a4-404b-acfc-1a9ca254c4ce',2,'10156043-00bf-496f-a18a-f60513f9aab6',NULL,18,NULL,'admin','系統管理者','2023-03-09 23:14:27',NULL,NULL,'2023-05-23 09:48:35'),('a5ff8d36-ada1-44f4-b3c0-332ff932a17d','wh01','6e4879c8-359e-49f1-8af6-59ee9831021a',3,'f87d8ce1-2dad-42c4-9011-78e23f468377',NULL,0,NULL,'admin','系統管理者','2023-03-09 23:14:26',NULL,NULL,'2023-03-09 23:14:26'),('a609f952-0aac-472a-a66b-93b2f087e653','wh01','34b489ef-595e-43c4-a3f2-221c53cb2f5e',1,'e35e1067-2e03-45be-9836-ce8f3d4c4ef3',NULL,0,NULL,'admin','系統管理者','2023-03-09 23:14:26',NULL,NULL,'2023-03-09 23:14:26'),('a6296c77-28eb-4515-a932-f7a3b7c3eaee','wh01','d5894aac-e07e-45aa-bfa6-c200616126c5',1,'bf36b884-49e1-441d-9068-77900cb66429',NULL,0,NULL,'admin','系統管理者','2023-05-08 16:44:37',NULL,NULL,'2023-05-08 16:44:37'),('a66a6da8-2d91-4a66-9156-a44267b79521','wh01','438567e5-7d32-48b5-ade1-b0fbd81b390a',3,'38983968-7e5a-4366-b355-3e47ed84abf6',NULL,0,NULL,'jay','Jay','2023-04-22 21:48:37',NULL,NULL,'2023-04-22 21:48:37'),('a6efdd52-17c5-438a-bddf-e2d2791084cb','wh01','b9d483c1-1681-41a6-b11a-1c5783df6574',1,'b789582e-4fe4-4894-9e52-e90f27cd893a',NULL,0,NULL,'admin','系統管理者','2023-03-09 23:14:26',NULL,NULL,'2023-05-12 10:34:23'),('a6f01a4d-fe98-4205-a6c7-8fe79b42b952','wh01','dcaa8077-5afa-4f3a-8d72-43fcb10e191a',13,'968a5e7d-3a1d-42ee-9e1b-a0e81bb78a38',NULL,0,NULL,'admin','系統管理者','2023-03-09 23:14:25',NULL,NULL,'2023-03-09 23:14:25'),('a725827e-c420-4857-b3c8-f60f22651225','wh01','bd042b0f-c8b2-436f-b925-e7c44b5f1055',1,'3ce12de1-3c48-43d4-bd17-9057a958836b',NULL,0,NULL,'admin','系統管理者','2023-03-09 23:14:25',NULL,NULL,'2023-04-11 14:18:54'),('a728eb3d-160d-4c6e-b771-92562c83d520','wh01','3ec2b192-5fb2-458c-b111-9471e3644a8f',3,'c46c6618-7bf8-41c6-b6db-900b4281b888',NULL,0,NULL,'admin','系統管理者','2023-03-09 23:14:24',NULL,NULL,'2023-04-10 09:41:04'),('a743f881-096c-4e02-9788-d463cad075d7','wh01','ac282760-64d0-4aa8-99e9-bbbcbf730453',3,'399413dd-91ce-4f5e-b7b9-8b2c47ccf78a',NULL,12,NULL,'admin','系統管理者','2023-03-09 23:14:24',NULL,NULL,'2023-04-08 23:40:59'),('a7709164-3fde-414d-be79-72d5f14ef25c','wh01','eddebe83-93c8-46da-adad-d6fee556ca19',1,'3417bab8-d15e-41ed-a7e1-784efe57012c',NULL,12,NULL,'jay','Jay','2023-05-02 17:57:07',NULL,NULL,'2023-05-02 17:57:07'),('a7721460-a1b9-41dd-a6e5-affe76308b52','wh01','492bf791-a391-4884-9443-f0783a9cf1cb',2,'8c7f6f98-bc48-4ad7-bad1-906c3697018f',NULL,0,NULL,'jay','Jay','2023-04-22 21:49:49',NULL,NULL,'2023-04-22 21:49:49'),('a776be71-93b2-4589-828b-c79a9603cdb0','wh01','0f421df3-3ade-4f50-9d75-66d8368513d3',1,'293ea283-3b5d-4f19-a80f-a30b68b3f7b4',NULL,22,NULL,'Ariel','Ariel','2023-04-25 11:23:42',NULL,NULL,'2023-05-30 13:54:30'),('a78138cb-dee8-487b-96b0-dc6ad150981f','wh01','61d66f85-a730-4470-89e6-987922723af7',4,'e966b603-5189-4a18-8970-d5d128eadc34',NULL,10,NULL,'Ariel','Ariel','2023-04-21 14:20:22',NULL,NULL,'2023-04-21 14:20:22'),('a789fde3-0399-4332-8f62-5b1efaefb1da','wh01','21acc67b-5d86-4ed4-b20a-928a9e0d6476',5,'a2c58dc2-9b86-4dab-bf89-d2050bd6c752',NULL,0,NULL,'admin','系統管理者','2023-03-09 23:14:25',NULL,NULL,'2023-03-09 23:14:25'),('a7ef3c5c-3790-40f6-96e5-f12e9d34fe00','wh01','e35701a5-b061-47d4-af3f-983aea9f4468',3,'fd329586-4e49-4b91-9ccc-b1e828899bc6',NULL,0,NULL,'admin','系統管理者','2023-03-09 23:14:26',NULL,NULL,'2023-03-09 23:14:26'),('a82a08eb-175b-40da-8a45-3621263459fb','wh01','713cb297-77cd-40ed-ada8-c929ddfcfdbf',1,'d6c92bc3-6d81-4fc6-aad1-67dc018f3aaf',NULL,8,NULL,'admin','系統管理者','2023-03-09 23:14:23',NULL,NULL,'2023-05-04 15:00:52'),('a834439a-c87e-4133-9f22-f542acf79c6a','wh01','36d43a9f-a84e-4b4d-ae89-25d091981fbd',3,'94eae83b-2e98-47a7-916f-ec931dcb661c',NULL,0,NULL,'wei7961074','Kylie','2023-04-21 15:59:27',NULL,NULL,'2023-05-05 15:09:43'),('a8530506-03a7-4d67-9938-591b2cfab1f2','wh01','975ef70c-8881-45b3-8529-12a81fbb4257',1,'26a60545-785d-4d12-8ca8-65c2bf12e024',NULL,231,NULL,'admin','系統管理者','2023-03-09 23:14:25',NULL,NULL,'2023-06-01 13:10:49'),('a8cb6e70-af0d-4406-9812-300454266290','wh01','c418ae23-80c5-4e90-b3b5-be212694792d',1,'c039b984-9dba-4085-a408-79108ba4eb4e',NULL,0,NULL,'admin','系統管理者','2023-03-09 23:14:27',NULL,NULL,'2023-03-09 23:14:27'),('a90b7c69-2b34-4d17-a8c0-a45076b54657','wh01','cee5d765-b3a0-48c5-aeb6-eadb03f329b0',1,'51e866c0-2ccb-4c78-b054-5ed684d77084',NULL,0,NULL,'admin','系統管理者','2023-03-09 23:14:24',NULL,NULL,'2023-03-09 23:14:24'),('a9154c51-f4f0-41dd-bb3a-80e4a00ed3bb','wh01','25a3d7a6-923f-4a92-bb1a-53fff214c84d',1,'dd2a417a-e982-4a35-8af6-2d9d1736c66c',NULL,0,NULL,'admin','系統管理者','2023-05-08 16:44:36',NULL,NULL,'2023-05-08 16:44:36'),('a925826d-c4cf-4af5-9622-f35e9ddf0b8a','wh01','b038dfed-e82d-459b-86cb-ddb1a19ed774',1,'cf6494d5-2100-49c7-8349-24bed0ab1731',NULL,0,NULL,'admin','系統管理者','2023-03-09 23:14:25',NULL,NULL,'2023-04-11 14:18:53'),('a94d31d6-fb63-4936-9e46-4b5d4a651448','wh01','5b1eb816-4dac-41f7-b6a4-fe2bc715555d',1,'5da854b9-bf01-4113-9fa9-cc04ff53f3ba',NULL,0,NULL,'admin','系統管理者','2023-03-09 23:14:26',NULL,NULL,'2023-03-09 23:14:26'),('a96c8f9c-8cd8-48cd-a492-fc990533361e','wh01','fa1ce61e-ed0e-4822-9933-226f3a75fb58',1,'8ec8f082-8232-4465-a619-99c7ddce4c16',NULL,0,NULL,'admin','系統管理者','2023-03-09 23:14:25',NULL,NULL,'2023-04-11 14:18:51'),('a9890bc3-663b-4c85-a851-fd46a9a41e8b','wh01','f11752db-d109-4a81-a562-79e8ddef0031',2,'4cebfb94-9631-44d2-a370-c299c22e6ed3',NULL,0,NULL,'admin','系統管理者','2023-03-09 23:14:24',NULL,NULL,'2023-03-09 23:14:24'),('a9ba2561-177f-4041-a9f2-31f031aa35c8','wh01','a8c07dd7-c3aa-4b96-a478-bb2cabb39579',2,'3eea99a3-905b-454f-a8f2-8b8fe4c060da',NULL,0,NULL,'F800229434','Juan Raymond','2023-04-22 17:42:40',NULL,NULL,'2023-04-22 17:42:40'),('aa1698b2-276f-488d-a612-3979da2345a9','wh01','671e9de3-de9d-4a72-8a49-c1bcd5c53e1c',5,'bd886f32-5dbb-4561-ac47-8c0b425b244d',NULL,0,NULL,'admin','系統管理者','2023-03-09 23:14:27',NULL,NULL,'2023-03-09 23:14:27'),('aa59a3f0-2d3e-443d-95a8-23e66f87d89a','wh01','d2e754f6-ae3f-4fd0-a9ea-93cd07c91913',1,'e84f048e-a33b-4b9e-bdb8-0d32a7f3db6a',NULL,0,NULL,'admin','系統管理者','2023-03-09 23:14:27',NULL,NULL,'2023-03-09 23:14:27'),('aa6b979a-c505-409c-b153-ffe129918509','wh01','e80f2d43-8c3d-4018-a344-d2e71aae2393',2,'7a2b8c02-77a8-4d14-85dd-2f8c7dd28978',NULL,12,NULL,'admin','系統管理者','2023-03-09 23:14:25',NULL,NULL,'2023-06-12 10:47:19'),('aa8e9231-4727-4749-8df5-5c9fa3bb5d1f','wh01','134bcdc8-d5f1-460a-9d7f-330bb816e611',1,'3b1791fe-8117-4bff-b342-f0d6ed411579',NULL,0,NULL,'Ariel','Ariel','2023-04-25 11:38:42',NULL,NULL,'2023-04-25 11:38:42'),('aa91adac-0372-4c01-ba29-32a871d2fbff','wh01','0d6e00b3-04b0-46c1-8484-cbc637c446ca',1,'241aed52-3952-4c4b-9fa3-b3fd62a3ea11',NULL,0,NULL,'clchanas','hanas','2023-04-08 23:40:59',NULL,NULL,'2023-04-08 23:40:59'),('aab34eaf-da72-4b38-81bc-34f6f07aa8ca','wh01','f00d44ae-ce1d-4a29-9307-824e3fde163b',2,'4a1d9f3d-35d1-4954-ad07-dba96b32b284',NULL,0,NULL,'F800229434','Juan Raymond','2023-04-22 17:42:40',NULL,NULL,'2023-04-22 17:42:40'),('aad8e866-f627-475d-95f6-e4cb108a7e5d','wh01','85d7f46b-8275-4371-8057-5ebe8bc80dc5',6,'8917e7a1-f64a-41da-8560-4dda004677e2',NULL,16,NULL,'admin','系統管理者','2023-04-20 19:19:07',NULL,NULL,'2023-04-20 19:19:07'),('aaef5aa2-b33e-457d-a8b1-6dbf3b48a121','wh01','5ba05837-fb8c-4527-aee6-0aa1a1bfd1ce',2,'dfb78c21-5df3-4641-9753-60e6be693d3b',NULL,0,NULL,'admin','系統管理者','2023-03-09 23:14:23',NULL,NULL,'2023-03-09 23:14:23'),('ab1a0729-e94a-4286-af85-66552eafc0b1','wh01','c16edab6-7795-47f6-b655-e2b4dbe37ccd',7,'8225a2b4-14d0-41b2-816a-951819f6d226',NULL,36,NULL,'admin','系統管理者','2023-03-09 23:14:24',NULL,NULL,'2023-06-08 15:00:17'),('ab789a03-4d2d-4c3f-b56f-6719ffc8ffab','wh01','dcaa8077-5afa-4f3a-8d72-43fcb10e191a',14,'a3d483fe-ce5e-4676-976f-def7cd8abc7d',NULL,0,NULL,'admin','系統管理者','2023-03-09 23:14:25',NULL,NULL,'2023-03-09 23:14:25'),('ab8d3ab1-9830-41bb-86fd-bd18bba3e681','wh01','8d5eb1ce-878e-410c-ada3-906187d7ab56',1,'50085331-5862-42de-9a38-83a683c73a6b',NULL,0,NULL,'admin','系統管理者','2023-03-09 23:14:23',NULL,NULL,'2023-03-09 23:14:23'),('abbf8bf1-6a0f-4ce8-8d81-d505592d1d35','wh01','4808dbf5-fbf3-4750-beb1-98ae7d5480d6',3,'5de714ce-2695-4a31-9846-afa1bc04da2f',NULL,0,NULL,'F800229434','Juan Raymond','2023-04-22 17:42:39',NULL,NULL,'2023-04-22 17:42:39'),('abc5e09d-7f05-4f46-b67c-ced649867d75','wh01','e4a4c5de-7ef2-4328-a19d-c550c08d8afa',1,'c4825708-748d-41e1-ab75-1cf855815894',NULL,0,NULL,'F800229434','Juan Raymond','2023-05-30 10:58:46',NULL,NULL,'2023-05-30 10:58:46'),('abe67e3b-bafd-40bc-9edb-19f10c76deeb','wh01','02f065b7-80ff-437e-801d-069968ba775e',1,'c9e334ef-8546-4714-b42f-565b7b26487e',NULL,0,NULL,'clchanas','hanas','2023-04-07 11:45:05',NULL,NULL,'2023-04-07 11:45:05'),('ac1df937-28be-4322-9709-913aad3784d5','wh01','a77c868e-f457-43da-af79-7287a8d848a1',7,'3c6ae7ab-f746-4683-bd12-e58f3d04ac59',NULL,0,NULL,'admin','系統管理者','2023-03-09 23:14:25',NULL,NULL,'2023-03-09 23:14:25'),('ac25892b-ea85-4d91-a348-84998317fac3','wh01','7fe9213f-eb94-4ba7-8c36-6b1ea3de4384',2,'c4d71560-b59c-47b8-a590-db49916b3171',NULL,26,NULL,'admin','系統管理者','2023-03-09 23:14:26',NULL,NULL,'2023-06-11 13:30:32'),('ac2e9dd4-5d2a-4a48-b633-3c58211dbae7','wh01','20118224-3a22-44e7-987f-8ffe82d39d19',1,'7c45c2de-f306-4b51-b176-61045cd5136d',NULL,11,NULL,'admin','系統管理者','2023-03-09 23:14:24',NULL,NULL,'2023-06-11 11:49:57'),('ac5b5598-912a-4b65-af29-c13bda48ac22','wh01','ee90bbaf-c1da-4218-b2c6-2cb7a07800b1',1,'0bc8d37b-c105-4c0b-832d-04688e2b4e68',NULL,0,NULL,'admin','系統管理者','2023-05-08 16:44:37',NULL,NULL,'2023-05-08 16:44:37'),('ac5e1cdd-e7d6-448c-bcda-eb211ab6fe7f','wh01','671e9de3-de9d-4a72-8a49-c1bcd5c53e1c',7,'51f9e15f-91c5-47dc-8403-49c71857492d',NULL,0,NULL,'admin','系統管理者','2023-03-09 23:14:27',NULL,NULL,'2023-03-09 23:14:27'),('ac736468-5d68-4eb1-b67d-94080ade44c1','wh01','6f5cecf7-f0d1-47b4-99fc-28d5186d6689',1,'81559c06-b503-4384-81ca-360a02ab4d8e',NULL,10,NULL,'wei7961074','Kylie','2023-04-21 14:35:51',NULL,NULL,'2023-04-21 14:35:51'),('aca8118f-e473-415e-8d64-f2d52f3d52d0','wh01','aa5233c7-9e99-4ea8-ab0a-105f080645d2',1,'e1a05ee2-c38d-453d-80c4-384c8374886f',NULL,0,NULL,'admin','系統管理者','2023-03-09 23:14:23',NULL,NULL,'2023-03-09 23:14:23'),('acac05ba-42f9-4222-8fcb-d92c891969bb','wh01','dcaa8077-5afa-4f3a-8d72-43fcb10e191a',2,'cca59f1e-f604-4513-8049-8e1af67f3ac7',NULL,7,NULL,'admin','系統管理者','2023-03-09 23:14:25',NULL,NULL,'2023-06-09 10:42:12'),('ad19079e-0929-4467-8f51-b3e56879c705','wh01','b69d1466-6d24-442a-a634-bf3feaae2941',3,'3469218a-6b00-41a9-a9c2-cf87dad00fc6',NULL,5,NULL,'admin','系統管理者','2023-03-09 23:14:25',NULL,NULL,'2023-05-31 14:17:50'),('ad223262-4248-4705-bc9a-e3912cf169ec','wh01','6004546c-d0f8-4101-be78-681fbdaf8b80',1,'86a81fa0-c8cb-44a3-92dd-e7278d23e730',NULL,0,NULL,'F800229434','Juan Raymond','2023-04-22 17:42:39',NULL,NULL,'2023-04-22 17:42:39'),('ad32dcb7-cac1-40f6-a739-c353362d4eff','wh01','95c15099-3bc9-4397-a3aa-e3b620b8c7ee',1,'31ed5d4b-dc1f-47bf-9baa-badb58ed3a2c',NULL,209,NULL,'admin','系統管理者','2023-03-09 23:14:25',NULL,NULL,'2023-06-08 14:43:37'),('ad7c34f6-58b9-4be5-90e1-4c7e99834b99','wh01','5c5d8a7b-864d-4ccd-9ab5-2d9dc44e6483',3,'80634c62-5caa-4b3a-909b-c8cded71d7af',NULL,10,NULL,'Ariel','Ariel','2023-04-21 14:22:19',NULL,NULL,'2023-04-21 14:22:19'),('ad82f626-a627-410a-a468-35a503fac3ff','wh01','741cc98f-c282-4f79-bf6f-65131815cd92',1,'443bce28-b855-48b7-81a4-cda99a36f81f',NULL,0,NULL,'admin','系統管理者','2023-05-08 16:44:36',NULL,NULL,'2023-05-08 16:44:36'),('ad8a548a-ac80-47c2-a2ab-1d885639ebf1','wh01','08e98153-ca60-41f0-a43f-52ff24e07b32',1,'36b94f2e-1e45-4283-9908-50f23f049e92',NULL,20,NULL,'Ariel','Ariel','2023-04-25 11:03:53',NULL,NULL,'2023-06-11 17:15:39'),('adb39bd8-e9cb-46ac-aa8e-5a4e3cc296ad','wh01','618b6381-7777-4ace-9b9d-8aa419ee2be6',2,'a0fa0708-2d34-47e2-b7ed-749934050cd8',NULL,0,NULL,'F800229434','Juan Raymond','2023-04-22 17:42:39',NULL,NULL,'2023-04-22 17:42:39'),('add5c8a2-995a-4264-91ae-17dc78b55312','wh01','57040983-5783-44da-9b3b-b7b15ebfacc3',1,'c409440e-2d67-4b9c-bea6-743a625b54a6',NULL,75,NULL,'Ariel','Ariel','2023-04-10 14:28:52',NULL,NULL,'2023-06-08 07:52:41'),('add8c69b-7273-4254-ab71-a1c1d88478c6','wh01','eed233d7-14ac-4b25-a309-99fd22de2d11',1,'5516a079-c0bf-4043-9ab3-59a7b7b3b09e',NULL,37,NULL,'admin','系統管理者','2023-03-09 23:14:27',NULL,NULL,'2023-06-11 18:57:01'),('add952ca-f996-4ca5-8063-4906115929f5','wh01','3ee81324-9d37-4c6c-9a73-252ae3b63cd5',2,'69306c92-18cb-4065-aac1-4a8067279a4c',NULL,0,NULL,'admin','系統管理者','2023-03-09 23:14:23',NULL,NULL,'2023-04-11 14:18:52'),('aded194a-e4f4-49e8-b544-3cc82d904dfc','wh01','5303b851-66d6-42cd-9382-89fd1c1a87e6',1,'a021b60d-fe52-40be-a74a-3de9a744cabc',NULL,0,NULL,'admin','系統管理者','2023-05-08 16:44:36',NULL,NULL,'2023-05-08 16:44:36'),('ae1602f0-31fd-4537-a72e-51ebebda3fd3','wh01','f11752db-d109-4a81-a562-79e8ddef0031',1,'e0322be6-a22e-4876-943c-9ee21b910fee',NULL,0,NULL,'admin','系統管理者','2023-03-09 23:14:24',NULL,NULL,'2023-03-09 23:14:24'),('ae7390f0-84c3-42e5-83b1-78e7f542e987','wh01','a3d54c38-ee3f-416e-b1ca-86cb98c7a9ad',5,'8a4150f6-1bee-4a99-b8f0-2ca9ad9dc272',NULL,16,NULL,'admin','系統管理者','2023-03-09 23:14:25',NULL,NULL,'2023-06-11 10:51:08'),('ae75849f-2a56-47e3-9bda-94202b0dda88','wh01','f47d13a3-709e-41fa-a651-53439ba61809',1,'d751dd8a-52a6-4238-994f-fdccf72e7f72',NULL,17,NULL,'admin','系統管理者','2023-03-09 23:14:26',NULL,NULL,'2023-05-15 17:27:06'),('aee435cc-0e79-4d14-a55c-f79974616896','wh01','23b8e5f3-b967-4ce8-a45a-ec46ae5bad3a',1,'b485812b-aaef-4695-8547-93652b7a59e5',NULL,0,NULL,'admin','系統管理者','2023-03-09 23:14:25',NULL,NULL,'2023-03-09 23:14:25'),('aee7b1d4-ebd2-4cd2-a6c7-71d1d7dbbfdf','wh01','0ea4fa60-8e5b-4ede-9157-1062752a7ed7',1,'bcc85ed6-9053-4c52-811a-2e6f12facf7d',NULL,10,NULL,'wei7961074','Kylie','2023-04-21 13:47:10',NULL,NULL,'2023-04-21 13:47:10'),('af05cbb8-eb64-4fbf-b9fc-f6df4823d194','wh01','67991955-615a-46f3-8fab-d3d82788745a',2,'57dd9c56-64ab-4695-89f7-886cea07bd1d',NULL,10,NULL,'Ariel','Ariel','2023-04-21 14:29:44',NULL,NULL,'2023-04-21 14:29:44'),('af6b728b-1b6c-4a0e-b229-84254d56d5eb','wh01','360bed9d-5da4-4739-9b1a-a15aa34fd8f1',1,'ef44a0ca-ba01-4831-b58c-b589fdd09706',NULL,0,NULL,'F800229434','Juan Raymond','2023-04-22 17:42:39',NULL,NULL,'2023-04-22 17:42:39'),('afc2fabc-0fec-426b-bfc6-e533907fed8e','wh01','93461777-d9e0-463d-89eb-c4c395d4e796',2,'d96cc859-72a8-4eeb-8c7f-d5efab95ad8b',NULL,0,NULL,'admin','系統管理者','2023-03-09 23:14:26',NULL,NULL,'2023-03-09 23:14:26'),('afcb43cc-0faf-4079-9db2-22f842cd10f0','wh01','e97bd677-1d52-4f24-a9e5-8d71d60886ac',1,'0e820e08-9b46-48a9-96d1-6c3c66c777dd',NULL,0,NULL,'admin','系統管理者','2023-03-09 23:14:26',NULL,NULL,'2023-03-09 23:14:26'),('b0045f53-9670-42ec-aadf-d8e8392aee95','wh01','b053a1b5-3fd7-418f-93e2-1f68d96d639b',1,'d6e8219c-1b38-4511-83d8-e1811d9bd7fb',NULL,10,NULL,'Ariel','Ariel','2023-04-21 10:18:18',NULL,NULL,'2023-04-21 10:18:18'),('b00ca1cf-cb66-4212-a3d4-f25bdb31385b','wh01','6a2fa7b1-f451-40b1-b569-dd714ff85cf8',2,'3321aff3-000a-45c2-b30b-c9207b7408cb',NULL,0,NULL,'admin','系統管理者','2023-03-09 23:14:24',NULL,NULL,'2023-04-21 11:04:07'),('b03714ef-197a-4372-9cc9-f80431c99bea','wh01','21b9af09-b68e-4418-99ae-f99141f547a8',1,'a134faf3-af59-4df5-ad55-9c54428f1094',NULL,0,NULL,'F800229434','Juan Raymond','2023-05-23 14:54:33',NULL,NULL,'2023-05-23 14:54:33'),('b03b0405-2342-4156-8b05-54f21ea63906','wh01','cde8c084-ba29-499e-ba8e-21105c93d4c8',1,'583ef454-07f9-4205-9633-bc1339bf9d67',NULL,50,NULL,'admin','系統管理者','2023-03-09 23:14:26',NULL,NULL,'2023-06-12 09:44:29'),('b09dcb56-a154-4779-ad92-4fe1e92af634','wh01','dc87610a-b184-46bb-9b46-1bbf8726d778',6,'1d7bf07a-8eb7-4557-97e3-a0d5f45bbe92',NULL,0,NULL,'F800229434','Juan Raymond','2023-04-22 17:42:40',NULL,NULL,'2023-04-22 17:42:40'),('b0d3ca7e-4088-4e51-ad82-2bd3e9b11799','wh01','1d78e1e5-af12-4242-b7da-1b09b3397feb',3,'d7b04f33-b699-4af9-8c9f-88abb0211962',NULL,14,NULL,'admin','系統管理者','2023-03-09 23:14:27',NULL,NULL,'2023-06-11 16:03:20'),('b1768ae2-cb49-4bb6-afeb-978ae97fddeb','wh01','a51e3d22-d7c2-428b-a9a9-01c615941ca8',1,'aa14bcfa-53b3-46b8-85e9-92afa450805a',NULL,60,NULL,'wei7961074','Kylie','2023-06-05 11:11:12',NULL,NULL,'2023-06-07 18:22:03'),('b18cd681-5e98-4919-ba29-1bac131bef2c','wh01','178bf0fa-ae92-422d-b2c4-6a9cef76ae51',1,'a646ca4b-c052-4888-ae41-4038835c232f',NULL,7,NULL,'Ariel','Ariel','2023-04-25 11:51:53',NULL,NULL,'2023-06-12 09:06:09'),('b19ef252-9f90-4321-8514-6b2956da16fa','wh01','7966fc17-2473-4f13-8495-2dee7ca9e638',1,'dd192b0f-dd14-453e-ac60-197087fb35b8',NULL,0,NULL,'admin','系統管理者','2023-03-09 23:14:26',NULL,NULL,'2023-03-09 23:14:26'),('b1a842d5-d40a-4081-a641-997ce5cb7507','wh01','59ba4e5c-dc7f-471c-97e3-157aabd21f6a',2,'a2d204d7-bd8e-4158-9a22-d659812847e0',NULL,0,NULL,'admin','系統管理者','2023-03-09 23:14:23',NULL,NULL,'2023-03-09 23:14:23'),('b1a882bd-69ab-414c-9af1-32db1a946093','wh01','a174ea95-d8ac-4e95-9150-2af48ec96e3b',1,'22ac1757-7ad4-4ed5-9817-fff47eca8696',NULL,10,NULL,'Ariel','Ariel','2023-04-21 14:22:38',NULL,NULL,'2023-04-21 14:22:38'),('b1cffbc1-edc6-45cb-9a3d-8f29db64f288','wh01','b2057ee7-d5d2-4362-b45b-fe1a95ddc790',3,'59c16564-d906-49c8-afb0-7667a9224c01',NULL,0,NULL,'F800229434','Juan Raymond','2023-04-22 17:42:39',NULL,NULL,'2023-04-22 17:42:39'),('b1f41153-1c90-4f45-b269-8cbf849da2fe','wh01','cde8c084-ba29-499e-ba8e-21105c93d4c8',3,'2419b4de-1ce7-48a6-9da2-fbe1d2f824db',NULL,27,NULL,'admin','系統管理者','2023-03-09 23:14:26',NULL,NULL,'2023-06-08 16:34:12'),('b22c2794-e1bc-4bfd-8e83-e638872d9253','wh01','5d9e1161-7762-462f-94c3-5de1ea3434a2',2,'bdbbc2d1-29b9-46f4-a1a3-b052cefc2e88',NULL,0,NULL,'F800229434','Juan Raymond','2023-04-22 17:42:40',NULL,NULL,'2023-04-22 17:42:40'),('b24d6dbc-7e39-4991-893e-40cb6af4fd9e','wh01','42e5f514-30b4-4a10-91e4-4a2711490f2e',4,'0a97d28c-7d00-489a-8ce1-1e60a356e8d1',NULL,4,NULL,'admin','系統管理者','2023-03-09 23:14:23',NULL,NULL,'2023-06-11 16:03:20'),('b272606f-f47c-46e7-85ba-fdf64d318538','wh01','423b4126-567c-4358-8cb6-6a24bff54738',3,'6c1c4e6b-deee-4a44-9aba-f3f2c9de7846',NULL,0,NULL,'F800229434','Juan Raymond','2023-04-22 17:42:40',NULL,NULL,'2023-04-22 17:42:40'),('b2847c42-6fb5-426a-9b46-831263e40224','wh01','dd6d9d52-446a-4d7c-bd2f-053729eb052f',1,'ca551b33-38d9-4683-83cf-39bb6d35faf5',NULL,36,NULL,'admin','系統管理者','2023-03-09 23:14:24',NULL,NULL,'2023-06-02 17:37:43'),('b2f56699-cde9-4fa7-9314-9567f2c58c54','wh01','db3a4f38-06e2-49a8-a3f8-68b2c7783e5f',6,'caf58b03-8cc0-4a65-bc3c-6bda029d9318',NULL,0,NULL,'jay','Jay','2023-04-10 11:10:24',NULL,NULL,'2023-04-10 11:10:24'),('b32dd9fd-c8f6-4696-ab2a-80257eca6a56','wh01','5ba05837-fb8c-4527-aee6-0aa1a1bfd1ce',1,'8d13806d-0e12-4928-aa90-c143939edd69',NULL,0,NULL,'admin','系統管理者','2023-03-09 23:14:23',NULL,NULL,'2023-03-09 23:14:23'),('b33e5010-f028-41bf-88ec-0dae4bcc924f','wh01','7fa13a1e-04e1-4757-80cd-8e03cc96f95c',1,'640028e8-1ce7-4954-9e89-2bd3bf593749',NULL,11,NULL,'admin','系統管理者','2023-03-09 23:14:23',NULL,NULL,'2023-06-11 14:12:26'),('b35a6066-1c92-4859-8f04-d06d83a06a52','wh01','a51e3d22-d7c2-428b-a9a9-01c615941ca8',10,'fc83880a-608b-4f67-a469-4cbc20e2df33',NULL,-1,NULL,'wei7961074','Kylie','2023-06-05 11:11:12',NULL,NULL,'2023-06-05 11:11:12'),('b360ac3d-ad16-4c98-93e2-67825db2bfb1','wh01','66b22dcd-a6bb-4748-bfe1-6f4c73494f4e',1,'381add30-be45-43d7-a65b-755b5d716fdc',NULL,0,NULL,'admin','系統管理者','2023-03-09 23:14:27',NULL,NULL,'2023-03-09 23:14:27'),('b36bbe2d-db9b-4810-9b46-ca3811bcf70e','wh01','03defe62-d584-4a4d-a49d-643fcdc47e17',4,'a624e309-345c-4581-8c99-2476bdbf059f',NULL,0,NULL,'jay','Jay','2023-04-22 21:27:41',NULL,NULL,'2023-04-22 21:27:41'),('b38630d0-9fc6-4549-a6be-66878172180c','wh01','1e7c2481-004a-4c0c-960b-950f44156ebb',2,'4bb717db-be2e-47a0-87d1-4cd6f6a147f8',NULL,0,NULL,'F800229434','Juan Raymond','2023-04-22 17:42:39',NULL,NULL,'2023-04-22 17:42:39'),('b3ec2f13-2fbd-4b4b-83f2-d43720487f9c','wh01','dcaa8077-5afa-4f3a-8d72-43fcb10e191a',7,'38217fd7-5977-49fd-8e2d-13fbe3be687f',NULL,0,NULL,'admin','系統管理者','2023-03-09 23:14:25',NULL,NULL,'2023-03-23 11:41:34'),('b42ff21c-055e-4ea9-bcc8-5ef92238aa85','wh01','db3a4f38-06e2-49a8-a3f8-68b2c7783e5f',3,'5bb38d93-2974-4f53-9bd4-7a7c226b7b73',NULL,27,NULL,'jay','Jay','2023-04-10 11:10:24',NULL,NULL,'2023-05-04 17:55:55'),('b46a1b84-de76-43f6-8dd0-07262d7b45d6','wh01','d7ed04d8-253c-4e28-a5ac-a970307592b3',2,'24b16a48-576e-4a7a-8085-c743e46e77a4',NULL,0,NULL,'admin','系統管理者','2023-03-09 23:14:25',NULL,NULL,'2023-04-11 14:18:55'),('b4ba0145-8751-4ee6-a28f-11300a15e820','wh01','74cf09c3-45de-4ed5-9060-92fe3a4c6a1c',2,'c1cc8a74-e34c-461e-bfc3-56d74ba9a4fa',NULL,8,NULL,'admin','系統管理者','2023-03-09 23:14:26',NULL,NULL,'2023-04-28 11:33:02'),('b4d12cef-50c5-4120-b4ba-7502229814ff','wh01','dd804f89-9420-445b-a3af-37cb2084609a',1,'1c219a5d-8141-47b7-8c3c-66ecb34d0349',NULL,0,NULL,'admin','系統管理者','2023-03-09 23:14:27',NULL,NULL,'2023-04-21 11:04:10'),('b4e63cbc-2f2f-43b4-965e-11418bdf4d97','wh01','ef10d0d9-b082-4a80-ab52-991f72c321b9',2,'d9b77dfa-ee21-4ef6-8445-a6bd4fd44302',NULL,12,NULL,'admin','系統管理者','2023-03-09 23:14:24',NULL,NULL,'2023-06-12 09:42:13'),('b51776d0-6d7d-445a-88b2-65a3ca270af6','wh01','34096ca2-e959-4998-8b76-750adead8aa9',1,'87ee0b51-10f2-4a6c-bc30-456fd575aba8',NULL,0,NULL,'admin','系統管理者','2023-03-09 23:14:23',NULL,NULL,'2023-04-11 14:19:00'),('b5263821-e98e-4fb9-97a5-fcd3090f8c38','wh01','83c53370-1db7-4627-87d3-5c45a1f5ab75',2,'00b7630c-62ce-4c6e-9a72-ae0b3d0cc2ec',NULL,0,NULL,'F800229434','Juan Raymond','2023-05-03 11:50:06',NULL,NULL,'2023-05-03 11:50:06'),('b561409d-7bda-4fda-8fd5-2e72b12045c8','wh01','accade3b-60c7-4ef2-835d-6f51ab3c41be',3,'70275ff8-491f-4af2-9b0b-103aecae565a',NULL,207,NULL,'admin','系統管理者','2023-03-09 23:14:23',NULL,NULL,'2023-05-15 10:04:39'),('b5732583-c9c2-46f2-987d-cf51edef44df','wh01','b6f311dd-f0b0-4eba-a27e-3cc1b2328c73',1,'5496466a-1a38-4faa-a872-7d152a08320b',NULL,44,NULL,'admin','系統管理者','2023-03-09 23:14:26',NULL,NULL,'2023-05-11 20:14:09'),('b5b133b3-0c02-4c24-9e8b-be041db256c6','wh01','e5cc5966-54b7-475f-9b0a-90213c382729',2,'c52f2590-8a3c-4679-858c-1407cc0ac1cf',NULL,32,NULL,'admin','系統管理者','2023-03-09 23:14:23',NULL,NULL,'2023-06-12 10:47:19'),('b5cb27dc-e068-42c3-9808-a5fdef5a09cd','wh01','a9095fdd-bec8-4bea-8722-16af9a64a327',3,'73b1a3ca-fc14-4446-a6d8-1d6a928b2069',NULL,5,NULL,'admin','系統管理者','2023-03-09 23:14:23',NULL,NULL,'2023-06-12 11:33:59'),('b5d0e09b-520f-46b9-b7fa-6a31b7d21588','wh01','03201367-97a0-4de6-983d-9c2efd3feb83',1,'bc6628a0-9344-44da-afbf-b1d922065030',NULL,10,NULL,'wei7961074','Kylie','2023-06-02 13:29:07',NULL,NULL,'2023-06-02 13:29:07'),('b6153d14-1c90-4b77-a5b1-d102612bab88','wh01','e7e34359-99e0-4ae3-a808-e7638b3bed14',1,'0b2f0036-756e-43f2-a63a-9350cc6f3598',NULL,10,NULL,'wei7961074','Kylie','2023-04-21 14:27:42',NULL,NULL,'2023-04-21 14:27:42'),('b6674000-0435-4748-b6f5-29739cda7157','wh01','4115b87b-5575-4bcf-8e22-b9c2c6c552cd',1,'2a2da18b-18d1-4fb1-a689-f040c611a1ad',NULL,11,NULL,'admin','系統管理者','2023-03-09 23:14:26',NULL,NULL,'2023-06-11 17:15:39'),('b6705625-9649-4722-a4b2-a39bf68fad59','wh01','01aabd3b-034b-4cad-9c4f-5f7857a4dd48',4,'8b38ce15-a908-4dbb-ba9f-25a251e917c1',NULL,0,NULL,'clcadmin','clcadmin','2023-04-07 11:26:17',NULL,NULL,'2023-04-07 11:26:17'),('b67a94ca-5aec-4b2a-a434-05de2d0518c4','wh01','904455db-beaf-427b-ac61-0794cfeac534',1,'de1ea919-d259-4f15-9d7c-73cf418905f8',NULL,0,NULL,'admin','系統管理者','2023-03-09 23:14:23',NULL,NULL,'2023-03-09 23:14:23'),('b6a9b32e-3074-47ea-af73-b3cac4ca2e20','wh01','16d315b5-d59c-4f5a-ad6d-f76f8ba7edb5',1,'20a167d6-c4f8-45fb-b5bc-ecd56ee7ab0b',NULL,40,NULL,'admin','系統管理者','2023-03-09 23:14:26',NULL,NULL,'2023-05-30 11:57:12'),('b6c63d9b-9677-49a2-a216-7630b38f35df','wh01','8d0acfed-a34b-4742-a794-76ea83dde0a6',2,'677392be-ec85-457e-8fd1-af2f95bfa619',NULL,0,NULL,'F800229434','Juan Raymond','2023-05-30 10:58:46',NULL,NULL,'2023-05-30 10:58:46'),('b6d513bb-d5df-45f7-b57a-3d2f70a50f2b','wh01','02639b37-390d-4579-84be-db704bbd8f4f',1,'dad649a5-ff18-4ede-9a9a-26c7e079f2b0',NULL,0,NULL,'F800229434','Juan Raymond','2023-05-03 11:50:06',NULL,NULL,'2023-05-03 11:50:06'),('b6f3d372-b407-4fd6-8c20-7b58ac833651','wh01','8e1d3284-29e2-4b22-b157-466bca4c8627',5,'fa2370c5-0757-4bea-b503-37ef09a40519',NULL,16,NULL,'admin','系統管理者','2023-03-09 23:14:25',NULL,NULL,'2023-06-12 11:32:01'),('b70705b6-2089-4fac-8262-a561c5b51d65','wh01','b1d8f2e0-71bb-49ec-bbe0-b0199f1d2380',1,'d3495b3c-23f8-4b2c-b835-32518b96aec6',NULL,0,NULL,'admin','系統管理者','2023-03-09 23:14:26',NULL,NULL,'2023-03-09 23:14:26'),('b70c405a-d4b6-441c-9ce6-106f7cadea68','wh01','f411e7c9-ff6a-42db-8976-99c59a36ef80',1,'6182fb44-0504-4a44-b4e6-91ecac596ee2',NULL,20,NULL,'admin','系統管理者','2023-05-08 16:44:37',NULL,NULL,'2023-05-08 18:21:37'),('b71f1638-d20b-4917-a4b7-e43f7750444c','wh01','1aad456d-52fd-4333-855e-29deeeb01a67',1,'e09c136e-027d-441c-ad46-9f1073550fc1',NULL,50,NULL,'jay','Jay','2023-05-26 21:44:02',NULL,NULL,'2023-05-26 21:44:02'),('b76f9d76-4530-49bc-8b0a-0f64e27eaf27','wh01','efd358f8-fa4e-40b9-9a93-bf3a944c8d1b',1,'3121f1dd-6769-44f6-b08c-4afc02f4cd14',NULL,169,NULL,'admin','系統管理者','2023-03-09 23:14:26',NULL,NULL,'2023-06-12 10:46:44'),('b77b70cf-6ffe-4511-9202-b9411ba487c4','wh01','34673f97-2205-432f-843b-4a93c14831ad',2,'1c9dde49-7e52-4ab2-ab21-c03e2454b3bf',NULL,123,NULL,'admin','系統管理者','2023-03-09 23:14:24',NULL,NULL,'2023-06-07 17:56:53'),('b803187d-d608-4ef3-965a-ecec5346bf9f','wh01','0987a6dc-6c01-4e55-accb-a3ca45ece8ee',1,'a219691f-5563-4cf9-a868-7a2327882bde',NULL,0,NULL,'jay','Jay','2023-04-22 21:44:59',NULL,NULL,'2023-04-22 21:44:59'),('b822b730-c006-4039-869e-f98ac224a09b','wh01','874ff437-e6d0-48f6-be48-7835e7ff9084',2,'a3c58e23-3599-471c-b51c-a81dfc0168ea',NULL,0,NULL,'F800229434','Juan Raymond','2023-05-03 11:50:06',NULL,NULL,'2023-05-03 11:50:06'),('b86061a8-f138-49a2-a6d7-59159e494897','wh01','b8d1b087-5f9c-4d4f-b1e9-65c26ac03bcb',1,'fbebbc80-2d2c-4859-9920-9b6ab2385767',NULL,0,NULL,'wei7961074','Kylie','2023-06-05 11:07:26',NULL,NULL,'2023-06-07 13:57:02'),('b8b77950-e439-41cd-a6ea-56fe89380c0a','wh01','0b80ad10-7380-4a46-a5c6-a5111daaeb5f',1,'6bb1855b-9539-45a1-b8c9-69aa96239aff',NULL,10,NULL,'Ariel','Ariel','2023-04-25 11:12:25',NULL,NULL,'2023-04-25 11:12:25'),('b8d7b391-069e-4e8e-913c-83c676211a8e','wh01','4fe7a2bf-1f25-4679-aa4f-6a113d732f05',3,'21ae754f-c5b2-48de-9459-44aeb95b90b2',NULL,0,NULL,'F800229434','Juan Raymond','2023-05-03 11:50:06',NULL,NULL,'2023-05-03 11:50:06'),('b8e31628-5ebd-4899-89df-3887f596390c','wh01','253ac58d-237f-4f83-a38f-0e1e4faf6fcc',3,'8f971e59-8eef-48d1-bf2e-5ccb4d9febe4',NULL,0,NULL,'F800229434','Juan Raymond','2023-04-22 17:42:39',NULL,NULL,'2023-04-22 17:42:39'),('b9159a66-b8ef-4589-8ce8-1c01574c1aba','wh01','5ed673ef-03a4-404b-acfc-1a9ca254c4ce',1,'5c52cc90-14a0-4585-8f3e-e97997db7c1a',NULL,7,NULL,'admin','系統管理者','2023-03-09 23:14:27',NULL,NULL,'2023-06-01 15:29:44'),('b9492a27-0364-48c5-8698-78379752ba89','wh01','a9095fdd-bec8-4bea-8722-16af9a64a327',1,'0cfb0173-0690-4640-9b97-303db68e68bd',NULL,7,NULL,'admin','系統管理者','2023-03-09 23:14:23',NULL,NULL,'2023-06-12 11:33:59'),('b9501093-e541-4601-ac79-2d63c44eee32','wh01','a51e3d22-d7c2-428b-a9a9-01c615941ca8',4,'5cb6c33d-ecf2-4f75-8e1f-424138934994',NULL,-28,NULL,'wei7961074','Kylie','2023-06-05 11:11:12',NULL,NULL,'2023-06-05 11:11:12'),('b951a5fb-d182-444b-b12c-3b8884db2930','wh01','d88650ad-d8f8-43ac-9fee-16ec1af62fbf',1,'5fc51eae-3ddf-4c1d-93cb-9b916611dbc3',NULL,166,NULL,'jay','Jay','2023-05-04 21:20:44',NULL,NULL,'2023-06-05 13:59:12'),('b99d09d9-1470-48e1-b568-ab1ed9cd9a69','wh01','d8478ffa-507d-436b-a462-f710ff05f439',1,'2cdda373-b91c-45ed-96ab-0d67ea5449e2',NULL,0,NULL,'admin','系統管理者','2023-03-09 23:14:26',NULL,NULL,'2023-03-09 23:14:26'),('b9a75a8f-56a7-4c69-a913-6bfee4a04618','wh01','0c884801-dca3-4279-8854-be678551a98c',1,'d0983349-7610-4fa0-80dc-fcbe5c98ef20',NULL,0,NULL,'admin','系統管理者','2023-05-08 16:44:37',NULL,NULL,'2023-05-08 16:44:37'),('b9d4d49c-9a8a-49a1-8689-66e8ea4a0244','wh01','42c053c7-9b7d-402d-84c0-d907934aca39',3,'a1635376-7021-40e0-967b-123b3aad9665',NULL,0,NULL,'admin','系統管理者','2023-03-09 23:14:26',NULL,NULL,'2023-03-09 23:14:26'),('b9e84a58-4718-44f6-8f6c-10df42d8bf28','wh01','c3edcaf5-179d-49ca-af24-5b4e2523dd38',3,'671fa761-f9cc-4623-a96b-079309616a88',NULL,0,NULL,'F800229434','Juan Raymond','2023-05-03 11:50:06',NULL,NULL,'2023-05-03 11:50:06'),('ba01dd6c-c6a3-4f6d-848d-e058d8dda02c','wh01','a51e3d22-d7c2-428b-a9a9-01c615941ca8',2,'1891b08b-564d-421b-a060-c14e6a90f353',NULL,0,NULL,'wei7961074','Kylie','2023-06-05 11:11:12',NULL,NULL,'2023-06-05 11:11:12'),('ba62dfad-5efa-48bf-9935-161a2c14b887','wh01','9f61d871-7e2b-4b5c-8bd8-86d1751070e3',1,'1cf0b99b-64b1-4db9-bcc4-f85a3a0a3b84',NULL,0,NULL,'admin','系統管理者','2023-03-09 23:14:25',NULL,NULL,'2023-03-09 23:14:25'),('ba6ab373-f8ae-4a80-bacb-921dbae5ee53','wh01','d51a1b9f-463b-44f3-bf65-8e9d01ab5c57',2,'8421dc46-d2ce-4d13-9d80-40a068fced86',NULL,0,NULL,'admin','系統管理者','2023-03-09 23:14:27',NULL,NULL,'2023-03-09 23:14:27'),('ba8e6b3e-6387-4812-b040-11021d50a88d','wh01','8bc514a8-2ae1-4154-ad3a-81bebef423e3',1,'63cdf5bd-b689-4912-b7fa-71e40688b51e',NULL,5,NULL,'admin','系統管理者','2023-03-09 23:14:25',NULL,NULL,'2023-06-11 14:23:40'),('bab7c6ed-2259-4942-a24f-fb16caab8227','wh01','6d276d51-f575-421d-9aa9-6012f2fc997b',1,'37fc82c2-f948-45a1-bcc8-a80f1cb24842',NULL,0,NULL,'F800229434','Juan Raymond','2023-04-22 17:42:40',NULL,NULL,'2023-04-22 17:42:40'),('bae3d758-656a-49d9-9daa-585bbab0f11e','wh01','c16edab6-7795-47f6-b655-e2b4dbe37ccd',9,'9f6cdfb9-9a04-470c-8fff-aec0d727ad11',NULL,11,NULL,'admin','系統管理者','2023-03-09 23:14:24',NULL,NULL,'2023-06-08 18:49:49'),('bb237409-da60-4976-83d3-77c391866955','wh01','a77c868e-f457-43da-af79-7287a8d848a1',4,'cf9670f2-1339-49b8-9af3-c6fb737d27ca',NULL,8,NULL,'admin','系統管理者','2023-03-09 23:14:25',NULL,NULL,'2023-05-24 15:58:39'),('bb364600-1e52-4a04-b3da-15a8b2a7a218','wh01','6f91c60a-fdb6-4792-aed2-e5a862e7ae04',2,'ea1b5e64-54e1-4221-8eca-d3a79e162f45',NULL,0,NULL,'F800229434','Juan Raymond','2023-04-22 17:42:39',NULL,NULL,'2023-04-22 17:42:39'),('bb45a6bd-d160-46da-a823-d5f600ecfea9','wh01','e35701a5-b061-47d4-af3f-983aea9f4468',5,'ddde3511-2974-4a2d-b67a-c0dfce3adb51',NULL,0,NULL,'admin','系統管理者','2023-03-09 23:14:26',NULL,NULL,'2023-03-09 23:14:26'),('bb4742be-93c0-4456-86d0-4143a567be90','wh01','92e8716a-f3a4-4ac7-9f38-3cfbb96cf137',4,'894cf53c-d3c4-4d01-9219-164f68384aef',NULL,0,NULL,'F800229434','Juan Raymond','2023-05-03 11:50:06',NULL,NULL,'2023-05-03 11:50:06'),('bb70b811-6980-4939-9eca-13fa4a649775','wh01','1bfc5f9a-a1bd-4d77-9733-583e9abf904d',1,'0ce89b6c-4559-48b2-b029-dfa197ee5cac',NULL,10,NULL,'wei7961074','Kylie','2023-04-21 14:29:02',NULL,NULL,'2023-04-21 14:29:02'),('bb7d8606-cbe3-41a1-918b-c0e08c93260f','wh01','a3d54c38-ee3f-416e-b1ca-86cb98c7a9ad',2,'2a4b515c-d32c-48a9-8fb2-869bf1a1f37a',NULL,0,NULL,'admin','系統管理者','2023-03-09 23:14:25',NULL,NULL,'2023-04-11 14:18:56'),('bc0671b8-e3cd-4837-ad11-15d3df398931','wh01','3507c835-0d02-4892-a36a-c0dafcf33764',1,'4af0b0a8-a33e-46a9-8072-78271acd125c',NULL,1,NULL,'admin','系統管理者','2023-03-09 23:14:27',NULL,NULL,'2023-06-11 10:51:09'),('bc20b805-0085-47b9-9b9f-3a403fd67949','wh01','570ce254-07d1-4c4f-a3c6-855e8347bc99',2,'a471363b-e9f4-4c5f-bfa4-e9bcfadec69e',NULL,0,NULL,'F800229434','Juan Raymond','2023-04-22 17:42:39',NULL,NULL,'2023-04-22 17:42:39'),('bc22c915-61c0-4f3a-b39f-42674caac759','wh01','e4c0bd30-d9ad-4a6b-a6d5-7e2f4019d12b',1,'af55c656-93de-4152-a256-4f91b1afcfa3',NULL,5,NULL,'admin','系統管理者','2023-03-09 23:14:24',NULL,NULL,'2023-06-08 07:53:59'),('bc3c5af2-a187-4cf9-8064-1e40f35d931b','wh01','359305be-3351-491a-a7cc-9a02717001fb',2,'5b94411f-bf61-4135-8ad0-138a6240bf76',NULL,0,NULL,'wei7961074','Kylie','2023-04-22 22:37:01',NULL,NULL,'2023-05-08 16:44:34'),('bc538ec0-92ec-44f5-9894-b12e9b10e523','wh01','79a3f107-1ff6-4afd-a58f-8e44ed6035fe',1,'1565e2bb-0ae4-43b5-836f-e15e9b03b728',NULL,0,NULL,'F800229434','Juan Raymond','2023-05-30 10:58:46',NULL,NULL,'2023-05-30 10:58:46'),('bc616dd3-4f9d-4d07-82ed-9b966f5307ef','wh01','572ff4d6-7df1-416e-988b-3567810a9331',1,'a40394b9-851a-4906-9b65-7a50bee199a4',NULL,0,NULL,'admin','系統管理者','2023-05-08 16:44:37',NULL,NULL,'2023-05-08 16:44:37'),('bcb11491-5dde-4835-89cc-2132d98e2659','wh01','82abee9b-8010-4934-8148-0db1eeae5692',1,'bae9adae-a5d0-4a0d-a368-19cb6e7a04a0',NULL,9,NULL,'admin','系統管理者','2023-03-09 23:14:26',NULL,NULL,'2023-06-11 17:15:39'),('bcb6c699-7670-4c32-b1f4-fd795a4c3f4c','wh01','af5e4ea8-a0cf-466c-8813-8c538d8110bc',2,'ea7b8f52-2863-4104-ab8b-16377ad0d7f2',NULL,0,NULL,'admin','系統管理者','2023-03-09 23:14:27',NULL,NULL,'2023-04-11 14:18:57'),('bd125d11-a31a-46fd-9880-98d523a3df8c','wh01','359305be-3351-491a-a7cc-9a02717001fb',1,'215d7b6a-1214-4242-b151-bcd13d3ff9b5',NULL,0,NULL,'wei7961074','Kylie','2023-04-22 22:37:01',NULL,NULL,'2023-05-08 16:44:34'),('bd192d5b-f64d-4895-9503-17d8b2c24cca','wh01','7adeee13-29ab-473b-8bf8-6c4d9c0836a4',2,'0a39f600-789c-46c0-a0b7-81b316d71e59',NULL,0,NULL,'admin','系統管理者','2023-03-09 23:14:26',NULL,NULL,'2023-03-09 23:14:26'),('bd6ea3f1-b2eb-4324-b7af-35e2ff4698a2','wh01','819ae123-ab4a-483a-9f97-7fa729e9b591',1,'6fe293a4-b9f8-4b92-bf5a-49429cb71de1',NULL,0,NULL,'F800229434','Juan Raymond','2023-04-22 17:42:39',NULL,NULL,'2023-04-22 17:42:39'),('bd870642-55a3-48c1-a19e-b5f9c323eb18','wh01','ab3bc7e5-57ae-404b-8f2a-817fb9e33356',1,'4a09f67e-d12c-4c23-a321-dee4c0847d6d',NULL,10,NULL,'Ariel','Ariel','2023-04-21 14:33:44',NULL,NULL,'2023-04-21 14:33:44'),('bd911b3e-d412-4060-a29e-69a051ac8d1b','wh01','70100eaa-585a-4aa0-bc39-4a840af4f378',1,'f9854565-a488-4241-90bc-0692c93a7aa2',NULL,9,NULL,'admin','系統管理者','2023-03-09 23:14:24',NULL,NULL,'2023-05-16 13:56:12'),('bdb7f663-7bf7-4440-b154-48808963c6e6','wh01','b9d483c1-1681-41a6-b11a-1c5783df6574',2,'5ebc5cd5-dd29-48aa-8708-7800bbf37a41',NULL,0,NULL,'admin','系統管理者','2023-03-09 23:14:26',NULL,NULL,'2023-04-20 14:26:14'),('be29655f-fdcf-4d9f-b872-6277fbdce830','wh01','c65b3626-bfba-4bb1-a0ed-0628dc56118e',4,'920709df-0f19-4452-9366-8e01896259dd',NULL,0,NULL,'admin','系統管理者','2023-03-09 23:14:27',NULL,NULL,'2023-03-09 23:14:27'),('be458ae0-a8a4-4ad1-9a9c-8c335b9a1959','wh01','c4afaa21-f933-4cf3-afd1-74f1c6549254',2,'9f6c2f30-07ad-4499-bb44-9ff72d4a8f95',NULL,0,NULL,'F800229434','Juan Raymond','2023-04-22 17:42:40',NULL,NULL,'2023-04-22 17:42:40'),('be4e7c33-3e4c-4d8b-bb40-8fde1fbc5752','wh01','1bfc5f9a-a1bd-4d77-9733-583e9abf904d',2,'8d6ef7f9-4620-4d30-9ed4-d3c26f529455',NULL,10,NULL,'wei7961074','Kylie','2023-04-21 14:29:02',NULL,NULL,'2023-04-21 14:29:02'),('be5971fe-12c3-41a8-8678-027d37409180','wh01','6084fd1e-b209-41e6-b8a5-2d42ddf1174d',2,'961e9459-194c-4e61-90a6-c64633290499',NULL,0,NULL,'admin','系統管理者','2023-03-09 23:14:24',NULL,NULL,'2023-03-09 23:14:24'),('be74145a-4229-4a51-8b87-c764f09e9c04','wh01','2bb7afe5-fc3a-44e8-a687-7acd50cdbdd7',1,'3a8b04e6-bd54-4383-9a68-cbf78c0d54d0',NULL,10,NULL,'Ariel','Ariel','2023-04-21 14:27:47',NULL,NULL,'2023-04-21 14:27:47'),('becea53c-f7b9-4092-8d14-2a7b5cd994a2','wh01','0656458f-8601-4f6e-8041-2a83e856342e',2,'b9630830-cfd7-4cb6-885a-c3774bcaf4fc',NULL,10,NULL,'wei7961074','Kylie','2023-04-21 13:58:04',NULL,NULL,'2023-04-21 13:58:04'),('bed18b0c-ba34-47dd-8456-61f78dc5ce50','wh01','9a242bbf-6ddc-4a41-a6b1-0e3947274cb4',3,'a01760c7-eb57-4182-a349-06487065056f',NULL,0,NULL,'F800229434','Juan Raymond','2023-04-22 17:42:39',NULL,NULL,'2023-04-22 17:42:39'),('bee252d4-00be-47de-9ea6-2eaa1911ad41','wh01','b2aaf2d7-5cc0-4bf0-a0c4-7f48d9f7793e',2,'130ccf47-b5a0-4064-ac6e-3145e8d0e8a5',NULL,0,NULL,'admin','系統管理者','2023-03-09 23:14:25',NULL,NULL,'2023-03-09 23:14:25'),('bf06da5a-0ac4-4d30-ad3f-bac698d6868e','wh01','b700078c-ed3f-466a-81a3-c78a0ba3a7d3',1,'0c982897-23a6-4eef-8454-d11beefe8c1c',NULL,0,NULL,'admin','系統管理者','2023-03-09 23:14:24',NULL,NULL,'2023-03-09 23:14:24'),('bf254093-bb56-4ae3-9136-e402e4f5d0f6','wh01','ab2d137b-30f7-411c-94cf-1d2e3949abd0',1,'6d7dda03-6a60-42d0-a83a-ce2842fcfbf7',NULL,0,NULL,'admin','系統管理者','2023-03-09 23:14:27',NULL,NULL,'2023-03-09 23:14:27'),('bf256132-125d-46c5-a49e-7d0e5760bc19','wh01','8e1d3284-29e2-4b22-b157-466bca4c8627',10,'6e9b879b-fc20-4006-b62d-0f22b835c65c',NULL,352,NULL,'admin','系統管理者','2023-03-09 23:14:25',NULL,NULL,'2023-06-12 10:45:09'),('bf278120-5106-4ba7-a240-39740ee8d654','wh01','41f7b3dc-36ed-4dbc-8889-0f347d6f2255',2,'0f733e48-8db5-4c57-827e-b54f0fb69a2e',NULL,0,NULL,'admin','系統管理者','2023-04-22 20:41:06',NULL,NULL,'2023-04-22 20:41:06'),('bf2b66dd-5c73-4517-bcac-2022a390e081','wh01','a1e43432-6718-41ae-a0f4-11025b8ceeea',1,'8e964a60-8e5e-485a-95b0-45ed061b51ac',NULL,0,NULL,'F800229434','Juan Raymond','2023-05-30 10:58:46',NULL,NULL,'2023-05-30 10:58:46'),('bf2d7e87-6a3b-433f-a9db-40dcc4adc39f','wh01','6ae1ad98-8ed5-4adf-a6f0-7d3d9762c665',1,'948a1485-2f03-4e4c-b993-12d68fc44aae',NULL,16,NULL,'admin','系統管理者','2023-03-09 23:14:24',NULL,NULL,'2023-06-05 16:05:39'),('bf55c9ee-6a16-4cbd-901d-cd67bf0dcb4f','wh01','5526358f-fede-4a5c-8ad3-776c26559207',2,'4b3a0c6e-b253-4243-a213-349977c6e1ae',NULL,6,NULL,'Ariel','Ariel','2023-04-10 14:28:20',NULL,NULL,'2023-06-12 10:47:19'),('bf61bdf9-1e60-4cb8-bf8b-d7ba0bafb7c7','wh01','52cf0fec-f4a5-490e-be28-885650f4d2b5',1,'cb885f4b-4ce3-462a-bf8c-4f76b25ac127',NULL,15,NULL,'admin','系統管理者','2023-05-08 16:44:37',NULL,NULL,'2023-06-05 14:03:21'),('bf63e49b-5856-4a1c-ab2e-edaebcbb2ecc','wh01','93429220-72d6-468a-b111-67bcf045ec36',1,'cff3129f-61e7-4a38-8594-9da809012e49',NULL,0,NULL,'F800229434','Juan Raymond','2023-04-22 17:42:40',NULL,NULL,'2023-04-22 17:42:40'),('c04c48cb-3218-4b1c-ba0e-6b1e7eb270fb','wh01','0fa377e3-0751-4b8a-b4e6-a958fe234f2a',2,'658b392b-26d8-460a-8455-6ae17dcc4921',NULL,0,NULL,'admin','系統管理者','2023-03-09 23:14:26',NULL,NULL,'2023-03-09 23:14:26'),('c053649b-5320-43bf-9a5a-716586472080','wh01','f50a9bf7-9511-4b68-9d14-902efea079c2',2,'a0c0d4c2-75bc-46e9-9fc9-33d06275a6e1',NULL,0,NULL,'F800229434','Juan Raymond','2023-05-30 10:58:46',NULL,NULL,'2023-05-30 10:58:46'),('c07cc4dc-3df5-4a6c-828e-cb712bb919fc','wh01','2e4cfbba-f851-48ec-9d0a-ea9488f116f2',1,'d8b11c27-d838-4134-b666-492e78cd3410',NULL,20,NULL,'admin','系統管理者','2023-05-08 16:44:37',NULL,NULL,'2023-05-08 18:21:37'),('c09615a5-85ad-4377-880e-08736c11acdf','wh01','43f77941-051b-4b79-af20-f89daa5eaa31',3,'cbcac30a-5013-4e53-aca1-db85edb80e94',NULL,0,NULL,'F800229434','Juan Raymond','2023-05-03 11:50:06',NULL,NULL,'2023-05-03 11:50:06'),('c09e5aa9-8768-465c-992e-0594bc856c96','wh01','45f0e090-9bac-47af-a31c-6f769734e97f',1,'22c34d16-1d5a-43db-8960-a77aec5ff7ea',NULL,0,NULL,'F800229434','Juan Raymond','2023-05-23 14:54:33',NULL,NULL,'2023-05-23 14:54:33'),('c0d6b67f-f318-4b62-a552-243f8703a425','wh01','21acc67b-5d86-4ed4-b20a-928a9e0d6476',8,'18e09ff7-0cbd-4eb7-93bf-9388f1c53422',NULL,0,NULL,'admin','系統管理者','2023-03-09 23:14:25',NULL,NULL,'2023-03-09 23:14:25'),('c0f07819-4580-4c9d-8a68-f1ba398ee1d9','wh01','f3489691-1a33-46e0-9e54-2e3931e20493',2,'d67c43af-c4d3-42d1-b78f-ac6b6dd957ce',NULL,0,NULL,'admin','系統管理者','2023-03-09 23:14:25',NULL,NULL,'2023-03-09 23:14:25'),('c0f3f0e1-4d3d-4c22-b636-a347b39fb688','wh01','74cf09c3-45de-4ed5-9060-92fe3a4c6a1c',1,'82a83431-a774-4090-ba84-e5484bc37098',NULL,0,NULL,'admin','系統管理者','2023-03-09 23:14:26',NULL,NULL,'2023-03-09 23:14:26'),('c1751966-3ca2-4983-991b-7620b3c3e114','wh01','c9c98e2c-7bb7-43de-ad2d-600e1b828cf9',2,'654f5520-4731-4e59-8d70-ef323741e6b0',NULL,0,NULL,'admin','系統管理者','2023-03-09 23:14:25',NULL,NULL,'2023-04-11 14:18:54'),('c175a1bf-b3b2-437f-9dc3-94c719e93baa','wh01','4ce89209-54dc-4f1b-848f-e149ef4f3bd4',2,'a3ce4278-a5cd-48f2-a891-a175607ffed1',NULL,0,NULL,'jay','Jay','2023-04-22 21:50:58',NULL,NULL,'2023-04-22 21:50:58'),('c175ef8f-e378-43c0-907a-40f780f828e1','wh01','2bba472b-7b60-4ae9-ad89-14221dea433b',1,'d665ef28-2eb5-4117-998f-aa1d4d0701e1',NULL,0,NULL,'admin','系統管理者','2023-03-09 23:14:23',NULL,NULL,'2023-04-11 14:18:57'),('c17f33cb-3ddc-444f-a9d9-94c8e891cae1','wh01','1e4b7962-dae9-4cca-9221-dffa269f3081',2,'a470e756-bab9-438b-af92-e3e7e9366f19',NULL,0,NULL,'F800229434','Juan Raymond','2023-04-22 17:42:40',NULL,NULL,'2023-04-22 17:42:40'),('c1884962-ab4b-481a-b650-4dd4662353f8','wh01','f021daa9-ab8c-4ddf-8531-659ee0ebd923',1,'75d4fc3a-331f-41e4-ae49-fac8be3aa12d',NULL,0,NULL,'admin','系統管理者','2023-05-08 16:44:37',NULL,NULL,'2023-05-08 16:44:37'),('c19db21f-b596-4cd9-913d-5ffcf84d1e99','wh01','93ef5f05-2317-401d-bf36-cd813dc09a18',3,'fe7957d6-84c1-41d7-b747-122aff5eb317',NULL,0,NULL,'F800229434','Juan Raymond','2023-04-22 17:42:39',NULL,NULL,'2023-04-22 17:42:39'),('c22af1e9-6a10-45bf-9d05-8b1546b77cc6','wh01','98e9d196-bbf7-48d7-95cb-e36d356ab39d',1,'d3e3ce29-6591-4ab6-b0f8-9af7763d9e6e',NULL,35,NULL,'admin','系統管理者','2023-03-09 23:14:24',NULL,NULL,'2023-06-11 11:49:57'),('c22c2f5a-6ded-4f0a-a4c1-601f160655e8','wh01','17cd74cf-7f47-4026-942f-4123a0eea83b',1,'8841fc01-65e9-4214-88cd-eddf745a3e82',NULL,0,NULL,'F800229434','Juan Raymond','2023-05-23 14:54:33',NULL,NULL,'2023-05-23 14:54:33'),('c2542a7f-24fb-499f-82f3-66909b12f4e2','wh01','d6fa05fc-d712-4d27-a0c5-7f76ef887052',1,'3e3c0911-2f11-4f30-a3e8-94ced6e1c3d0',NULL,0,NULL,'F800229434','Juan Raymond','2023-04-22 17:42:40',NULL,NULL,'2023-04-22 17:42:40'),('c283aa9d-5c87-4971-a53b-aa672e9cc949','wh01','75c0d00b-4141-4617-bcab-03b65b4e60d6',3,'eab7d4e2-a13c-4201-84d2-72969263abec',NULL,0,NULL,'F800229434','Juan Raymond','2023-05-03 11:50:06',NULL,NULL,'2023-05-03 11:50:06'),('c28a495e-3eac-4542-a9b9-cb86930773d3','wh01','ade221e0-0f79-4bbd-9fde-4e0ccd75f1f0',1,'24150f0c-516a-49ff-8227-f4ca6a86597f',NULL,0,NULL,'admin','系統管理者','2023-05-08 16:44:37',NULL,NULL,'2023-05-08 16:44:37'),('c2b3558a-25c6-47a4-8a6d-f75d42338815','wh01','41c7290c-1405-43c6-af41-9456f671fd65',1,'ce462e90-4460-49dc-a84b-dd557afba79b',NULL,0,NULL,'wei7961074','Kylie','2023-06-09 15:43:52',NULL,NULL,'2023-06-09 15:43:52'),('c2c93708-153e-4b12-94f6-f982b265f124','wh01','8e1d3284-29e2-4b22-b157-466bca4c8627',6,'a93cdbb1-6270-416e-ab7b-145333af5870',NULL,583,NULL,'admin','系統管理者','2023-03-09 23:14:25',NULL,NULL,'2023-06-12 10:47:19'),('c2eab48e-de41-49d2-a235-99db78ae9407','wh01','3f0552bb-0566-45ad-92bf-516ddf38ce34',1,'3f25c4f6-3751-4ac5-8a4d-c93f117ff175',NULL,10,NULL,'admin','系統管理者','2023-03-09 23:14:26',NULL,NULL,'2023-06-11 18:57:01'),('c3276d45-526c-4483-a045-c12c9875969e','wh01','5815619c-8c94-4de0-b359-761934b29bd3',2,'98c1468e-dc2e-43fe-a08f-14ae7ecef5b4',NULL,19,NULL,'wei7961074','Kylie','2023-06-05 11:14:29',NULL,NULL,'2023-06-06 16:39:50'),('c332ac59-cff3-4b7b-8edd-6d0231b5fd25','wh01','ff95940b-2bef-46ac-8782-707dcecab325',1,'1bfe67f5-819d-4a30-a8d8-bec1fc7c6f64',NULL,20,NULL,'admin','系統管理者','2023-05-08 16:44:37',NULL,NULL,'2023-06-05 13:59:12'),('c33f362a-16e3-4a9d-9e31-511b5817b7a7','wh01','5059b950-f0a9-4278-a349-24decffca406',1,'86e9974b-47c4-4f6a-88ac-6cd61f6cdf01',NULL,4,NULL,'jay','Jay','2023-04-07 15:30:33',NULL,NULL,'2023-06-05 15:39:31'),('c3b2c686-52d3-4b2e-86cf-a870fce25ae2','wh01','41cb5f33-99d7-4e59-b84e-9273b8c498ec',1,'4dbe3266-df1b-445d-8229-2fbb58c482b3',NULL,0,NULL,'wei7961074','Kylie','2023-05-03 17:41:48',NULL,NULL,'2023-05-03 17:41:48'),('c3e43f47-0bc1-4707-b921-1e24364fd4b3','wh01','34b489ef-595e-43c4-a3f2-221c53cb2f5e',3,'37553ab2-ccb0-4841-b50a-5724d9f476af',NULL,0,NULL,'admin','系統管理者','2023-03-09 23:14:26',NULL,NULL,'2023-04-11 14:18:57'),('c3f637bb-e7c4-4921-a785-a408400cd604','wh01','a3a973a5-be27-478d-8b68-e87ecaf30440',1,'46df750e-6dd1-4e15-910f-dbc6f0071618',NULL,0,NULL,'admin','系統管理者','2023-03-09 23:14:24',NULL,NULL,'2023-03-09 23:14:24'),('c4070527-b813-4ca3-853f-50bd4a4bfe8d','wh01','f3489691-1a33-46e0-9e54-2e3931e20493',1,'cc076232-8d1f-4cdd-8075-70a634239cbd',NULL,0,NULL,'admin','系統管理者','2023-03-09 23:14:25',NULL,NULL,'2023-03-09 23:14:25'),('c42de20f-26df-4fcd-a94d-9234a7e605a4','wh01','af5e4ea8-a0cf-466c-8813-8c538d8110bc',5,'b49f9e9e-bf43-47f9-a316-0c8b82a2ce97',NULL,0,NULL,'admin','系統管理者','2023-03-09 23:14:27',NULL,NULL,'2023-03-09 23:14:27'),('c461430e-eea8-4027-9ae2-29365fe7a048','wh01','d1788715-6769-4161-8042-717fad5e48f7',1,'89a8b3fa-e0ec-4a91-8bd0-92ceb98f439e',NULL,0,NULL,'admin','系統管理者','2023-05-08 16:44:37',NULL,NULL,'2023-05-08 16:44:37'),('c4646c51-913b-489c-9376-29ff9c010c40','wh01','359bebc4-eef1-4057-9687-1cc7f634fc0a',1,'81ddd9d8-2a2f-4c92-a6b6-579b40415e75',NULL,0,NULL,'admin','系統管理者','2023-03-09 23:14:25',NULL,NULL,'2023-03-09 23:14:25'),('c46ea9d2-f34f-45b0-bf4d-a46abc20b18d','wh01','2665848b-6864-4eff-b799-e2ecc0678033',1,'cb184fd5-d5e3-4632-b9f6-d5beee3bea8b',NULL,0,NULL,'wei7961074','Kylie','2023-04-11 14:21:27',NULL,NULL,'2023-04-11 14:21:27'),('c4aeb23d-74be-4b31-a905-eb6ceef432ee','wh01','59de897c-13e5-4003-9777-ed9bcd0b93fa',1,'3765e3fe-f6ef-47e5-abd4-edee3ea4f182',NULL,0,NULL,'F800229434','Juan Raymond','2023-05-23 14:54:33',NULL,NULL,'2023-05-23 14:54:33'),('c4c867f4-f2c4-4a79-99a1-690cecacfb74','wh01','6d535deb-00e0-48a1-b93b-f1b7db1a35cb',1,'a2ab7a87-7ef6-4569-8b4d-096431c927ed',NULL,103,NULL,'wei7961074','Kylie','2023-06-05 11:15:01',NULL,NULL,'2023-06-12 09:38:12'),('c4d4f2fb-bf57-41d4-9842-943505276998','wh01','e1606b10-59a3-49e7-9fa7-3bfe862ed64a',1,'f9b06dd6-e496-435b-83f7-ca7c69e34911',NULL,25,NULL,'admin','系統管理者','2023-03-09 23:14:23',NULL,NULL,'2023-05-27 15:05:47'),('c4ed60ad-2b12-459d-8b86-ba95ab57a0e2','wh01','b53b9ee2-a4bf-40b3-b1b4-cf2fccde71dd',2,'e2fb9c59-f387-46bc-94eb-c7c8f63afef1',NULL,6,NULL,'admin','系統管理者','2023-03-09 23:14:26',NULL,NULL,'2023-06-11 14:12:26'),('c504c17e-49ba-4d20-a518-93c97953c7fd','wh01','9313bbc8-f42c-417e-935a-d28c6b6aa600',4,'69c202b2-9cec-4302-bd74-44edae8dca95',NULL,21,NULL,'admin','系統管理者','2023-03-09 23:14:23',NULL,NULL,'2023-06-07 16:44:07'),('c512fa37-334e-433c-8b52-7ab795736d6e','wh01','a23f6e00-4580-438d-be0e-fcc7b3a4f959',1,'dd546c3e-c4e4-4c20-8194-cd2df98d996e',NULL,16,NULL,'admin','系統管理者','2023-03-09 23:14:26',NULL,NULL,'2023-05-24 12:10:30'),('c528a7a8-63f8-4f11-a815-632d9dd4d86a','wh01','554ec53e-29c1-4c67-8e74-b3213d80aed5',2,'11aefb23-2c43-45f8-b3ed-27d842fc5738',NULL,118,NULL,'admin','系統管理者','2023-03-09 23:14:25',NULL,NULL,'2023-06-12 09:42:12'),('c52c69df-51c0-4e91-9422-7444e2a9f3dd','wh01','570ce254-07d1-4c4f-a3c6-855e8347bc99',3,'d14982d5-3770-4668-9d48-be2da7727af6',NULL,0,NULL,'F800229434','Juan Raymond','2023-04-22 17:42:39',NULL,NULL,'2023-04-22 17:42:39'),('c568ae1f-2d1e-4863-8812-77acaacaafd3','wh01','b2057ee7-d5d2-4362-b45b-fe1a95ddc790',1,'1cb3e12e-65ab-4f1a-9391-89358654588a',NULL,0,NULL,'F800229434','Juan Raymond','2023-04-22 17:42:39',NULL,NULL,'2023-04-22 17:42:39'),('c5afe3be-c7fd-4e01-8f87-244f55e043c8','wh01','19616b1e-43a4-4ab5-8237-817811df96b2',1,'11027470-496c-4f32-b4a1-ffadf3c78ff6',NULL,0,NULL,'F800229434','Juan Raymond','2023-04-22 17:42:39',NULL,NULL,'2023-04-22 17:42:39'),('c5e2a98f-cdb8-44fc-b7f4-20dd395fffab','wh01','6e852719-f7ab-40ab-8d02-224162a0f2a6',3,'c43d4c73-8ab0-41f7-b987-d25b810c0219',NULL,0,NULL,'F800229434','Juan Raymond','2023-04-22 17:42:40',NULL,NULL,'2023-04-22 17:42:40'),('c5f52cc9-02d5-4eff-89bb-d8598cb97ca7','wh01','a32de8e7-48df-413c-a974-45d1dd45b9a5',2,'b0d0f696-7a87-4081-9e5d-bc97b2b30eb7',NULL,10,NULL,'wei7961074','Kylie','2023-04-21 14:36:32',NULL,NULL,'2023-04-21 14:36:32'),('c60435b9-607b-4d36-9e18-a848960c19f3','wh01','77b9bc2a-fac9-4622-81a7-448b588fcf62',1,'2c46b80b-aad0-4c9a-a5bf-5b31cd2fff5e',NULL,19,NULL,'jay','Jay','2023-05-02 17:20:20',NULL,NULL,'2023-05-02 17:20:20'),('c605a02b-c2ed-4007-8155-23e3ab7a8a92','wh01','8e1d3284-29e2-4b22-b157-466bca4c8627',9,'1870a2f2-8d30-405b-9ba5-e21ac25a97d3',NULL,484,NULL,'admin','系統管理者','2023-03-09 23:14:25',NULL,NULL,'2023-06-11 14:55:36'),('c619c2dc-7186-444c-9faa-075ca9326820','wh01','d6fa05fc-d712-4d27-a0c5-7f76ef887052',3,'4b984b1f-f3c8-41bf-91f4-2e8a6a73db26',NULL,0,NULL,'F800229434','Juan Raymond','2023-04-22 17:42:40',NULL,NULL,'2023-04-22 17:42:40'),('c621be46-2a7d-4e1c-9f34-7c1b744c43ce','wh01','5905725c-22a8-41c4-be77-fefa64b333aa',4,'046009a2-1859-49fe-bc70-4e47be6615eb',NULL,10,NULL,'admin','系統管理者','2023-03-09 23:14:26',NULL,NULL,'2023-06-02 14:16:34'),('c6387a24-0f7b-48cc-83c2-6715702f5f20','wh01','4805f838-dbef-496c-8f30-66a6d753bfac',3,'38329c0a-4581-4bda-8028-7394bf067ff3',NULL,16,NULL,'admin','系統管理者','2023-03-09 23:14:27',NULL,NULL,'2023-04-11 14:18:59'),('c69d6e87-d561-40f6-8a8c-d76085496942','wh01','4808dbf5-fbf3-4750-beb1-98ae7d5480d6',2,'c43045c1-ffb1-41f5-a701-e1f09f9d1ed7',NULL,0,NULL,'F800229434','Juan Raymond','2023-04-22 17:42:39',NULL,NULL,'2023-04-22 17:42:39'),('c6a91f06-11a1-4e62-af31-38ee813e20e7','wh01','82f9d558-bfca-476c-b8b1-718ea09848d5',1,'f682219d-7295-40e7-a71a-35f0c972fdc4',NULL,0,NULL,'F800229434','Juan Raymond','2023-05-30 10:58:46',NULL,NULL,'2023-05-30 10:58:46'),('c6ab7f88-454d-4623-bdde-4e9a4406066b','wh01','c75c00ac-1927-4bf6-98bd-a969e0c0090d',1,'cdbbc6e1-d808-4865-9f62-df0be074742f',NULL,0,NULL,'admin','系統管理者','2023-03-09 23:14:23',NULL,NULL,'2023-03-09 23:14:23'),('c711170e-0d2e-4960-b42c-95cb9a8ef104','wh01','b855c1b9-5e31-4427-adae-4440f83c2877',1,'d44fa3d4-02aa-4f7a-b556-c5b876425a3f',NULL,10,NULL,'jay','Jay','2023-04-21 15:07:32',NULL,NULL,'2023-04-21 15:07:32'),('c7119911-e303-4d0c-97ff-ca2b9ac906d9','wh01','2c0cd810-6863-420f-9692-fde72ce2c1dc',2,'73c49b0a-58c1-4637-a90a-de5106dfb264',NULL,0,NULL,'admin','系統管理者','2023-03-09 23:14:25',NULL,NULL,'2023-03-09 23:14:25'),('c72851e7-dc8d-4967-8ece-742a40aeeb1e','wh01','142cfbbb-5440-4d29-b4f6-612cc15785aa',1,'20d734cf-eaf5-43d5-9821-100df8fae7ec',NULL,0,NULL,'admin','系統管理者','2023-05-08 16:44:37',NULL,NULL,'2023-05-08 16:44:37'),('c7291292-81a0-4323-8d8d-b02b3bf222fa','wh01','195f4dbd-13ea-491a-bdab-3d50d5fdcfd8',1,'8e134437-40c7-4c5f-a5cd-8d7b4aa0a41f',NULL,0,NULL,'wei7961074','Kylie','2023-06-09 15:44:10',NULL,NULL,'2023-06-09 15:44:10'),('c732e8f4-a737-4091-b8ff-6cac1b22527a','wh01','49f85938-f591-421f-a46c-ca2b302f319e',4,'e3d357b5-58c1-476f-bacf-54fc5fa35875',NULL,0,NULL,'jay','Jay','2023-04-22 21:50:25',NULL,NULL,'2023-04-22 21:50:25'),('c75c0b49-8cc3-413d-83fe-da5065ebdabd','wh01','1384121b-524a-400c-86cc-24d0c9797062',2,'fecc8974-7915-412a-86bb-486d3c580db1',NULL,0,NULL,'F800229434','Juan Raymond','2023-04-22 17:42:40',NULL,NULL,'2023-04-22 17:42:40'),('c76370c1-6984-496f-a3ea-67cc3e8243e0','wh01','d5c0e494-1401-4252-ae72-91e889c0aa43',1,'495ac506-c5bf-4ea4-a4dc-09e63d37bd00',NULL,0,NULL,'F800229434','Juan Raymond','2023-05-23 14:54:33',NULL,NULL,'2023-05-23 14:54:33'),('c777ea62-e34e-43e5-a843-08afa728a5d7','wh01','ac43c565-f61c-47df-ae0b-4326948b5d98',1,'6420b409-a3bc-4e68-9eb5-9071b1501fbd',NULL,0,NULL,'admin','系統管理者','2023-03-09 23:14:25',NULL,NULL,'2023-06-08 08:22:33'),('c7a65e87-385b-4fa1-bc54-e8fd5e26943d','wh01','9c7518f6-1ae5-4a6c-ba8a-d09db87eb427',2,'05c336e8-2674-448b-923b-cde23fca3c13',NULL,14,NULL,'admin','系統管理者','2023-03-09 23:14:23',NULL,NULL,'2023-04-11 14:18:52'),('c7d1c9b9-0fff-4c25-9ab8-22884b84b1e8','wh01','03defe62-d584-4a4d-a49d-643fcdc47e17',1,'80f213fc-6736-4112-a467-7eeb4edfb97a',NULL,0,NULL,'jay','Jay','2023-04-22 21:27:41',NULL,NULL,'2023-04-22 21:27:41'),('c7d977e5-5574-42b3-accb-554a7c7ed0b5','wh01','38cdd6e5-31f9-4fb6-a49d-6cc56ed91ad5',1,'8b7de46e-a696-468f-904d-d307f20b5253',NULL,0,NULL,'F800229434','Juan Raymond','2023-04-26 17:43:57',NULL,NULL,'2023-04-26 17:43:57'),('c7e9f89f-5d3d-43f4-9743-84bf70dd398c','wh01','279fdd5d-9a8a-41a1-8b1b-1e83e4b16fc9',1,'ad6af39f-49d4-4134-945e-f4e641d831af',NULL,10,NULL,'wei7961074','Kylie','2023-04-21 14:33:30',NULL,NULL,'2023-04-21 14:33:30'),('c8135c68-de8b-425e-a797-a89c46197384','wh01','e0d6d87e-1c07-409a-b5a9-ae844f3c7da3',1,'309ab8f5-b43d-4272-a0fd-ffdc1d4d1a82',NULL,0,NULL,'F800229434','Juan Raymond','2023-05-23 14:54:33',NULL,NULL,'2023-05-23 14:54:33'),('c8214aa4-351b-46ea-bcdd-afc344e40962','wh01','09e921f5-6da6-49f2-90b7-ecef6caf52bd',6,'2be977fc-f5d8-4cb9-a420-eebb213ccdb8',NULL,0,NULL,'Ariel','Ariel','2023-04-25 11:09:34',NULL,NULL,'2023-04-25 11:09:34'),('c848d1d7-3eaf-41a3-b768-728b37b22b33','wh01','75c0d00b-4141-4617-bcab-03b65b4e60d6',4,'d7c321ff-6fdd-4e35-9171-65e3fa55fc3c',NULL,0,NULL,'F800229434','Juan Raymond','2023-05-03 11:50:06',NULL,NULL,'2023-05-03 11:50:06'),('c84ee682-e1ba-4953-a016-757eae6a12e2','wh01','3f43f846-a9fa-41ca-9208-4420d33f203a',1,'36258024-5bc3-4db7-b089-2439fabd4eb2',NULL,0,NULL,'admin','系統管理者','2023-03-09 23:14:27',NULL,NULL,'2023-03-09 23:14:27'),('c86c5aba-30c3-4fc2-b4aa-91c1fd7b0c00','wh01','91b1d19e-454c-4ea9-8e91-0af0624eac62',1,'f8ce2a29-c4f4-447b-b4eb-2cc25a0e319a',NULL,0,NULL,'admin','系統管理者','2023-05-08 16:44:36',NULL,NULL,'2023-05-08 16:44:36'),('c887d913-35f7-4362-8da7-e1a5515d2fdf','wh01','1ad59051-bd46-4d70-917f-10a08a91fa7a',1,'7b409c76-91f5-4fe6-9623-6bd859877b7b',NULL,10,NULL,'wei7961074','Kylie','2023-04-21 14:18:36',NULL,NULL,'2023-04-21 14:18:36'),('c8e285cf-1813-4ecd-bc2f-f2745ba30e7b','wh01','336d2d47-84b1-4be7-b5c7-782e29ca5442',1,'58bdda51-55fa-4347-bf98-68d15f8947c7',NULL,22,NULL,'admin','系統管理者','2023-03-09 23:14:23',NULL,NULL,'2023-06-08 16:34:12'),('c8e8a7e8-1167-49ec-a18e-97e02d43cb62','wh01','ff5ef553-53c9-4955-844a-e7093d7489c6',1,'dcc5d6bd-e5ae-43c8-85ea-4a6fb8bd91cb',NULL,123,NULL,'admin','系統管理者','2023-03-09 23:14:24',NULL,NULL,'2023-06-08 18:49:49'),('c8f4fced-a84c-4ec8-92e4-8011fd33233d','wh01','e9abb27d-804b-412b-8055-757c1524a75d',1,'23f35c40-12f5-4ddb-823b-03c466e51805',NULL,10,NULL,'wei7961074','Kylie','2023-06-09 15:45:31',NULL,NULL,'2023-06-09 15:45:31'),('c913792b-d5db-4cf8-bca0-3a814ec36d4b','wh01','7d85e716-1a62-4f07-9337-e2b3427b8422',1,'387dadee-1e3a-475e-bcd8-3f867084a798',NULL,42,NULL,'admin','系統管理者','2023-03-09 23:14:24',NULL,NULL,'2023-05-28 15:56:14'),('c94108bf-8f01-499e-a52f-bdbfa99e6c11','wh01','b7f3de54-7d0f-40ef-9de0-aa072dd5160a',1,'851d02ad-d2b4-47b8-b111-023d307cb2c6',NULL,17,NULL,'admin','系統管理者','2023-03-09 23:14:24',NULL,NULL,'2023-05-16 10:40:11'),('c986a4d9-415b-40a2-acdf-3387b58c0537','wh01','5c6b9006-a5b3-4179-a815-af186163c356',1,'98769f8c-5b52-474a-8f0a-4df4d65c23a1',NULL,0,NULL,'F800229434','Juan Raymond','2023-04-22 17:42:40',NULL,NULL,'2023-04-22 17:42:40'),('c9c1b6ac-7005-469d-ba2c-e85b22a1492c','wh01','b146ea64-72b3-465c-9716-4b2a57ed612a',1,'c5f55c0e-b750-43cc-b798-d038dce902fe',NULL,0,NULL,'admin','系統管理者','2023-03-09 23:14:24',NULL,NULL,'2023-05-17 04:54:01'),('c9c396d5-93be-47bd-bd6a-be3bd1e9ae9a','wh01','5526358f-fede-4a5c-8ad3-776c26559207',1,'726445f0-54fd-4214-a042-371b3341bbec',NULL,0,NULL,'clchanas','hanas','2023-04-10 16:36:44',NULL,NULL,'2023-04-10 16:36:44'),('c9ee7382-81c5-4345-8394-f18c0e53a193','wh01','ba0451c5-4e3a-4028-ba73-928eb8c05acd',1,'fe5f9f09-b7a5-4982-b05f-512c7390f373',NULL,0,NULL,'F800229434','Juan Raymond','2023-05-23 14:54:33',NULL,NULL,'2023-05-23 14:54:33'),('c9f72fbb-63f8-48e5-a591-4581d1e84e72','wh01','af5e4ea8-a0cf-466c-8813-8c538d8110bc',1,'1c9623d5-5cf8-4eee-9fd7-18ceda9c2cd0',NULL,0,NULL,'admin','系統管理者','2023-03-09 23:14:27',NULL,NULL,'2023-03-09 23:14:27'),('c9fb1f26-45fc-47dc-ae96-debec6d2d72b','wh01','797512b2-e0e8-449d-9396-514ad4836f70',3,'6a32e2b6-46a2-4400-ae8e-56b66f002caf',NULL,10,NULL,'admin','系統管理者','2023-03-09 23:14:24',NULL,NULL,'2023-06-12 10:45:09'),('ca023b31-e384-4e74-a6fd-df05cc1051bd','wh01','146e5cd9-4b7a-46ab-883c-bc4a084008c5',4,'1c2fd6db-b6a6-4196-90d3-45f77f41d216',NULL,0,NULL,'Ariel','Ariel','2023-04-25 11:43:06',NULL,NULL,'2023-04-25 11:43:06'),('ca2c9cff-9877-4ff9-a4d0-93fc19f4edf1','wh01','a9f84e96-0e6d-4aba-bb3e-808b36c8e423',1,'50f666eb-7148-480c-8aab-957f08adad60',NULL,0,NULL,'admin','系統管理者','2023-05-08 16:44:37',NULL,NULL,'2023-05-08 16:44:37'),('cac75f42-22bb-4ac1-a057-a4e26b5a38fb','wh01','7c6fd850-7eeb-4949-8bd7-30dda78e1995',2,'732c7bc8-558b-45e2-8a2c-7a2b159c4a4f',NULL,108,NULL,'admin','系統管理者','2023-03-09 23:14:24',NULL,NULL,'2023-06-11 14:37:04'),('cacee15e-bed1-4619-905c-3a34d3fd63a5','wh01','85d7f46b-8275-4371-8057-5ebe8bc80dc5',1,'9868ab58-046c-49e8-b1e6-e62b8eff3e60',NULL,0,NULL,'admin','系統管理者','2023-04-20 19:19:07',NULL,NULL,'2023-04-20 19:19:07'),('caf4d525-fc0e-438e-9e1a-09525562cbef','wh01','28f29510-482a-436a-9482-1217ddc37ff5',1,'ec4249e6-5cfc-47fc-90ff-ea7580ca2fe3',NULL,0,NULL,'admin','系統管理者','2023-03-09 23:14:26',NULL,NULL,'2023-04-11 14:18:55'),('cb3268e9-8159-4689-a874-dae03f006735','wh01','09cbdaf1-d8bf-40d0-9fd9-bfc50e47ecab',2,'55205f08-f87f-4d54-92d6-a098c5d89816',NULL,14,NULL,'Ariel','Ariel','2023-04-25 11:05:44',NULL,NULL,'2023-05-24 12:04:52'),('cb34c71f-cdbe-40da-9ac6-eecccfd47ce2','wh01','30bcf6dd-d355-480d-9779-c9b5ca578153',1,'947f464e-706f-4d54-9af4-05d456aad395',NULL,0,NULL,'F800229434','Juan Raymond','2023-04-22 17:42:39',NULL,NULL,'2023-04-22 17:42:39'),('cb59b307-55ae-4186-b897-6c56d2b72f03','wh01','d7268084-4650-4a02-966b-4a73497c4977',1,'d5f14597-3eca-4b61-b2a4-c5cfd448e008',NULL,19,NULL,'jay','Jay','2023-05-02 17:21:32',NULL,NULL,'2023-05-02 17:21:32'),('cb5d6729-e868-45b2-8818-e59c7185ee2a','wh01','9202abe4-d45f-42b3-8eb0-7486930ca364',1,'37ac63be-6d49-4c54-bf91-807e55cb70a1',NULL,20,NULL,'admin','系統管理者','2023-05-08 16:44:37',NULL,NULL,'2023-05-08 18:21:37'),('cb961d11-c556-4203-b4cf-59a6ba9ab166','wh01','945814dd-f10a-4519-8416-1287f334c423',1,'b2ed1b5a-818b-4619-ba85-f99a9ca0b16f',NULL,0,NULL,'admin','系統管理者','2023-05-08 16:44:37',NULL,NULL,'2023-05-08 16:44:37'),('cc041cb8-57f7-4ff7-9ffb-1bf8ff9a79b6','wh01','91603586-07f9-4a28-975c-bdb50aca520f',1,'c8f119d4-7f1d-4137-a6cb-1acb693b2473',NULL,0,NULL,'admin','系統管理者','2023-03-09 23:14:23',NULL,NULL,'2023-03-09 23:14:23'),('cc2140af-48a8-42c5-9f79-390528d03ad8','wh01','dc87610a-b184-46bb-9b46-1bbf8726d778',5,'92a57648-5488-4c8f-873c-7fe3d70de523',NULL,0,NULL,'F800229434','Juan Raymond','2023-04-22 17:42:40',NULL,NULL,'2023-04-22 17:42:40'),('cc31d694-aa12-42d1-86f3-4a36d6015d04','wh01','86f6b8fd-e815-446d-917e-44cc9300969f',1,'d0bfd4e6-4aa9-49e5-9347-8e109328e0a5',NULL,61,NULL,'admin','系統管理者','2023-03-09 23:14:26',NULL,NULL,'2023-06-12 10:47:19'),('cc39249a-9db1-4682-ab27-f65e133f550c','wh01','d4f14a63-d42e-444d-a54c-72c037255be1',2,'18ee2b6f-acdb-4708-8a10-d4527a3501e5',NULL,0,NULL,'F800229434','Juan Raymond','2023-04-22 17:42:40',NULL,NULL,'2023-04-22 17:42:40'),('cc45e5ed-8e9a-47ed-8a61-804bcce1a3b2','wh01','d4b821c2-a15c-494a-888d-112a559c24c5',3,'3b548c70-c17c-418c-af04-f2e89dc3cdb3',NULL,0,NULL,'F800229434','Juan Raymond','2023-05-30 10:58:46',NULL,NULL,'2023-05-30 10:58:46'),('cc5ea96c-f270-4127-b9b7-9634a2987f3d','wh01','43defbe7-99ca-4023-879c-963d5987ca66',1,'315644fa-24dc-4823-a05b-f00686f20b65',NULL,0,NULL,'admin','系統管理者','2023-03-09 23:14:24',NULL,NULL,'2023-03-09 23:14:24'),('cc845177-8648-4481-92dc-b1f0680fc7fe','wh01','c074d8a3-2d8e-4998-81f5-f56c2ed06f1d',8,'abb9d076-7686-42b3-a3be-75e1a3e5d72c',NULL,0,NULL,'F800229434','Juan Raymond','2023-04-22 17:42:39',NULL,NULL,'2023-04-22 17:42:39'),('cc923099-6508-4d2d-afe4-3d23bc07db28','wh01','6e1272a3-aba0-4fad-9569-17fd854d3a72',1,'1de73071-2af3-4fc0-aa05-7ae75e28432d',NULL,0,NULL,'admin','系統管理者','2023-05-08 16:44:37',NULL,NULL,'2023-05-08 16:44:37'),('cc9bd40a-aa24-449c-828d-a9cbedbae32f','wh01','6e4879c8-359e-49f1-8af6-59ee9831021a',2,'68bb006b-7222-444f-aad3-fb8cb5f2a289',NULL,0,NULL,'admin','系統管理者','2023-03-09 23:14:26',NULL,NULL,'2023-03-09 23:14:26'),('ccaaac45-20d4-446f-b427-be07338642df','wh01','30cf194e-a032-44b5-b72a-0b01e0677347',1,'dd40d277-6fcf-473c-8ea8-c6d9a0fc06bc',NULL,0,NULL,'wei7961074','Kylie','2023-05-03 17:40:30',NULL,NULL,'2023-05-03 17:40:30'),('cd0607da-adf9-4fd1-a6fa-0425ef480d07','wh01','5526358f-fede-4a5c-8ad3-776c26559207',3,'a1132330-89c0-46e3-bd7f-e98a9af75fcc',NULL,86,NULL,'Ariel','Ariel','2023-04-10 14:28:20',NULL,NULL,'2023-06-11 12:06:05'),('cd1873fe-4936-406d-8da4-e8686e665efa','wh01','6004546c-d0f8-4101-be78-681fbdaf8b80',3,'cf35fe13-6ef7-4074-b89f-637fbb2bdf9b',NULL,0,NULL,'F800229434','Juan Raymond','2023-04-22 17:42:39',NULL,NULL,'2023-04-22 17:42:39'),('cd276c5c-c157-45e9-8843-9d633f9184c3','wh01','3acaf2d5-2e86-4387-b65e-7f4d72c13a3b',1,'4bdfa00e-0e0b-4121-9864-635fada1ea5f',NULL,10,NULL,'wei7961074','Kylie','2023-06-05 11:12:54',NULL,NULL,'2023-06-06 13:21:09'),('cd295d09-48dd-4836-ad20-c6f0cba52349','wh01','49f85938-f591-421f-a46c-ca2b302f319e',1,'0d9a2dfd-c32b-4460-af81-a01a9fdfce1b',NULL,0,NULL,'jay','Jay','2023-04-22 21:50:25',NULL,NULL,'2023-04-22 21:50:25'),('cd659a67-bd79-4954-88cb-7ee3d94fe323','wh01','3e4237b5-9d9d-459e-a60a-7759b4da1efb',4,'4ff2d8bc-a3da-44ba-96d5-e824049d6db2',NULL,0,NULL,'Ariel','Ariel','2023-04-10 14:08:33',NULL,NULL,'2023-05-22 10:36:06'),('cd757b6a-8b72-4096-815b-180fe1c1937b','wh01','99e6e8ae-64ea-49bb-b764-d9cd9f52e557',1,'b7958475-ae72-4fa5-b919-eb64fdaaba4c',NULL,19,NULL,'jay','Jay','2023-05-02 17:20:45',NULL,NULL,'2023-05-02 17:20:45'),('cd804ed1-751f-4c9e-9e1c-7fc772cac4af','wh01','6732fa78-bb78-4075-aa3d-776a0cc4a891',1,'b8c2e722-1991-4abc-941f-893348ffbbe5',NULL,5,NULL,'admin','系統管理者','2023-05-08 16:44:37',NULL,NULL,'2023-06-01 15:45:04'),('cd896eaf-9bcf-4fcb-bae8-702d143571d6','wh01','6e5950be-08b7-470c-a41f-d8bc2fc1778c',1,'ea160d72-efd8-402d-a342-e98a26a023d1',NULL,0,NULL,'wei7961074','Kylie','2023-06-08 18:07:55',NULL,NULL,'2023-06-08 18:07:55'),('cd98e4f5-71e7-4157-8b20-f6684eb95e82','wh01','ec97b54e-510d-4c47-b03a-663514365504',4,'8a1f27c9-121a-4c6c-8b97-d1562f78ccd3',NULL,0,NULL,'F800229434','Juan Raymond','2023-04-22 17:42:39',NULL,NULL,'2023-04-22 17:42:39'),('cdf774c4-7326-4f10-bc91-719386294b67','wh01','0877272b-1d16-45b3-90cb-cdd36b372945',3,'ab11ba0c-e20e-44f5-a478-398b06ef97fe',NULL,0,NULL,'admin','系統管理者','2023-03-09 23:14:26',NULL,NULL,'2023-03-09 23:14:26'),('ce197fff-e71a-4499-a862-a45412d7966a','wh01','0a3c9149-00d4-4122-8c7e-b1d997ffb1a5',2,'5fb7532d-22cb-4019-81c1-4344f35c2b38',NULL,0,NULL,'clcadmin','clcadmin','2023-04-07 14:27:19',NULL,NULL,'2023-04-07 14:27:19'),('ce1b349f-f69a-4dd3-99b5-2caea562f0d7','wh01','7696c45f-320e-47e5-b1be-cfc7d5abe5ed',1,'e23a781e-14a3-4bc5-be30-4aa902a182e2',NULL,0,NULL,'F800229434','Juan Raymond','2023-04-22 17:42:40',NULL,NULL,'2023-04-22 17:42:40'),('ce1dc1fa-d98d-40ba-bfeb-9208bc6ebe9d','wh01','5049770b-4661-449e-aa1e-bb85af493c17',2,'5c71152a-af4c-4473-a28a-e462225b4567',NULL,0,NULL,'F800229434','Juan Raymond','2023-04-22 17:42:40',NULL,NULL,'2023-04-22 17:42:40'),('ce1f409e-0a84-421d-8bd4-c4187713216b','wh01','4c91d806-f278-4135-a150-42c49861e724',1,'3a328ff4-3b58-4958-8af5-b7f35fd66892',NULL,32,NULL,'admin','系統管理者','2023-03-09 23:14:27',NULL,NULL,'2023-05-18 16:07:05'),('ce3ce02b-8137-4805-a6ad-acd804697fcf','wh01','99828370-ae22-408e-926b-8bb4d91d5ff7',1,'eb59b117-5791-43a0-b6ef-58ee13e17f93',NULL,20,NULL,'jay','Jay','2023-05-02 17:18:42',NULL,NULL,'2023-06-05 13:59:12'),('ce4b50d9-c186-4836-ad24-a738035d3673','wh01','8c80579c-e028-40d9-9783-9f43db6a08b1',3,'417bc6ed-e804-4ae9-a9c3-a55ff3adfcd7',NULL,0,NULL,'F800229434','Juan Raymond','2023-04-22 17:42:39',NULL,NULL,'2023-04-22 17:42:39'),('ce5bbfc8-edaa-4788-a134-5c5afc3738eb','wh01','09e921f5-6da6-49f2-90b7-ecef6caf52bd',2,'3a675718-80eb-4c9d-b2d5-60ea645ba605',NULL,0,NULL,'Ariel','Ariel','2023-04-25 11:09:34',NULL,NULL,'2023-04-25 11:09:34'),('cea7b42e-16d0-4c98-9f1c-e61185b1ba2e','wh01','e1606b10-59a3-49e7-9fa7-3bfe862ed64a',6,'f60db701-a894-4b8c-a62d-8db83041c5de',NULL,31,NULL,'admin','系統管理者','2023-03-09 23:14:23',NULL,NULL,'2023-05-27 15:05:15'),('cebcb62d-960f-4419-9b7c-a6bb43cba6a9','wh01','e1606b10-59a3-49e7-9fa7-3bfe862ed64a',5,'a37ef01a-b5a8-4780-8312-f7b7ed60a8f0',NULL,40,NULL,'admin','系統管理者','2023-03-09 23:14:23',NULL,NULL,'2023-05-27 15:05:15'),('cec88c41-2db9-494f-b427-55e4eadb09c5','wh01','b855c1b9-5e31-4427-adae-4440f83c2877',2,'e5172764-adcc-4f39-9a44-4fd2887081a2',NULL,10,NULL,'jay','Jay','2023-04-21 15:07:32',NULL,NULL,'2023-04-21 15:07:32'),('cecb8a4a-4e16-4474-a09a-93381e769acd','wh01','09e921f5-6da6-49f2-90b7-ecef6caf52bd',4,'71456d79-6f9a-4745-b0c4-25b05ce1c8f2',NULL,0,NULL,'Ariel','Ariel','2023-04-25 11:09:34',NULL,NULL,'2023-04-25 11:09:34'),('ceef23c5-58c0-40ca-b2a3-f0a91eb4f29e','wh01','0d6464c2-eed8-4546-b0c7-a4a39d245e54',2,'9d4b6b85-8a27-44d6-a983-fe67ada97a05',NULL,0,NULL,'clcadmin','clcadmin','2023-04-07 14:31:16',NULL,NULL,'2023-04-07 14:31:16'),('cf443a00-63d9-4758-80ca-a5d5f417728b','wh01','713cb297-77cd-40ed-ada8-c929ddfcfdbf',6,'90b3bee9-12de-46cc-a235-b2fb7fc9308c',NULL,0,NULL,'admin','系統管理者','2023-03-09 23:14:23',NULL,NULL,'2023-04-13 17:59:20'),('cf49fca3-3b0e-4f09-a91b-06f861e5ee52','wh01','90d83c1a-344e-4471-bec9-0f2d3ed679d5',4,'cb5818b6-95f0-46e1-bcf9-5619468330cb',NULL,0,NULL,'admin','系統管理者','2023-03-09 23:14:25',NULL,NULL,'2023-05-31 15:07:51'),('cf4fbe81-f7f7-4403-83d3-1ccb6f45c2ed','wh01','7c3754d1-3f8c-4cda-82fb-8743f5369b2c',1,'77f0525d-9cc9-43ed-b071-974caee6d600',NULL,65,NULL,'admin','系統管理者','2023-03-09 23:14:26',NULL,NULL,'2023-06-11 10:51:08'),('cf5e4a14-02cf-4357-833f-c07184adee1c','wh01','85d7f46b-8275-4371-8057-5ebe8bc80dc5',5,'4a11383b-cd1a-4812-b286-9719f936fcd3',NULL,16,NULL,'admin','系統管理者','2023-04-20 19:19:07',NULL,NULL,'2023-04-20 19:19:07'),('cf604e66-2c82-4e55-a00f-b14f41c5c90e','wh01','08f6253a-5b52-484d-bb99-d731bfa68a3e',1,'bf3b37e5-d755-4b68-8dc8-d9c1c0c64258',NULL,0,NULL,'F800229434','Juan Raymond','2023-05-30 10:58:46',NULL,NULL,'2023-05-30 10:58:46'),('cf787a14-d45e-4105-bc99-c16b21f7dc37','wh01','9c7518f6-1ae5-4a6c-ba8a-d09db87eb427',4,'e042ce25-34d2-44e2-baf0-eabfcaab5d99',NULL,24,NULL,'admin','系統管理者','2023-03-09 23:14:23',NULL,NULL,'2023-06-08 14:43:37'),('cf7ac98b-bf5b-4543-a795-4bc33c8d75f0','wh01','a77c868e-f457-43da-af79-7287a8d848a1',6,'8fe0d580-f3eb-43b8-bc95-0ff9a607948a',NULL,58,NULL,'admin','系統管理者','2023-03-09 23:14:25',NULL,NULL,'2023-04-21 11:04:09'),('cf98f62e-bd2d-4c20-b6c8-0c1449e73923','wh01','5fcf7b11-2d26-4aa2-ac21-725a15147021',1,'3b36883b-7975-4b5a-bc81-f4a1f5c6b511',NULL,0,NULL,'jay','Jay','2023-05-10 11:46:25',NULL,NULL,'2023-05-15 17:28:25'),('cfa91c18-204d-4f33-a2af-35c185d7b53d','wh01','afda542e-4c86-4de3-ba18-947a3d60c952',3,'ad79798a-4cfd-4a09-abc7-52d07221d290',NULL,0,NULL,'F800229434','Juan Raymond','2023-04-22 17:42:39',NULL,NULL,'2023-04-22 17:42:39'),('cfc2af20-780f-4e89-a183-506da9fe5612','wh01','dcaa8077-5afa-4f3a-8d72-43fcb10e191a',8,'a8f4818d-4ff3-494b-9f48-304143fd35df',NULL,0,NULL,'admin','系統管理者','2023-03-09 23:14:25',NULL,NULL,'2023-03-09 23:14:25'),('cfd6bdb2-1b99-4253-8784-f82a9255538b','wh01','56278b36-0c2c-4f65-bad8-ae85787e095d',3,'0c55067c-791d-43e7-805c-8c8cea389d5d',NULL,0,NULL,'admin','系統管理者','2023-03-09 23:14:26',NULL,NULL,'2023-03-09 23:14:26'),('d042dc20-40bc-4e69-ad2e-7d2b69a79531','wh01','560ca8f7-1dfe-47dd-b93f-beec581bdebb',1,'6396e0d4-70d8-400d-a45c-6f6723cc23ce',NULL,0,NULL,'admin','系統管理者','2023-03-09 23:14:23',NULL,NULL,'2023-05-02 10:52:13'),('d04bfa35-1bb1-4e4e-9d08-6145ad397c9f','wh01','1bba05b6-b2cf-4e48-baa7-57d604f4fd03',1,'b300a05f-9c7b-4c26-99b6-6c3516102e18',NULL,10,NULL,'wei7961074','Kylie','2023-04-21 14:19:04',NULL,NULL,'2023-04-21 14:19:04'),('d052fa26-34e9-4a33-a538-edfd7731744e','wh01','9f23a63f-8db8-43dc-972b-f8778a68d8ae',1,'4dc3581e-23f7-4e7f-b317-c662c3260c0e',NULL,0,NULL,'wei7961074','Kylie','2023-05-03 17:43:15',NULL,NULL,'2023-05-03 17:43:15'),('d067c070-f2a9-4a4d-a2f8-fffd053f4d6c','wh01','504de6fe-67e0-448a-bdfe-a223e48a2083',2,'780750d7-6458-4df2-9568-9e3a8e5baa51',NULL,0,NULL,'admin','系統管理者','2023-03-09 23:14:27',NULL,NULL,'2023-03-09 23:14:27'),('d071d41b-ac25-4b9f-82b5-d18e5e59bccb','wh01','e7fcb84a-a48e-440c-b12a-5fe3b535979e',1,'be9bb325-1fa9-46d1-b93f-823dc8119d24',NULL,2,NULL,'jay','Jay','2023-05-10 11:47:23',NULL,NULL,'2023-06-07 13:57:47'),('d08977b9-bf71-43b7-aa74-1316c09c0513','wh01','68f5c893-7d5e-417b-adf1-32eb711e49f9',1,'ad799d7b-f481-405f-834b-fd0de9cb0f30',NULL,0,NULL,'jay','Jay','2023-04-22 21:52:57',NULL,NULL,'2023-04-22 21:52:57'),('d0e0e31a-44d0-46c9-9c61-4053e2a78ca5','wh01','94a0700c-814b-4ada-beb3-4e1d815ed2e7',2,'bd12e4ac-8425-4936-9eef-149a704bffdf',NULL,10,NULL,'Ariel','Ariel','2023-04-21 14:30:03',NULL,NULL,'2023-04-21 14:30:03'),('d0f202d2-e15c-4999-a0d3-0d2d868454c1','wh01','49a43a34-3f34-4686-87a0-cd4503403c44',1,'02cbec2b-0457-4b09-b286-9e66c9bb33fb',NULL,0,NULL,'wei7961074','Kylie','2023-06-09 15:44:42',NULL,NULL,'2023-06-09 15:44:42'),('d0f477ae-bf72-4057-bf13-8ddfefa3c362','wh01','3ec2b192-5fb2-458c-b111-9471e3644a8f',1,'2c6123b6-fe81-4f0c-b344-f77efa433d28',NULL,15,NULL,'admin','系統管理者','2023-03-09 23:14:24',NULL,NULL,'2023-04-11 14:18:54'),('d0f47ad7-78a9-42a5-8203-c5dde26dc8b4','wh01','1d12a386-dd4c-4e2a-8536-f88a70122f8a',1,'39ded4b4-a2c1-4171-b1ae-ae89b27101b0',NULL,17,NULL,'admin','系統管理者','2023-03-09 23:14:23',NULL,NULL,'2023-05-01 15:27:10'),('d111f2d2-993d-4508-910a-d547d628543b','wh01','75bc2080-186d-4627-90df-f886cd94a54a',1,'68af34c6-f501-4337-9f31-58fdf62dd4ef',NULL,0,NULL,'F800229434','Juan Raymond','2023-05-30 10:58:46',NULL,NULL,'2023-05-30 10:58:46'),('d11a0f59-bd69-4a8d-90c7-7caf76f8c216','wh01','9a242bbf-6ddc-4a41-a6b1-0e3947274cb4',2,'c110271a-2c6b-4a35-a89b-a4f839a89a9d',NULL,0,NULL,'F800229434','Juan Raymond','2023-04-22 17:42:39',NULL,NULL,'2023-04-22 17:42:39'),('d11cc8e4-1adf-4060-a29e-985fdcacea26','wh01','628ba71d-34e1-49d4-a90d-37b7f32d0c54',1,'fa897ccd-6cd3-4dcd-a711-99398c2a97aa',NULL,0,NULL,'admin','系統管理者','2023-03-09 23:14:25',NULL,NULL,'2023-03-09 23:14:25'),('d14fe13e-ca55-4a6b-a550-bdca8b67096a','wh01','b69d1466-6d24-442a-a634-bf3feaae2941',2,'63202259-4619-48a2-99a0-15662ee77cb4',NULL,58,NULL,'admin','系統管理者','2023-03-09 23:14:25',NULL,NULL,'2023-05-10 16:37:39'),('d17a7aab-2a92-4a06-8d4c-7963c376598f','wh01','665325f3-ea6c-41e9-9200-9c2d3d3c71c6',1,'9de7a6fb-8c3a-4dce-9223-33330b38e2a6',NULL,0,NULL,'admin','系統管理者','2023-05-08 16:44:36',NULL,NULL,'2023-05-08 16:44:36'),('d19574c7-21d2-40c9-b27b-2cb85c5def4b','wh01','79f9a2c9-cbb7-4bf8-92dd-c521307b28f0',1,'487a35a3-88dd-42dd-94f7-99252369af8e',NULL,0,NULL,'F800229434','Juan Raymond','2023-04-22 17:42:40',NULL,NULL,'2023-04-22 17:42:40'),('d1a4568c-5d0a-4f28-9497-f1cacefa6672','wh01','9f039e5a-642f-4360-9142-18d4cf4c5ffb',1,'1fba0574-bdee-4041-a040-b04ecda713be',NULL,0,NULL,'admin','系統管理者','2023-05-08 16:44:37',NULL,NULL,'2023-05-08 16:44:37'),('d1b6e07a-a8cf-43a4-a383-5db30d89873d','wh01','c4afaa21-f933-4cf3-afd1-74f1c6549254',1,'05ad39fe-73b8-4747-b899-4d770c88b1df',NULL,0,NULL,'F800229434','Juan Raymond','2023-04-22 17:42:40',NULL,NULL,'2023-04-22 17:42:40'),('d1c803d0-1261-447b-b150-0a5546765e3b','wh01','3892357a-91e5-4442-bf50-4f770323bd83',1,'58eab63a-9ad4-4599-978d-e4fa8b4b1219',NULL,0,NULL,'admin','系統管理者','2023-03-09 23:14:26',NULL,NULL,'2023-04-11 14:18:59'),('d1ced584-e0d2-443f-9368-efd23eef1439','wh01','debc6f19-353c-474e-b3d5-fae1588ab005',1,'b020e03a-69c3-4b14-beba-3df5ef423f8e',NULL,0,NULL,'admin','系統管理者','2023-03-09 23:14:25',NULL,NULL,'2023-03-09 23:14:25'),('d1dbbaed-94ba-4d25-aec2-b421b304b3ad','wh01','44e03d32-f968-445c-af33-630d55bb353e',2,'5d438a44-5247-4563-abb4-d16dd2f13554',NULL,0,NULL,'admin','系統管理者','2023-03-09 23:14:24',NULL,NULL,'2023-04-11 14:19:00'),('d1de9ee9-92c8-4a72-9d37-d3762b81656f','wh01','73e11c7f-0617-480b-b237-622345a1284c',1,'443ca93d-76c6-4875-9c51-00177a0f5576',NULL,0,NULL,'F800229434','Juan Raymond','2023-04-22 17:42:40',NULL,NULL,'2023-04-22 17:42:40'),('d29d9543-52ac-4661-9d25-01b9aa015364','wh01','ccdf8a9e-a7c9-4092-87e5-33ea01f01b83',2,'aca1e016-e558-4cae-8529-92b3bb0f3a47',NULL,10,NULL,'wei7961074','Kylie','2023-04-21 14:16:09',NULL,NULL,'2023-04-21 14:16:09'),('d2bccc9a-61c6-4498-a881-25f5656ba012','wh01','5bd0ed6b-40e6-4446-8236-391211fcc7bb',2,'4bacf7b3-7c98-4ace-a606-35b292573c81',NULL,0,NULL,'F800229434','Juan Raymond','2023-04-22 17:42:40',NULL,NULL,'2023-04-22 17:42:40'),('d2c19f8e-90ce-4bc9-b5b6-c7c8d4fc68b5','wh01','fe744f6a-ebba-47c8-aa95-a6ff06b57e92',1,'f7bc003c-e857-4bd0-9be0-72b24283b004',NULL,7,NULL,'admin','系統管理者','2023-03-09 23:14:24',NULL,NULL,'2023-06-12 09:42:13'),('d2c7bb9e-056b-4cf5-a0aa-f15c2ab0fc75','wh01','df7844cf-fa7b-4138-9b60-71308f9a4545',1,'a5eb41d6-52d9-4786-9879-2ab7ff0f4191',NULL,0,NULL,'F800229434','Juan Raymond','2023-05-30 10:58:46',NULL,NULL,'2023-05-30 10:58:46'),('d312e0af-46ae-411d-8633-eb30e7dae034','wh01','f5b23a98-3a81-4678-8f16-5f8894c81298',2,'ed1c63d4-c4a8-4b3b-abd5-f96d3df9720d',NULL,0,NULL,'admin','系統管理者','2023-03-09 23:14:25',NULL,NULL,'2023-03-09 23:14:25'),('d363f25f-dc76-4f3d-8a95-6eb6f0297a22','wh01','7696c45f-320e-47e5-b1be-cfc7d5abe5ed',2,'113e7f07-c2c4-421a-af01-7fd8154a1e33',NULL,0,NULL,'F800229434','Juan Raymond','2023-04-22 17:42:40',NULL,NULL,'2023-04-22 17:42:40'),('d380c9b1-a9ab-4fb5-879e-8b66f8bf3105','wh01','d4f14a63-d42e-444d-a54c-72c037255be1',3,'f0592871-5717-49a2-b445-657f246b80f8',NULL,0,NULL,'F800229434','Juan Raymond','2023-04-22 17:42:40',NULL,NULL,'2023-04-22 17:42:40'),('d393c6cd-2394-414a-b140-840a61c5b491','wh01','5f74cbd2-28e3-43be-8722-0fabd395c710',1,'bc029c1a-d042-4744-b351-87dc7eaf2d05',NULL,41,NULL,'admin','系統管理者','2023-03-09 23:14:25',NULL,NULL,'2023-06-11 11:44:13'),('d3b8f171-79d6-451d-bf4b-31b5b4a4ea1c','wh01','f883958d-ba89-412d-92a0-eec963333e1c',1,'3fa01e29-48e0-49c8-aa90-5f732aa3d5d4',NULL,0,NULL,'admin','系統管理者','2023-03-09 23:14:26',NULL,NULL,'2023-03-09 23:14:26'),('d3ccbea6-786b-4e8b-a419-f15d2db42611','wh01','ccfc17bb-91f1-4b88-ae8c-25ef5b527b0d',1,'6aedbca7-e9a1-45c0-bf34-44c7efc229e3',NULL,27,NULL,'admin','系統管理者','2023-03-09 23:14:25',NULL,NULL,'2023-06-11 13:44:28'),('d3d5836d-4a46-47dd-a31a-ec3114a1dd50','wh01','ead9a324-288e-4590-a3d8-37186bc4c419',3,'8c678e08-1828-47b3-b9c8-fbb0ff737140',NULL,2,NULL,'admin','系統管理者','2023-03-09 23:14:25',NULL,NULL,'2023-05-18 19:37:53'),('d43ead30-e704-4823-838c-8c7088fa730a','wh01','655bd3ca-fcd1-469d-826a-7911ffc53937',4,'325cb7b0-92fb-42ea-a1db-f114133dc2eb',NULL,0,NULL,'Ariel','Ariel','2023-04-10 14:34:24',NULL,NULL,'2023-04-10 14:34:24'),('d4745baa-5a54-4720-8d45-df02f429da86','wh01','0546b42c-bf55-4fac-abca-bf4bf3aa622d',2,'a874c1c2-f646-4ce0-bcfe-268b53aeb898',NULL,0,NULL,'F800229434','Juan Raymond','2023-04-26 17:43:57',NULL,NULL,'2023-04-26 17:43:57'),('d480e960-d0d9-44b0-957b-74f2aa3aab4d','wh01','1b00a74c-65b0-410c-ab51-4bef1a36c439',1,'fcfe682a-886e-47bd-9a29-1ac1d0035ee9',NULL,0,NULL,'admin','系統管理者','2023-03-09 23:14:25',NULL,NULL,'2023-03-09 23:14:25'),('d489b277-8b84-4fa0-9c6e-187f2b2b1973','wh01','d9577ec9-6a4a-42fa-82f5-3202067840c0',1,'2c2298bd-dbfc-4d64-806a-669d6e580fb5',NULL,0,NULL,'F800229434','Juan Raymond','2023-05-23 14:54:33',NULL,NULL,'2023-05-23 14:54:33'),('d4a5faad-20a0-4c54-8f61-26c286b2d016','wh01','8e96d379-70df-429b-9c2b-c5918565f150',4,'1bf9d42e-8a07-444e-bef3-da1c2ccd7916',NULL,0,NULL,'admin','系統管理者','2023-03-09 23:14:24',NULL,NULL,'2023-03-09 23:14:24'),('d4a76132-efbd-458f-ad70-c292d15af8d1','wh01','6c08febd-fc2f-44bf-a9e6-5aa30440e28b',1,'a113387e-a051-4d39-bfbe-d0e657299625',NULL,1,NULL,'jay','Jay','2023-05-10 11:46:38',NULL,NULL,'2023-06-08 11:26:34'),('d4b2f50c-4d6b-40a5-b600-5ef1b64fbccf','wh01','3ec59605-e179-4bfa-89c6-5860fc8e3aeb',2,'c03ebf9f-123d-4ce4-8a52-4a77f9a579c4',NULL,10,NULL,'Ariel','Ariel','2023-04-21 13:55:56',NULL,NULL,'2023-04-21 13:55:56'),('d4bd8b6d-6752-4d1f-b78c-64756d64b6d8','wh01','34b489ef-595e-43c4-a3f2-221c53cb2f5e',2,'e501d740-6792-4c28-8f14-d1ba68bcc6f4',NULL,0,NULL,'admin','系統管理者','2023-03-09 23:14:26',NULL,NULL,'2023-04-09 12:46:38'),('d505bd8f-3adc-452d-9b57-3e31515f0492','wh01','fde029bf-2d9e-4317-9019-cb46a8f68251',3,'cb952c23-c96f-4de1-bf73-3bd04dc011cc',NULL,0,NULL,'F800229434','Juan Raymond','2023-04-22 17:42:39',NULL,NULL,'2023-04-22 17:42:39'),('d549cc0f-6af8-4db7-8214-a1e6cf5c0008','wh01','8d38a2b4-7ea5-4f94-8373-79ce6b5dc3b3',3,'5ba64ac6-fc1d-4dbd-8859-2789ba2008f2',NULL,0,NULL,'admin','系統管理者','2023-03-09 23:14:24',NULL,NULL,'2023-04-21 11:04:08'),('d58366d3-6fb7-4134-9ce3-b355580d2e55','wh01','19616b1e-43a4-4ab5-8237-817811df96b2',3,'f780074a-b382-4413-b946-ebc8e0ec22a8',NULL,0,NULL,'F800229434','Juan Raymond','2023-04-22 17:42:39',NULL,NULL,'2023-04-22 17:42:39'),('d5cb5976-cc67-426a-8cf1-1dd4be74d2d6','wh01','bc2754f4-097d-4a9d-96db-106f8b4f9566',1,'f21a9165-77ce-4523-bbca-23825cd761ef',NULL,48,NULL,'admin','系統管理者','2023-03-09 23:14:23',NULL,NULL,'2023-04-11 14:18:55'),('d5ced922-32b9-4139-afbf-96af81693ce8','wh01','0183a7a5-1f5d-4687-9c98-3bdde156d7a4',1,'90353e8d-03ef-4de9-b5ce-50610ef99a8d',NULL,4,NULL,'clcadmin','clcadmin','2023-04-07 11:12:34',NULL,NULL,'2023-06-07 17:22:22'),('d5e1ad48-da8b-4560-a42c-ed969af6f469','wh01','9e2b3c43-6993-4baa-913a-0c458e40864d',1,'5339c61d-a8c5-4ee4-9afa-9669da4beb10',NULL,15,NULL,'admin','系統管理者','2023-03-09 23:14:25',NULL,NULL,'2023-06-09 10:21:46'),('d5f68f6e-15fe-419b-89da-d34d3285cb03','wh01','f47d13a3-709e-41fa-a651-53439ba61809',3,'c5806c6f-dea1-4283-9033-8f90ced4d51d',NULL,3,NULL,'admin','系統管理者','2023-03-09 23:14:26',NULL,NULL,'2023-05-29 16:32:38'),('d631cfff-6bfa-4958-813c-fa9135f9f996','wh01','797512b2-e0e8-449d-9396-514ad4836f70',2,'406857be-752b-4a81-b092-5b275541ce5a',NULL,2,NULL,'admin','系統管理者','2023-03-09 23:14:24',NULL,NULL,'2023-06-11 14:57:01'),('d6369f68-11ce-44b2-81b9-01ff5814ac2f','wh01','984fd54c-72bc-4b4c-8e9d-fd2293b3a834',1,'da224263-5659-445e-be90-0b95238621fd',NULL,0,NULL,'F800229434','Juan Raymond','2023-04-22 17:42:40',NULL,NULL,'2023-04-22 17:42:40'),('d6492c77-8aca-4d3c-94ba-7682528a1c9f','wh01','d1f14895-bbbb-4301-9c40-c4032d7ec960',1,'befc2eea-597a-4f88-a875-e5af81474983',NULL,10,NULL,'jay','Jay','2023-04-20 20:17:00',NULL,NULL,'2023-04-20 20:17:00'),('d66c4d71-0683-45e5-9a50-2a6e35d57d02','wh01','b038dfed-e82d-459b-86cb-ddb1a19ed774',2,'c99ffbb9-74cd-4e0d-94a7-aa46818f96ac',NULL,0,NULL,'admin','系統管理者','2023-03-09 23:14:25',NULL,NULL,'2023-03-09 23:14:25'),('d671e3ca-d53f-415a-b4f0-7d3003f70935','wh01','17793c29-a680-4595-8630-4c763ff0a033',1,'13e926df-027a-47c7-84dc-491916b107d9',NULL,0,NULL,'F800229434','Juan Raymond','2023-05-23 14:54:33',NULL,NULL,'2023-05-23 14:54:33'),('d67d5e03-d4d4-4297-bca4-f5cbcf1f149b','wh01','2ca012f9-eee3-4364-8b87-70716ea3b4cc',2,'fc1fcc0e-3a46-4890-8a8a-88e3bf15edf8',NULL,15,NULL,'admin','系統管理者','2023-03-09 23:14:27',NULL,NULL,'2023-06-07 18:22:03'),('d69756b5-e7e3-43c5-842b-6b50703306a7','wh01','1ac24a87-2a61-478b-9ad3-857a19d3d619',1,'248bb5a3-b07e-495d-a778-ea6656f4aeb1',NULL,0,NULL,'admin','系統管理者','2023-03-09 23:14:26',NULL,NULL,'2023-03-09 23:14:26'),('d6a2acff-8810-4921-a9ff-16683625e7c1','wh01','7bff9cf9-8e6b-4a9f-8fb6-2d266406f94f',1,'68c6134d-bcbd-463d-b8f1-554adf88b690',NULL,0,NULL,'admin','系統管理者','2023-05-08 16:44:37',NULL,NULL,'2023-05-08 16:44:37'),('d6acd89e-6404-4615-9aef-45527fabedc2','wh01','b8020185-a679-47cf-842c-51ad2c98576b',1,'be5b0b9a-560e-41fd-952b-47ff8bca40ec',NULL,0,NULL,'wei7961074','Kylie','2023-06-09 16:10:34',NULL,NULL,'2023-06-09 16:10:34'),('d6b8adfe-05b6-4a8d-a41b-f0f738a6f6f8','wh01','1182fcd3-0d27-407c-af79-9f44d2717fad',2,'104f86b5-73a4-4dc8-92f7-f3c9f5b7e66e',NULL,10,NULL,'wei7961074','Kylie','2023-04-21 14:13:08',NULL,NULL,'2023-04-21 14:13:08'),('d6c20901-a6ea-4818-b3b4-cde1d1f1490f','wh01','167b0e55-ef0d-4cef-96c8-2f3d63c1209e',1,'fd8ff0e1-ea43-4edd-936d-a65c02f96a20',NULL,0,NULL,'Ariel','Ariel','2023-04-25 11:48:39',NULL,NULL,'2023-04-25 11:48:39'),('d6cde26f-847e-4a4a-8a28-4e0390bfcebb','wh01','e237b00e-2555-4520-8868-25162857547a',1,'c3f19044-c611-47a6-a66d-047b63b4ce76',NULL,0,NULL,'admin','系統管理者','2023-03-09 23:14:24',NULL,NULL,'2023-04-11 14:18:55'),('d6df6207-f1f4-4dcb-b5ef-8592c470c353','wh01','1854d1e1-95bf-40c7-b3e0-b5e63c69432f',2,'43c1f6c4-26db-4ee9-8e64-6dbc27b23fe9',NULL,103,NULL,'clcadmin','clcadmin','2023-04-07 16:48:08',NULL,NULL,'2023-06-11 14:38:13'),('d725102f-67f4-47cc-ba88-fc46f178c481','wh01','09e921f5-6da6-49f2-90b7-ecef6caf52bd',3,'b51dd7cf-d50a-4c68-b90b-32a2cd704a9d',NULL,0,NULL,'Ariel','Ariel','2023-04-25 11:09:34',NULL,NULL,'2023-04-25 11:09:34'),('d764c69b-3855-4a80-861c-919236eb8248','wh01','eef7efd2-8b68-4ea8-9644-79bea651cc8d',3,'e5561d4b-4ab4-4a36-81d9-812401f6e687',NULL,0,NULL,'F800229434','Juan Raymond','2023-04-22 17:42:39',NULL,NULL,'2023-04-22 17:42:39'),('d788b1fe-66f6-4950-8f01-54f19b6f2519','wh01','5bd0ed6b-40e6-4446-8236-391211fcc7bb',1,'21414450-570e-4024-83cc-e7742690049b',NULL,0,NULL,'F800229434','Juan Raymond','2023-04-22 17:42:40',NULL,NULL,'2023-04-22 17:42:40'),('d7df6306-5d98-4893-8e9b-c1aa698fb54d','wh01','c20bc630-5d18-4c3c-999f-f71c959943d9',1,'54c215fb-cb87-4d7c-b584-b9191e8f5654',NULL,0,NULL,'admin','系統管理者','2023-05-08 16:44:36',NULL,NULL,'2023-05-08 16:44:36'),('d7f152ae-12cc-458e-831b-4bd499102185','wh01','0987a6dc-6c01-4e55-accb-a3ca45ece8ee',2,'ddd740fd-72f3-4ce1-8ef8-eadb1adf5d3d',NULL,0,NULL,'jay','Jay','2023-04-22 21:44:59',NULL,NULL,'2023-04-22 21:44:59'),('d84c7e31-12d3-4339-b7bd-309b2a8b3c80','wh01','6f4fe709-44c2-493a-adbb-278620afc884',1,'0bfe8357-6723-47fc-9bf8-761007499f0d',NULL,0,NULL,'admin','系統管理者','2023-05-08 16:44:37',NULL,NULL,'2023-05-08 16:44:37'),('d87486d4-8c6a-4e7b-ad14-0309f3f1371a','wh01','384e6a36-43ed-44f0-a71d-2de90462bb76',2,'7ff2528f-e9de-4a6e-9697-4627cd4abd7f',NULL,0,NULL,'F800229434','Juan Raymond','2023-04-22 17:42:39',NULL,NULL,'2023-04-22 17:42:39'),('d8920d97-196c-47c7-a4ae-5655e0666d32','wh01','82bc7ae8-dbcc-423e-9205-aaa9cc6d1e5d',1,'66ef6e63-125a-4d41-9bf5-f40bdf5550fa',NULL,10,NULL,'wei7961074','Kylie','2023-06-09 15:47:34',NULL,NULL,'2023-06-09 15:47:34'),('d8a78c7c-3112-41ff-952d-9425b0f48fa4','wh01','39f2ac1d-055e-45ba-a6a4-c76d3b5f3e1a',2,'7808f7d2-856a-4d15-8ea3-87025d5f8496',NULL,98,NULL,'admin','系統管理者','2023-03-09 23:14:27',NULL,NULL,'2023-06-04 14:17:32'),('d8b55072-1498-45ac-9d1e-f3f11960f0d2','wh01','58d499f7-6df4-4002-a5e1-e7ab5287c971',1,'fc3b2737-e65f-45a3-a398-006b316cf6fa',NULL,2,NULL,'jay','Jay','2023-05-10 11:46:15',NULL,NULL,'2023-06-07 13:55:54'),('d8cfd5ac-b68e-4f56-82dc-fab73b69ce42','wh01','f68fe0bb-b147-43e4-83fb-ccd8155ca1d3',1,'06f4815b-bd38-48e1-9c10-840713834d17',NULL,0,NULL,'admin','系統管理者','2023-05-08 16:44:36',NULL,NULL,'2023-05-08 16:44:36'),('d8d5c068-bbc1-4886-a3b3-4185e7700f3b','wh01','f49db7ef-0bb6-452b-872d-d63271559e7c',8,'6b4bf2b1-e910-412e-a66d-00e65871ec87',NULL,0,NULL,'wei7961074','Kylie','2023-06-06 10:30:23',NULL,NULL,'2023-06-06 10:30:23'),('d94e935f-b83b-4ad1-8624-6d6f1b19814b','wh01','b94b7165-d3fd-4921-b30c-8936be0ee1f9',2,'30748d36-da28-4e0e-9732-6bb05404e00c',NULL,0,NULL,'F800229434','Juan Raymond','2023-05-30 10:58:46',NULL,NULL,'2023-05-30 10:58:46'),('d961dcdd-97f1-464a-ba86-9c32270c312c','wh01','6aaee723-5943-406b-a7db-ce6e66f2a86e',1,'0f59551b-07cb-4767-8083-5ae4fe1711d1',NULL,0,NULL,'F800229434','Juan Raymond','2023-05-23 14:54:33',NULL,NULL,'2023-05-23 14:54:33'),('d9652c57-e5a3-4e7b-8154-2f6dd9dceae6','wh01','93ef5f05-2317-401d-bf36-cd813dc09a18',1,'d11647b7-f951-4635-9d2f-60a3e7359d9b',NULL,0,NULL,'F800229434','Juan Raymond','2023-04-22 17:42:39',NULL,NULL,'2023-04-22 17:42:39'),('d96ee106-d89f-409d-ba73-a211149ea762','wh01','dcaa8077-5afa-4f3a-8d72-43fcb10e191a',9,'4ef10b4e-d966-4984-a922-b5df9fa0242a',NULL,5,NULL,'admin','系統管理者','2023-03-09 23:14:25',NULL,NULL,'2023-05-18 19:37:53'),('d97ab443-5ccb-471e-a962-9148fc0db687','wh01','a8c07dd7-c3aa-4b96-a478-bb2cabb39579',1,'726172a8-12c4-4ff5-afce-c8bb23fca9ef',NULL,0,NULL,'F800229434','Juan Raymond','2023-04-22 17:42:40',NULL,NULL,'2023-04-22 17:42:40'),('d98acf4c-d74c-4c50-bbce-32e8aec5575e','wh01','e80f2d43-8c3d-4018-a344-d2e71aae2393',4,'e6ffbd0a-6506-4235-bdff-b913daddef3f',NULL,19,NULL,'admin','系統管理者','2023-03-09 23:14:25',NULL,NULL,'2023-06-12 10:47:19'),('d9ce76c8-a388-4c2d-a09f-96449447b4f7','wh01','02dd91bf-80ab-40d6-8aa4-fea1fab8120a',3,'185a3f7b-7749-4dcb-a2cb-a2c8247560e4',NULL,20,NULL,'clcadmin','clcadmin','2023-04-07 11:38:01',NULL,NULL,'2023-06-09 14:17:31'),('d9ef2c76-8c95-454e-9350-2f34274cfd1e','wh01','aa8fcaeb-8bc5-4892-a811-03d9175a7bad',1,'1a5465d6-cd9d-416a-8aa4-ff12fe62459b',NULL,0,NULL,'admin','系統管理者','2023-05-08 16:44:34',NULL,NULL,'2023-05-08 16:44:34'),('da673809-9d03-4366-afe0-a0d2d192b771','wh01','67f057d3-e7fd-4dc9-be72-3855c28ef772',1,'6e76332a-2666-4a54-a558-fa06c4ceab45',NULL,27,NULL,'admin','系統管理者','2023-03-09 23:14:23',NULL,NULL,'2023-06-08 14:54:08'),('da6f20dc-da57-4a7d-a1d3-441e8f689206','wh01','76a8a68b-e748-466b-8537-f00c3d53c44b',1,'5b2c9c97-78b2-42ba-a13f-b5c1c5de15de',NULL,10,NULL,'jay','Jay','2023-05-03 15:27:55',NULL,NULL,'2023-06-01 15:45:04'),('da82dcc1-b353-498f-9857-449bd1fee9f6','wh01','a480fddb-d2de-44da-919a-4b3b82f25671',1,'6f669d2c-ae28-4c06-88e2-a897f636909a',NULL,0,NULL,'F800229434','Juan Raymond','2023-05-23 14:54:33',NULL,NULL,'2023-05-23 14:54:33'),('da9409b5-3d06-4eae-b0b3-275af4eb03ee','wh01','1e9a9554-d537-4c85-bf7e-5cce24a8dbfe',2,'7257c713-5e18-4e07-96a5-27dfb39d447f',NULL,10,NULL,'Ariel','Ariel','2023-04-21 14:21:21',NULL,NULL,'2023-04-21 14:21:21'),('da94d295-a29b-4937-8347-5f4059ea6c83','wh01','b9807bb4-7830-4e70-9d00-0aac6f3fc935',1,'696e588c-5c47-4a17-abe1-30bab4c8b62f',NULL,20,NULL,'admin','系統管理者','2023-05-08 16:44:37',NULL,NULL,'2023-05-08 18:21:37'),('dabd5598-8277-4b62-96d7-80c9d5a4ca6d','wh01','80b2cf84-83ee-415d-b2ba-1e18cdc7daf3',2,'b4dc0360-9cff-484b-974d-f639a652cc5c',NULL,0,NULL,'admin','系統管理者','2023-03-09 23:14:25',NULL,NULL,'2023-05-31 11:46:18'),('dacd6f02-cd75-4923-936a-3b415443a6cb','wh01','41f7b3dc-36ed-4dbc-8889-0f347d6f2255',1,'96aff34a-3bde-46bf-b391-285c9d9f8f2e',NULL,0,NULL,'admin','系統管理者','2023-04-22 20:41:06',NULL,NULL,'2023-04-22 20:41:06'),('dae82ea3-fead-4f6d-8fe7-1eb1d84f40cf','wh01','b7bef139-023f-4725-94ae-2cf5de98a903',2,'e7660e0e-a782-4bd1-802d-64aed4c0630b',NULL,18,NULL,'admin','系統管理者','2023-03-09 23:14:27',NULL,NULL,'2023-06-12 10:45:09'),('daffa8c8-cd3f-4b69-b5cd-1af51f05d808','wh01','299175c6-865e-44b7-b7f1-b55e51fd74b1',1,'e1576a8e-363c-4929-8d13-40f27aaa54de',NULL,2,NULL,'jay','Jay','2023-05-10 11:46:05',NULL,NULL,'2023-06-07 13:55:14'),('db01087c-620d-4fa8-a182-e8bf504b380c','wh01','e021ec56-63a7-48d3-a650-a10ae0fd978c',1,'f379e2f1-b816-4529-a4d0-f89f58dda656',NULL,107,NULL,'admin','系統管理者','2023-03-09 23:14:24',NULL,NULL,'2023-06-09 09:45:27'),('db11b24a-e3b7-4187-8176-a1b0f20fd621','wh01','21acc67b-5d86-4ed4-b20a-928a9e0d6476',7,'66499f07-4791-493b-abe3-98c768d9c909',NULL,0,NULL,'admin','系統管理者','2023-03-09 23:14:25',NULL,NULL,'2023-03-09 23:14:25'),('db23068d-5008-423d-89cb-eeb38ee2e464','wh01','be245de6-1fca-4d2d-a337-946873021cb9',3,'7b22c49d-7180-4173-96e9-fd5f893417fa',NULL,0,NULL,'F800229434','Juan Raymond','2023-05-30 10:58:46',NULL,NULL,'2023-05-30 10:58:46'),('db32bacb-15ef-4737-adc8-20296da9830b','wh01','143fcb80-6a0e-4974-8e6c-6a07908b091e',2,'91199949-26cb-45ff-8022-82b4fffd83be',NULL,51,NULL,'clcadmin','clcadmin','2023-04-07 14:53:02',NULL,NULL,'2023-06-11 17:15:39'),('db7f5d9d-502b-45e0-99ae-bd5ee3a81106','wh01','0e838b37-403e-4305-8bbb-9c0e6e840ad7',1,'6e348f7f-ad1a-4a80-9e51-5ffe77c1bd95',NULL,0,NULL,'admin','系統管理者','2023-05-08 16:44:37',NULL,NULL,'2023-05-08 16:44:37'),('dbaf0992-2859-4eba-9414-8dc0d80525f3','wh01','1f156d6e-783d-4f72-b390-0ee05dd2d810',1,'2b12f645-a96e-432b-92f5-79ebe13197ee',NULL,0,NULL,'wei7961074','Kylie','2023-06-09 15:49:06',NULL,NULL,'2023-06-09 15:49:06'),('dbb27e5f-a6cb-4988-aa9e-de94b337925d','wh01','113f3615-c4c8-46a4-8f98-8815e4ab683f',1,'1c1f32a6-5fbe-4aff-8bc4-a34b581d8c41',NULL,0,NULL,'admin','系統管理者','2023-03-09 23:14:25',NULL,NULL,'2023-03-09 23:14:25'),('dbcb7ef6-8c9f-40c4-83ed-95359a2f39f1','wh01','6004546c-d0f8-4101-be78-681fbdaf8b80',2,'6ae65e51-7b62-4935-a5f7-c5c84d60630f',NULL,0,NULL,'F800229434','Juan Raymond','2023-04-22 17:42:39',NULL,NULL,'2023-04-22 17:42:39'),('dbeef216-264c-4e50-b455-c6d8f8d4b75c','wh01','9313bbc8-f42c-417e-935a-d28c6b6aa600',3,'edf2c37f-f8bc-47db-a772-bf87f67c6275',NULL,41,NULL,'admin','系統管理者','2023-03-09 23:14:23',NULL,NULL,'2023-06-09 14:48:36'),('dc21eb43-a44a-457c-9efe-58ba50d3615a','wh01','6950d43e-53d2-4e5b-811e-d54c8ccadd92',1,'0d14fd51-d762-4863-8908-546d952161b7',NULL,21,NULL,'Ariel','Ariel','2023-04-12 11:21:19',NULL,NULL,'2023-06-11 11:44:13'),('dc9b6ba5-a8f3-4ae9-8524-3614341f9988','wh01','0b61f039-d201-4dbe-b1b7-a8d6af728c73',3,'0a63f107-7ecc-430f-8a4a-cb58a433deb8',NULL,0,NULL,'jay','Jay','2023-04-22 21:45:20',NULL,NULL,'2023-04-22 21:45:20'),('dcf6da11-3d9b-4903-995e-2b49195c244a','wh01','02f065b7-80ff-437e-801d-069968ba775e',2,'7b92bc7b-f8e4-4437-b5c2-b6013f5a9f72',NULL,9,NULL,'clcadmin','clcadmin','2023-04-07 11:40:59',NULL,NULL,'2023-06-11 14:23:40'),('dd3c677e-9866-441b-b1f9-40b4c2135fe4','wh01','543e6e7b-1226-47bc-a938-9d1954f3140e',1,'736db24e-d4a7-4262-9340-b969b50bcb55',NULL,28,NULL,'admin','系統管理者','2023-03-09 23:14:26',NULL,NULL,'2023-06-07 11:52:56'),('dd926f54-b66e-413e-b513-c46bf9484982','wh01','8e1d3284-29e2-4b22-b157-466bca4c8627',8,'1b26455e-724d-4f02-abc3-fd1f30568ed2',NULL,178,NULL,'admin','系統管理者','2023-03-09 23:14:25',NULL,NULL,'2023-06-12 11:35:28'),('ddb1b3bd-28ff-433e-895f-5c82546628c4','wh01','360bed9d-5da4-4739-9b1a-a15aa34fd8f1',2,'551a53da-e53a-4359-a932-bbb4622e3282',NULL,0,NULL,'F800229434','Juan Raymond','2023-04-22 17:42:39',NULL,NULL,'2023-04-22 17:42:39'),('de0f2b26-be18-4980-8f7c-3ee70720209d','wh01','a51e3d22-d7c2-428b-a9a9-01c615941ca8',8,'7c371db1-1ccb-407b-8ab7-49edf96168e4',NULL,37,NULL,'wei7961074','Kylie','2023-06-05 11:11:12',NULL,NULL,'2023-06-12 11:30:12'),('de20867e-cdc2-4660-82f1-9f4dd2496613','wh01','db3a4f38-06e2-49a8-a3f8-68b2c7783e5f',1,'f8b7ec92-92e2-4723-9da6-689702e5556e',NULL,20,NULL,'jay','Jay','2023-04-10 11:10:24',NULL,NULL,'2023-06-08 14:54:08'),('de390e17-412b-4196-a500-54c1783a5706','wh01','68f5c893-7d5e-417b-adf1-32eb711e49f9',2,'f63a32ae-7567-41e2-aa63-fb32db12b077',NULL,0,NULL,'jay','Jay','2023-04-22 21:52:57',NULL,NULL,'2023-04-22 21:52:57'),('de7f2729-bcbf-45d5-8d60-ab6160327f53','wh01','0186ace1-44f4-4b01-9e3e-d9f1136d9070',1,'1eea2a11-7748-4965-9fe6-7bf02539886c',NULL,14,NULL,'jay','Jay','2023-04-20 20:17:43',NULL,NULL,'2023-06-06 18:00:31'),('df205220-1d94-4963-98a5-f31531537654','wh01','a435d837-efb2-4957-bb03-5c5cc2d6fef7',1,'1abca321-a515-401f-b20f-a9d1c5efc176',NULL,0,NULL,'admin','系統管理者','2023-05-08 16:44:37',NULL,NULL,'2023-05-08 16:44:37'),('df208688-bab0-40f3-8409-2be91569a878','wh01','563b5144-ef37-4207-a2b7-5cfdd8546f93',1,'d58f644e-6218-45c6-99f9-b0374a928529',NULL,3,NULL,'admin','系統管理者','2023-03-09 23:14:23',NULL,NULL,'2023-06-01 13:43:22'),('df2491e1-d928-406a-a683-22d38497f9d3','wh01','da51be58-afdd-407b-b64b-ae1a2f5e5c0b',1,'dbd0d437-1470-4777-bc31-8fa97a2431b6',NULL,11,NULL,'admin','系統管理者','2023-03-09 23:14:24',NULL,NULL,'2023-05-29 09:20:57'),('df62d0b2-5aae-4250-a49e-39f9f7f76166','wh01','57a5a05c-45fe-46dd-a844-f9ccf4af9b94',4,'8cfe2256-0b47-4504-bc0e-e8649c614d5a',NULL,97,NULL,'admin','系統管理者','2023-03-09 23:14:23',NULL,NULL,'2023-06-08 16:34:12'),('df6820f1-2312-47e2-a4b9-8528a643fef7','wh01','e35701a5-b061-47d4-af3f-983aea9f4468',2,'d2159773-3730-43aa-9809-046a1189d2c8',NULL,0,NULL,'admin','系統管理者','2023-03-09 23:14:26',NULL,NULL,'2023-03-09 23:14:26'),('df7fe8f9-93f7-453f-962f-e4a2fd47bb9d','wh01','f7365788-1acc-46df-8f75-40f22fad07ee',1,'20b6caa2-bdb0-41e8-8d6f-6d38b4080ace',NULL,9,NULL,'admin','系統管理者','2023-03-09 23:14:27',NULL,NULL,'2023-05-21 15:55:50'),('dfa08403-79ee-4751-81be-201c0f89a8f6','wh01','eef7efd2-8b68-4ea8-9644-79bea651cc8d',2,'69f36f62-4b2d-4254-aac5-a72123f6e391',NULL,0,NULL,'F800229434','Juan Raymond','2023-04-22 17:42:39',NULL,NULL,'2023-04-22 17:42:39'),('dfa0a2ce-3922-47eb-9a3b-1bcdfebc494a','wh01','5059b950-f0a9-4278-a349-24decffca406',2,'c05cca1c-4cda-4a0c-84de-be896f050db7',NULL,0,NULL,'jay','Jay','2023-04-07 15:30:33',NULL,NULL,'2023-04-11 14:18:59'),('dfe3739c-97aa-492b-a628-d6661b791b8c','wh01','33f6009a-3e5c-4125-a41a-4a76eccbd3d7',3,'bf0269bf-758a-48d6-80e9-2b9e0ef42876',NULL,0,NULL,'F800229434','Juan Raymond','2023-05-03 11:50:06',NULL,NULL,'2023-05-03 11:50:06'),('dfe65dd6-ace5-4805-a284-edd9bfb8bc84','wh01','a77c868e-f457-43da-af79-7287a8d848a1',1,'52a345b0-2567-480a-a2c3-3d85185a6f81',NULL,0,NULL,'admin','系統管理者','2023-03-09 23:14:25',NULL,NULL,'2023-03-09 23:14:25'),('e00ff11f-c720-4636-a7bc-99cad2cefb09','wh01','7c6fd850-7eeb-4949-8bd7-30dda78e1995',1,'5ae1ee76-eec4-4e65-a733-4003d47ee269',NULL,85,NULL,'admin','系統管理者','2023-03-09 23:14:24',NULL,NULL,'2023-05-29 09:31:11'),('e01d8432-6a91-440a-a81c-3b37332bce38','wh01','6ed054c2-d23c-4b1c-94df-e5370c013ac3',3,'74b02d4d-e9e2-483d-856d-a346c5969dc7',NULL,0,NULL,'admin','系統管理者','2023-03-09 23:14:27',NULL,NULL,'2023-03-09 23:14:27'),('e041f4d5-e4af-44ce-bf04-af9284a73dd9','wh01','e80f2d43-8c3d-4018-a344-d2e71aae2393',6,'b319c375-7c93-4e30-8a84-18385a05271a',NULL,0,NULL,'admin','系統管理者','2023-03-09 23:14:25',NULL,NULL,'2023-06-12 09:53:57'),('e05d1a25-0c35-41db-88c1-6739479291c9','wh01','2b474627-bb8d-4cd2-baa7-94abe306a95d',4,'5864fba4-8e21-49c5-aacd-6512f8b1a8a0',NULL,0,NULL,'admin','系統管理者','2023-03-09 23:14:26',NULL,NULL,'2023-04-11 14:18:56'),('e0904485-1251-4573-8e2d-9b55e291ca72','wh01','19842ecf-9032-4b1d-97e9-b5c67bde8520',1,'3868483c-8da8-4ca7-bbde-e816a333f69f',NULL,0,NULL,'Ariel','Ariel','2023-04-25 11:58:21',NULL,NULL,'2023-04-25 11:58:21'),('e0c71602-bc94-4e7a-a88c-28946319da8d','wh01','69461850-2766-48a4-a5c9-64b42fb0a5f2',1,'523d37ab-f9f0-4c8e-9e1e-c43da490304c',NULL,0,NULL,'F800229434','Juan Raymond','2023-05-03 11:50:06',NULL,NULL,'2023-05-03 11:50:06'),('e107577b-bf60-4462-bceb-d059fe8cd0f5','wh01','36d43a9f-a84e-4b4d-ae89-25d091981fbd',1,'b6e51f0d-bf68-4094-978a-386993afcecf',NULL,0,NULL,'wei7961074','Kylie','2023-04-21 15:59:27',NULL,NULL,'2023-05-05 15:09:45'),('e123a8d6-62b8-4762-b7a3-a40f623bcda5','wh01','763f9dbb-1f08-4168-a12d-4fdd30cdbe37',2,'6350b44f-919b-4e23-b08a-c4cb244ef397',NULL,10,NULL,'Ariel','Ariel','2023-04-21 14:25:46',NULL,NULL,'2023-04-21 14:25:46'),('e17a4060-eda7-477d-a748-501585efe684','wh01','74cf09c3-45de-4ed5-9060-92fe3a4c6a1c',3,'e361479a-0501-425c-9a10-6259c3e985db',NULL,0,NULL,'admin','系統管理者','2023-03-09 23:14:26',NULL,NULL,'2023-03-09 23:14:26'),('e18807df-2183-4190-9d96-c87655e1d6ef','wh01','0b61f039-d201-4dbe-b1b7-a8d6af728c73',2,'e5d779fc-a192-47b9-a8a9-f0aee5b5dbbc',NULL,0,NULL,'jay','Jay','2023-04-22 21:45:20',NULL,NULL,'2023-04-22 21:45:20'),('e1ce2c35-5a5c-431f-8bb0-8fb786f54c43','wh01','ad5b2858-fc82-439e-8126-ef3391e0f1f2',2,'0c065920-7e05-4268-a63f-f82590503b76',NULL,51,NULL,'admin','系統管理者','2023-03-09 23:14:27',NULL,NULL,'2023-06-08 18:26:11'),('e1e1e398-d0aa-499a-80b9-c5ad7bc3419c','wh01','badfaaf5-f66c-4a23-9dcc-c6aaa58c34da',1,'7d2ef075-4622-48c6-b57f-b1b36d5bdf1f',NULL,26,NULL,'admin','系統管理者','2023-03-09 23:14:27',NULL,NULL,'2023-06-06 11:49:11'),('e1eb42a7-a6c2-4ba7-bda7-7696c95ec483','wh01','05039ca3-48e7-41a5-bed6-7172c4dcf1fe',2,'2b56dbdc-9d72-4c13-a00e-10bd59d1d6ab',NULL,0,NULL,'Ariel','Ariel','2023-04-25 10:54:45',NULL,NULL,'2023-04-25 10:54:45'),('e20a4064-9a57-4f03-b98f-7568f56d15a8','wh01','a3d54c38-ee3f-416e-b1ca-86cb98c7a9ad',4,'8b4255d2-a628-4370-90a0-3adb19791954',NULL,0,NULL,'admin','系統管理者','2023-03-09 23:14:25',NULL,NULL,'2023-04-11 14:18:56'),('e2255665-8d90-4a2d-b6f5-23609d90495e','wh01','39f2ac1d-055e-45ba-a6a4-c76d3b5f3e1a',4,'1ba6e159-dca8-4ea4-bea9-74d7113b5667',NULL,34,NULL,'admin','系統管理者','2023-03-09 23:14:27',NULL,NULL,'2023-05-30 17:00:18'),('e26781f5-be2c-42de-80de-f6b7bcae23e3','wh01','8abe51b7-07d3-4514-8805-a86d89d217ef',1,'785f2e2c-43fe-451d-9522-e592c8b1a4a7',NULL,0,NULL,'admin','系統管理者','2023-03-09 23:14:24',NULL,NULL,'2023-03-09 23:14:24'),('e282cba8-45d3-4a0e-9b43-14c7be0fbc5c','wh01','ae0362df-0b92-4b8b-8aa5-ae495a511326',1,'43fe7986-38c2-4d3a-adc5-040db8df58dc',NULL,0,NULL,'admin','系統管理者','2023-05-08 16:44:37',NULL,NULL,'2023-05-08 16:44:37'),('e286c927-d053-491d-994f-54f0bd9fe52b','wh01','6f5cecf7-f0d1-47b4-99fc-28d5186d6689',2,'54207ef6-f41d-4a78-8555-0e5a4e687593',NULL,10,NULL,'wei7961074','Kylie','2023-04-21 14:35:51',NULL,NULL,'2023-04-21 14:35:51'),('e29a8b71-041a-4671-b9f3-705cd63dd9a9','wh01','046b805c-55e6-48c2-b523-17723cb9bf4f',1,'e0588665-f677-4628-ab41-d2286aa4ce06',NULL,0,NULL,'admin','系統管理者','2023-05-08 16:44:37',NULL,NULL,'2023-05-08 16:44:37'),('e2c87855-9de7-47fd-a463-8e8dac15c49d','wh01','cc769bb8-ee62-4dc2-9989-5e2d3afbf3d9',4,'add098cf-192d-419c-9200-21337114b5df',NULL,0,NULL,'F800229434','Juan Raymond','2023-04-22 17:42:39',NULL,NULL,'2023-04-22 17:42:39'),('e2cf7741-0ce3-4e75-9272-344ca1d9723c','wh01','a931ffcc-8757-41ea-86e0-75b4e8429c01',1,'2c8ca2e4-8bc4-4a42-97f8-e45d6b4f84b4',NULL,0,NULL,'F800229434','Juan Raymond','2023-05-30 10:58:46',NULL,NULL,'2023-05-30 10:58:46'),('e2e431a8-d258-4de9-9924-c71e5d6bf74a','wh01','c48f7da2-f873-40b7-97f8-fa844fd5d0eb',1,'0b51800c-6806-4d36-9582-d4a2eea63810',NULL,87,NULL,'admin','系統管理者','2023-03-09 23:14:27',NULL,NULL,'2023-06-11 13:30:32'),('e309cde2-5a94-4600-a042-5bd7aea72d3a','wh01','655bd3ca-fcd1-469d-826a-7911ffc53937',3,'6b178732-9b0b-481b-8d86-f886a588e6ed',NULL,0,NULL,'Ariel','Ariel','2023-04-10 14:34:24',NULL,NULL,'2023-04-10 14:34:24'),('e33d54d9-d90d-41a9-b2b8-66fce4f71688','wh01','57166b14-2637-4a3f-91ab-d6deba551623',1,'71005fa5-e7d0-444c-bf92-6457f4d471a5',NULL,6,NULL,'admin','系統管理者','2023-03-09 23:14:24',NULL,NULL,'2023-06-08 14:43:37'),('e3617e0c-36e8-45d4-839a-1976035fd4a9','wh01','bfa985a4-47a4-4bc3-ab98-2b1c458686c4',1,'71f9fc29-130b-4c53-af32-d1e42543ec9a',NULL,15,NULL,'jay','Jay','2023-04-20 20:18:43',NULL,NULL,'2023-06-05 14:03:20'),('e3924bbd-10b3-4ec1-97f4-ff0dc2723b66','wh01','981dac30-1e84-4935-9f68-ee44470705e2',2,'1760db5a-3f88-4c21-a39f-7fda1ed89a49',NULL,10,NULL,'admin','系統管理者','2023-03-09 23:14:24',NULL,NULL,'2023-05-23 11:34:08'),('e3b7cb6f-23ea-4c13-ad87-47eea11b2959','wh01','f74ea757-65c0-47e7-b2aa-742b8201a378',1,'07e50c5d-7902-41ec-bba7-50c2bbb5fba7',NULL,0,NULL,'F800229434','Juan Raymond','2023-04-22 17:42:40',NULL,NULL,'2023-04-22 17:42:40'),('e3c7f4f1-ca31-4e56-8698-8394cd22c410','wh01','e0bf14ad-07a1-4a61-b394-a15ab9d6774f',1,'fd9210e4-649a-4c04-8ef5-eaa66ddd74c5',NULL,20,NULL,'admin','系統管理者','2023-03-09 23:14:24',NULL,NULL,'2023-04-28 14:36:29'),('e3dc85ee-8ed7-4ce6-bc1c-043d082ec036','wh01','504de6fe-67e0-448a-bdfe-a223e48a2083',5,'a1ac3c50-871c-4ad6-9c08-8d57e2f874a8',NULL,7,NULL,'admin','系統管理者','2023-03-09 23:14:27',NULL,NULL,'2023-06-11 13:52:58'),('e3e579f6-2abf-4d28-90e9-d509f38f3ca2','wh01','02dd91bf-80ab-40d6-8aa4-fea1fab8120a',1,'8676dcc3-b762-4343-8ecf-4042f626d6a4',NULL,42,NULL,'clcadmin','clcadmin','2023-04-07 11:38:01',NULL,NULL,'2023-06-09 14:17:31'),('e3f2f038-809c-4175-9597-b6bef232d14b','wh01','178bf0fa-ae92-422d-b2c4-6a9cef76ae51',2,'1b9490d9-dd34-4ff3-9d47-e190c45d564f',NULL,0,NULL,'Ariel','Ariel','2023-04-25 11:51:53',NULL,NULL,'2023-04-25 11:51:53'),('e44b5c54-ae07-4d4f-8f71-e843a635a2ff','wh01','31ed5101-fe59-4381-9325-0667c6fd65c0',1,'def1c68d-3b03-462f-9d46-24d1f5ffebc4',NULL,0,NULL,'admin','系統管理者','2023-03-09 23:14:25',NULL,NULL,'2023-03-09 23:14:25'),('e46d096a-bab8-4029-ae1f-f865ff5c4934','wh01','8d8970d3-0a87-4af5-b81f-3e7d53a95dd4',1,'d19c771a-ad7d-4a5f-8fc4-0baff913127c',NULL,0,NULL,'admin','系統管理者','2023-05-08 16:44:37',NULL,NULL,'2023-05-08 16:44:37'),('e4f2bcc6-f986-434a-92da-060272d69b26','wh01','2738f001-2d44-47db-99d3-2dfdd424b67e',1,'1aa9cad1-117d-4361-be30-fbed737de20f',NULL,0,NULL,'Ariel','Ariel','2023-04-10 12:27:22',NULL,NULL,'2023-05-18 19:36:39'),('e5089391-1a7c-4fa2-8089-6acf7c80c33d','wh01','01936e52-ff87-4b07-9a8c-73cd7a479a95',1,'4066e3b0-2629-4396-990a-31bc2bae1818',NULL,10,NULL,'jay','Jay','2023-05-02 18:01:20',NULL,NULL,'2023-05-02 18:01:20'),('e5278b4d-c995-4aad-8bda-3c4bc7347911','wh01','2e8b85d7-c8e7-43ed-9dea-e39ef839c70b',2,'97c270d1-3f17-40a5-951f-0614ad52a05d',NULL,1,NULL,'admin','系統管理者','2023-03-09 23:14:24',NULL,NULL,'2023-05-29 14:29:41'),('e532cf3d-c1e8-4ade-be63-3495736892b9','wh01','01aabd3b-034b-4cad-9c4f-5f7857a4dd48',1,'8cea3338-d313-4eda-8f60-a216004ab037',NULL,88,NULL,'clcadmin','clcadmin','2023-04-07 11:26:17',NULL,NULL,'2023-06-07 16:33:19'),('e57ba057-e616-4013-a4b5-8dafe2f06c09','wh01','8ca4f4a8-21fa-4466-9621-ba234171b903',4,'5fdbf10c-3d9d-442a-babc-3f84dd7186a6',NULL,18,NULL,'admin','系統管理者','2023-03-09 23:14:23',NULL,NULL,'2023-06-07 09:30:24'),('e58d1cde-dd8c-4b5f-849a-65794e21227f','wh01','bcbc97f6-d84d-46bb-bfe3-65d2e7a13151',1,'121bfa2a-c2f4-4338-ba57-93dd75f4961e',NULL,0,NULL,'F800229434','Juan Raymond','2023-04-22 17:42:40',NULL,NULL,'2023-04-22 17:42:40'),('e5fcf230-1520-42ac-a810-bc9c880c0ca6','wh01','2448e266-d911-4555-9eb3-b4b78558cb5d',1,'3c6b4842-35e1-4b44-98e0-c6a60e249d2b',NULL,10,NULL,'wei7961074','Kylie','2023-06-09 15:48:24',NULL,NULL,'2023-06-09 15:48:24'),('e6635663-02fd-4e03-b7ae-9ded52d27d5f','wh01','6a2fa7b1-f451-40b1-b569-dd714ff85cf8',1,'2bed3941-7723-4d80-8b2c-50f303b4880e',NULL,65,NULL,'admin','系統管理者','2023-03-09 23:14:24',NULL,NULL,'2023-06-12 09:03:48'),('e66a2ea6-2232-4a99-9a7a-90c38aa1c53f','wh01','cf4d9a62-ef3c-4965-ae59-43bf90273995',1,'f767a31e-d9bc-4397-a3fd-34fe5175a32f',NULL,0,NULL,'admin','系統管理者','2023-05-08 16:44:36',NULL,NULL,'2023-05-08 16:44:36'),('e6ad9527-c1e8-44bc-96cb-339f7b235ff7','wh01','6c43d807-c71b-4791-ba10-845d6ef5eff5',1,'d5213939-06dc-4ce7-a992-9ff5a9ee549d',NULL,39,NULL,'admin','系統管理者','2023-03-09 23:14:26',NULL,NULL,'2023-06-08 18:49:49'),('e6c9ab54-c82c-4bdd-b372-45871933b36a','wh01','8fe52a1c-974c-492f-b87f-7d885bff4ff0',1,'ade7a7ac-9f4b-490a-a6f6-44e46212da85',NULL,0,NULL,'F800229434','Juan Raymond','2023-04-22 17:42:39',NULL,NULL,'2023-04-22 17:42:39'),('e6d6e5ee-d8e1-41a5-b4b8-3d65cdb05a6b','wh01','eb00c4d1-20b2-4724-82dd-48f4bcd727b6',1,'4c31c5e5-901f-4fc7-ae0f-198b53e0d96d',NULL,0,NULL,'admin','系統管理者','2023-03-09 23:14:23',NULL,NULL,'2023-04-11 14:18:54'),('e6f0e504-4b11-4e44-9ae8-1b397a3285b0','wh01','70095ff3-c21b-4a61-a278-51d75793fbbb',1,'04acf53a-92a8-4063-b92a-8b1099d205ee',NULL,10,NULL,'wei7961074','Kylie','2023-04-21 14:16:37',NULL,NULL,'2023-04-21 14:16:37'),('e6fffa5e-d861-485a-86bd-6b17e123d927','wh01','a3d54c38-ee3f-416e-b1ca-86cb98c7a9ad',3,'d2fc929b-4939-4e14-a81d-788e7929587b',NULL,0,NULL,'admin','系統管理者','2023-03-09 23:14:25',NULL,NULL,'2023-03-09 23:14:25'),('e7189df3-bbf9-478f-9213-a9dc7aed51b4','wh01','41f7b3dc-36ed-4dbc-8889-0f347d6f2255',3,'0491f9ef-57b5-4fba-be56-66e057f08c23',NULL,0,NULL,'admin','系統管理者','2023-04-22 20:41:06',NULL,NULL,'2023-04-22 20:41:06'),('e71ded99-0cf5-4cb6-913f-1bc2cd00d4d0','wh01','01aabd3b-034b-4cad-9c4f-5f7857a4dd48',2,'cb381c5b-dbf9-472b-9c69-25929d441ef6',NULL,27,NULL,'clcadmin','clcadmin','2023-04-07 11:26:17',NULL,NULL,'2023-06-12 09:42:12'),('e72198d4-5611-47b3-bef9-7560940bc48d','wh01','ccac36b0-e5a1-4f97-982d-ffb71f8f7ed0',7,'0495cddb-4d5d-4e90-9661-eaa99487b434',NULL,65,NULL,'admin','系統管理者','2023-03-09 23:14:24',NULL,NULL,'2023-06-01 14:50:24'),('e72b431a-70df-410b-8581-8bfe75e7c219','wh01','19b36d13-c4ab-4809-8056-98835e6da97e',2,'43867ecc-25d5-4b08-b95d-bd466370ddaa',NULL,0,NULL,'clcadmin','clcadmin','2023-04-07 16:52:47',NULL,NULL,'2023-05-08 15:33:26'),('e7609d7f-d3e4-4e16-8659-93906fa610f6','wh01','2e271f61-92dd-4ed2-9b7f-70e17fcfed43',1,'baf6c820-1467-4af6-b517-e060d7217c6a',NULL,0,NULL,'wei7961074','Kylie','2023-06-09 15:43:25',NULL,NULL,'2023-06-09 15:43:25'),('e774e605-2a54-4030-92b1-7e8c128d508b','wh01','cb4216f7-3638-4b51-950b-2de87dc12e39',2,'f1947116-6f26-4c8b-82c0-da38b2e7ca17',NULL,0,NULL,'F800229434','Juan Raymond','2023-04-22 17:42:39',NULL,NULL,'2023-04-22 17:42:39'),('e778a36e-70a2-4020-a900-9feb32ab91a5','wh01','e7c2c565-90c9-4ea5-8123-3dd145b3dfb8',2,'f47ccd18-8448-44d5-8b5f-42b73a108250',NULL,0,NULL,'wei7961074','Kylie','2023-04-11 14:20:01',NULL,NULL,'2023-05-23 22:23:14'),('e7990c2f-9d14-48e4-a940-bab59ded6370','wh01','340f6ecf-eba6-4d74-9012-2dd54595327c',1,'4cf13755-b54a-4d1c-8cfe-0d6d3e51325f',NULL,0,NULL,'admin','系統管理者','2023-03-09 23:14:24',NULL,NULL,'2023-03-09 23:14:24'),('e79eb450-3ebc-4c88-9200-bc207d4241e5','wh01','6481f95e-3f76-4236-9d9b-358eab824573',1,'635db8af-dfed-4ef4-890c-40ed0aee9abc',NULL,0,NULL,'admin','系統管理者','2023-03-09 23:14:26',NULL,NULL,'2023-04-21 11:04:15'),('e7a0d5f1-1af7-4a88-8684-df5f4ddb6a16','wh01','b94b7165-d3fd-4921-b30c-8936be0ee1f9',1,'d021ad00-e08e-43d1-bffe-0162b5b561f3',NULL,0,NULL,'F800229434','Juan Raymond','2023-05-30 10:58:46',NULL,NULL,'2023-05-30 10:58:46'),('e7ad3ae6-9068-4022-935d-1f0bc6e7fa1a','wh01','dcaa8077-5afa-4f3a-8d72-43fcb10e191a',4,'ad411b12-9663-41d2-a40e-c8224ce4c67f',NULL,4,NULL,'admin','系統管理者','2023-03-09 23:14:25',NULL,NULL,'2023-05-18 19:37:53'),('e7bcbd47-52fc-40e3-b648-5c4092212ceb','wh01','3e4237b5-9d9d-459e-a60a-7759b4da1efb',1,'ddaee3b7-9fb3-4ef8-b881-b818ff3df6f3',NULL,0,NULL,'clchanas','hanas','2023-04-10 15:55:28',NULL,NULL,'2023-04-10 15:55:28'),('e7f200a5-5437-4018-99b0-71369c617bea','wh01','cf71fa0b-e23f-4f22-b033-49a4bb2ff69b',1,'48d95b49-c0dd-460e-8f00-c7bbce6fc678',NULL,17,NULL,'admin','系統管理者','2023-03-09 23:14:24',NULL,NULL,'2023-06-11 16:14:19'),('e807aeeb-8ef1-4a49-b5bf-71fa555fbc17','wh01','74678a5e-3ca5-4420-a8aa-ba954fee5d2b',1,'8cad8a52-a38d-4c8e-8819-10f867d98daf',NULL,0,NULL,'admin','系統管理者','2023-05-08 16:44:36',NULL,NULL,'2023-05-08 16:44:36'),('e8172ca9-afa6-44d6-9c08-e595e9529273','wh01','93461777-d9e0-463d-89eb-c4c395d4e796',3,'689b44db-a38a-4b5c-8f39-3cb1fb4b2766',NULL,0,NULL,'admin','系統管理者','2023-03-09 23:14:26',NULL,NULL,'2023-04-11 14:18:55'),('e84c5795-2f8b-4802-8637-59a0ca2499b1','wh01','0c7d5d35-c5a0-42cf-a098-1e80b351c98b',3,'29108946-03ad-428c-82a7-b997af8e6d5c',NULL,0,NULL,'F800229434','Juan Raymond','2023-04-22 17:42:39',NULL,NULL,'2023-04-22 17:42:39'),('e863ca55-fd01-4923-851e-1b8215376a6f','wh01','671e9de3-de9d-4a72-8a49-c1bcd5c53e1c',1,'1f8dd658-537a-42e8-a9da-fcf045ea388a',NULL,0,NULL,'admin','系統管理者','2023-03-09 23:14:27',NULL,NULL,'2023-03-09 23:14:27'),('e886dd99-142a-48dd-b78e-31027dd547f3','wh01','89893d62-e73e-4c80-90d5-6059252409a2',1,'54f0879c-ffc4-40cf-bbeb-83d7ad0c2f52',NULL,0,NULL,'F800229434','Juan Raymond','2023-05-30 10:58:46',NULL,NULL,'2023-05-30 10:58:46'),('e8d578be-616e-402a-8f92-cd054b1e3eda','wh01','f5b23a98-3a81-4678-8f16-5f8894c81298',3,'8344986d-a36c-427e-8865-7714bd39a7a8',NULL,34,NULL,'admin','系統管理者','2023-03-09 23:14:25',NULL,NULL,'2023-06-07 13:58:21'),('e935081a-2ffe-477b-8a16-5a54f8e2be9e','wh01','b7bef139-023f-4725-94ae-2cf5de98a903',1,'7d0a8db2-8f6b-44eb-a6d4-3913b397825c',NULL,13,NULL,'admin','系統管理者','2023-03-09 23:14:27',NULL,NULL,'2023-06-09 14:51:31'),('e937900c-8897-499c-abea-ebf76c38075a','wh01','b406645c-74fb-437b-97e4-8c8b0dbf3b0d',1,'c7cdc43d-2342-4ca0-8f37-33a005d7d068',NULL,10,NULL,'wei7961074','Kylie','2023-04-21 14:08:58',NULL,NULL,'2023-04-21 14:08:58'),('e943d0fc-dead-4822-8f93-88a8be4a5b96','wh01','279fdd5d-9a8a-41a1-8b1b-1e83e4b16fc9',2,'f3a00908-1142-423d-8955-d3ac85db303a',NULL,10,NULL,'wei7961074','Kylie','2023-04-21 14:33:30',NULL,NULL,'2023-04-21 14:33:30'),('e9b146cd-6e7c-42c1-ac45-61085e42553e','wh01','71117699-f20f-47f4-b98e-057dce3e34d6',1,'2dd192f4-0491-446e-b642-672b28426820',NULL,19,NULL,'jay','Jay','2023-05-02 17:19:50',NULL,NULL,'2023-05-02 17:19:50'),('e9c05cfb-a1be-46fc-bac2-d63ba627366b','wh01','42e5f514-30b4-4a10-91e4-4a2711490f2e',5,'1c0ee673-1b36-43b0-9d2e-979f55764379',NULL,12,NULL,'admin','系統管理者','2023-03-09 23:14:23',NULL,NULL,'2023-05-08 17:25:08'),('e9f7c0d9-0928-47bf-9ff7-64163ebfa224','wh01','c418ae23-80c5-4e90-b3b5-be212694792d',2,'802b7655-b5ac-4246-b062-c67be356d3ce',NULL,0,NULL,'admin','系統管理者','2023-03-09 23:14:27',NULL,NULL,'2023-03-09 23:14:27'),('ea0106ee-3a9f-4c18-af10-9bc2958511bb','wh01','35f0442a-9ccc-4179-bb6a-9364289ee70c',3,'b5351d65-6202-4f62-9b80-2377b2ff61c2',NULL,0,NULL,'F800229434','Juan Raymond','2023-05-30 10:58:46',NULL,NULL,'2023-05-30 10:58:46'),('ea0384cc-30fd-493b-a87c-b8d9f0c72fe9','wh01','340f6ecf-eba6-4d74-9012-2dd54595327c',2,'d841769b-11e9-44a5-972f-460ca87768c1',NULL,0,NULL,'admin','系統管理者','2023-03-09 23:14:24',NULL,NULL,'2023-03-09 23:14:24'),('ea176789-f53a-405e-8be6-08f53f168ab4','wh01','23ceb337-3c9b-4b7a-82ae-b682fcf53208',2,'e9b12aa9-1e1f-4a22-af4d-ab11253381e7',NULL,1,NULL,'admin','系統管理者','2023-03-09 23:14:24',NULL,NULL,'2023-05-29 09:20:51'),('ea273b0f-ffd0-47db-bb18-b5727fe73c3a','wh01','88504ec8-923c-4761-9282-2e06d6b84f02',2,'1c6b5d6a-fb6d-4bd6-a4e3-8b842120ddbb',NULL,0,NULL,'F800229434','Juan Raymond','2023-05-02 15:40:45',NULL,NULL,'2023-05-02 15:40:45'),('ea52729b-56b3-40f0-8301-6bc14404a3fe','wh01','983a062b-20ef-4c46-8e39-d843158fb182',1,'c3946b23-4303-42e9-82c1-ed85e9df2128',NULL,0,NULL,'F800229434','Juan Raymond','2023-05-23 14:54:33',NULL,NULL,'2023-05-23 14:54:33'),('eae0dd27-48e2-4783-94db-834bd646ea6d','wh01','238ecafa-2a65-4fa5-9f50-4d8f25425ce2',4,'0d1b8cc9-64a0-4070-82e2-351535339c5d',NULL,0,NULL,'admin','系統管理者','2023-03-09 23:14:23',NULL,NULL,'2023-03-09 23:14:23'),('eb0f05e0-219a-4ae3-a3ca-0a42a0841b0b','wh01','cd6e721e-8613-41ba-b080-018719947bd9',1,'90b63579-b08d-468b-9fe7-c16baf58ece2',NULL,61,NULL,'admin','系統管理者','2023-03-09 23:14:24',NULL,NULL,'2023-06-12 09:42:12'),('eb1ba2b2-e5f4-4cfb-8885-a1b3af5e6c37','wh01','b2aaf2d7-5cc0-4bf0-a0c4-7f48d9f7793e',1,'749643df-5378-4fbd-92f0-274684f26d94',NULL,0,NULL,'admin','系統管理者','2023-03-09 23:14:25',NULL,NULL,'2023-03-09 23:14:25'),('eb6525e7-b889-41bd-ab4b-4719f52f0225','wh01','41f7b3dc-36ed-4dbc-8889-0f347d6f2255',4,'8c38fbea-0b28-4b3c-81a8-d5fdbd1c9640',NULL,0,NULL,'admin','系統管理者','2023-04-22 20:41:06',NULL,NULL,'2023-04-22 20:41:06'),('eb7e4614-cb95-4050-b598-2b3a4e23fe94','wh01','05fecac8-a1ba-423d-b2c1-69da1023b3d7',1,'877752cd-a0b7-4c1c-8627-fc8e1e496088',NULL,30,NULL,'admin','系統管理者','2023-03-09 23:14:25',NULL,NULL,'2023-06-11 14:16:53'),('eb974f2d-0ffb-4fa9-b2ee-834c40454fd4','wh01','704415d1-9b76-47b5-980b-9928452e13bb',1,'3175c75a-7c3a-4415-9746-55f1b71990f9',NULL,10,NULL,'wei7961074','Kylie','2023-06-09 15:46:02',NULL,NULL,'2023-06-09 15:46:02'),