(3787,'i2csolution','0','陳紘騰','M100877093@clc.member',NULL,'M100877093','$2y$10$skXkmzFfzhYS/bZFxf1WAOmVVzQ1DEgsnOYOwL9hDXJUtKzV9xAje',NULL,0,NULL,'2023-04-23 10:46:19','2023-04-23 10:46:19'),(3788,'i2csolution','0','程金民','m120105801@clc.member',NULL,'m120105801','$2y$10$OXMjQGjt1UNfR8TEedTsb.e8sAzZzjgFL9T.LsU0oYdLm9zDLE6YO',NULL,0,NULL,'2023-04-23 11:18:15','2023-04-23 11:18:15'),(3789,'i2csolution','0','TIM','Uffce53cba5dae39fc891a685915281b0@tp.clc.member',NULL,'Uffce53cba5dae39fc891a685915281b0','$2y$10$IRMKEp2fYZ7LLiYUtc8egeD12Z5P.OQjhEhter2xVF8HIu8D6BgzO',NULL,0,NULL,'2023-04-23 11:30:16','2023-04-23 11:30:16'),(3790,'i2csolution','0','shopi','Ub6f5bbab1e69ff1300c1a906d5a79ce2@tp.clc.member',NULL,'Ub6f5bbab1e69ff1300c1a906d5a79ce2','$2y$10$.2Z7lc5Lz7hJL8m0MuFtru5dWb3e/x2GowLdRCry/r3IG4NUvPa9i',NULL,0,NULL,'2023-04-23 11:49:42','2023-04-23 11:49:42'),(3791,'i2csolution','0','陳瑋','U9689bc3caf196154ca8443169c5a02a3@tp.clc.member',NULL,'U9689bc3caf196154ca8443169c5a02a3','$2y$10$MYkyLHW3c9fgv7wom19NfOazWVlPck2hoTAreMnND88TEIDqGKOwu',NULL,0,NULL,'2023-04-23 11:53:48','2023-04-23 11:53:48'),(3792,'i2csolution','0','Yvonne Peng','Ua0372607f04e36a9babbf474743ff16d@tp.clc.member',NULL,'Ua0372607f04e36a9babbf474743ff16d','$2y$10$AcP0KkBEDVbgEvAkFQxiwul5judOKckNWAhAM9pDl4HBo5JfxAu/i',NULL,0,NULL,'2023-04-23 12:45:51','2023-04-23 12:45:51'),(3793,'i2csolution','0','趙仲','F120961395@clc.member',NULL,'F120961395','$2y$10$6px0s.pW4qvSJcZBMoCb1OYMMQYladEYkgZtG1NezM.OfoEhVar4y',NULL,0,NULL,'2023-04-23 13:05:22','2023-04-23 13:05:22'),(3794,'i2csolution','0','Knight Cheng','U60bf3410d5c5a895b40716148fe120f8@tp.clc.member',NULL,'U60bf3410d5c5a895b40716148fe120f8','$2y$10$qAxtZQuLjiAWg7fmXRPLEOCp5rqVn6RnfNuNEusdm9AM0bIg06sHq',NULL,0,NULL,'2023-04-23 13:13:12','2023-04-23 13:13:12'),(3795,'i2csolution','0','黃瑞珍','H201360578@clc.member',NULL,'H201360578','$2y$10$D1ymt7wC1ReVWMIyjF2GWuz5UVCDi4Wd/rKBKHzpPy5YzhnffYGQG',NULL,0,NULL,'2023-04-23 13:19:02','2023-04-23 13:19:02'),(3796,'i2csolution','0','徐增彰','k10 1676 428@clc.member',NULL,'k10 1676 428','$2y$10$1Npmu6mi1Av78YgLTqXGfe2a6SpETPUuOCGrDB2Q/zSBs9y9z0HDK',NULL,0,NULL,'2023-04-23 13:30:10','2023-04-23 13:30:10'),(3797,'i2csolution','0','陳麒明','V100088932@clc.member',NULL,'V100088932','$2y$10$iLj/2aAXSX7iIq43HofkX.JLvEZtgFJCgMrd/7STiB1bFYcySrG4K',NULL,0,NULL,'2023-04-23 14:22:02','2023-04-23 14:22:02'),(3798,'i2csolution','0','許福全','W100237553@clc.member',NULL,'W100237553','$2y$10$KQfEgWnXsJKXQbygJIMGke8sLMeFBJobV9h1E1qv2zRjO4TvEU7ou',NULL,0,NULL,'2023-04-23 15:03:22','2023-04-23 15:03:22'),(3799,'i2csolution','0','空服員-米妮','U5e07feed467361d3189f86ba6f63d944@tp.clc.member',NULL,'U5e07feed467361d3189f86ba6f63d944','$2y$10$C44fL4cEXaLcWLRch7lOAeQ0MfAkpCqT6HiKsLtUDtFrvgnd.s4Xq',NULL,0,NULL,'2023-04-23 15:37:33','2023-04-23 15:37:33'),(3801,'i2csolution','0','瑩','Uea4c7e6b834010dbf79736487c00c5a0@tp.clc.member',NULL,'Uea4c7e6b834010dbf79736487c00c5a0','$2y$10$BWerEmNZN6ZEi/5gh6FA8.VtpaEkoE5cYhr.41UxUga0oycRrspCa',NULL,0,NULL,'2023-04-23 16:03:26','2023-04-23 16:03:26'),(3802,'i2csolution','0','謝立功','A125823493@clc.member',NULL,'A125823493','$2y$10$bt.jhRR4tDOs4nafxAEmO.a/mt5mT511oblbmwIouHWNfeYQYod0C',NULL,0,NULL,'2023-04-23 17:48:19','2023-04-23 17:48:19'),(3803,'i2csolution','0','黃姿宜','H221686108@clc.member',NULL,'H221686108','$2y$10$vwxMN15mpMjYWRJM1S34WuhNaCtMxbL.DNBtRJufd85NVeqZrtnmO',NULL,1,NULL,'2023-04-23 18:03:11','2023-04-23 18:05:58'),(3804,'i2csolution','0','Octopus_Daniel','U753cd84790cb432ccbc1dfb68574dd1f@tp.clc.member',NULL,'U753cd84790cb432ccbc1dfb68574dd1f','$2y$10$Rmr7hen13zLQ13.4kblU8.PUfSs2W3Y7cXRY65bT5v3pThoj50bey',NULL,0,NULL,'2023-04-23 23:57:34','2023-04-23 23:57:34'),(3805,'i2csolution','0','小慶^.^','U04a4c845ca2742e79aafe7d3d2574a4a@tp.clc.member',NULL,'U04a4c845ca2742e79aafe7d3d2574a4a','$2y$10$kVGBaYN43zRjg2a7YFWVIerLFoKCGHb4mX6ULmt6q7OAPw4ZxTWxu',NULL,0,NULL,'2023-04-24 00:24:47','2023-04-24 00:24:47'),(3806,'i2csolution','0','陳美容','H220261769@clc.member',NULL,'H220261769','$2y$10$HnrM5b83GtrvkouEq3LwH.sNPR8.Rtys0lEgfWHQsK2by8UxJnIQe',NULL,0,NULL,'2023-04-24 00:56:20','2023-04-24 00:56:20'),(3807,'i2csolution','0','張褔鑽','L101835025@clc.member',NULL,'L101835025','$2y$10$r5xJYgMUMPC.0opyrX8I5u5TjFv3cp0.3Q0utoDvioai/0Cb9cJ2e',NULL,0,NULL,'2023-04-24 00:57:43','2023-04-24 00:57:43'),(3808,'i2csolution','0','呂依潔','H225340578@clc.member',NULL,'H225340578','$2y$10$f2Xh8oLgR9FSaIYimaJFouTm2i/WuZ2Q4IJLZWS6k2lk7mJP/BY0.',NULL,0,NULL,'2023-04-24 01:09:43','2023-04-24 01:09:43'),(3809,'i2csolution','0','曾李節','N200318912@clc.member',NULL,'N200318912','$2y$10$17UmAZQXslshnZkcdCbYJ.z5w5rLGhvOG1ekTiqIWrHavaxycZsJi',NULL,0,NULL,'2023-04-24 01:12:24','2023-04-24 01:12:24'),(3810,'i2csolution','0',' Jack','Ua95d610a69ee88060d1ef3a15112f3c1@tp.clc.member',NULL,'Ua95d610a69ee88060d1ef3a15112f3c1','$2y$10$0zYs1wkyZQJnAQ39rRxXUOQFS8lZ04jBX8kn3uw84HDGTJd0/x4mW',NULL,0,NULL,'2023-04-24 01:46:33','2023-04-24 01:46:33'),(3811,'i2csolution','0','鄭文瑜','F129155857@clc.member',NULL,'F129155857','$2y$10$r76Y9R.WmWFDVZ6DhoidaufT6W4jnPtPRlS2nuy4GCy3NHgCmiN7G',NULL,0,NULL,'2023-04-24 02:08:21','2023-04-24 02:08:21'),(3812,'i2csolution','0','noviati nina nurjanah','A900147167@clc.member',NULL,'A900147167','$2y$10$duZRzvElV0.xEaNbFzugguyMGb7bIiXxUasYi8rkAC1ytTaA3oA86',NULL,0,NULL,'2023-04-24 02:13:22','2023-04-24 02:13:22'),(3813,'i2csolution','0','Ethan','Udf27a0dacef469c73d18160827e827bf@tp.clc.member',NULL,'Udf27a0dacef469c73d18160827e827bf','$2y$10$4SGv.ZBF7GDwWHzJ2UdMYOqURPXliVGPL5qd5utOThdKKN/XrSydu',NULL,0,NULL,'2023-04-24 02:20:23','2023-04-24 02:20:23'),(3814,'i2csolution','0','許雅馨','F202232473@clc.member',NULL,'F202232473','$2y$10$w/pdcDo.1kmXP57zh/gGAOPZ0dUCzi5PRKXgXIl.S97zqiog4u4h2',NULL,0,NULL,'2023-04-24 03:10:12','2023-04-24 03:10:12'),(3815,'i2csolution','0','曾博皇','F130162573@clc.member',NULL,'F130162573','$2y$10$iFFC95.IktsH7lXeNB47DOtGso3dBKla79S/M/6.fCnyKJ9ztpRzW',NULL,0,NULL,'2023-04-24 03:36:01','2023-04-24 03:36:01'),(3816,'i2csolution','0','TRAN THI BICH NGA','A900525250@clc.member',NULL,'A900525250','$2y$10$BoX7x2v2VvNbCMwQMuhAm..pVS2b60R33DbGG4dEV6hHE4a3ezTMm',NULL,0,NULL,'2023-04-24 03:38:02','2023-04-24 03:38:02'),(3817,'i2csolution','0','梁嘉尹','F129099827@clc.member',NULL,'F129099827','$2y$10$07Rz7.FIwIxNDi5GSvP5K.f4nD0H3qxtmsJ5qJE6fN7PkTLGONmEa',NULL,0,NULL,'2023-04-24 03:52:08','2023-04-24 03:52:08'),(3818,'i2csolution','0','李焐卿','j220110428@clc.member',NULL,'j220110428','$2y$10$11ktQAAfJfHYZk5ptEmXm.QerK7ZnVccNO1Z8uuyQaNImxCdKZf5m',NULL,0,NULL,'2023-04-24 05:05:38','2023-04-24 05:05:38'),(3819,'i2csolution','0','黃信義','E122512657@clc.member',NULL,'E122512657','$2y$10$XiqO8kUUx0A/FFPDd2oEAuypQ1yaxHS1wPqzjMrIayaBafKOIfsY6',NULL,0,NULL,'2023-04-24 05:11:20','2023-04-24 05:11:20'),(3820,'i2csolution','0','黃卿瑛','E221088001@clc.member',NULL,'E221088001','$2y$10$t7//PZ1t/qdnoIWtCyzbL.YIldOvACPPoJBOAZY.RhmqwHyH3CK5K',NULL,0,NULL,'2023-04-24 06:18:23','2023-04-24 06:18:23'),(3821,'i2csolution','0','傅秀慧','C220808874@clc.member',NULL,'C220808874','$2y$10$ez8MZnZqwCGyN8ERNGsykOuXy7zpSgSgEaSZ6RUj2Jqltk/KsSakG',NULL,0,NULL,'2023-04-24 08:54:25','2023-04-24 08:54:25'),(3822,'i2csolution','0','林安瑜','A128435860@clc.member',NULL,'A128435860','$2y$10$gSy2YeW9iz2RBlDENSqaYOML/9haHu/qr3UgcxbypqA2oMri8VNQO',NULL,0,NULL,'2023-04-24 09:32:11','2023-04-24 09:32:11'),(3823,'i2csolution','0','林安瑞','A128401391@clc.member',NULL,'A128401391','$2y$10$OFYHFnm.x3ZZpgUD99Oro.sVjyFP5HZ0yqt0T276dEMZv5OEcMNMK',NULL,1,NULL,'2023-04-24 09:36:05','2023-04-24 09:40:06'),(3824,'i2csolution','0','張秀媛','Ubf936963a8f1f262aa6e5c7135fe705b@tp.clc.member',NULL,'Ubf936963a8f1f262aa6e5c7135fe705b','$2y$10$UPoZ47JjWSiPtq3zd7L6su6t3z4jh.lpwAU4z3AR2YtnM3bIxJkFe',NULL,0,NULL,'2023-04-24 10:52:48','2023-04-24 10:52:48'),(3825,'i2csolution','0','Shanna','U4de3e02631a81767933cecc7cbd98a44@tp.clc.member',NULL,'U4de3e02631a81767933cecc7cbd98a44','$2y$10$0r.Ek7aG5ylgGwiRppjOeuw7Y6ZIIjPSAXF3qTCcvqZ8ZbEAm0MYe',NULL,0,NULL,'2023-04-24 10:54:00','2023-04-24 10:54:00'),(3826,'i2csolution','0','黃杰','J120245040@clc.member',NULL,'J120245040','$2y$10$EiuNBNPF4DjmwICe7KuuN..q0qZggM73RO9M/uRQLWV6UZVbyNes.',NULL,1,NULL,'2023-04-24 11:08:53','2023-05-05 12:05:54'),(3827,'i2csolution','0','陳寶琴','M220194597@clc.member',NULL,'M220194597','$2y$10$Sx09IEpDheGq.BNfLQRwZu6BgK/wENHRr7H53BVEh7IR.KvXHHiX.',NULL,0,NULL,'2023-04-24 11:19:53','2023-04-24 11:19:53'),(3828,'i2csolution','0','陳珮瑄','N223193726@clc.member',NULL,'N223193726','$2y$10$zB3ruQBLPON0cJbg0nY6.OHmnoQ0VgXkl80wajm6n/F2zfSZqMnZS',NULL,0,NULL,'2023-04-24 12:14:09','2023-04-24 12:14:09'),(3829,'i2csolution','0','郭正倫','D121133713@clc.member',NULL,'D121133713','$2y$10$9rHoXKKuuPzKMrB4kdSe/.VmZL3aRC.kt0GkVRwQ9/4lV9I4Jw8lm',NULL,0,NULL,'2023-04-24 13:15:37','2023-04-24 13:15:37'),(3830,'i2csolution','0','蘇蓉容','F224383068@clc.member',NULL,'F224383068','$2y$10$7NlwODdNMJQmScGS6DlbBugMBXGT5cFqRl9zwGflmqjRhOX34clBy',NULL,0,NULL,'2023-04-24 13:21:58','2023-04-24 13:21:58'),(3831,'i2csolution','0','陳萱恩','Y220099498@clc.member',NULL,'Y220099498','$2y$10$ucrnlhiT0N6R7QuRXavZB.jAFGWhMB8IevAphNWtMTqJxIAa0rDBW',NULL,0,NULL,'2023-04-24 17:21:17','2023-04-24 17:21:17'),(3832,'i2csolution','0','Chelsea Ke','Uc28f6c85123727ef90fe8dae891ce404@tp.clc.member',NULL,'Uc28f6c85123727ef90fe8dae891ce404','$2y$10$y8chJTrr6N/F.pG1M1.f.OVyDvgWF.JAu9dcSItwcBP6tuk3RGMoi',NULL,0,NULL,'2023-04-25 04:15:22','2023-04-25 04:15:22'),(3833,'i2csolution','0','賴乃慈','H201432971@clc.member',NULL,'H201432971','$2y$10$u0udtSdsODE1VERuJt5A9.tKDX1YDoaMDmTHO4CnvWrvP3oL2ysJK',NULL,0,NULL,'2023-04-25 04:33:11','2023-04-25 04:33:11'),(3834,'i2csolution','0','王啟桐','H125934416@clc.member',NULL,'H125934416','$2y$10$v2dzoPsG8g88.NI6xFpL/u.3UCmDd2nnAr93RU46QhjYicu8AfAza',NULL,0,NULL,'2023-04-25 04:49:13','2023-04-25 04:49:13'),(3835,'i2csolution','0','林錦惠','F223767702@clc.member',NULL,'F223767702','$2y$10$fjn1teNS7gmo3YHwgZWdrOm1GKYS.Nyrq3xExufRy355hjPyOGs56',NULL,0,NULL,'2023-04-25 04:55:03','2023-04-25 04:55:03'),(3836,'i2csolution','0','戴杏珊','T222332653@clc.member',NULL,'T222332653','$2y$10$9xzHKPSFaggaKkFHqXWSX.0raWOnWWPQu6FJCkNJ8VBtU2y8GKu6C',NULL,0,NULL,'2023-04-25 05:01:21','2023-04-25 05:01:21'),(3837,'i2csolution','0','雪雪 ? Snow','U23fc7fda9e3ddbc6be7d448f7fed5c99@tp.clc.member',NULL,'U23fc7fda9e3ddbc6be7d448f7fed5c99','$2y$10$lrPeSIQwOrg89RldWQin.OlDPl2.WAPWUnKJUUNeO5BdjwotTN3VK',NULL,0,NULL,'2023-04-25 06:00:13','2023-04-25 06:00:13'),(3838,'i2csolution','0','劉罔葱','心N202772601@clc.member',NULL,'心N202772601','$2y$10$kfH9UZL.WM67LwR.D9KUyuRFq5hEKP/KlAq2PwEhcqRcOtCyHRgeO',NULL,0,NULL,'2023-04-25 07:01:31','2023-04-25 07:01:31'),(3839,'i2csolution','0','侯思羽','C220585456@clc.member',NULL,'C220585456','$2y$10$.0HPkx6nLSyJjeYXMrr/0emjR2z97jvZxDhmPpUskj33SjlWi6Ave',NULL,0,NULL,'2023-04-25 07:11:54','2023-04-25 07:11:54'),(3840,'i2csolution','0','翁昕瑀','A225017335@clc.member',NULL,'A225017335','$2y$10$4DhKeYRet4B6nioCk18/VuxwxZ7UBMQOTw58.Cr0OoZMyr.3HCTRa',NULL,0,NULL,'2023-04-25 08:54:24','2023-04-25 08:54:24'),(3841,'i2csolution','0','劉碧霞','U221709446@clc.member',NULL,'U221709446','$2y$10$QU9/iNqL/68tNs.ucP1D6OrZ/7w6Ru0xvMTb9N9BU1fWrx7B/mEce',NULL,0,NULL,'2023-04-25 10:16:27','2023-04-25 10:16:27'),(3842,'i2csolution','0','張馨馨 Anna Chang','U9689b7e47cbe7038c77c407422ffac1d@tp.clc.member',NULL,'U9689b7e47cbe7038c77c407422ffac1d','$2y$10$zAhZoxCFC8fW0b.AnzN/UO3iEr5pxufJn1xE3Gm.gPU60NRMCPeUy',NULL,0,NULL,'2023-04-25 11:57:01','2023-04-25 11:57:01'),(3843,'i2csolution','0','葉金木','J101645539@clc.member',NULL,'J101645539','$2y$10$sCP3XKfCkcDwCyczSpYR1uz07buQIPlMhxuhRMnuVFKhEkvJjSZM2',NULL,0,NULL,'2023-04-25 13:24:07','2023-04-25 13:24:07'),(3844,'i2csolution','0','陳福寶','F260135915@clc.member',NULL,'F260135915','$2y$10$J3Egp28GgZjDFh8PgFHSluM3Sqlr8EFlfaYyPWIg1zfvR4.NQ9/3.',NULL,0,NULL,'2023-04-25 13:43:03','2023-04-25 13:43:03'),(3845,'i2csolution','0','曾妙娟','U148e613d812e93863b8c8b195127e89f@tp.clc.member',NULL,'U148e613d812e93863b8c8b195127e89f','$2y$10$gvqVb/x0QmY71cVNmF.ME.7JbZWQVzyB/jknr7liEvr.GqLYFHc5S',NULL,0,NULL,'2023-04-25 14:46:12','2023-04-25 14:46:12'),(3846,'i2csolution','0','曾淑眉','U6c688bff75276b0a2a81ef2f46a00d04@tp.clc.member',NULL,'U6c688bff75276b0a2a81ef2f46a00d04','$2y$10$z4HK/BYzm03mtsWkAKli5.JzHZUk3oIhRjtYU0t6XHg2ZaOnxl8cm',NULL,0,NULL,'2023-04-25 14:55:34','2023-04-25 14:55:34'),(3847,'i2csolution','0','溫晨發寵物 特寵業字第A1070611號','U6fd4d72afe06c7224c95894831b35c44@tp.clc.member',NULL,'U6fd4d72afe06c7224c95894831b35c44','$2y$10$g6DR9sns2c4iHsf19tc.xe/tfvT6kbOWLPfyTsu.K9hdwO3xkGDhG',NULL,0,NULL,'2023-04-25 14:58:51','2023-04-25 14:58:51'),(3848,'i2csolution','0','邱繼玄','H125819281@clc.member',NULL,'H125819281','$2y$10$f.rq3NNYhYmeVqYYaoVhMulhRytaAX6MhT.PttqkMJQOc7T3NyIy6',NULL,0,NULL,'2023-04-25 14:59:06','2023-04-25 14:59:06'),(3849,'i2csolution','0','小甜甜','U0087e0e0df915d56458ec345fa1d5cfc@tp.clc.member',NULL,'U0087e0e0df915d56458ec345fa1d5cfc','$2y$10$JVsQ2sohlQQkwWhZsoH/nec5lB/sEofP5OHRmdIqRDuCuVWtKf/ny',NULL,0,NULL,'2023-04-25 17:31:12','2023-04-25 17:31:12'),(3850,'i2csolution','0','林萬源','K121226531@clc.member',NULL,'K121226531','$2y$10$r2aLzIAyRw4Ngp0DsyzwLOOXCFsMpHBOuLYA8rqBH5p0GWyt5TSEG',NULL,0,NULL,'2023-04-25 17:50:06','2023-04-25 17:50:06'),(3851,'i2csolution','0','A-Jia 阿稼~瑋','U10d5bbc6d6dca84ed9680ed4cf67ecef@tp.clc.member',NULL,'U10d5bbc6d6dca84ed9680ed4cf67ecef','$2y$10$I5yujG1PvwRpgFadGbvY9uyxrteci3T61ZJXyK8S9R6nyaDLH7s92',NULL,0,NULL,'2023-04-25 18:35:03','2023-04-25 18:35:03'),(3852,'i2csolution','0','喬伊 IG：j14911491','U90cf598f9b07aa6058cf226a5566e219@tp.clc.member',NULL,'U90cf598f9b07aa6058cf226a5566e219','$2y$10$a2QpAuAcVcaQPZMbVU6RUuRMuuxoTHiFYYEfynstfkbDiLab4OxOm',NULL,0,NULL,'2023-04-25 23:21:56','2023-04-25 23:21:56'),(3853,'i2csolution','0','陳文奕','F129158803@clc.member',NULL,'F129158803','$2y$10$rR6SAPNJexbDbwlxTJA3QOjVfkbEcYcY5aQPo1AgEZG84Ot/e.40q',NULL,0,NULL,'2023-04-26 00:50:14','2023-04-26 00:50:14'),(3854,'i2csolution','0','邱春忠','H121961837@clc.member',NULL,'H121961837','$2y$10$FTEJW5.k6a1S3lRECXTOOuTqp8AiqxvrOS.cM6b2g3LRTbGtoc3aC',NULL,0,NULL,'2023-04-26 03:11:44','2023-04-26 03:11:44'),(3855,'i2csolution','0','詹益矣','J200633199@clc.member',NULL,'J200633199','$2y$10$SWQb2aIpC1RulgdYoYPU1eFOgAouh9eG7eWib5.B.1s3AIMIo60yy',NULL,0,NULL,'2023-04-26 04:58:44','2023-04-26 04:58:44'),(3856,'i2csolution','0','risa emma','A900523274@clc.member',NULL,'A900523274','$2y$10$wSgyxrjgAWexBysQbkdDhOWFRRtaCWH3Nr0C8aG09DIe4PBAzvDKi',NULL,0,NULL,'2023-04-26 05:27:08','2023-04-26 05:27:08'),(3857,'i2csolution','0','田阿妹','V200541212@clc.member',NULL,'V200541212','$2y$10$7BpW5V3JHUmAYyViGBvrMeIAEWjp0mcPJp1IVtw.ughUJAz2rVPzG',NULL,0,NULL,'2023-04-26 06:02:44','2023-04-26 06:02:44'),(3858,'i2csolution','0','沈紘裕','A129574213@clc.member',NULL,'A129574213','$2y$10$7I3uIZEymcqTbqHAGgO2kOoiOhl.gTER0daK7x6.j.PHj1kguwwnm',NULL,0,NULL,'2023-04-26 06:52:45','2023-04-26 06:52:45'),(3859,'i2csolution','0','卓筱琋','L223476120@clc.member',NULL,'L223476120','$2y$10$JiWVJ72iZlj4kjhRj5vb8Oe5ckbnCTfCC8F4zI5B.km05dVrQVzIm',NULL,0,NULL,'2023-04-26 07:41:15','2023-04-26 07:41:15'),(3860,'i2csolution','0','彭彥凱','J122758460@clc.member',NULL,'J122758460','$2y$10$4cv2WHJtrLeb6wdZjZDnAOAhzcT0e8a3tib8mthtUfuUIDBNnhWGW',NULL,0,NULL,'2023-04-26 08:14:04','2023-04-26 08:14:04'),(3861,'i2csolution','0','徐梅芬','dodo19631956@gmail.com',NULL,'H220703664','$2y$10$LYoph7Dd7nMGbW47Gtn50ugIT3QWU3VISvo0tbxa82IiyN0HmyGCy',NULL,1,NULL,'2023-04-26 08:20:12','2023-04-29 07:16:40'),(3862,'i2csolution','0','曾怡瑄','H225367408@clc.member',NULL,'H225367408','$2y$10$yiqMMBlBgnoK./C3yO5AVuLUT89Nr9Vg4fWlAT35tuOo17nmR36IC',NULL,0,NULL,'2023-04-26 08:52:19','2023-04-26 08:52:19'),(3863,'i2csolution','0','鄭燕萍','F228007381@clc.member',NULL,'F228007381','$2y$10$6Dowjvq.8ekTFE.0AqguluwfEUgkpLpYDy/BnHYWTGupbhkO3U2Pi',NULL,0,NULL,'2023-04-26 09:09:04','2023-04-26 09:09:04'),(3865,'i2csolution','0','邵佩君','H223794372@clc.member',NULL,'H223794372','$2y$10$FvN6mn8fmiyK1lDPlHyMHudb7sbv0zRZ2Yxo12717bC.1DWLvQZsG',NULL,0,NULL,'2023-04-26 11:16:24','2023-04-26 11:16:24'),(3866,'i2csolution','0','Lina','Ufde8af9368168b4175d536fccdc926bf@tp.clc.member',NULL,'Ufde8af9368168b4175d536fccdc926bf','$2y$10$g/8DsH9/kUNpl/Ii6bQBBuBJG0ZOFOAI/iA3SVui4idZkgaTzrKTW',NULL,0,NULL,'2023-04-26 12:26:08','2023-04-26 12:26:08'),(3867,'i2csolution','0','李煌仁','U2d23368084357668348ec34c9925f254@tp.clc.member',NULL,'U2d23368084357668348ec34c9925f254','$2y$10$IFq3PJ6IvVmzObMyn0nBLOo7KEUqg6eqp8b4h62Uh/AQsTmbc1/cC',NULL,0,NULL,'2023-04-26 12:29:15','2023-04-26 12:29:15'),(3868,'i2csolution','0','golden','U9956e772c5c96da1efc82ea03e12995e@tp.clc.member',NULL,'U9956e772c5c96da1efc82ea03e12995e','$2y$10$L./1uRZfhLP8k3HAzLApfOMsFZJzmvpI6.dyILjKoSRksd6SJMIxq',NULL,0,NULL,'2023-04-26 12:38:23','2023-04-26 12:38:23'),(3869,'i2csolution','0','林美茹','H224787924@clc.member',NULL,'H224787924','$2y$10$25hVntlL7HaPzgzkx0.da.SbovFFK9/0Yl.gt.NWk96M9tNEtl5oO',NULL,1,NULL,'2023-04-26 12:57:01','2023-04-26 12:57:53'),(3871,'i2csolution','0','邱震東','E123916837@clc.member',NULL,'E123916837','$2y$10$9RvwIVfIXbDyDQboE8JnvemdPOfKTKZxp3GfONPL6ENMLrLNogK.6',NULL,0,NULL,'2023-04-26 14:53:24','2023-04-26 14:53:24'),(3872,'i2csolution','0','楊朝芬（秉展，勁陞）媽媽','U8989eb0a3f19881e7bbbd394d36474cd@tp.clc.member',NULL,'U8989eb0a3f19881e7bbbd394d36474cd','$2y$10$BZGFv3Wi2CYi8UFa7PYPWOfm0MKNyFnZeXM.3cFEIlBr8j4VqcrMi',NULL,0,NULL,'2023-04-26 23:05:42','2023-04-26 23:05:42'),(3873,'i2csolution','0','Elsa','H900318252@clc.member',NULL,'H900318252','$2y$10$n7pc9Q9oGalknbmVT7/KC.GuzsggALrAyMFEtqce8H6jouVVfBtMu',NULL,0,NULL,'2023-04-27 01:12:25','2023-04-27 01:12:25'),(3874,'i2csolution','0','賴靜眉','P223410394@clc.member',NULL,'P223410394','$2y$10$31e.djieeUt9/PlTsJhUMu3txUcEkVOouqnt4KRaONtkn8aq9fZX.',NULL,0,NULL,'2023-04-27 01:12:50','2023-04-27 01:12:50'),(3875,'i2csolution','0','劉裕坤','L124608339@clc.member',NULL,'L124608339','$2y$10$7Kurf0qaqjDxLvYb5VoTEOADiz5JCsXv7Q0NSAqDX2n.CqGg9yMoy',NULL,0,NULL,'2023-04-27 01:29:50','2023-04-27 01:29:50'),(3876,'i2csolution','0','朱新語','H123915664@clc.member',NULL,'H123915664','$2y$10$ko5IXD/hAK/PMFo4KG45HOg5vv9CwuNuJS06MFDM/a9y25aBxg3jS',NULL,0,NULL,'2023-04-27 01:31:04','2023-04-27 01:31:04'),(3877,'i2csolution','0','楊傅錦','J120792160@clc.member',NULL,'J120792160','$2y$10$61geiCU1MTtt3rI7AW.G9.BfVjS5m3xakOWQ6Pa5BPbhoB1Ojdkge',NULL,0,NULL,'2023-04-27 07:05:49','2023-04-27 07:05:49'),(3878,'i2csolution','0','創得忠','H102173460@clc.member',NULL,'H102173460','$2y$10$8SFHI/OiMW6LgcwQ5QRIJ.5VCIzi68KWu3kX06gMcT6CF1dQGVrI.',NULL,0,NULL,'2023-04-27 07:17:14','2023-04-27 07:17:14'),(3879,'i2csolution','0','劉煥樟','J120820258@clc.member',NULL,'J120820258','$2y$10$tuA.91g1bW6PRJaVtx9aLeXNYU5sWdONUlR6VYZ2c8/Fvr5h/l4Iy',NULL,1,NULL,'2023-04-27 08:45:02','2023-04-27 15:36:52'),(3880,'i2csolution','0','朱育瑄','A221960942@clc.member',NULL,'A221960942','$2y$10$IFNmlfOS.OkmmjfrOGrzQu7umJyQZQQu17xQv7lo6mNgYM7NsTrIm',NULL,0,NULL,'2023-04-27 08:53:11','2023-04-27 08:53:11'),(3881,'i2csolution','0','施姵岑','E222571934@clc.member',NULL,'E222571934','$2y$10$EACnouCgdTV1qiHmgYmbw.0wwz/T3gqjza.JHQkD16bZdaAs0jWqu',NULL,0,NULL,'2023-04-27 09:23:48','2023-04-27 09:23:48'),(3882,'i2csolution','0','陳麗雯','F222193075@clc.member',NULL,'F222193075','$2y$10$aGqa5QILOCSgl9aUQZWv3.LQ6lvzH/7OjSdSdlpITMGs5pYxZ4f86',NULL,0,NULL,'2023-04-27 10:09:16','2023-04-27 10:09:16'),(3883,'i2csolution','0','林昌生','U121184152@clc.member',NULL,'U121184152','$2y$10$E/lLBXithdIqx2JRGavW.u6XY/j62DjI5jTf2ebF2uKSc9ved/iDy',NULL,0,NULL,'2023-04-27 10:13:58','2023-04-27 10:13:58'),(3884,'i2csolution','0','洪光倫','C120195996@clc.member',NULL,'C120195996','$2y$10$CZYLIlaWY9j81p3Xh36CPuucdiKIvp0clSBhTn5klnhHq4Oj.kUPm',NULL,0,NULL,'2023-04-27 10:17:10','2023-04-27 10:17:10'),(3885,'i2csolution','0','王宸玲','S224205738@clc.member',NULL,'S224205738','$2y$10$jd2EoKs47BVpxCmKC1y6mO4dEx35dH0f9B3C19Xgun5eV5NQFiiuK',NULL,0,NULL,'2023-04-27 12:56:56','2023-04-27 12:56:56'),(3886,'i2csolution','0','包健辰','P123654278@clc.member',NULL,'P123654278','$2y$10$2fY.gnAgKSPHYJEiUJmphuMny9s.wDhiSkhym5pegzPx4jyf38MAu',NULL,0,NULL,'2023-04-27 14:49:45','2023-04-27 14:49:45'),(3887,'i2csolution','0','郭峻瑜','S121434280@clc.member',NULL,'S121434280','$2y$10$qTYfcATZoZwaX95Fbdy61uPloblAWr2XT7bQ.e0/vuHb/vTORlzC.',NULL,0,NULL,'2023-04-27 15:19:15','2023-04-27 15:19:15'),(3888,'i2csolution','0','林澍芳','lishin520@yahoo.com.tw',NULL,'U220166107','$2y$10$M6rJ34PzBO3r9RKM8ID4y./zPoL5TrNyrM3OTWO9HVNcCZLafGbB6',NULL,1,NULL,'2023-04-28 01:29:14','2023-04-28 01:34:41'),(3889,'i2csolution','0','高紋駿','O100537828@clc.member',NULL,'O100537828','$2y$10$L37yvDxrBUPcuNWa2jnYCemvHkNITVXqb4iRaqd6vmXXWfZI3ar.C',NULL,0,NULL,'2023-04-28 04:26:59','2023-04-28 04:26:59'),(3890,'i2csolution','0','郭維文','Y100157577@clc.member',NULL,'Y100157577','$2y$10$n8dad3D0bSGC3TIVCi4PC.VihdMl3GUvRpRDLn.hZwUdFiS9IeqjO',NULL,0,NULL,'2023-04-28 05:36:35','2023-05-02 09:34:16'),(3892,'i2csolution','0','楊佳菁','C220483331@clc.member',NULL,'C220483331','$2y$10$H1l00RfPUdpAIUL9K5oCL.7C1Bw0yW/XhTz5QktmH3FYrXaBM9Zs2',NULL,0,NULL,'2023-04-28 06:06:04','2023-04-28 06:06:04'),(3893,'i2csolution','0','jonn 施瓊枝','U66b94adcba73748fa0fef0e47030ab19@tp.clc.member',NULL,'U66b94adcba73748fa0fef0e47030ab19','$2y$10$vXfvuX3I2OE34iEn.YbLTeHTtktCJMHPdMb3e1uzhI2a8MTf9nEuS',NULL,0,NULL,'2023-04-28 07:07:57','2023-04-28 07:07:57'),(3894,'i2csolution','0','施瓊枝','B200779568@clc.member',NULL,'B200779568','$2y$10$JjOByYIGSwZ1jIeUjhJWgOPHvNFv9QMucHluN4rASMoaBonxzxL9C',NULL,0,NULL,'2023-04-28 07:11:30','2023-05-02 09:31:20'),(3895,'i2csolution','0','隆超群','B120955937@clc.member',NULL,'B120955937','$2y$10$bYTknm3o4IoFeDzMNkXIN.5qo.7JXxrTad7cDL8fEaMpa9eLVpuWK',NULL,0,NULL,'2023-04-28 08:13:04','2023-04-28 08:13:04'),(3896,'i2csolution','0','Gracie-2','greap412@gmail.com',NULL,'A226570251-2','$2y$10$OxOoroCeQtvHLZzBUC3fIOlTb44iq05yF5wVP9kuOIt.14FC8.rhu',NULL,0,NULL,'2023-04-28 10:13:11','2023-05-03 03:01:24'),(3897,'i2csolution','0','蔡妙妙(test)-2','M256542354@clc.member',NULL,'M256542354-2','$2y$10$2UDFgLQZqY4O9dSXwozSx.SoYyYPLJFOvmZdujAEMC8mQv9Owr24S',NULL,0,NULL,'2023-04-28 10:27:32','2023-05-24 12:40:20'),(3898,'i2csolution','0','李慶成','Q120251285@clc.member',NULL,'Q120251285','$2y$10$iHAgfzo0bplnSUHMLdRFcuZ/j9bewR.uRDMmfzp5wRAhYv5Q8/V7q',NULL,0,NULL,'2023-04-28 10:59:06','2023-04-28 10:59:06'),(3899,'i2csolution','0','林香蘭','K222117060@clc.member',NULL,'K222117060','$2y$10$gHOdoLl3qSaXDaa2CZ9sJOXiodNZwKTzQSxYy5PmXAYLZU/FLgYsS',NULL,0,NULL,'2023-04-28 11:16:00','2023-04-28 11:16:00'),(3900,'i2csolution','0','廖正壹','P121228341@clc.member',NULL,'P121228341','$2y$10$Yi0ydwa/PivbkxpSBnNVGeFTsFoXG2JXf0z7cE28C4wRPshuLHmkW',NULL,0,NULL,'2023-04-28 13:37:16','2023-04-28 13:37:16'),(3901,'i2csolution','0','Design正壹','Ua6e94e7fa54f53fe0846c5e25804c24c@tp.clc.member',NULL,'Ua6e94e7fa54f53fe0846c5e25804c24c','$2y$10$dHMVEyp8qhhl5ZHUBYXqReZYYGUQdNsnsfa8/BXmbMsW95f0j4o9G',NULL,0,NULL,'2023-04-28 13:46:10','2023-04-28 13:46:10'),(3903,'i2csolution','0','郭智傑','D122684586@clc.member',NULL,'D122684586','$2y$10$Rn24Jpn2IbFk2G9tnMP.3.1W.hNC.47pm/3XtlA8Xr59TuybtVJLa',NULL,0,NULL,'2023-04-29 01:16:20','2023-05-03 00:53:12'),(3904,'i2csolution','0','蔡文章','A122667939@clc.member',NULL,'A122667939','$2y$10$I9A5B16Q1jHXhdLwvCh8xugm3OOB47BLpqidoHP5lsPTna51qQARy',NULL,0,NULL,'2023-04-29 02:35:02','2023-04-29 02:35:02'),(3906,'i2csolution','0','anie','U5a0a555228c99ee9939ff2561d50b22f@tp.clc.member',NULL,'U5a0a555228c99ee9939ff2561d50b22f','$2y$10$.XTlglkk8U3sUi2oTkTC4uJ9E8De6n/bKb8W20RLGKdN1b2YqeNxC',NULL,0,NULL,'2023-04-29 03:08:57','2023-04-29 03:08:57'),(3907,'i2csolution','0','孫心安','C900026389@clc.member',NULL,'C900026389','$2y$10$4tcWc1a2LbiBH4.n8tRo1O/6XEK8UIQaKb6RTLezaJR07.JabjJH2',NULL,0,NULL,'2023-04-29 03:48:28','2023-04-29 03:48:28'),(3908,'i2csolution','0','鄭景元','Y120009036@clc.member',NULL,'Y120009036','$2y$10$2vag0quVlQjb479hmooVau2nHT31QDJdLEEiAAqDEAGKEXQSzCjRm',NULL,0,NULL,'2023-04-29 04:22:01','2023-04-29 04:22:01'),(3909,'i2csolution','0','趙詩語','A222110179@clc.member',NULL,'A222110179','$2y$10$466QYDlWaBeDwZixmgJFquAAv4dr2mbDN9ZTyfHIRWQY47TA0lPua',NULL,0,NULL,'2023-04-29 07:23:47','2023-04-29 07:23:47'),(3910,'i2csolution','0','魏鳳嬌，改變自己，活出精彩。','U3598bd89fa0fc82ea678dab0ae257c20@tp.clc.member',NULL,'U3598bd89fa0fc82ea678dab0ae257c20','$2y$10$qaNjFbSv3KhAFgUtNF2cQO37F9kH/fC1JZtK.o3NlZsI6uQxy.Swi',NULL,0,NULL,'2023-04-29 07:33:58','2023-04-29 07:33:58'),(3911,'i2csolution','0','Fitriawati','F900621592@clc.member',NULL,'F900621592','$2y$10$UzniIr0tsZYSlftmOfTLF.VJ3w0mKVLP.Y3Jhg/o3MZYLzRwKnAN6',NULL,0,NULL,'2023-04-29 07:46:19','2023-04-29 07:46:19'),(3912,'i2csolution','0','小懋','Ud74232ee95e3343da2cf17b9faee43ea@tp.clc.member',NULL,'Ud74232ee95e3343da2cf17b9faee43ea','$2y$10$pVouN0HaoxHkP6wKqViOee5JrGmbRgjR5AberJEFymVj8jVmzVPWG',NULL,0,NULL,'2023-04-29 08:23:26','2023-04-29 08:23:26'),(3913,'i2csolution','0','楊月圓','U6b376c4caa0289938ccc96f32fc7119d@tp.clc.member',NULL,'U6b376c4caa0289938ccc96f32fc7119d','$2y$10$x6uFVt1pX41J4DeOdpzIaeNyLCSC9.i.qRXXsybt1wgxZDjRwIOum',NULL,0,NULL,'2023-04-29 08:33:17','2023-04-29 08:33:17'),(3914,'i2csolution','0','詹湘穎','N222234522@clc.member',NULL,'N222234522','$2y$10$qTvXWluL.IkHPX7QxJmvc.jzjwt.vr6M1DBh7ppflXP7HOvq/c1R.',NULL,0,NULL,'2023-04-29 08:36:43','2023-04-29 08:36:43'),(3915,'i2csolution','0','Mark Liu','U25a439e7cb966f63cf7dd464bb991064@tp.clc.member',NULL,'U25a439e7cb966f63cf7dd464bb991064','$2y$10$6.qDTPeyziW17FbdBSlVL.B0RtO5HS5vpHwNa33SxSpw8Btx/g3LS',NULL,0,NULL,'2023-04-29 08:52:18','2023-04-29 08:52:18'),(3916,'i2csolution','0','李台生','U9388157863e5d339b47bd45150542bd8@tp.clc.member',NULL,'U9388157863e5d339b47bd45150542bd8','$2y$10$Sk/oedhJZPFZU5JSlbiD1O4j65NjsuLTrhM0J3OsCRVxnYDp367pK',NULL,0,NULL,'2023-04-29 09:49:46','2023-04-29 09:49:46'),(3917,'i2csolution','0','李台生','S201151737@clc.member',NULL,'S201151737','$2y$10$I0Q/GnvoswOGxLb8Ux19gubolTZNpJ7WDybSpMGbgS4FHA5EA4zaW',NULL,0,NULL,'2023-04-29 09:53:01','2023-04-29 09:53:01'),(3918,'i2csolution','0','RatnaWatie','U0c13b40bb9a466b6631ae11eb506127f@tp.clc.member',NULL,'U0c13b40bb9a466b6631ae11eb506127f','$2y$10$saXWmvlVU5ZcNV6gI3yrQeXls924p4fhP/sOdSBqFcOIyi20bq/CW',NULL,0,NULL,'2023-04-29 15:53:47','2023-04-29 15:53:47'),(3919,'i2csolution','0','susiana','U2207230678717df615799dc23674f69b@tp.clc.member',NULL,'U2207230678717df615799dc23674f69b','$2y$10$k3l3YPVb8YZB51MKQGqZqOxCFaQJAWm7cLVkYVY1dEmkqzdeMiGRW',NULL,0,NULL,'2023-04-30 00:13:14','2023-04-30 00:13:14'),(3920,'i2csolution','0','Judy','A222960507@clc.member',NULL,'A222096156','$2y$10$UzAX8LYWBfgTBircqI/cqeB0mWNTpJPn5kkcr12paq7erdWlPxqGW',NULL,1,NULL,'2023-04-30 01:44:30','2023-04-30 01:59:38'),(3921,'i2csolution','0','Pei-J','U49376e6cdc1ee59093b716ac2c44a9b3@tp.clc.member',NULL,'U49376e6cdc1ee59093b716ac2c44a9b3','$2y$10$bmTFz.1S1KKGq4XTt6a36e9jgcTPejWJ.kJVYVH49UZYZgpu7ZbyK',NULL,0,NULL,'2023-04-30 02:02:59','2023-04-30 02:02:59'),(3922,'i2csolution','0','趙翊蓁','U220751580@clc.member',NULL,'U220751580','$2y$10$KLvsxvEKSbMlH0y6F22zAOI.ovfhRLioId9eDu2mUmSR3cO2xuYVa',NULL,0,NULL,'2023-04-30 03:00:28','2023-04-30 03:00:28'),(3923,'i2csolution','0','琦玉（東寧）maysie','Ud7aa335bb2b4b335f3f5e502b2a45aa8@tp.clc.member',NULL,'Ud7aa335bb2b4b335f3f5e502b2a45aa8','$2y$10$Pjo7Y8NN975oe66a/znIeeaJcAsGPtBi9qmP/mCB49NfwOPos1/hm',NULL,0,NULL,'2023-04-30 05:08:44','2023-04-30 05:08:44'),(3924,'i2csolution','0','娟','U021cd6ecfb2ef207abf0a792e7b09a7f@tp.clc.member',NULL,'U021cd6ecfb2ef207abf0a792e7b09a7f','$2y$10$3jDTFZJuQbLTXUUhmpkYrOn8LyO2PuTpIIXfcGJDbddfCwr/zotlW',NULL,0,NULL,'2023-04-30 05:19:38','2023-04-30 05:19:38'),(3925,'i2csolution','0','大 羅 最 愛 您 最 愛 您 最 愛您','U61e837adb70d0790323742f0429c7f3c@tp.clc.member',NULL,'U61e837adb70d0790323742f0429c7f3c','$2y$10$tiaT29YgCezkO8tft4lRGucGZct7tUF.xklFleKspO7VdhjdFJ8/S',NULL,0,NULL,'2023-04-30 05:21:45','2023-04-30 05:21:45'),(3926,'i2csolution','0','廖潘素蓮','U2fd7e5caab2fb246654523cca4f0c2c7@tp.clc.member',NULL,'U2fd7e5caab2fb246654523cca4f0c2c7','$2y$10$1n29B1VKOKm2HaSlYStKyeQoz/8X9MOKGzK6gG0E3lcWOo7hWDPD6',NULL,0,NULL,'2023-04-30 05:23:23','2023-04-30 05:23:23'),(3927,'i2csolution','0','羅德輝','N120789915@clc.member',NULL,'N120789915','$2y$10$jUETCHfuaNTsOyW8AB4yfufttmMJ24DFnDilN7mlaoxSMnsjKcNLK',NULL,1,NULL,'2023-04-30 05:28:15','2023-04-30 05:28:43'),(3928,'i2csolution','0','鄧有勝','K100617103@clc.member',NULL,'K100617103','$2y$10$TOh0J2JRpxbLFg6yVWKiYuDe4vYRHhCbFkJIf9mrYt3upqBQpd50a',NULL,0,NULL,'2023-04-30 05:34:00','2023-04-30 05:34:00'),(3929,'i2csolution','0','嚴瑩','U16c35aa6c3de58ee81f724106aa9ed63@tp.clc.member',NULL,'U16c35aa6c3de58ee81f724106aa9ed63','$2y$10$bx2AVUAeDy6ABf3pC/7YxOtKqhcoG.Ef7qEEatvk/OHpj63H.zs/a',NULL,0,NULL,'2023-04-30 05:35:59','2023-04-30 05:35:59'),(3930,'i2csolution','0','陳名泓','R120458418@clc.member',NULL,'R120458418','$2y$10$v0GBkYUnKz.1QmiG/.BOZe69dJ5qc3nI4qhoGJ.TG/UxLOsv6zzQ6',NULL,0,NULL,'2023-04-30 11:16:46','2023-04-30 11:16:46'),(3931,'i2csolution','0','Puji Astuti','R900036118@clc.member',NULL,'R900036118','$2y$10$WHhwLRN1FzkqhslsRf50CernDmFqDqKrjGiheh2p34AjVMPAjOCO2',NULL,0,NULL,'2023-05-01 02:36:42','2023-05-01 02:36:42'),(3932,'i2csolution','0','曾潓臻','H221545540@clc.member',NULL,'H221545540','$2y$10$nm8r9A2c3zrQLs9Sm9cQSOz9nnjPEuj9ldzGPop5nRrMoERDU/9qq',NULL,0,NULL,'2023-05-01 06:29:21','2023-05-01 06:29:21'),(3933,'i2csolution','0','曾隆健','H102158043@clc.member',NULL,'H102158043','$2y$10$OdChTSmuZb23NNiE0L9nfOPWUlL54PxlvZcy1IhgOzUtMB8wOT1B6',NULL,0,NULL,'2023-05-01 07:39:25','2023-05-01 07:39:25'),(3934,'i2csolution','0','鍾肇珍','H102078764@clc.member',NULL,'H102078764','$2y$10$61nvjokf19a.aaww4qhkVu18DyvBnIH9gko4Nb3IjGvgyh/ieanyu',NULL,0,NULL,'2023-05-01 08:48:08','2023-05-01 08:48:08'),(3936,'i2csolution','0','周 菊','D201145684@clc.member',NULL,'D201145684','$2y$10$sr0t5ifxxBuiuOaNwH9IW.4ZBumfmvagobrnl0GGJo.SEChh6NgvS',NULL,0,NULL,'2023-05-02 04:13:25','2023-05-02 04:13:25'),(3937,'i2csolution','0','劉佩蓉','F225064099@clc.member',NULL,'F225064099','$2y$10$iZcv9wv.Hrc2ogYIgSS8ZezMEotTnP1JmcJj5lROUOw4g/SygzPkW',NULL,0,NULL,'2023-05-02 05:29:18','2023-05-02 05:29:18'),(3938,'i2csolution','0','張詠婕','F225163346@clc.member',NULL,'F225163346','$2y$10$bX0/26eo1R.BLxyOLCBgy.oWBxdOuGxl.sVppEzWdmhI7WccS7iZm',NULL,0,NULL,'2023-05-02 07:47:35','2023-05-02 07:47:35'),(3939,'i2csolution','0','林芳諄','C200586886@clc.member',NULL,'C200586886','$2y$10$ch/QkhTNgWu0haILDzVUx.ckAAJ1Rp/VJvA/Rl858xmDhjNTEAlHW',NULL,0,NULL,'2023-05-02 09:50:09','2023-05-02 09:50:09'),(3940,'i2csolution','0','陳雪雲','H221780772@clc.member',NULL,'H221780772','$2y$10$11dLPWyu6rdDYJ33JvYk.OzZNCxNL8Rv6KepPYjuna8A/nn9Jy.vS',NULL,0,NULL,'2023-05-02 11:01:02','2023-05-02 11:01:02'),(3941,'i2csolution','0','高若眞','V200540868@clc.member',NULL,'V200540868','$2y$10$knwQoMUU8dT7OncOWRoRI.8puo8BsUHkrhwZx1.CrOxQfPI8FztJW',NULL,0,NULL,'2023-05-02 12:59:50','2023-05-02 12:59:50'),(3945,'i2csolution','0','Cholif Tifani','U900041167@clc.member',NULL,'U900041167','$2y$10$Nu3a8S7D25SaoyYZlTDKOuRCP0qdYrKVz0y1N/q2ianJjSWM9SrDe',NULL,0,NULL,'2023-05-03 05:55:30','2023-05-03 05:55:30'),(3946,'i2csolution','0','田麗榛','M201288734@clc.member',NULL,'M201288734','$2y$10$/17OiXeiDMRsCBKxudEyWeKP3bOgAI/BodRg7nhwHZUpXD4xege1S',NULL,0,NULL,'2023-05-03 06:29:40','2023-05-03 06:29:40'),(3947,'i2csolution','0','趙家鋒','A120326033@clc.member',NULL,'A120326033','$2y$10$YFHBnk7QPgRintk0Y/kVZ.teERQBfoc1zHDS3nDyn5Bd8pWzZM63u',NULL,0,NULL,'2023-05-03 08:04:32','2023-05-03 08:04:32'),(3948,'i2csolution','0','紀金','H220753168@clc.member',NULL,'H220753168','$2y$10$WWzwWAnX0zvOBstXAZT1n.2cmI2Wftczn3sIcn3A0YTxd80yunLeC',NULL,0,NULL,'2023-05-03 08:04:42','2023-05-03 11:40:43'),(3949,'i2csolution','0','Maria ulfa','Ud00216939@clc.member',NULL,'Ud00216939','$2y$10$1tM6.UWW1bi.xyrhkYIInuLBbwGSGPxRICIFEMNNwd.O/toRUhMF2',NULL,0,NULL,'2023-05-03 10:29:51','2023-05-03 10:29:51'),(3950,'i2csolution','0','黃淑芬/Vivian Huang','U25afca512f173eb2da9b94f613584348@tp.clc.member',NULL,'U25afca512f173eb2da9b94f613584348','$2y$10$69uWczBU.nuM7F7iVgSHB.coO2glxzaN6FhsFRSrY1HHzQ36FtKTK',NULL,0,NULL,'2023-05-03 13:22:03','2023-05-03 13:22:03'),(3955,'i2csolution','0','黃俊瑋','H123592081@clc.member',NULL,'H123592081','$2y$10$QktJ0FV0OOPxfo8zqIDsYuVo/sI1UUXxsTkTvxhbfWqI2ei5XPE1m',NULL,0,NULL,'2023-05-04 04:25:17','2023-05-04 04:25:17'),(3956,'i2csolution','0','劉奕岑','F224668306@clc.member',NULL,'F224668306','$2y$10$3eWoMKK/gI3VNqoCsWF8a.bB9Mronu.erPwGGLUJ6qDVhjiwIz5Iy',NULL,0,NULL,'2023-05-04 04:42:45','2023-05-04 04:42:45'),(3957,'i2csolution','0','黃春菁','A226788682@clc.member',NULL,'A226788682','$2y$10$8zs29r2fz18ltumbWEaW8OxwDAbeX12l7qAn4lVOwRgaMocNh9fim',NULL,0,NULL,'2023-05-04 04:46:38','2023-05-04 04:46:38'),(3958,'i2csolution','0','范欽源','K100814246@clc.member',NULL,'K100814246','$2y$10$PLmpHBq5v7X6GxCdE8k2..PUDkCrsfz6yoVNJymf7zdifN5Rr8gbO',NULL,0,NULL,'2023-05-04 07:30:37','2023-05-04 07:30:37'),(3959,'i2csolution','0','∞︎︎•TIMA•∞︎︎','Ue8f18cbcfbe6489eb16a8758d99cb95e@tp.clc.member',NULL,'Ue8f18cbcfbe6489eb16a8758d99cb95e','$2y$10$a63aN9FlJ4mJDLWm893cCOrHHZ/ebb61DoL8ctg6s6qpCABUB9DvW',NULL,0,NULL,'2023-05-04 11:15:30','2023-05-04 11:15:30'),(3960,'i2csolution','0','謝奇昌','B120434700@clc.member',NULL,'B120434700','$2y$10$k7p66k9VNvH7zA39uSjn8e8xl0zAe9Pq2GuQLeMAenEp102E5WZlq',NULL,0,NULL,'2023-05-04 13:01:41','2023-05-04 13:01:41'),(3965,'i2csolution','0','maria sh','U6ecb64c18d120edc5098ed2ec2dd07c2@tp.clc.member',NULL,'U6ecb64c18d120edc5098ed2ec2dd07c2','$2y$10$ANa0Z99VohjPNM/LSQUFVeAhT3evLVOPNnrBQ4O/wLvSKqWDvs6xu',NULL,0,NULL,'2023-05-05 03:06:14','2023-05-05 03:06:14'),(3966,'i2csolution','0','徐玉軒','H224854779@clc.member',NULL,'H224854779','$2y$10$UlWYOh86HPS705x1Ucop6eIHs2Cbsw7yDVPJhL7SSA56n5aBjl.fm',NULL,0,NULL,'2023-05-05 03:21:50','2023-05-05 03:21:50'),(3967,'i2csolution','0','軒?','U988dd46a812f9ce9e6682c5608a42226@tp.clc.member',NULL,'U988dd46a812f9ce9e6682c5608a42226','$2y$10$fJcHAghMu6FkddooAcFjLuMsIftB85ZXJBLwCEFSKewl/7C1vi/6q',NULL,0,NULL,'2023-05-05 04:10:57','2023-05-05 04:10:57'),(3968,'i2csolution','0','Yue shun lin','A101166115@clc.member',NULL,'A101166115','$2y$10$wm/KL1CvD3iX2AqiPfneB.RMVFwYze1qXXt3Gg.j/3UXUqzpHewMi',NULL,0,NULL,'2023-05-05 06:27:08','2023-05-05 06:27:08'),(3969,'i2csolution','0','趙偉','F101970687@clc.member',NULL,'F101970687','$2y$10$dxR1BoagUIvQP4zvCAcloen4lAavWFnREH.QgnoGmaoa9DouAGRP.',NULL,0,NULL,'2023-05-05 08:43:26','2023-05-05 08:43:26'),(3970,'i2csolution','0','楊天來','F123099663@clc.member',NULL,'F123099663','$2y$10$Gpl4pAjq9KjAyan/I0aWwuWEOi/Yc4m0OXIywzO2Rgnk0RX8.r716',NULL,0,NULL,'2023-05-05 08:50:49','2023-05-05 08:50:49'),(3972,'i2csolution','0','姚嘉政','F125350061@clc.member',NULL,'F125350061','$2y$10$47VNiXPkMo.R2BpkizLoZu.9nU65KyTbYIIvKm.FusIiok9UsMMRW',NULL,0,NULL,'2023-05-05 09:10:43','2023-05-05 09:10:43'),(3973,'i2csolution','0','biII','H120786084@clc.member',NULL,'H120786084','$2y$10$8BUtnYubwOJIK4UpQSJg.e4u5sH5PaXTFv09JSo2WBbuxJKpjvD4a',NULL,0,NULL,'2023-05-05 12:17:31','2023-05-05 12:34:55'),(3974,'i2csolution','0','Nguyễn Thị Duyên','F900047407@clc.member',NULL,'F900047407','$2y$10$oKih7ujGdz7/fQzGinO6T.0mnkgfMwI5iMbueNryi.DbfrQukucl6',NULL,0,NULL,'2023-05-05 12:33:20','2023-05-05 12:33:20'),(3975,'i2csolution','0','陳怡臻','O200213227@clc.member',NULL,'O200213227','$2y$10$HIYn7fp8AyNxmD29wKikE.OMba5aU4sDOgysqSXV4wrvJcPIeTza6',NULL,0,NULL,'2023-05-05 13:02:42','2023-05-05 13:02:42'),(3977,'i2csolution','0','陳莉芳','A227289544@clc.member',NULL,'A227289544','$2y$10$7FCJ/xW1ef0xMTu7dIqUVeoHieTmjE9rLCQf5LrGQIASx5GVorX2O',NULL,0,NULL,'2023-05-05 16:44:46','2023-05-05 16:44:46'),(3978,'i2csolution','0','Mulyono','F800297576@clc.member',NULL,'F800297576','$2y$10$1LsGKWjogDjbHRfuJwbpJuo49B6E9C.Y5wYmneJy0nT0kupkVgP56',NULL,0,NULL,'2023-05-07 02:23:56','2023-05-07 02:23:56'),(3979,'i2csolution','0','張佑瑋','H224360567@clc.member',NULL,'H224360567','$2y$10$WAtgsi3cdcUUi22dSw.W6u3h9s00Q0MnrDB4aYYtYGJbtdCPaqfRC',NULL,0,NULL,'2023-05-08 06:09:59','2023-05-08 06:09:59'),(3980,'i2csolution','0','Unayung Chen','U79598c7ef4c539caad34333ee050c828@tp.clc.member',NULL,'U79598c7ef4c539caad34333ee050c828','$2y$10$Ije4wh3LzHce9DvJ4cmS1OHjsuQTYKpiwu8msYXN/BJEdpEVhbI7u',NULL,0,NULL,'2023-05-08 13:24:57','2023-05-08 13:24:57'),(3981,'i2csolution','0','蔡淳縈','L220718327@clc.member',NULL,'L220718327','$2y$10$IHCyGZqxIxqUXRghhVNguebdt9KZY4jF1Q9THVE6w19YDdGBV9tWG',NULL,0,NULL,'2023-05-09 04:46:56','2023-05-09 04:46:56'),(3982,'i2csolution','0','蔡宛娟','L220718318@clc.member',NULL,'L220718318','$2y$10$aOoP7XHem9fJFAuhEEhmK.sV11iNdDbBINGYE2MqmJEkS4w4UEziS',NULL,0,NULL,'2023-05-09 05:08:20','2023-05-09 05:08:20'),(3983,'i2csolution','0','陳嬿伊','F224326714@clc.member',NULL,'F224326714','$2y$10$2DWsyE8dTlAdywfpn2.ZZ.3SRLihgKFREUkCw3V4b81km.w6MVC72',NULL,0,NULL,'2023-05-09 06:39:51','2023-05-09 06:39:51'),(3984,'i2csolution','0','李冠逸','D122525279@clc.member',NULL,'D122525279','$2y$10$81cGxTiHwc0R5bscBi8hqOOYuqQIcaIVaScBmG4a01wsjyWPWU4ea',NULL,1,NULL,'2023-05-09 06:59:54','2023-05-09 07:01:28'),(3985,'i2csolution','0','謝秀麟','f120294308@clc.member',NULL,'f120294308','$2y$10$viPjE7WfErC.ylOlmqnZnO.rfkr9pY4B4B4A97fu7VpfPbCmQIrB2',NULL,0,NULL,'2023-05-09 07:49:52','2023-05-09 07:49:52'),(3986,'i2csolution','0','楊崎英','Uf44c1f069a29f1e71459ef6136e549a7@tp.clc.member',NULL,'Uf44c1f069a29f1e71459ef6136e549a7','$2y$10$u5P2/J39Lmfvf3KtWlN47eObuXw68Fjtwnv.rll/cK2JeI6UMJKDO',NULL,0,NULL,'2023-05-09 08:27:41','2023-05-09 08:27:41'),(3987,'i2csolution','0','劉煥樟','U346225901f56a0aafbf70cfbdc5c748a@tp.clc.member',NULL,'U346225901f56a0aafbf70cfbdc5c748a','$2y$10$qlGFgHTS2HqRPIp.4duoUujOwOOhPOW7Tr4jNYU6FKiV.KaU0uHg.',NULL,0,NULL,'2023-05-09 08:37:22','2023-05-09 08:37:22'),(3989,'i2csolution','0','林荺曦','F227976298@clc.member',NULL,'F227976298','$2y$10$ZmsHu1SaxTt38fXftkrnwO8HNYCVX1kwJHD/7NJ0rY.bFdAFEtSvy',NULL,0,NULL,'2023-05-09 11:48:58','2023-05-10 07:45:25'),(3990,'i2csolution','0','陳景玟','V221487580@clc.member',NULL,'V221487580','$2y$10$YfcqA0lkyrwTjBgp43IP.OAOoJbTJ4c1fkv8kLbzeiRy7KK3tIJ62',NULL,0,NULL,'2023-05-09 12:54:05','2023-05-09 12:54:05'),(3991,'i2csolution','0','周名立（我是光）','Ue727f6dc15a4d6a17b6be2abd02e4a51@tp.clc.member',NULL,'Ue727f6dc15a4d6a17b6be2abd02e4a51','$2y$10$WCEVYi9FUhWK4w2r1pnicORL/OvDCT5Os30km.6rw6J2n9FQfX8De',NULL,0,NULL,'2023-05-10 10:09:19','2023-05-10 10:09:19'),(3993,'i2csolution','0','周佳穎','F227864659@clc.member',NULL,'F227864659','$2y$10$nhMDkP5U0SpTMF.M92xlYuP3gz7nYXvv2Zc45NG9kxi7CfKpFmtxi',NULL,0,NULL,'2023-05-10 10:11:54','2023-05-10 10:59:14'),(3994,'i2csolution','0','Gary','U9a443079d52fa692bebab60533c04022@tp.clc.member',NULL,'U9a443079d52fa692bebab60533c04022','$2y$10$lcJ1OVclNkjsXpj6qfhv8ueeMIbIaQ/06jYq0Mc2nVZNEGgthuu.G',NULL,0,NULL,'2023-05-10 10:17:23','2023-05-10 10:17:23'),(3995,'i2csolution','0','YouRoy','a18193579@yahoo.com.tw',NULL,'9747674741913178','$2y$10$0Ir0PlV4xwwzGEjJqTahiO0o0IHCOFHHHZwieKEGrtoAnBKBupXYO',NULL,0,NULL,'2023-05-11 07:11:38','2023-05-11 07:11:38'),(4000,'i2csolution','0','☀️晴-Sunny','Uba7f06f416ac1e5d975c89a038431b71@tp.clc.member',NULL,'Uba7f06f416ac1e5d975c89a038431b71','$2y$10$M5orYFNibXilMYOkOOHhFezIssOXMxKnzi9DMzZQHtsMvInuNHYa2',NULL,0,NULL,'2023-05-11 09:19:43','2023-05-11 09:19:43'),(4001,'i2csolution','0','陳雪麗','F203809736@clc.member',NULL,'F203809736','$2y$10$L0EGrBjd8GXRJqKowSEWIednVf4VJsZRBIMGIAMz7LnaDp2AObD.O',NULL,0,NULL,'2023-05-11 10:28:46','2023-05-11 10:28:46'),(4002,'i2csolution','0','王昊維','corrine28@hotmail.com',NULL,'6961378567','$2y$10$R6Pz4.QotgpsF8htYE6EkunLW0SfgXSnjVk0mWBEJBeCKdlxTrNyO',NULL,0,NULL,'2023-05-11 13:09:17','2023-06-06 14:45:37'),(4003,'i2csolution','0','吳明慧','F221271838@clc.member',NULL,'F221271838','$2y$10$SNnQPMCCoFOZoFe3QGqXO.qThhq9Dq0SOU1/KNHZYJWSA6e0o0bbi',NULL,0,NULL,'2023-05-11 13:41:03','2023-05-11 13:41:03'),(4004,'i2csolution','0','方清滿','P120323454@clc.member',NULL,'P120323454','$2y$10$wCXYKHlWA76WvNSqVg/4PeEd6g6Ip60ullC2dx.7eYCryw7rMpV4S',NULL,0,NULL,'2023-05-12 02:43:16','2023-05-12 02:43:16'),(4006,'i2csolution','0','林子文','P101623788@clc.member',NULL,'P101623788','$2y$10$BmXsh1iJDBKbNIyrDm34G.c17vIOpL5bG7rEdB2n23TXVtJ0/RFje',NULL,0,NULL,'2023-05-12 06:15:38','2023-05-12 09:28:39'),(4007,'i2csolution','0','呂柏彥','F128081054@clc.member',NULL,'F128081054','$2y$10$jCvsuYKK0tWDTWJu1MSV3utqIqJ1Lqrzh46ZO5O9gakWOySkO4GY2',NULL,0,NULL,'2023-05-12 08:53:35','2023-05-12 08:53:35'),(4008,'i2csolution','0','張憶臻','F222831918@clc.member',NULL,'F222831918','$2y$10$hKKYX9tN3gmXipQiLLU/9udHsuRh5VP13.RMCdYxmzYAppXSinMRG',NULL,0,NULL,'2023-05-12 09:31:04','2023-05-12 09:31:04'),(4009,'i2csolution','0','阮麗秋','F260123853@clc.member',NULL,'F260123853','$2y$10$mLkrWz.iP3drYuuv9GRQ5uW6Syhr8rW9AR7azLCGJDJPmqhL/AkQK',NULL,0,NULL,'2023-05-12 09:50:10','2023-05-12 09:50:10'),(4010,'i2csolution','0','Johnson®?','Uab27d233d0d08cd33cd8e8c2150c1059@tp.clc.member',NULL,'Uab27d233d0d08cd33cd8e8c2150c1059','$2y$10$b8TKkq4Xdhh0FIr/YIGzs.l3ZytUOLhcKx0jbPrWmZBpnhRbM1gte',NULL,0,NULL,'2023-05-12 13:37:53','2023-05-12 13:37:53'),(4011,'i2csolution','0','韋政','Udf5dc61fa5c1c9c6c317e4c6fb12249c@tp.clc.member',NULL,'Udf5dc61fa5c1c9c6c317e4c6fb12249c','$2y$10$EMw8/jXi/1ji9pteTJwnMeWdoq.NcGQAuflHwO4XLpt0/D7CVVMW.',NULL,0,NULL,'2023-05-12 13:39:30','2023-05-12 13:39:30'),(4012,'i2csolution','0','王紫   騏','F203368990@clc.member',NULL,'F203368990','$2y$10$zR8192TmXZe3gDNEY9/6aOKFuK4D/rbN0CUdDp0.DGvUZsNYxK9fi',NULL,0,NULL,'2023-05-13 05:15:09','2023-05-13 05:15:09'),(4013,'i2csolution','0','小敏','U7acf3b6dee0131edcc251659d2b3d433@tp.clc.member',NULL,'U7acf3b6dee0131edcc251659d2b3d433','$2y$10$nxALAt4RIhPJHJkvGhCFsezZs1TRvW.LWugCciMPrwLtawqJZBAKe',NULL,0,NULL,'2023-05-13 05:15:39','2023-05-13 05:15:39'),(4014,'i2csolution','0','范紫晴','M200644032@clc.member',NULL,'M200644032','$2y$10$OPAiTuodFmqLQtIRV5cp1O6DaO1/xshdO9WK2e7KubN0QmGESSFUS',NULL,0,NULL,'2023-05-13 05:20:41','2023-05-13 05:20:41'),(4015,'i2csolution','0','Ria','H900304650@clc.member',NULL,'H900304650','$2y$10$SPtrC5i3569Olplpa1zms.luazx5Qzf.ljWwgsLotsItxtM6/Jg4C',NULL,0,NULL,'2023-05-14 05:30:00','2023-05-14 05:30:00'),(4016,'i2csolution','0','吳世銘','H120099725@clc.member',NULL,'H120099725','$2y$10$tU48iZWX7Ri1sF9F1F6KVeu.og9Zrz5kjI4MPMs2RD5bKYGy6VKBq',NULL,0,NULL,'2023-05-14 06:10:14','2023-05-14 06:10:14'),(4017,'i2csolution','0','林雅瑩','V220806572@clc.member',NULL,'V220806572','$2y$10$w1TylIjV6YaWeWdWf/nCWOELWIxa2R6WJHZyMFe//u6GZ9eAiC42C',NULL,0,NULL,'2023-05-14 16:05:44','2023-05-14 16:05:44'),(4018,'i2csolution','0','林欣樺','K222705033@clc.member',NULL,'K222705033','$2y$10$tSfmJlZjM5xadQ0zuE6rhu1nVXebdQqWh3g75QvSeDYuuiXEP2EHq',NULL,0,NULL,'2023-05-15 07:43:55','2023-05-15 07:43:55'),(4019,'i2csolution','0','潘昆成','T121411260@clc.member',NULL,'T121411260','$2y$10$.Vnp7Q9Q76k29OOBGuhOOusgRGUbAVeY3ftc5bXyGE0MaVD5RD4CS',NULL,0,NULL,'2023-05-15 14:36:51','2023-05-15 14:36:51'),(4021,'i2csolution','0','姜書友','E100941583@clc.member',NULL,'E100941583','$2y$10$r/PCmy6ukxQRCkZdkOJNGexx21rhC0mHOQUPmScBTDzLb7LBIwKR2',NULL,0,NULL,'2023-05-16 03:38:03','2023-05-16 03:38:03'),(4022,'i2csolution','0','Annie Shern','U17f081786f25d57f83d573b1d25d40e5@tp.clc.member',NULL,'U17f081786f25d57f83d573b1d25d40e5','$2y$10$.MHNcQjPgNpWxtgMoNc9ke6ANm6jqiQ6M8brfNSafCrbPn9g0oZjC',NULL,0,NULL,'2023-05-17 05:22:07','2023-05-17 05:22:07'),(4023,'i2csolution','0','賴思蓉','U84e186805db73138d417e36129b81ced@tp.clc.member',NULL,'U84e186805db73138d417e36129b81ced','$2y$10$Q57qoad13hdQjwO4SwI49Oh.2etuaNYU2h7Yfa1vfZsXsRYSpf4QW',NULL,0,NULL,'2023-05-17 05:22:36','2023-05-17 05:22:36'),(4024,'i2csolution','0','黃韻薇','J221942773@clc.member',NULL,'J221942773','$2y$10$BRL5BAFwCZnqOorQKy8Ttu7vKVCXIcwWMhRervJI1P6XhQ1UAc0jO',NULL,0,NULL,'2023-05-18 02:14:53','2023-05-18 02:14:53'),(4025,'i2csolution','0','曾惠偵','M220610943@clc.member',NULL,'M220610943','$2y$10$yyM0gHIiqgnyK/1aqTFXp.26sU7IDPswR76NGKRScLmD.En07F7hO',NULL,0,NULL,'2023-05-18 04:13:48','2023-05-18 04:13:48'),(4026,'i2csolution','0','張晃銘','M120267397@clc.member',NULL,'M120267397','$2y$10$78/njbNeNJMBn9GiTzvRiOHVvDO.Yr9ulGM3evTjVwz2cADHEhCGq',NULL,0,NULL,'2023-05-18 05:30:26','2023-05-18 05:30:26'),(4027,'i2csolution','0','蔡坤達','A120956022@clc.member',NULL,'A120956022','$2y$10$Maoya7K/Rb8RzSmA7y2fP.B2vu8JF03V6VvKG2z09xoSgbtVBtaDS',NULL,0,NULL,'2023-05-18 05:31:48','2023-05-18 05:31:48'),(4028,'i2csolution','0','陳玉蓮','H200862699@clc.member',NULL,'H200862699','$2y$10$eIKeA7ZDEKzonPsG7XtmMudg4/73bgklseMkBudgxfiBR5qc4eKXS',NULL,0,NULL,'2023-05-18 05:41:45','2023-05-18 05:41:45'),(4029,'i2csolution','0','劉科文','T125671039@clc.member',NULL,'T125671039','$2y$10$DOPzxiOQ3Ih01raIBvsPkunbJvOv.Ve2jBngBEFf0tmcQIyQXSmay',NULL,0,NULL,'2023-05-18 06:46:49','2023-05-18 06:46:49'),(4030,'i2csolution','0','林和珅','n1o2954352@clc.member',NULL,'n1o2954352','$2y$10$QITXp8FkOC9oGsaWrl5sXONPvu66xkFpkc2sql8iPUj2yb/EDnxei',NULL,0,NULL,'2023-05-18 07:52:12','2023-05-23 11:53:28'),(4031,'i2csolution','0','徐永泉','H100927839@clc.member',NULL,'H100927839','$2y$10$djB3CV4cZ/u6.NvCPf6aTOOwJup9W0Ny4QzYlY//FgtiFBHeN.xvq',NULL,0,NULL,'2023-05-18 07:55:29','2023-05-18 07:55:29'),(4032,'i2csolution','0','楊春秀','H220188292@clc.member',NULL,'H220188292','$2y$10$31sqaQCoi/DGQmY7.8bHM.2VCWeJ0CckpGc9JdACykOubXdzKLkeO',NULL,0,NULL,'2023-05-18 08:15:54','2023-05-18 08:15:54'),(4034,'i2csolution','0','張智翔','N120900263@clc.member',NULL,'N120900263','$2y$10$7iMneWQjIDKXg9KBuI192.YQIeiJEKssnLSHioTfrg7P1cZNHwyzi',NULL,0,NULL,'2023-05-18 08:51:36','2023-05-18 08:51:36'),(4035,'i2csolution','0','曾雅慧','Q222530870@clc.member',NULL,'Q222530870','$2y$10$0ZXazt5B4OqbzaeHozs/P.rNngTo4IaZ1pdJmFekBYh2rriRqRqfa',NULL,0,NULL,'2023-05-19 01:36:26','2023-05-19 01:36:26'),(4036,'i2csolution','0','陳詠揚','H124501039@clc.member',NULL,'H124501039','$2y$10$te4aBw4PvOB.vyKYItBXQeH.nG5y0Mqho.vmLgKz9t.D9IYH9WNxu',NULL,0,NULL,'2023-05-19 05:02:51','2023-05-19 05:02:51'),(4037,'i2csolution','0','郭建明','Uc21786a1aeb2792f6c6c3766289a3a43@tp.clc.member',NULL,'Uc21786a1aeb2792f6c6c3766289a3a43','$2y$10$yet3faVuPMHINTd.WKu.DOB7lOKj38tD5JL5byzuf606btc4pveIa',NULL,0,NULL,'2023-05-19 05:31:55','2023-05-19 05:31:55'),(4038,'i2csolution','0','?️ 凱心','Uc16167c0c03341a59235585ca0910359@tp.clc.member',NULL,'Uc16167c0c03341a59235585ca0910359','$2y$10$uAhleiNRHLked/ZHD80MG.gb4TU.DXwPjWuwnGsN3ZcS8y1DhNDfi',NULL,0,NULL,'2023-05-19 05:42:54','2023-05-19 05:42:54'),(4039,'i2csolution','0','Mr.馬丁先生','Uc76fbc2f1fd66a01e0056dd53792fb5e@tp.clc.member',NULL,'Uc76fbc2f1fd66a01e0056dd53792fb5e','$2y$10$.YYMrxoq8eYq4bZsKXMbqujf/VaayFQKIyTSnerDthPxbNy3kLBNi',NULL,0,NULL,'2023-05-19 06:11:01','2023-05-19 06:11:01'),(4040,'i2csolution','0','陳彥愷','Q123671109@clc.member',NULL,'Q123671109','$2y$10$WCjef/.1iuZSAS0KBzeaWupS9CGzcS6Wv4pgcQtYZhzVaiq5uMreS',NULL,0,NULL,'2023-05-19 06:14:37','2023-05-19 06:14:37'),(4041,'i2csolution','0','唯心♡','U3186efc83085f61ddb67daa9572d25c8@tp.clc.member',NULL,'U3186efc83085f61ddb67daa9572d25c8','$2y$10$pHWAnb.eLuvgWNQ7qU50W.7uMU10ZcIfmW5MMLOOqutpK1vOYhrR2',NULL,0,NULL,'2023-05-19 06:16:08','2023-05-19 06:16:08'),(4042,'i2csolution','0','伍柳珍','A210287629@clc.member',NULL,'A210287629','$2y$10$PBMADdtahq485x5yJkEOP.Ek4xyb0KP22n/UifVajm/MmZb/jqBGq',NULL,0,NULL,'2023-05-19 07:22:47','2023-05-19 07:22:47'),(4043,'i2csolution','0','高樹廟','F124638959@clc.member',NULL,'F124638959','$2y$10$su3WTonxME2Jg9/RZsjqAebY6n5Wba7lM9KMVVxn8hdN2vgUQ6gtq',NULL,0,NULL,'2023-05-19 09:51:19','2023-05-19 09:51:19'),(4044,'i2csolution','0','陳富玫','F225212764@clc.member',NULL,'F225212764','$2y$10$xlD7sYq.lZtTEjeIOTWR1.F0TS1hWfHUBNOuahH.e6Mx45bphgfAi',NULL,0,NULL,'2023-05-19 09:53:07','2023-05-19 09:53:07'),(4045,'i2csolution','0','Tong❤️','Ua9fb4d74bdd2bd7995674d67aefdca56@tp.clc.member',NULL,'Ua9fb4d74bdd2bd7995674d67aefdca56','$2y$10$6NYbMsJmoRZpDTdwfRAkD.uJeM9rg616/eN0fH54uXsBpFh/Mshxi',NULL,0,NULL,'2023-05-19 11:36:38','2023-05-19 11:36:38'),(4046,'i2csolution','0','小?️/Kelly','U2e6a09980037287e2fc98a61189990b4@tp.clc.member',NULL,'U2e6a09980037287e2fc98a61189990b4','$2y$10$SUxiSnjjXojLblWsoJwYh.JoLkHH55FtUl09KfBr8ub.5JwLjLb5W',NULL,0,NULL,'2023-05-19 11:38:08','2023-05-19 11:38:08'),(4047,'i2csolution','0','孫田震','A120680023@clc.member',NULL,'A120680023','$2y$10$CwECjr4EAGbnM5eWPync7eJxcTrnQQ4LS6rHDnYzN6Mkbq8UAbYoK',NULL,0,NULL,'2023-05-19 11:40:43','2023-05-19 11:40:43'),(4048,'i2csolution','0','施禎祥','N101927315@clc.member',NULL,'N101927315','$2y$10$d7U1rhxXOmZFad6qen/hOuTstIE3nJQuleGQnJZn2fVQhdgMXujM.',NULL,0,NULL,'2023-05-19 12:46:24','2023-05-19 12:46:24'),(4049,'i2csolution','0','陳治蘭','k220056733@clc.member',NULL,'k220056733','$2y$10$WSoY9.49/BUXxe/otv0qmOX7uLCBfBhGp6wkNAP.tcFs9aULPOPGu',NULL,0,NULL,'2023-05-19 13:23:13','2023-05-19 13:23:13'),(4050,'i2csolution','0','carol  許琦','Uaa3eeb1940c8ceaa514dab01f0d943a8@tp.clc.member',NULL,'Uaa3eeb1940c8ceaa514dab01f0d943a8','$2y$10$rNDOGKMiMLjznnWaQx/WW.iruuw86GGWt6mCkyIqR6Ghjx5mwHMS6',NULL,0,NULL,'2023-05-19 16:49:04','2023-05-19 16:49:04'),(4051,'i2csolution','0','陳治生','K101877783@clc.member',NULL,'K101877783','$2y$10$6aGZbb4b697WK935ZjcoxOq5ZjVEXMcpmrqWnKWsCRht7kEKi7HTm',NULL,0,NULL,'2023-05-19 23:20:21','2023-05-19 23:20:21'),(4052,'i2csolution','0','郭家豪','A126318546@clc.member',NULL,'A126318546','$2y$10$VadJz9arvcGTT65/S8vTQOC8zbp5fj2bpU0oQeyDoYsU.ougsjALK',NULL,0,NULL,'2023-05-20 03:33:17','2023-05-20 03:33:17'),(4053,'i2csolution','0','鄭淇睿','J221253244@clc.member',NULL,'J221253244','$2y$10$JHw11rFNEqVLosUSrjnVG.004FXqptgi8LcySbGzwv9m3UGo9dkry',NULL,0,NULL,'2023-05-20 08:00:59','2023-05-20 08:00:59'),(4054,'i2csolution','0','姚竺妘','U60429ca29100562b898000be720309d4@tp.clc.member',NULL,'U60429ca29100562b898000be720309d4','$2y$10$zLRxip0cKYr1cKs7LGT4oudTEfpZyAas4h38Mrcdfu9ChaG.repr2',NULL,0,NULL,'2023-05-20 08:57:37','2023-05-20 08:57:37'),(4055,'i2csolution','0','EMMA','U1027004f05eed4c94b0768321f6319f1@tp.clc.member',NULL,'U1027004f05eed4c94b0768321f6319f1','$2y$10$dtMGHMhD.ZYJblblRrYpwOEGNlKiubQAKvLT1srAb3QZo.wyE2Qqm',NULL,0,NULL,'2023-05-20 08:58:33','2023-05-20 08:58:33'),(4056,'i2csolution','0','許書妍','O200307406@clc.member',NULL,'O200307406','$2y$10$27YlR6ZWU8usIN9221XoD..EzMxCKTIV/pG15gJu.p9xBF10D7pBG',NULL,0,NULL,'2023-05-20 09:49:45','2023-05-20 09:49:45'),(4057,'i2csolution','0','許書妍','Ua50b950d5d1dea74ec8b35b6bf83be75@tp.clc.member',NULL,'Ua50b950d5d1dea74ec8b35b6bf83be75','$2y$10$3OWgoxSnnVSxTBWYzAT/suGILrHd9sNbnqppRL2LKGO2H5MoP4P1a',NULL,0,NULL,'2023-05-20 09:52:31','2023-05-20 09:52:31'),(4058,'i2csolution','0','心潔','U1111bffdd15c1ab9c75f421ab6ed19d2@tp.clc.member',NULL,'U1111bffdd15c1ab9c75f421ab6ed19d2','$2y$10$Vij/LDx6Suu.7oeAtJdFcOyOrodvqSezcUHkGpKA4L/ty816eil1O',NULL,0,NULL,'2023-05-20 10:08:53','2023-05-20 10:08:53'),(4059,'i2csolution','0','彭正松','A110125405@clc.member',NULL,'A110125405','$2y$10$gyf7AvP9bRRqJAwFnhL8uuUxBct.06AhYFGOgCQvRTME.0Eb0FhCK',NULL,0,NULL,'2023-05-21 05:30:54','2023-05-21 05:50:17'),(4060,'i2csolution','0','王彬彬','F126537080@clc.member',NULL,'F126537080','$2y$10$/Yinwdkt9FMMs/M3antc.u.vv9iusAYcC6/ySgNOn3Mq1PglgxDuS',NULL,0,NULL,'2023-05-21 06:09:05','2023-05-21 06:09:05'),(4061,'i2csolution','0','秦小檬','B200963462@clc.member',NULL,'B200963462','$2y$10$WOCwcUDOzbKukc5eCMgu3utXj2k2wOq679V4nOlSiQyimsXsqd.a6',NULL,0,NULL,'2023-05-21 06:45:33','2023-05-21 07:13:52'),(4062,'i2csolution','0','李文宗','H121180752@clc.member',NULL,'H121180752','$2y$10$D..JMTr1KglLbwMcz0ygkefesUTQAFPmpEkNyKa4IGI3blx.eYJoO',NULL,0,NULL,'2023-05-22 02:29:29','2023-05-22 02:29:29'),(4063,'i2csolution','0','戴祖芬','T220330437@clc.member',NULL,'T220330437','$2y$10$Y1hV3j8bj.crW6HPgkoCHuaYSNMDfh.jcRaCi/00bEPindBmwlXsC',NULL,0,NULL,'2023-05-22 05:39:49','2023-05-22 05:39:49'),(4064,'i2csolution','0','童銘芳','H120186938@clc.member',NULL,'H120186938','$2y$10$iqhvWnHhyMIuyw4SrgrPDewFH.uOH2m2pZ65voYlQf/7II5GHAR/S',NULL,0,NULL,'2023-05-23 00:49:56','2023-05-23 00:49:56'),(4065,'i2csolution','0','蕭聞佐','H124417112@clc.member',NULL,'H124417112','$2y$10$/ndhkUaADY.cA1xs/PJrjef1oP.keyQTCSBcDi.68kJNvsuzvskVu',NULL,0,NULL,'2023-05-23 03:29:26','2023-05-23 03:29:26'),(4066,'i2csolution','0','陳啟明','M121640283@clc.member',NULL,'M121640283','$2y$10$OIWe4MEO6Pt8Q2m0jfHoEeCLjNk8WXd7wNGYbZcBGMGFsg3etQm2.',NULL,0,NULL,'2023-05-23 06:21:35','2023-05-23 06:21:35'),(4067,'i2csolution','0','廖宇涵','H222747691@clc.member',NULL,'H222747691','$2y$10$bfqtEePPT763/2vVs99Bxu8iYw6d8SGIrmtijHfHVsvtyNjw6GlVO',NULL,0,NULL,'2023-05-23 07:29:02','2023-05-23 07:29:02'),(4068,'i2csolution','0','邱基祥','H120287832@clc.member',NULL,'H120287832','$2y$10$/kI2Z7Gk0yi7L1UzV36doeP/NA4FyPomUF8pDOR8k7X/Et8WpElU.',NULL,0,NULL,'2023-05-23 13:02:09','2023-05-23 13:02:09'),(4069,'i2csolution','0','吳鉉琦','F170117123@clc.member',NULL,'F170117123','$2y$10$wZCy//EEy312Anm1w1VHt.m8QiI/tWNc5Swj.3Pt80b0ddFhwSBuu',NULL,0,NULL,'2023-05-23 14:14:29','2023-05-23 14:14:29'),(4070,'i2csolution','0','楊宏義','F120179235@clc.member',NULL,'F120179235','$2y$10$5OZkfkqQax//cpMfBeLdHOfmP9NhSqp2.Sw2UXt82jCOQ0cM7jL0S',NULL,0,NULL,'2023-05-23 15:01:08','2023-05-23 15:01:08'),(4071,'i2csolution','0','胡凱翔','A128250027@clc.member',NULL,'A128250027','$2y$10$se3CLQGDjzvXn94b0idZeOGu9JtgG6t.4F5xv7yqkIiONvsiZQMw.',NULL,0,NULL,'2023-05-24 02:26:23','2023-05-24 02:26:23'),(4072,'i2csolution','0','吳姵儀','A226042154@clc.member',NULL,'A226042154','$2y$10$qdIAGWQqzhib6OqHsEpDMe6sf9xcuUmTynxSFAJlxJveVI2G461IK',NULL,0,NULL,'2023-05-24 02:28:09','2023-05-24 02:28:09'),(4073,'i2csolution','0','陳品妤（Mimi）','Ud19b8df975da1599afa984eb2d4e9b69@tp.clc.member',NULL,'Ud19b8df975da1599afa984eb2d4e9b69','$2y$10$6aOhV4/8BQXofN3burcvCuW2jQ/93rEN8YFysyIGcER48J2edNg2K',NULL,0,NULL,'2023-05-24 03:01:00','2023-05-24 03:01:00'),(4074,'i2csolution','0','林育汝','N224713991@clc.member',NULL,'N224713991','$2y$10$jADFPdueRonpiIKyWx0afuClv01UK434geGyigiwwqft4wbf7yV9m',NULL,0,NULL,'2023-05-24 05:45:39','2023-05-24 05:45:39'),(4075,'i2csolution','0','蔡昌彥','B122410324@clc.member',NULL,'B122410324','$2y$10$YbxivQfjwSY.W.DkssdIyOqnhnOKygxSz6CWaGx4gF.ILcaTtV.3a',NULL,0,NULL,'2023-05-24 05:50:26','2023-05-24 05:50:26'),(4076,'i2csolution','0','謝瑾玉','F202870384@clc.member',NULL,'F202870384','$2y$10$x.r5KSVJfgXn9R9P.JqGSO8CwHnjUAYTYiCsbgvVndwhZp9azQB7e',NULL,0,NULL,'2023-05-24 07:30:48','2023-05-24 07:30:48'),(4077,'i2csolution','0','沈政穎','C121201555@clc.member',NULL,'C121201555','$2y$10$BEFlNeNhMEAz51EK5dv7OO4PjgwbYtXXcefQoVAAO1H5Lzq84m5Fa',NULL,0,NULL,'2023-05-24 09:20:48','2023-05-24 09:20:48'),(4078,'i2csolution','0','TsaiEdith','ellen_13_31@hotmail.com',NULL,'794786105571102','$2y$10$4jNfLdncCCBr54l0FKTbsu/HEekP.dAbkSpGlnX3usTV109jntpMy',NULL,0,NULL,'2023-05-24 10:36:16','2023-05-24 10:36:16'),(4079,'i2csolution','0','陳庚鴻','H120604164@clc.member',NULL,'H120604164','$2y$10$BWnHmilmKKD23AgOUM7pouvNIsokrbv9/AU2Pyr/pkjb5uu5c0.Aq',NULL,0,NULL,'2023-05-24 12:25:14','2023-05-24 12:25:14'),(4080,'i2csolution','0','李玉蘭','A20392798@clc.member',NULL,'A20392798','$2y$10$n8YPmx0szYkCIohMQqoae.hz.N3NTuz3H7Yl7SO7/O50e5MC4hQvy',NULL,0,NULL,'2023-05-25 04:41:11','2023-05-25 04:41:11'),(4081,'i2csolution','0','劉沛語','u220279716@clc.member',NULL,'u220279716','$2y$10$.DRP6uv1k7V0JZUbmf4s2egnPEn7OD4ds1YXs4BfKnoYOcue54AUm',NULL,0,NULL,'2023-05-25 06:25:34','2023-05-25 06:25:34'),(4082,'i2csolution','0','呂志信','F121588578@clc.member',NULL,'F121588578','$2y$10$mFyNwzhKvd.Vi4OIBAFsHe.VEsdx1MyHQlTmmxn/zR6CXlBioiRXi',NULL,0,NULL,'2023-05-25 06:28:33','2023-05-25 06:28:33'),(4083,'i2csolution','0','李卿茂','H120952709@clc.member',NULL,'H120952709','$2y$10$D9eH9h01xgHLLJQokmeVtO8pjyBBz.qIfRiKiqpAElnYrfo/MtqCS',NULL,0,NULL,'2023-05-25 06:35:44','2023-06-07 07:30:49'),(4084,'i2csolution','0','吳偉琴','H225614475@clc.member',NULL,'H225614475','$2y$10$eMg7x1Oxkci4QiXQmMcSfu/c48bpiHobAclk0pkvEMfFeT7QQW9AO',NULL,0,NULL,'2023-05-25 06:47:24','2023-05-25 06:47:24'),(4085,'i2csolution','0','王曉青','A290079587@clc.member',NULL,'A290079587','$2y$10$4RJoDF58OnuaVQzSQ6Nki.NANObsLwJ4v3RUr.TBuwAuCCNwz8O9i',NULL,0,NULL,'2023-05-25 10:51:33','2023-05-25 10:51:33'),(4086,'i2csolution','0','ChuAngel',NULL,NULL,'10231122029544937','$2y$10$JGjMLa8OaZaqIbneGz/65OwBqUNWKstqw5p6pmbB/fiVVFgS/p2W6',NULL,0,NULL,'2023-05-26 03:00:44','2023-05-26 03:00:44'),(4087,'i2csolution','0','Sandy Chin','Ud3527511111afdabf53d78f5aec23cdb@tp.clc.member',NULL,'Ud3527511111afdabf53d78f5aec23cdb','$2y$10$vfmku1oL2BA2S/UgxffaM.0PlB4Joj30/OfZv7V1L1FVJY7QlbU6q',NULL,0,NULL,'2023-05-26 03:07:19','2023-05-26 03:07:19'),(4088,'i2csolution','0','謝志信','P121439648@clc.member',NULL,'P121439648','$2y$10$gE8bY4/LZqGNyQTg0uOIBeNKDiJuX2koJERNlLgVNEVJfbQSvOYXq',NULL,0,NULL,'2023-05-26 05:40:23','2023-05-26 05:40:23'),(4089,'i2csolution','0','釋見眉','J220645944@clc.member',NULL,'J220645944','$2y$10$Byi4y9IoS9mxLBzQ3A95U.SJEtUBBOjmF1Wy/WEtMnzrtuvUzuhXO',NULL,0,NULL,'2023-05-26 09:56:29','2023-05-26 09:56:29'),(4090,'i2csolution','0','王啟明','A102516548@clc.member',NULL,'A102516548','$2y$10$MVrCG90qSGqbtQHrPyNa9OcjhI.E2EX.k.SWuxy4rq9fwRRWny2bq',NULL,0,NULL,'2023-05-26 10:47:51','2023-05-26 10:47:51'),(4092,'i2csolution','0','蔡榮癸254','L121282931@clc.member',NULL,'L121282931','$2y$10$cLX3KtWT9ub5ljmQ5mTShuyl8Ai7UpPEomh8QX7RscBYR88.keci6',NULL,0,NULL,'2023-05-27 09:12:27','2023-05-27 09:12:27'),(4093,'i2csolution','0','潘玉鳳','F203039289@clc.member',NULL,'F203039289','$2y$10$B3KKtoIjT3qJBVIDb6p10eBg1ZX4OHsbrLVqZXAubrItcfweSG5Si',NULL,0,NULL,'2023-05-27 09:26:37','2023-05-27 09:26:37'),(4094,'i2csolution','0','賴岳堂','F102386821@clc.member',NULL,'F102386821','$2y$10$ASXi4YDA0DAtFmEpFUvbyeLIctQLndfVLxkoNAuixHzZ.z6DAn2Xe',NULL,0,NULL,'2023-05-27 09:39:40','2023-05-27 09:39:40'),(4095,'i2csolution','0','Lutfi','L800403292@clc.member',NULL,'L800403292','$2y$10$.yjV9hDoBp2rSe2PvI3iHeXx6vlLYxGRobhRvlULb5sZIzDTF4hX2',NULL,0,NULL,'2023-05-28 02:05:33','2023-05-28 02:05:33'),(4096,'i2csolution','0','Mif tahul huda','L800433647@clc.member',NULL,'L800433647','$2y$10$4shhS900zi.WDr.7.2hZ3e80B82hg.Se47z790V9V4W7OOGBnEfnK',NULL,0,NULL,'2023-05-28 02:08:18','2023-05-28 02:08:18'),(4097,'i2csolution','0','許育青','E260013155@clc.member',NULL,'E260013155','$2y$10$5n626mxY6j8MsZyUlaN55uerZb47x.U76klNhoUoUWh0LMmWFR0gu',NULL,0,NULL,'2023-05-28 08:50:27','2023-05-28 08:50:27'),(4098,'i2csolution','0','傅欣惠','K220468359@clc.member',NULL,'K220468359','$2y$10$zWAqj6LelCrPunYtmgun0eRyra86FKSXtd8SJo4.O93Zt10qJ6QJS',NULL,0,NULL,'2023-05-28 16:48:05','2023-05-28 16:48:05'),(4099,'i2csolution','0','陳達鋒','C120907021@clc.member',NULL,'C120907021','$2y$10$LX2WDEEMX/ZkLTgtRhRpXeP8v5A92fkpZ60j2irhUqTPrtr2O1n8K',NULL,0,NULL,'2023-05-29 02:36:37','2023-05-29 02:36:37'),(4100,'i2csolution','0','傅春喜','A129271575@clc.member',NULL,'A129271575','$2y$10$CY90QRhLYpEYKYC5OxadF.i9Zl6FTvkrVsWQB79NryWTvCcw6wQw.',NULL,0,NULL,'2023-05-29 06:53:05','2023-05-29 06:53:05'),(4101,'i2csolution','0','劉秀瑩','J220641446@clc.member',NULL,'J220641446','$2y$10$qeJJSmTy6gq.f96oGZg53eVdqrDwe6JoyRYb37cH.Lm5qPoOqvd8i',NULL,0,NULL,'2023-05-30 06:34:14','2023-05-30 06:34:14'),(4102,'i2csolution','0','吳明正','H121389942@clc.member',NULL,'H121389942','$2y$10$ym8As.D2yKnxSvhH1RC9cu4W8Ds.2.WLt8iWv9NJFSijBFMppMOEa',NULL,0,NULL,'2023-05-30 09:08:24','2023-05-30 09:08:24'),(4103,'i2csolution','0','黃明輝','F129764212@clc.member',NULL,'F129764212','$2y$10$.GiMy3585Ebv/COczcu7MOlXX23HVhEqmC/JMbuTlxCjbjBVCAqmC',NULL,0,NULL,'2023-05-31 07:39:26','2023-05-31 07:39:26'),(4104,'i2csolution','0','零極限國際股份有限公司','29155592@clc.member',NULL,'29155592','$2y$10$EY88xwKTcaZU74UnxCKthe7jNZC3oUnIYzFJVFmQocBF5LFp4gs7i',NULL,0,NULL,'2023-05-31 08:23:06','2023-05-31 08:23:06'),(4105,'i2csolution','0','胡力力','Q220051901@clc.member',NULL,'Q220051901','$2y$10$699AKlCJlqPCRc8nfj577ONM8Tsr.1p6mtxWhSQ5zkiOMQxFc2bn6',NULL,0,NULL,'2023-05-31 15:33:17','2023-05-31 15:33:17'),(4106,'i2csolution','0','FITRIYA ASMAWATI','U900041881@clc.member',NULL,'U900041881','$2y$10$mKqk7mTSCaZLQ5PoRN73Pe0Mv1C59TFOVSofA0Qv4N2fe9L0Z0W1C',NULL,0,NULL,'2023-06-01 03:53:40','2023-06-01 03:53:40'),(4107,'i2csolution','0','湯蘭花','Q202875869@clc.member',NULL,'Q202875869','$2y$10$aUieJmR2nRde3ac9XdCF.O6VbeW3AvyrR25AB89PDXU2FkHibg4iG',NULL,0,NULL,'2023-06-01 08:13:06','2023-06-07 06:38:31'),(4108,'i2csolution','0','陳楷傑','J121133709@clc.member',NULL,'J121133709','$2y$10$WX6ga0.U8CxpRgEjzUn8gum0rQw8nSHzApUDQU2o5s.2gjAt1ATEO',NULL,0,NULL,'2023-06-01 08:22:19','2023-06-01 08:22:19'),(4109,'i2csolution','0','陳詩芸','B222217969@clc.member',NULL,'B222217969','$2y$10$L/iIdqBsfebHA1Zq1Edh5OiE4HMcsP3.8WuZx4NH95P0RMPJAFnJu',NULL,0,NULL,'2023-06-01 08:32:58','2023-06-01 08:32:58'),(4110,'i2csolution','0','陳媚珍','Y220490628@clc.member',NULL,'Y220490628','$2y$10$cU99SkKADgpmcRDN/rx2YuRkF6CkaXmeWneglT/vGUbNTkrE5CE8G',NULL,0,NULL,'2023-06-02 08:28:21','2023-06-02 08:28:21'),(4111,'i2csolution','0','羅振篂','H121570345@clc.member',NULL,'H121570345','$2y$10$pR084HtI0I20f2SKbRENUuPcsDHH4q/7CsRbmpMtPgubCGHG9sUNS',NULL,0,NULL,'2023-06-02 10:56:43','2023-06-02 10:56:43'),(4112,'i2csolution','0','謝承妤','A230432059@clc.member',NULL,'A230432059','$2y$10$2gqEentH1aum97jsvCis5O2tlTzOMjGMpzWcKFbmyRpNX52aRPm.e',NULL,0,NULL,'2023-06-02 12:23:44','2023-06-02 12:23:44'),(4113,'i2csolution','0','謝承祐','A130629694@clc.member',NULL,'A130629694','$2y$10$XSo132QOnJglyHwbf21P/.5w582RJhFdrABXVWi2aWCRalr./JcTK',NULL,0,NULL,'2023-06-02 12:26:45','2023-06-02 12:26:45'),(4114,'i2csolution','0','呂芥彣','A226219360@clc.member',NULL,'A226219360','$2y$10$z3BNYVWgOFeJ4TK6zumbL.4CJ6TcQijjGmzfn6js.iJ0zzLXXyzLu',NULL,0,NULL,'2023-06-06 09:40:15','2023-06-06 09:40:15'),(4115,'i2csolution','0','張芮恩','P220850887@clc.member',NULL,'P220850887','$2y$10$LGeWRc3CjG49TSRDXajs8Oo5GhkTRa7QSk8TlbIFIfADcBP6JHaKW',NULL,0,NULL,'2023-06-06 09:58:15','2023-06-06 09:58:15'),(4116,'i2csolution','0','Colin Chang','Ua697a2f871a48bd8e2d94a638e0816e4@tp.clc.member',NULL,'Ua697a2f871a48bd8e2d94a638e0816e4','$2y$10$1oHI/jkVVHunbrgGRK2wweDZnYJBwHGZ0z.45aMFMQirSVNVecrMO',NULL,0,NULL,'2023-06-06 14:16:38','2023-06-06 14:16:38'),(4117,'i2csolution','0','吳久子','Q200278246@clc.member',NULL,'Q200278246','$2y$10$k6Aa46Zx9tU1I/cHP7s5zO46mi.4zOuFYV3s1vmgAbrBv8LedCFkq',NULL,0,NULL,'2023-06-07 07:30:37','2023-06-07 07:30:37'),(4118,'i2csolution','0','EDNA CHUA','FD03081758@clc.member',NULL,'FD03081758','$2y$10$35FYmSeaD1SWySGahP1Gm.w504/RVKzdvNLXy4GNXttYCYTY17tn6',NULL,0,NULL,'2023-06-07 12:04:06','2023-06-07 12:04:06'),(4119,'i2csolution','0','鄭祥','K101076400@clc.member',NULL,'K101076400','$2y$10$Y4v8HrgKzqIbxEIVWOv01ueM9DjysAoZRXLewkYUgREWwZtOjmMHq',NULL,0,NULL,'2023-06-08 03:52:36','2023-06-08 03:52:36'),(4120,'i2csolution','0','Karen Huang','U7b3ca0ea07ac91bcf160b5a39ed2b7eb@tp.clc.member',NULL,'U7b3ca0ea07ac91bcf160b5a39ed2b7eb','$2y$10$dkS2Ejq9eGdUHow1LIg8l.yKUemE0dqDnyLvgBwDPoO9gp04LsT/2',NULL,0,NULL,'2023-06-08 05:33:39','2023-06-08 05:33:39'),(4121,'i2csolution','0','劉淑貞','U220006884@clc.member',NULL,'U220006884','$2y$10$vcLEk/s8t9/ovWG3aSb2kO0mFvBGrOgJUBAW7l9V15ajNwLW6ro6C',NULL,0,NULL,'2023-06-08 11:58:05','2023-06-08 11:58:05'),(4122,'i2csolution','0','李佶潤','M122344020@clc.member',NULL,'M122344020','$2y$10$Qc733dCmZBaAq27kMsNvLuMn2W3iCG32SIjaHTtBQI3SrGvRTG9V.',NULL,0,NULL,'2023-06-09 07:53:38','2023-06-09 07:53:38'),(4123,'i2csolution','0','呂淑慧','N220043863@clc.member',NULL,'N220043863','$2y$10$ivWwe1kB1KyvoW/6cI3wmuVKZitIxAtlCmSA0.bdOuZ2sj3nD1fBO',NULL,0,NULL,'2023-06-09 09:30:18','2023-06-09 09:30:18'),(4124,'i2csolution','0','曾冠中','J122560200@clc.member',NULL,'J122560200','$2y$10$0iqW7vwAl8YYxcfjUPcWU.R6A/nXU.hx3IcCkDPe9e4EW0AI/LYSu',NULL,0,NULL,'2023-06-09 10:00:06','2023-06-09 10:00:06'),(4125,'i2csolution','0','JEHAN','U696d7e2ba74cc7e94a9295e96c19dbc5@tp.clc.member',NULL,'U696d7e2ba74cc7e94a9295e96c19dbc5','$2y$10$V6o6TwoKcBARZBlhrNagFu9mGo/fj9b.YU2Sluz1NAc.sIJrAVz2i',NULL,0,NULL,'2023-06-09 10:06:14','2023-06-09 10:06:14'),(4127,'i2csolution','0','張筱逃','aa0204aa0204@gmail.com',NULL,'6280552762033926','$2y$10$5z67dAlW0oBFJrd0duLSueeXawcZsphE.4n2TttGc0zDs/ZQFqP/e',NULL,0,NULL,'2023-06-10 15:51:26','2023-06-10 15:51:26'),(4128,'i2csolution','0','raynaldo escat','F800381760@clc.member',NULL,'F800381760','$2y$10$XmHuclNZ2pD9SP6nJ4ElkeL2u8pZatZMsaXANoC6AIlicjWtma6My',NULL,0,NULL,'2023-06-10 23:06:24','2023-06-10 23:06:24'),(4129,'i2csolution','0','Sheryl Fajardo','H900067438@clc.member',NULL,'H900067438','$2y$10$3yFLB7lw3mi2lWNClnpkaeEFL8TxcXMvMrSi/pnLj1X13DWwZrinG',NULL,0,NULL,'2023-06-10 23:43:33','2023-06-10 23:43:33'),(4130,'i2csolution','0','Laarnica','H900033085@clc.member',NULL,'H900033085','$2y$10$ExT8WMnk9lRjN/1Dmn5oF.RHqbY8VC4rly9M7dU6uX4K1sH8wD0hi',NULL,0,NULL,'2023-06-10 23:44:26','2023-06-10 23:44:26'),(4131,'i2csolution','0','dabatos jackilou','f900741802@clc.member',NULL,'f900741802','$2y$10$lfwk/Gxb1mUN0VZskXnimuYhjm8YzS1xO1hujTobxEfU48XrONOi2',NULL,0,NULL,'2023-06-10 23:59:58','2023-06-10 23:59:58'),(4132,'i2csolution','0','Rodalyn caballes','H900431929@clc.member',NULL,'H900431929','$2y$10$UE3pOB1tsQ3U74lYoEW1q.ghJ9a9489vlHN1euQ6XAKMh5xZLfdu.',NULL,0,NULL,'2023-06-11 00:00:13','2023-06-11 00:00:13'),(4133,'i2csolution','0','Valiant','K800077265@clc.member',NULL,'K800077265','$2y$10$zdxP.lgb4ypleCfbEthdLe5VQnEQGpuFnppPt7FzgYfCEFjJod0s2',NULL,0,NULL,'2023-06-11 00:00:46','2023-06-11 00:00:46'),(4134,'i2csolution','0','mary jane garcia','F900383757@clc.member',NULL,'F900383757','$2y$10$WqTILBQtjlfb7LsjpSQ9GeXieH7I4MSHkDYwwnbdZdTBn8IYsJ/c6',NULL,0,NULL,'2023-06-11 00:01:19','2023-06-11 00:01:19'),(4135,'i2csolution','0','Margarita ferrer','k900051236@clc.member',NULL,'k900051236','$2y$10$97//FuKaELiR6r4x.NOIku.H58iwOWJ5MM4U/EuMwo78KOUjCM9py',NULL,0,NULL,'2023-06-11 00:04:22','2023-06-11 00:04:22'),(4136,'i2csolution','0','Christian liwag','K800079858@clc.member',NULL,'K800079858','$2y$10$wzCYZ6WWv1ZXWhsD/xY9NugUftwpBt.xDJTOeY3SZn/q5fLZwpxV6',NULL,0,NULL,'2023-06-11 00:05:38','2023-06-11 00:05:38'),(4137,'i2csolution','0','James moraca','J800015139@clc.member',NULL,'J800015139','$2y$10$rVb/nw2rnWs8YEBkcP6CDexb0wiCRdfU6EM7VTblKhODj8qAcVSy.',NULL,0,NULL,'2023-06-11 00:06:08','2023-06-11 00:06:08'),(4138,'i2csolution','0','Robelie V Goze','K900041089@clc.member',NULL,'K900041089','$2y$10$Whlu8sIiOJm2r7xMlz6upeuUg3ESjzwS24gXfsvXOfGgUIMkGRzKW',NULL,0,NULL,'2023-06-11 00:07:18','2023-06-11 00:07:18'),(4139,'i2csolution','0','Kimberly','P6135262B@clc.member',NULL,'P6135262B','$2y$10$473IiHu5yp/pdRZI.VFQQuOSGSP1ZNRw/9EnLSdJ1dZr0k0wEuxiC',NULL,0,NULL,'2023-06-11 00:12:07','2023-06-11 00:12:07'),(4140,'i2csolution','0','VARGAS','H800401090@clc.member',NULL,'H800401090','$2y$10$Lo9BdL9xtTrXUg11S4mTGuY8oBtPRx9dz/8FZ4rUwgLXh4z5bzlTq',NULL,0,NULL,'2023-06-11 00:14:31','2023-06-11 00:14:31'),(4141,'i2csolution','0','julie ann mangulabnan','F900740476@clc.member',NULL,'F900740476','$2y$10$xtBfar9IxW4Cvnn3LefQj.R5LgIC8ZRTsd1KUAtSy7LLeCJmCvGTi',NULL,0,NULL,'2023-06-11 00:17:49','2023-06-11 00:17:49'),(4142,'i2csolution','0','Olivia martinez','N900075863@clc.member',NULL,'N900075863','$2y$10$2UFxL4YdRmh7BIF6d.tZUuN8cD.hCbIW0KOfLlye6CCd74Z9CkGFS',NULL,0,NULL,'2023-06-11 00:18:36','2023-06-11 00:18:36'),(4143,'i2csolution','0','Maridel Recio','J900148680@clc.member',NULL,'J900148680','$2y$10$0EBKeK8X85cxG0bHg3mKOuLrK.OtiaQlN2D.9G34SQUIJCvNksHo6',NULL,0,NULL,'2023-06-11 00:21:11','2023-06-11 00:21:11'),(4144,'i2csolution','0','Mario Crestoria','H800182938@clc.member',NULL,'H800182938','$2y$10$V3OPb6kgL/pa5sUyoKTxMOmqIIrxIuFI2.3aiSsDQV9t4Or6khoJm',NULL,0,NULL,'2023-06-11 00:24:30','2023-06-11 00:24:30'),(4145,'i2csolution','0','Noel','F800513360@clc.member',NULL,'F800513360','$2y$10$obPDUSlvmkPeH2soxNxImuTpokswhssx/Ruh/0J9Qu3IiJixZ4LUO',NULL,0,NULL,'2023-06-11 00:25:02','2023-06-11 00:25:02'),(4146,'i2csolution','0','Marlon Castillo','F800560501@clc.member',NULL,'F800560501','$2y$10$nJQMjBpmYdV2W1nVDmE7ROlrC/87Y/mAWUaHwBtfXv0lIXHHlDaDC',NULL,0,NULL,'2023-06-11 00:26:15','2023-06-11 00:26:15'),(4147,'i2csolution','0','MARICEL AGUSTIN SUYOM','H900432604@clc.member',NULL,'H900432604','$2y$10$9V6.eHEtmMTzF5RuruSpVOMkS2n0TfxFIqCMgmuYH6qSuFbqvJv02',NULL,0,NULL,'2023-06-11 00:29:21','2023-06-11 00:29:21'),(4148,'i2csolution','0','qJean Claire','1591368c@clc.member',NULL,'1591368c','$2y$10$60givU.s6rkM2Vf8OCTyjOvpVpyI.yUOrnIYVABRNWDs.nm1MvIl.',NULL,0,NULL,'2023-06-11 00:33:35','2023-06-11 00:33:35'),(4149,'i2csolution','0','Lloyd Joyno','J800131398@clc.member',NULL,'J800131398','$2y$10$VeAqjsnOMSR0U7SI7/eSXeTg62WAGu33HY3MsvCz2fvKPuB4Iww8K',NULL,0,NULL,'2023-06-11 00:35:55','2023-06-11 00:35:55'),(4150,'i2csolution','0','GUTING MHAR BILLY DELA CRUZ','J800131450@clc.member',NULL,'J800131450','$2y$10$RgJ9r5FIvpj8KSFoI2hnbeRFj2hzTwGhY6nTwAEkXmmRPgaTCa6a6',NULL,0,NULL,'2023-06-11 00:36:15','2023-06-11 00:36:15'),(4151,'i2csolution','0','Denver Simot','H800159797@clc.member',NULL,'H800159797','$2y$10$5n2saaBDsOPutw1LMo7KRuLq9z14LdIVhKwqPtH.hwTBY6G92xKwa',NULL,0,NULL,'2023-06-11 00:36:30','2023-06-11 00:36:30'),(4152,'i2csolution','0','Chris','H800021538@clc.member',NULL,'H800021538','$2y$10$ZWub2Id6hhBDjyEJITRkVOARSQiaAbbaKY3rhqN.bfmpT62uSEDj.',NULL,0,NULL,'2023-06-11 00:37:12','2023-06-11 00:37:12'),(4153,'i2csolution','0','Richard','Fc30077884@clc.member',NULL,'Fc30077884','$2y$10$5mBs3ZiBiblf1kAUgf.fj.S63qinafjKU.rvvRMZ8w9CEZio5KlgW',NULL,0,NULL,'2023-06-11 00:39:58','2023-06-11 00:39:58'),(4154,'i2csolution','0','bryan dicion','F800245572@clc.member',NULL,'F800245572','$2y$10$I7JpBR3ZZzY8.FELau5ltu4QRA2HN015euTIcNbM/nrA3HEjsmbBa',NULL,0,NULL,'2023-06-11 00:40:20','2023-06-11 00:40:20'),(4155,'i2csolution','0','Julian','F800383433@clc.member',NULL,'F800383433','$2y$10$Fz4XsHXOiarNGkZExdS2SOTwuNFMNXPl.VO3zdr/p9ojP7fvQ/fKy',NULL,0,NULL,'2023-06-11 00:40:25','2023-06-11 00:40:25'),(4156,'i2csolution','0','baby aleo','Fc3038194@clc.member',NULL,'Fc3038194','$2y$10$qAlGkVAuY1MViVhlAEfqC.9R9GtOdfq9c6NO3H.PhHybs5rj8ojZG',NULL,0,NULL,'2023-06-11 00:40:38','2023-06-11 00:40:38'),(4157,'i2csolution','0','Jennilyn','H900275850@clc.member',NULL,'H900275850','$2y$10$InVbkdyIDvyJSP09prwLSOPfLgSUTrZK0EJ.MBavUphvZghxXWl4u',NULL,0,NULL,'2023-06-11 00:40:56','2023-06-11 00:40:56'),(4158,'i2csolution','0','celso','F80090424@clc.member',NULL,'F80090424','$2y$10$/sf6OFv5og0YqhEkpSCAB.u/9u5RyFyvJqrfr6Qta/pJZ153OPow2',NULL,0,NULL,'2023-06-11 00:40:57','2023-06-11 00:40:57'),(4159,'i2csolution','0','Norman ridulme','H800602971@clc.member',NULL,'H800602971','$2y$10$kS7kZfN3mEfhllIgB4KiXO3/kdqOAC1nWuvEda/p.5E2E/xu3Efka',NULL,0,NULL,'2023-06-11 00:41:30','2023-06-11 00:41:30'),(4160,'i2csolution','0','Ericson Matibag','F800555128@clc.member',NULL,'F800555128','$2y$10$2rBXmgaikm8taKAOdCMTfOWZeXTRlkIiOUYAvap5iMw4IeC60c8LS',NULL,0,NULL,'2023-06-11 00:41:43','2023-06-11 00:41:43'),(4161,'i2csolution','0','Patrick noel Medina','P6167428B@clc.member',NULL,'P6167428B','$2y$10$kt1SCrNFTofw2hMMk/oUvuC8kwJeOiK1QA7ikA3TJpoZ8uVe3scCi',NULL,0,NULL,'2023-06-11 00:43:46','2023-06-11 00:43:46'),(4162,'i2csolution','0','Kenneth Dexter Eugenio','P6386421b@clc.member',NULL,'P6386421b','$2y$10$279xik.Syp8YSUp4yZw0xuHAj6qGF1kjkq5wrT34rGaseQMiV29vm',NULL,0,NULL,'2023-06-11 00:45:10','2023-06-11 00:45:10'),(4163,'i2csolution','0','RONALDO C BARLIS JR','H800404091@clc.member',NULL,'H800404091','$2y$10$6g1uKWaEqfFXxupjRJ4QieYH2PysjgljYGK3DZ4xKOHk0nye8KPwG',NULL,0,NULL,'2023-06-11 00:48:39','2023-06-11 00:48:39'),(4164,'i2csolution','0','Bryan','H800439361@clc.member',NULL,'H800439361','$2y$10$W7SGjBpx3Hiqlk.XlCUpNOvxjjuvsgsSYj/hYZ8ruA8hvfgph1QCq',NULL,0,NULL,'2023-06-11 00:53:57','2023-06-11 00:53:57'),(4165,'i2csolution','0','maribel gamez','A900534213@clc.member',NULL,'A900534213','$2y$10$0iIzvOvjStqYFwUuwDfUIO4yLMPdZJ76SQwG8rSOwzEIekp4ORbeW',NULL,0,NULL,'2023-06-11 00:58:40','2023-06-11 00:58:40'),(4166,'i2csolution','0','Joey Advincula','FC800345139@clc.member',NULL,'FC800345139','$2y$10$h8NRJj/cm165wr/H0d0qNeVkaaIVx7dsEy9b8vDbGguDp8HIXxVea',NULL,0,NULL,'2023-06-11 00:59:07','2023-06-11 00:59:07'),(4167,'i2csolution','0','Kristine Espique','M900045854@clc.member',NULL,'M900045854','$2y$10$ADslAp.OdKup/pailGfWeOZCZLjP2WJ2AwShUtJqoA9AtCM56NJvu',NULL,0,NULL,'2023-06-11 00:59:18','2023-06-11 00:59:18'),(4168,'i2csolution','0','Janice Retes','P6657992B@clc.member',NULL,'P6657992B','$2y$10$rNqpE653pvTPoiqiBGThYuKBYTTDXopk/HNokBfrVs5AwIXmbuEKy',NULL,0,NULL,'2023-06-11 00:59:51','2023-06-11 00:59:51'),(4169,'i2csolution','0','Alex delacruzll','H800460499@clc.member',NULL,'H800460499','$2y$10$3m5oZ8bZ/HgOq9HbBNvK2.VffdSS0Y0/OKxEyv6rGpehnrPavXTZG',NULL,0,NULL,'2023-06-11 01:00:33','2023-06-11 01:00:33'),(4170,'i2csolution','0','Charlon tan sarmiento','H800025750@clc.member',NULL,'H800025750','$2y$10$QrJPHM.pirltLtfR1xqHcuKC9/pxPKW1HrZ3jU4ODKG4mfZQ/ftKG',NULL,0,NULL,'2023-06-11 01:03:20','2023-06-11 01:03:20'),(4171,'i2csolution','0','Ricci john','H800018013@clc.member',NULL,'H800018013','$2y$10$nwAyshz7qC1z22DmsviRaOy.kkY/B8qSoMKwfjYBIoju/IEJxsk.i',NULL,0,NULL,'2023-06-11 01:04:16','2023-06-11 01:04:16'),(4172,'i2csolution','0','Jerry galiza','H800098413@clc.member',NULL,'H800098413','$2y$10$zRT5anc.oFMg2l4VqCKQZe6AqlLu60P8H9dTbFz6sns/pf7hPISF6',NULL,0,NULL,'2023-06-11 01:06:19','2023-06-11 01:06:19'),(4173,'i2csolution','0','Mark Lindon Bulak','R800090969@clc.member',NULL,'R800090969','$2y$10$yGDRy8CjX4DXSv1mYlojAe7IHgSE/oFQwFIpQbcZItK5SXkYGs2aa',NULL,0,NULL,'2023-06-11 01:07:03','2023-06-11 01:07:03'),(4174,'i2csolution','0','Elenita Milla Bermillo','AD30148929@clc.member',NULL,'AD30148929','$2y$10$.q457dxrcxLX.McofrzyjuWo5Zy88jU36u4TJXW50cHR.5qG9UE.S',NULL,0,NULL,'2023-06-11 01:09:23','2023-06-11 01:09:23'),(4175,'i2csolution','0','Clarissa Oriarte','H900377902@clc.member',NULL,'H900377902','$2y$10$g50yROmTgVfK6RPA5bXJZ.qEsvbJJVK9wORdkwJ7Jpb/jloe0bSQu',NULL,0,NULL,'2023-06-11 01:12:22','2023-06-11 01:12:22'),(4176,'i2csolution','0','MARIA ISABEL DE LA CRUZ','F900560370@clc.member',NULL,'F900560370','$2y$10$yn/TYkDKeygcQFmYjJTY5uc9lq7QiyU37vJs2i63CviQWIHOhA7Ha',NULL,0,NULL,'2023-06-11 01:12:37','2023-06-11 01:12:37'),(4177,'i2csolution','0','Christian lopez','F800144007@clc.member',NULL,'F800144007','$2y$10$aFx28kzy33obDYD.QKIb7.YAvgxsjhY0eHPxI9fyHQt.mfsN.xhdK',NULL,0,NULL,'2023-06-11 01:14:38','2023-06-11 01:14:38'),(4178,'i2csolution','0','Loven belila','F800143564@clc.member',NULL,'F800143564','$2y$10$RmU8P8gMSvlzGWT5uGrUheCbHrYdQ1/I5X6OV1IVSzCoXk5qJP03u',NULL,0,NULL,'2023-06-11 01:15:26','2023-06-11 01:15:26'),(4179,'i2csolution','0','Jerson','F80036313@clc.member',NULL,'F80036313','$2y$10$N/T.sIWDD2nmlLZWRvvAau/pqsOk8CsPhY0nZhUbVECXvt9r6uUxW',NULL,0,NULL,'2023-06-11 01:16:59','2023-06-11 01:16:59'),(4180,'i2csolution','0','Jhon v royo','G800054518@clc.member',NULL,'G800054518','$2y$10$yvwlsG.zr6TYrSwHDR97UeLvgugM5oU0cYK87OA7qV/fFUkZ14.3u',NULL,0,NULL,'2023-06-11 01:17:42','2023-06-11 01:17:42'),(4181,'i2csolution','0','Jurly','G800054527@clc.member',NULL,'G800054527','$2y$10$q0M6/FkzS2EkQNutqZEI6OK4g/jtsmnKajf1DWAp1WtqyVPuPcvnu',NULL,0,NULL,'2023-06-11 01:18:02','2023-06-11 01:18:02'),(4182,'i2csolution','0','Ernesto samut','Hc30152080@clc.member',NULL,'Hc30152080','$2y$10$qcGpx2Ix.rcpSaWepj7Vs.b343RaReLYDi05NfPd3rF47f8zWwvkC',NULL,0,NULL,'2023-06-11 01:26:32','2023-06-11 01:26:32'),(4183,'i2csolution','0','Mark chester masicap','H800713746@clc.member',NULL,'H800713746','$2y$10$d.FWuZbBiEJDxnaGNgWtm.yc.C65o1MIwC1tcw1gNo.Oe8P2mogL2',NULL,0,NULL,'2023-06-11 01:27:21','2023-06-11 01:27:21'),(4184,'i2csolution','0','Ferdinand Ramones','P8666113B@clc.member',NULL,'P8666113B','$2y$10$BqrVjNRy0Gehe1tyxM7uJuc5B.3VPDlWS86FVo3NqLlDKzUZDMFYC',NULL,0,NULL,'2023-06-11 01:27:36','2023-06-11 01:27:36'),(4185,'i2csolution','0','Rejy','F800292651@clc.member',NULL,'F800292651','$2y$10$5ywlSFyOUXihlK4lsmT3b.4iscXXx.tOUhfRwRleA3sXXKNxuc/UO',NULL,0,NULL,'2023-06-11 01:32:41','2023-06-11 01:32:41'),(4186,'i2csolution','0','Wilbert','FC800570936@clc.member',NULL,'FC800570936','$2y$10$khomYOqPhG6J2ffN6Qgj5.b5swZPrwP607AKGDaeTIuCnk3VS.Dpq',NULL,0,NULL,'2023-06-11 01:33:37','2023-06-11 01:33:37'),(4187,'i2csolution','0','Daruis mallari','F800212724@clc.member',NULL,'F800212724','$2y$10$dxU5zBfkXhPdoUjrVQJuZeR3V0Bcxg5letwwUeCGpWmVN8NhimBnS',NULL,0,NULL,'2023-06-11 01:34:08','2023-06-11 01:34:08'),(4188,'i2csolution','0','ArianeAmat','H900141635@clc.member',NULL,'H900141635','$2y$10$e1zD6JwwVyPiBdBv7DT7dO0K/gTS571Ed/VbS6GurvF4tqyCxewv2',NULL,0,NULL,'2023-06-11 01:35:46','2023-06-11 01:35:46'),(4189,'i2csolution','0','Cristian palatan','Kc30061933@clc.member',NULL,'Kc30061933','$2y$10$I465QzZ73kq1dsCKcFtMLOALL22zapgplOXc5j6YGAGZ9y8msJO/e',NULL,0,NULL,'2023-06-11 01:36:18','2023-06-11 01:36:18'),(4190,'i2csolution','0','jenifer','H900456588@clc.member',NULL,'H900456588','$2y$10$zvUXqUzrLkbLIdNsnvIFbu30hoTLM/2CDno0dwEc1onHLhie6DmSu',NULL,0,NULL,'2023-06-11 01:45:00','2023-06-11 01:45:00'),(4191,'i2csolution','0','Lolita nericua','F900131557@clc.member',NULL,'F900131557','$2y$10$o5UEDMX3FO/qkTxJLmAEXeJXq8IByBD/O.2jYxYMoBI.e6XQBDAGm',NULL,0,NULL,'2023-06-11 01:45:38','2023-06-11 01:45:38'),(4192,'i2csolution','0','Rose Mary Lamis','F900457887@clc.member',NULL,'F900457887','$2y$10$4F2MkI3lR22TaX2YDfGLxeaUtzTZMIsHWFaAuDAGfl9eGS82d1Wim',NULL,0,NULL,'2023-06-11 01:47:56','2023-06-11 01:47:56'),(4193,'i2csolution','0','HARLANN Rey Palmaira','J800041415@clc.member',NULL,'J800041415','$2y$10$cqCfzDqUwwHNlc6m80UkieWHRFraGs9iToC4yUg8FdNk9H10JSJg.',NULL,0,NULL,'2023-06-11 01:51:32','2023-06-11 01:51:32'),(4194,'i2csolution','0','Gerardo Lazaga reyes jr','U800003969@clc.member',NULL,'U800003969','$2y$10$tXaLsGlkuSiMSjoJS1gYPOwheKNOFbQE9372MUXGTSKC7f7jih1YS',NULL,0,NULL,'2023-06-11 01:51:46','2023-06-11 01:51:46'),(4195,'i2csolution','0','Louie cailer','H800239138@clc.member',NULL,'H800239138','$2y$10$zWUoLX2FhFAm7lif2Wqw1ub2N1umAtcmXDKO2vWMpDm00paqWVAdm',NULL,0,NULL,'2023-06-11 01:53:46','2023-06-11 01:53:46'),(4196,'i2csolution','0','Romel Ramos','P1269086B@clc.member',NULL,'P1269086B','$2y$10$byCaa/6RfNUgmWkecY4sFu09ED8y6H4HJ9Dsr8uC8i2Rv24lqPMwi',NULL,0,NULL,'2023-06-11 01:55:08','2023-06-11 01:55:08'),(4197,'i2csolution','0','Reymart Nunez','M800069568@clc.member',NULL,'M800069568','$2y$10$Ke0I2C4Q4x6eCIOXsGUjYeu5HWu6tcedOt.RWctBQFKUxmczmee8C',NULL,0,NULL,'2023-06-11 02:03:26','2023-06-11 02:03:26'),(4198,'i2csolution','0','Jerry michael isidro','M800070212@clc.member',NULL,'M800070212','$2y$10$rTzT/j7nF4/MSb8C/rOYP.WSFTTzrEWeq4vlI8tnWfEIYtHM3d0e.',NULL,0,NULL,'2023-06-11 02:04:16','2023-06-11 02:04:16'),(4199,'i2csolution','0','renz','K800013207@clc.member',NULL,'K800013207','$2y$10$LrOuSM6DN3dzUTRG5j2Yy.XvdyYwCLcAZNo8IQ5jwndkMrw5wTQge',NULL,0,NULL,'2023-06-11 02:14:00','2023-06-11 02:14:00'),(4200,'i2csolution','0','Raymond galiste','k800411112@clc.member',NULL,'k800411112','$2y$10$WVgYHEoN4iniBZgtaXCu0.CcR6Bvx8XeNcAcyzCK3URHvK.2OVvvq',NULL,0,NULL,'2023-06-11 02:15:06','2023-06-11 02:15:06'),(4201,'i2csolution','0','Rechelle Bernadeth J Laderas','F900110594@clc.member',NULL,'F900110594','$2y$10$6/cCzXbHJqghzMQSuSG5FuyD5RfCV1.2PO/mb1/dJEbs3r7jmb9Mu',NULL,0,NULL,'2023-06-11 02:33:57','2023-06-11 02:33:57'),(4202,'i2csolution','0','Jeric barrameda','P1584808C@clc.member',NULL,'P1584808C','$2y$10$J29SExffigFqlUH07BX.teoY/MCDDPUceBokDLKU2cM0UOLGSTbZu',NULL,0,NULL,'2023-06-11 02:34:25','2023-06-11 02:34:25'),(4203,'i2csolution','0','Jessica Porio','A900016854@clc.member',NULL,'A900016854','$2y$10$6L5NghS5pQ4q0fdtW.R.AOquyimMHAgpB6YdqXShgXyCLiLA6qvT.',NULL,0,NULL,'2023-06-11 02:34:28','2023-06-11 02:34:28'),(4204,'i2csolution','0','jeffrey','S800111473@clc.member',NULL,'S800111473','$2y$10$SyBUQrURYNafpRfAKLwYy.6Cxk6zmkkpFACGtzqaMg9X8oD3Nz99a',NULL,0,NULL,'2023-06-11 02:37:13','2023-06-11 02:37:13'),(4205,'i2csolution','0','Dexter paul bilen','G800004992@clc.member',NULL,'G800004992','$2y$10$m2gDwtjcz30YD7zNxWR.teOfo9fbZRNPFDzQTH3AxiAvpHIKMnF5W',NULL,0,NULL,'2023-06-11 02:38:01','2023-06-11 02:38:01'),(4206,'i2csolution','0','Jeniejar Dela Cruz Daguro','H900376941@clc.member',NULL,'H900376941','$2y$10$77Qx3jXOovyKFFjNqHNxuOuLzUzd2LupLJpKeuJStQkrBiNYoaFjW',NULL,0,NULL,'2023-06-11 02:39:19','2023-06-11 02:39:19'),(4207,'i2csolution','0','Mary ann','A900588579mary@clc.member',NULL,'A900588579mary','$2y$10$bNOQBDWkF7p4RodI7OEfieE7JIxE0elaXuJxA1IkCk1Kgyz489MyG',NULL,0,NULL,'2023-06-11 02:47:18','2023-06-11 02:47:18'),(4208,'i2csolution','0','ma cynthia  e pasia','h900321535@clc.member',NULL,'h900321535','$2y$10$RzclI2mO0al5RojpwKX4gu0EVEhmYzZIBpExU6HLeW1in8YmMT/I6',NULL,0,NULL,'2023-06-11 02:53:03','2023-06-11 02:53:03'),(4209,'i2csolution','0','Aisa Silva','F900240051@clc.member',NULL,'F900240051','$2y$10$RAz8nGqUR.E0xhA91ChfoOT9madI6Xj4zKGn1otaIThAEwfvrmGui',NULL,0,NULL,'2023-06-11 03:00:00','2023-06-11 03:00:00'),(4210,'i2csolution','0','Joseph','F800295161@clc.member',NULL,'F800295161','$2y$10$yKlh9bsZVqkr/BD0auYuC.4K9FzdwkNHRsRp46NRlGsRL5xeAp1X6',NULL,0,NULL,'2023-06-11 03:00:33','2023-06-11 03:00:33'),(4211,'i2csolution','0','Charlene Tualla','G900027424@clc.member',NULL,'G900027424','$2y$10$BS5.68MlMCXUv8oOptjwweMK9PS2kBb82SD7kDM7GWeT3KSqKq5w.',NULL,0,NULL,'2023-06-11 03:03:43','2023-06-11 03:03:43'),(4212,'i2csolution','0','Angelita Dequina','A900311130@clc.member',NULL,'A900311130','$2y$10$550ztpyLjGWKnGyU8iCv8uA7EDA0Q9ZoRptBYaLxnUGkL/jQybQs6',NULL,0,NULL,'2023-06-11 03:03:58','2023-06-11 03:03:58'),(4213,'i2csolution','0','Arlyn','A900144040@clc.member',NULL,'A900144040','$2y$10$lZZrsTNzfAVXfiEWP33ENuob.rBaBF24UUJlI9OeWqBVrJPqEbwvu',NULL,0,NULL,'2023-06-11 03:10:12','2023-06-11 03:10:12'),(4214,'i2csolution','0','Joylyn Partosa','J900099459@clc.member',NULL,'J900099459','$2y$10$jByfIW1ACUVjBos64aVbiOF0pt0um9CsOD9tHdA5M8ExyPqY70lFS',NULL,0,NULL,'2023-06-11 03:11:44','2023-06-11 03:11:44'),(4215,'i2csolution','0','Joann ambrocio','J900068436@clc.member',NULL,'J900068436','$2y$10$Co.jiDcSkW4CJC3PPcM6w.W6DL/jN3wXk96z9w7v1xl18IQq7pMZC',NULL,0,NULL,'2023-06-11 03:11:49','2023-06-11 03:11:49'),(4216,'i2csolution','0','Richel Tatel','AD03317043@clc.member',NULL,'AD03317043','$2y$10$XP9gIn8oTLhZJx4T0l.JU.YnXF4NUagUQsP/lKEwGety1VWIKyjze',NULL,0,NULL,'2023-06-11 04:20:33','2023-06-11 04:20:33'),(4217,'i2csolution','0','Flor Angelie','A900052252@clc.member',NULL,'A900052252','$2y$10$bU86s4srtclHojVKKseWpO37reRG1gjhCLU/3zu9aL9fZZKRTQlX.',NULL,0,NULL,'2023-06-11 04:25:56','2023-06-11 04:25:56'),(4218,'i2csolution','0','Aris yadao','H800137102@clc.member',NULL,'H800137102','$2y$10$B20Ss3SndVvP3opm1BYSH.sKO9ZIHxOoc6BU0R1n3U7VuXVnJS/I2',NULL,0,NULL,'2023-06-11 04:28:46','2023-06-11 04:28:46'),(4219,'i2csolution','0','Albert','F800088157@clc.member',NULL,'F800088157','$2y$10$2sh6HmDZScbiNMIutkYHWuDByKJbpJkzKxhf5n6mE890vMwF0KiNO',NULL,0,NULL,'2023-06-11 04:34:06','2023-06-11 04:34:06'),(4220,'i2csolution','0','dirk anthony huerto','F800382794@clc.member',NULL,'F800382794','$2y$10$5l7iioZjap9V2jKxeqGlQezkGpTC/AQIrDvukTwJCrbee3Uj7b30S',NULL,0,NULL,'2023-06-11 04:41:35','2023-06-11 04:41:35'),(4221,'i2csolution','0','gacuma roberto','f80041127@clc.member',NULL,'f80041127','$2y$10$T4.91mk80uG1Rxj5DLT/6uTdxSPf27TXaAUDgbModLNKlbhvpq8WK',NULL,0,NULL,'2023-06-11 04:45:16','2023-06-11 04:45:16'),(4222,'i2csolution','0','Jojie','H800159993@clc.member',NULL,'H800159993','$2y$10$.A/edXAar.8CPzmnEr42XuY2Pbha1/5faZUjFCpr44hC0kV1y11Dm',NULL,0,NULL,'2023-06-11 04:45:49','2023-06-11 04:45:49'),(4223,'i2csolution','0','Shan Chua','F270022265@clc.member',NULL,'F270022265','$2y$10$n6LJCnwiAQr4gSRGy7ifoeP5e/FEvwKs/Pdcbi/400A9uHhmXumWe',NULL,0,NULL,'2023-06-11 06:34:15','2023-06-11 06:34:15'),(4224,'i2csolution','0','孟港生','a124222652@clc.member',NULL,'a124222652','$2y$10$YKD21SaHgEvfrfTLO8qwBu8TJvhtiyc4UTixn2tJ4BOwzcHTslK6C',NULL,0,NULL,'2023-06-11 08:05:54','2023-06-11 08:05:54'),(4225,'i2csolution','0','葉輝能','R101294314@clc.member',NULL,'R101294314','$2y$10$j7dHYH5vFEm1HcQzW2F1zOgl7Zd5lkdjYxHP1zsNuEm.p7FPLtPWq',NULL,0,NULL,'2023-06-12 04:30:13','2023-06-12 04:30:13'),(4226,'i2csolution','0','洪繼晟','Y120424702@clc.member',NULL,'Y120424702','$2y$10$jF3H7VOdhzLUTlvqSyZ.b.tKt8hO4SxypbKHpVwjAzK5GsyVdLwbe',NULL,0,NULL,'2023-06-12 04:57:45','2023-06-12 04:57:45');

--
-- Table structure for table `user_role`
--

CREATE TABLE `user_role` (
  `id` int(10) unsigned NOT NULL AUTO_INCREMENT,
  `user_id` bigint(20) unsigned NOT NULL COMMENT 'User的ID',
  `role_id` varchar(36) COLLATE utf8mb4_unicode_ci NOT NULL COMMENT 'Role的ID',
  `description` text COLLATE utf8mb4_unicode_ci COMMENT '描述',
  `create_id` varchar(20) COLLATE utf8mb4_unicode_ci NOT NULL COMMENT '建立者ID',
  `create_name` varchar(20) COLLATE utf8mb4_unicode_ci NOT NULL COMMENT '建立者名稱',
  `create_time` datetime NOT NULL DEFAULT CURRENT_TIMESTAMP COMMENT '建立時間',
  `modify_id` varchar(20) COLLATE utf8mb4_unicode_ci DEFAULT NULL COMMENT '修改者ID',
  `modify_name` varchar(20) COLLATE utf8mb4_unicode_ci DEFAULT NULL COMMENT '修改名稱',
  `modify_time` datetime DEFAULT CURRENT_TIMESTAMP ON UPDATE CURRENT_TIMESTAMP COMMENT '修改時間',
  PRIMARY KEY (`id`),
  KEY `user_role_user_id_foreign` (`user_id`),
  KEY `user_role_role_id_foreign` (`role_id`),
  CONSTRAINT `user_role_role_id_foreign` FOREIGN KEY (`role_id`) REFERENCES `role` (`id`),
  CONSTRAINT `user_role_user_id_foreign` FOREIGN KEY (`user_id`) REFERENCES `user` (`id`)
) ENGINE=InnoDB AUTO_INCREMENT=64 DEFAULT CHARSET=utf8mb4 COLLATE=utf8mb4_unicode_ci COMMENT='帳號跟角色的關聯';

--
-- Dumping data for table `user_role`
--

INSERT INTO `user_role` VALUES (48,2,'administrator','','admin','系統管理者','2023-04-22 18:28:57',NULL,NULL,'2023-04-22 18:28:57'),(49,365,'administrator','','admin','系統管理者','2023-04-22 18:28:57',NULL,NULL,'2023-04-22 18:28:57'),(50,1067,'administrator','','admin','系統管理者','2023-04-22 18:28:57',NULL,NULL,'2023-04-22 18:28:57'),(51,1068,'administrator','','admin','系統管理者','2023-04-22 18:28:57',NULL,NULL,'2023-04-22 18:28:57'),(52,1069,'administrator','','admin','系統管理者','2023-04-22 18:28:57',NULL,NULL,'2023-04-22 18:28:57'),(53,1071,'administrator','','admin','系統管理者','2023-04-22 18:28:57',NULL,NULL,'2023-04-22 18:28:57'),(54,1073,'administrator','','admin','系統管理者','2023-04-22 18:28:57',NULL,NULL,'2023-04-22 18:28:57'),(55,1074,'administrator','','admin','系統管理者','2023-04-22 18:28:57',NULL,NULL,'2023-04-22 18:28:57'),(61,33,'8f4cb817-ef8e-439f-94c9-470746641e50','','admin','系統管理者','2023-04-23 11:46:11',NULL,NULL,'2023-04-23 11:46:11'),(62,851,'8f4cb817-ef8e-439f-94c9-470746641e50','','admin','系統管理者','2023-04-23 11:46:11',NULL,NULL,'2023-04-23 11:46:11'),(63,1070,'8f4cb817-ef8e-439f-94c9-470746641e50','','admin','系統管理者','2023-04-23 11:46:11',NULL,NULL,'2023-04-23 11:46:11');

--
-- Table structure for table `verify_code_sms`
--

CREATE TABLE `verify_code_sms` (
  `phone` varchar(10) COLLATE utf8mb4_unicode_ci NOT NULL COMMENT '驗證電話號碼',
  `verify_code` varchar(10) COLLATE utf8mb4_unicode_ci NOT NULL COMMENT '驗證碼',
  `page_code` varchar(10) COLLATE utf8mb4_unicode_ci NOT NULL COMMENT '網頁驗證碼',
  `validity_period` datetime NOT NULL COMMENT '有效期限'
) ENGINE=InnoDB DEFAULT CHARSET=utf8mb4 COLLATE=utf8mb4_unicode_ci COMMENT='簡訊驗證碼';

--
-- Dumping data for table `verify_code_sms`
--

INSERT INTO `verify_code_sms` VALUES ('0983988146','160161','UCBL','2023-03-08 23:37:32'),('0962037737','080243','HDAA','2023-04-28 18:25:02'),('0960703396','655766','RFWF','2023-04-14 21:10:15'),('0928541858','301953','OJZW','2023-03-10 23:12:19'),('0926265437','483006','OTIF','2023-03-12 20:12:42'),('0958919699','497925','GLRR','2023-05-25 09:41:52'),('0989788538','147949','BXXC','2023-06-11 18:35:44'),('0916334158','675120','YEWZ','2023-03-15 06:57:42'),('0987760187','568149','FVUN','2023-03-15 08:06:20'),('0976361049','465710','SYYW','2023-03-15 16:50:49'),('0972189285','935303','TBHA','2023-05-05 11:28:20'),('0953326299','074211','ADOW','2023-03-17 18:11:54'),('0905034413','349692','PICA','2023-03-18 16:38:34'),('0932370709','302656','ZPAD','2023-03-18 20:01:54'),('0936117643','441525','UNNR','2023-03-20 11:41:20'),('0965577339','049084','JYWQ','2023-03-20 12:35:14'),('0910099709','227929','GTEU','2023-03-20 20:31:53'),('0987266167','392730','EZKQ','2023-03-22 15:36:03'),('0928086532','421155','CCTB','2023-03-22 18:47:28'),('0987360692','792380','SKRE','2023-03-22 19:24:01'),('0968268847','233345','CZMV','2023-04-26 22:06:13'),('0926566566','471582','OSYC','2023-03-23 18:35:10'),('0933422063','775763','YFFD','2023-04-22 22:47:24'),('0953109949','219935','SBTP','2023-03-25 15:43:33'),('0985234807','815322','FZGK','2023-05-04 22:39:05'),('0973686584','633848','ODRW','2023-05-15 09:33:07'),('0981793523','415128','VDZJ','2023-03-26 02:20:59'),('0911258598','736074','CIBH','2023-03-26 12:19:16'),('0921126399','419406','AQEX','2023-04-09 09:31:41'),('0930856923','479026','ASIC','2023-03-27 23:40:16'),('0968775685','439295','ZZCO','2023-03-26 21:49:07'),('0938561563','941282','DYYC','2023-03-26 22:37:14'),('0918687168','535260','OPOS','2023-03-27 14:38:29'),('0918127672','597315','OKPI','2023-04-04 10:32:12'),('0923652168','646256','KKYZ','2023-03-28 12:15:19'),('0934146585','225898','XRHO','2023-03-28 17:34:39'),('0937770169','077030','FCZD','2023-03-28 17:56:26'),('0905056197','403699','SWMP','2023-03-29 10:46:41'),('0958861836','879325','QSNL','2023-03-31 13:02:42'),('0953657108','592771','WHWO','2023-03-31 16:04:27'),('0931055424','651331','ZVSJ','2023-04-01 13:24:14'),('0981075074','485070','QPNO','2023-04-01 16:42:08'),('0978713012','959101','VLJX','2023-04-23 11:18:35'),('0918361561','620460','KTUT','2023-04-02 14:33:34'),('0906971560','590660','QWWH','2023-04-03 12:14:35'),('0977420832','334634','VCPU','2023-04-04 02:41:45'),('0985329109','394246','ENSO','2023-04-04 12:24:25'),('0908520732','882463','ALQC','2023-04-04 15:28:06'),('0986465324','856751','DUHM','2023-04-06 20:28:07'),('0928271158','475677','ZYOO','2023-04-06 23:51:11'),('0988246971','839182','QQMR','2023-04-06 23:57:36'),('0901400687','219429','IEYV','2023-04-07 10:08:33'),('0901317542','544849','BPOH','2023-05-09 15:20:05'),('0986639024','125201','MGRF','2023-04-07 13:49:03'),('0920818412','331012','IATS','2023-04-07 15:26:35'),('0938619818','283135','WJZL','2023-04-07 15:55:46'),('0918603448','696704','DRPM','2023-04-07 16:13:07'),('0968668551','660075','JIIV','2023-04-07 16:50:30'),('0901026788','622952','MUTX','2023-04-08 14:09:36'),('0905113045','703769','WAGV','2023-04-08 16:08:07'),('0987460737','558352','WIKU','2023-04-09 10:06:56'),('0980919644','719326','NDAJ','2023-04-09 12:57:06'),('0968069377','871910','NQZN','2023-04-09 18:04:43'),('0910591401','788771','VDLI','2023-04-09 19:00:43'),('0979053883','603450','ETJL','2023-06-04 11:41:12'),('0978702416','611745','BEZR','2023-04-10 17:58:19'),('0910537939','954280','JBQD','2023-04-11 18:52:04'),('0913890080','483881','BZFZ','2023-04-11 19:57:25'),('0930321366','559894','GBEW','2023-04-11 20:52:16'),('0965480290','702014','QBCG','2023-04-12 12:56:17'),('0900618975','702682','ZBTO','2023-04-12 18:04:43'),('0939928039','704962','BDMR','2023-04-13 14:50:33'),('0922756362','038905','FXMO','2023-04-29 07:42:24'),('0968559879','115538','IGCA','2023-04-14 14:15:32'),('0980055654','871881','KXMG','2023-04-14 18:34:45'),('0932502891','481713','IXKB','2023-04-18 02:35:41'),('0958253348','788960','HXHE','2023-04-18 09:03:51'),('0976273661','939861','QEMC','2023-04-18 10:32:48'),('0918292721','854033','ASYY','2023-04-18 10:38:36'),('0985139334','481892','QCCI','2023-04-18 15:55:44'),('0981532967','017762','IEYY','2023-04-19 21:13:18'),('0926767007','906661','AFUK','2023-04-20 10:30:56'),('0909033633','152503','TUDP','2023-05-23 22:22:14'),('0958899711','348079','AQRK','2023-04-21 16:51:13'),('0973109735','637638','TTUU','2023-04-21 20:10:16'),('0985981736','861026','GCVG','2023-04-21 21:40:41'),('0939678789','391082','QXJI','2023-04-21 23:03:43'),('0906990053','445506','NLWA','2023-04-22 14:25:22'),('0978557383','673168','GFOA','2023-04-22 14:55:24'),('0902425038','394120','FYSQ','2023-04-22 14:33:00'),('0908220197','622895','DAZG','2023-04-22 14:33:10'),('0971468193','931843','HPTG','2023-04-22 14:39:14'),('0983942517','422875','FQUF','2023-04-23 13:48:14'),('0989213593','448660','LOLR','2023-04-24 00:15:23'),('0933809504','097707','JOMH','2023-04-24 16:57:04'),('0939162286','157884','HUJD','2023-06-03 12:00:46'),('0933549685','931138','IYBA','2023-04-26 13:21:30'),('0920597180','140618','YRJG','2023-04-26 19:26:18'),('0932135802','487795','GSHO','2023-04-27 08:01:13'),('0936119008','579517','DMLO','2023-04-27 11:03:40'),('0935866784','751370','JMRP','2023-04-29 16:39:59'),('0966296845','847883','EODV','2023-05-01 10:19:06'),('0917971258','028883','QRBO','2023-05-03 09:02:58'),('0913281313','803726','AVMT','2023-05-03 20:33:19'),('0980871445','208687','DMCV','2023-05-05 19:11:52'),('0989630516','223256','UERR','2023-05-05 20:44:13'),('0927301302','263137','YWUX','2023-05-06 14:16:48'),('0931134301','577053','WMOO','2023-05-09 16:35:48'),('0933216286','898616','EXDX','2023-05-11 22:27:39'),('0908154505','204880','MMDO','2023-05-14 13:37:22'),('0970785069','384805','JIMY','2023-05-15 13:34:48'),('0932108028','500119','FMSJ','2023-05-16 18:34:36'),('0985078228','139053','NOGF','2023-05-21 13:54:14'),('0919276482','884157','ADRH','2023-05-24 15:20:18'),('0975092889','143147','JNVX','2023-05-21 15:22:56'),('0982690964','230000','TLDH','2023-05-22 16:56:24'),('0912628430','914678','ZZCC','2023-05-22 18:07:28'),('0982157538','449699','LHVH','2023-05-23 20:01:36'),('0983888330','124180','LRGY','2023-05-24 22:18:42'),('0912810823','004259','JAPW','2023-05-25 10:24:46'),('0958413993','239273','YETW','2023-05-25 14:30:50'),('0966852509','078409','VKRL','2023-05-26 14:04:26'),('0928229057','196519','CAMD','2023-05-26 19:47:40'),('0908412550','031209','APKC','2023-05-27 02:18:43'),('0988128235','068492','TVPG','2023-05-29 20:35:16'),('0938182926','805902','ISIN','2023-05-30 15:10:36'),('0919161188','062493','MESK','2023-05-31 23:45:01'),('0971250458','847367','XYTK','2023-06-01 12:07:06'),('0955598909','777115','PPOH','2023-06-01 16:15:23'),('0970476285','057370','OVLA','2023-06-01 18:22:10'),('0919382551','718887','UOCO','2023-06-06 17:51:16'),('0985725525','207218','LELF','2023-06-07 15:39:29'),('0988423161','394379','GSON','2023-06-08 15:22:51'),('0982313241','802039','ITCA','2023-06-09 16:47:22'),('0934253988','434441','XFOJ','2023-06-09 17:41:30'),('0932148179','313902','KBMF','2023-06-09 20:22:58'),('0920808516','740062','HLTB','2023-06-11 13:42:01'),('0983831116','510000','AWNF','2023-06-11 19:08:21'),('0933982966','542056','MOAK','2023-06-11 19:13:45');

--
-- Table structure for table `warehouse`
--

CREATE TABLE `warehouse` (
  `id` varchar(36) COLLATE utf8mb4_unicode_ci NOT NULL,
  `company_id` varchar(36) COLLATE utf8mb4_unicode_ci NOT NULL COMMENT '隸屬公司',
  `sorting` int(11) NOT NULL DEFAULT '1' COMMENT '排序編號',
  `code` varchar(20) COLLATE utf8mb4_unicode_ci NOT NULL COMMENT '編號',
  `name` varchar(100) COLLATE utf8mb4_unicode_ci NOT NULL COMMENT '名稱',
  `warehouse_type_id` varchar(36) COLLATE utf8mb4_unicode_ci NOT NULL COMMENT '倉別屬性ID',
  `description` varchar(200) COLLATE utf8mb4_unicode_ci DEFAULT NULL COMMENT '描述',
  `create_id` varchar(20) COLLATE utf8mb4_unicode_ci NOT NULL COMMENT '建立者ID',
  `create_name` varchar(20) COLLATE utf8mb4_unicode_ci NOT NULL COMMENT '建立者名稱',
  `create_time` datetime NOT NULL DEFAULT CURRENT_TIMESTAMP COMMENT '建立時間',
  `modify_id` varchar(20) COLLATE utf8mb4_unicode_ci DEFAULT NULL COMMENT '修改者ID',
  `modify_name` varchar(20) COLLATE utf8mb4_unicode_ci DEFAULT NULL COMMENT '修改名稱',
  `modify_time` datetime DEFAULT CURRENT_TIMESTAMP ON UPDATE CURRENT_TIMESTAMP COMMENT '修改時間',
  PRIMARY KEY (`id`),
  KEY `warehouse_company_id_foreign` (`company_id`),
  KEY `warehouse_warehouse_type_id_foreign` (`warehouse_type_id`),
  CONSTRAINT `warehouse_company_id_foreign` FOREIGN KEY (`company_id`) REFERENCES `company` (`id`),
  CONSTRAINT `warehouse_warehouse_type_id_foreign` FOREIGN KEY (`warehouse_type_id`) REFERENCES `warehouse_type` (`id`)
) ENGINE=InnoDB DEFAULT CHARSET=utf8mb4 COLLATE=utf8mb4_unicode_ci COMMENT='倉庫';

--
-- Dumping data for table `warehouse`
--

INSERT INTO `warehouse` VALUES ('wh01','i2csolution',0,'wh01','總公司倉','1',NULL,'system','system','2023-01-09 11:37:00',NULL,NULL,'2023-01-09 11:37:00'),('wh02','i2csolution',1,'wh02','網購倉','1',NULL,'system','system','2023-01-09 11:37:00',NULL,NULL,'2023-01-09 11:37:00');

--
-- Table structure for table `warehouse_type`
--

CREATE TABLE `warehouse_type` (
  `id` varchar(36) COLLATE utf8mb4_unicode_ci NOT NULL,
  `sorting` int(11) NOT NULL DEFAULT '1' COMMENT '排序編號',
  `name` varchar(100) COLLATE utf8mb4_unicode_ci NOT NULL COMMENT '名稱',
  `description` varchar(200) COLLATE utf8mb4_unicode_ci DEFAULT NULL COMMENT '描述',
  `create_id` varchar(20) COLLATE utf8mb4_unicode_ci NOT NULL COMMENT '建立者ID',
  `create_name` varchar(20) COLLATE utf8mb4_unicode_ci NOT NULL COMMENT '建立者名稱',
  `create_time` datetime NOT NULL DEFAULT CURRENT_TIMESTAMP COMMENT '建立時間',
  `modify_id` varchar(20) COLLATE utf8mb4_unicode_ci DEFAULT NULL COMMENT '修改者ID',
  `modify_name` varchar(20) COLLATE utf8mb4_unicode_ci DEFAULT NULL COMMENT '修改名稱',
  `modify_time` datetime DEFAULT CURRENT_TIMESTAMP ON UPDATE CURRENT_TIMESTAMP COMMENT '修改時間',
  PRIMARY KEY (`id`)
) ENGINE=InnoDB DEFAULT CHARSET=utf8mb4 COLLATE=utf8mb4_unicode_ci COMMENT='倉別屬性';

--
-- Dumping data for table `warehouse_type`
--

INSERT INTO `warehouse_type` VALUES ('1',0,'銷售倉',NULL,'system','system','2023-01-09 11:37:00',NULL,NULL,'2023-01-09 11:37:00'),('2',5,'不良品倉',NULL,'system','system','2023-01-09 11:37:00',NULL,NULL,'2023-01-09 11:37:00'),('3',10,'退貨倉',NULL,'system','system','2023-01-09 11:37:00',NULL,NULL,'2023-01-09 11:37:00'),('4',15,'機台倉',NULL,'system','system','2023-01-09 11:37:00',NULL,NULL,'2023-01-09 11:37:00');

--
-- Table structure for table `webinv_log`
--

CREATE TABLE `webinv_log` (
  `id` int(10) unsigned NOT NULL AUTO_INCREMENT,
  `sale_id` varchar(36) COLLATE utf8mb4_unicode_ci NOT NULL COMMENT '銷售單ID',
  `webpay_type_id` varchar(10) COLLATE utf8mb4_unicode_ci NOT NULL COMMENT '線上金流廠商',
  `merchant_no` varchar(25) COLLATE utf8mb4_unicode_ci NOT NULL COMMENT '廠商交易編號',
  `invoice_no` varchar(10) COLLATE utf8mb4_unicode_ci DEFAULT NULL COMMENT '開立發票號碼',
  `trade_count` int(11) NOT NULL DEFAULT '1' COMMENT '交易次數',
  `send_data` text COLLATE utf8mb4_unicode_ci COMMENT '傳送給廠商的資料',
  `send_time` datetime DEFAULT NULL COMMENT '傳送給廠商的時間',
  `response_data` text COLLATE utf8mb4_unicode_ci COMMENT '回傳資料',
  `response_time` datetime DEFAULT NULL COMMENT '回傳時間',
  `status` varchar(10) COLLATE utf8mb4_unicode_ci NOT NULL DEFAULT '0' COMMENT '交易狀態',
  `create_time` datetime NOT NULL DEFAULT CURRENT_TIMESTAMP COMMENT '建立時間',
  `modify_time` datetime DEFAULT CURRENT_TIMESTAMP ON UPDATE CURRENT_TIMESTAMP COMMENT '回傳時間',
  PRIMARY KEY (`id`),
  KEY `webinv_log_webpay_type_id_foreign` (`webpay_type_id`),
  KEY `webinv_log_sale_id_foreign` (`sale_id`),
  CONSTRAINT `webinv_log_sale_id_foreign` FOREIGN KEY (`sale_id`) REFERENCES `sale` (`id`),
  CONSTRAINT `webinv_log_webpay_type_id_foreign` FOREIGN KEY (`webpay_type_id`) REFERENCES `webpay_type` (`id`)
) ENGINE=InnoDB AUTO_INCREMENT=69 DEFAULT CHARSET=utf8mb4 COLLATE=utf8mb4_unicode_ci COMMENT='線上電子發票開立紀錄';

--
-- Dumping data for table `webinv_log`
--

INSERT INTO `webinv_log` VALUES (6,'16787600396717','ezpay','16787600396717',NULL,1,NULL,NULL,'{\"Status\":\"KEY10006\",\"Message\":\"\\u53d6\\u5f97\\u5546\\u5e97\\u7533\\u8acb\\u8cc7\\u683c\\u5931\\u6557\",\"Result\":[]}','2023-03-14 10:13:59','KEY10006','2023-03-14 10:13:59','2023-03-14 10:13:59'),(7,'16787663572054','ezpay','16787663572054',NULL,1,NULL,NULL,'{\"Status\":\"KEY10006\",\"Message\":\"\\u53d6\\u5f97\\u5546\\u5e97\\u7533\\u8acb\\u8cc7\\u683c\\u5931\\u6557\",\"Result\":[]}','2023-03-14 11:59:17','KEY10006','2023-03-14 11:59:17','2023-03-14 11:59:17'),(8,'16787720702016','ezpay','16787720702016',NULL,1,NULL,NULL,'{\"Status\":\"KEY10006\",\"Message\":\"\\u53d6\\u5f97\\u5546\\u5e97\\u7533\\u8acb\\u8cc7\\u683c\\u5931\\u6557\",\"Result\":[]}','2023-03-14 13:34:30','KEY10006','2023-03-14 13:34:30','2023-03-14 13:34:30'),(10,'16788515114592','ezpay','16788515114592',NULL,1,NULL,NULL,'{\"Status\":\"KEY10006\",\"Message\":\"\\u53d6\\u5f97\\u5546\\u5e97\\u7533\\u8acb\\u8cc7\\u683c\\u5931\\u6557\",\"Result\":[]}','2023-03-15 11:38:31','KEY10006','2023-03-15 11:38:31','2023-03-15 11:38:31'),(11,'16789512757108','ezpay','16789512757108',NULL,1,NULL,NULL,'{\"Status\":\"KEY10006\",\"Message\":\"\\u53d6\\u5f97\\u5546\\u5e97\\u7533\\u8acb\\u8cc7\\u683c\\u5931\\u6557\",\"Result\":[]}','2023-03-16 15:21:15','KEY10006','2023-03-16 15:21:15','2023-03-16 15:21:15'),(12,'16789618461015','ezpay','16789618461015',NULL,1,NULL,NULL,'{\"Status\":\"KEY10006\",\"Message\":\"\\u53d6\\u5f97\\u5546\\u5e97\\u7533\\u8acb\\u8cc7\\u683c\\u5931\\u6557\",\"Result\":[]}','2023-03-16 18:17:26','KEY10006','2023-03-16 18:17:26','2023-03-16 18:17:26'),(13,'16795512586075','ezpay','16795512586075',NULL,1,NULL,NULL,'{\"Status\":\"KEY10006\",\"Message\":\"\\u53d6\\u5f97\\u5546\\u5e97\\u7533\\u8acb\\u8cc7\\u683c\\u5931\\u6557\",\"Result\":[]}','2023-03-23 14:00:58','KEY10006','2023-03-23 14:00:58','2023-03-23 14:00:58'),(14,'16795558709575','ezpay','16795558709575',NULL,1,NULL,NULL,'{\"Status\":\"KEY10006\",\"Message\":\"\\u53d6\\u5f97\\u5546\\u5e97\\u7533\\u8acb\\u8cc7\\u683c\\u5931\\u6557\",\"Result\":[]}','2023-03-23 15:17:51','KEY10006','2023-03-23 15:17:51','2023-03-23 15:17:51'),(15,'16795784104278','ezpay','16795784104278',NULL,1,NULL,NULL,'{\"Status\":\"KEY10006\",\"Message\":\"\\u53d6\\u5f97\\u5546\\u5e97\\u7533\\u8acb\\u8cc7\\u683c\\u5931\\u6557\",\"Result\":[]}','2023-03-23 21:33:30','KEY10006','2023-03-23 21:33:30','2023-03-23 21:33:30'),(17,'16799144906423','ezpay','16799144906423',NULL,1,NULL,NULL,'{\"Status\":\"KEY10006\",\"Message\":\"\\u53d6\\u5f97\\u5546\\u5e97\\u7533\\u8acb\\u8cc7\\u683c\\u5931\\u6557\",\"Result\":[]}','2023-03-27 18:54:50','KEY10006','2023-03-27 18:54:50','2023-03-27 18:54:50'),(19,'16799706909729','ezpay','16799706909729',NULL,1,NULL,NULL,'{\"Status\":\"KEY10006\",\"Message\":\"\\u53d6\\u5f97\\u5546\\u5e97\\u7533\\u8acb\\u8cc7\\u683c\\u5931\\u6557\",\"Result\":[]}','2023-03-28 10:31:31','KEY10006','2023-03-28 10:31:31','2023-03-28 10:31:31'),(20,'16799747305899','ezpay','16799747305899',NULL,1,NULL,NULL,'{\"Status\":\"KEY10006\",\"Message\":\"\\u53d6\\u5f97\\u5546\\u5e97\\u7533\\u8acb\\u8cc7\\u683c\\u5931\\u6557\",\"Result\":[]}','2023-03-28 11:38:50','KEY10006','2023-03-28 11:38:50','2023-03-28 11:38:50'),(22,'16800180178746','ezpay','16800180178746',NULL,1,NULL,NULL,'{\"Status\":\"KEY10006\",\"Message\":\"\\u53d6\\u5f97\\u5546\\u5e97\\u7533\\u8acb\\u8cc7\\u683c\\u5931\\u6557\",\"Result\":[]}','2023-03-28 23:40:18','KEY10006','2023-03-28 23:40:18','2023-03-28 23:40:18'),(23,'16800611014074','ezpay','16800611014074',NULL,1,NULL,NULL,'{\"Status\":\"KEY10006\",\"Message\":\"\\u53d6\\u5f97\\u5546\\u5e97\\u7533\\u8acb\\u8cc7\\u683c\\u5931\\u6557\",\"Result\":[]}','2023-03-29 11:38:21','KEY10006','2023-03-29 11:38:21','2023-03-29 11:38:21'),(24,'16800618035080','ezpay','16800618035080',NULL,1,NULL,NULL,'{\"Status\":\"KEY10006\",\"Message\":\"\\u53d6\\u5f97\\u5546\\u5e97\\u7533\\u8acb\\u8cc7\\u683c\\u5931\\u6557\",\"Result\":[]}','2023-03-29 11:50:03','KEY10006','2023-03-29 11:50:03','2023-03-29 11:50:03'),(25,'16800711863076','ezpay','16800711863076',NULL,1,NULL,NULL,'{\"Status\":\"KEY10006\",\"Message\":\"\\u53d6\\u5f97\\u5546\\u5e97\\u7533\\u8acb\\u8cc7\\u683c\\u5931\\u6557\",\"Result\":[]}','2023-03-29 14:26:26','KEY10006','2023-03-29 14:26:26','2023-03-29 14:26:26'),(31,'16800781283338','ezpay','16800781283338',NULL,1,NULL,NULL,'{\"Status\":\"KEY10006\",\"Message\":\"\\u53d6\\u5f97\\u5546\\u5e97\\u7533\\u8acb\\u8cc7\\u683c\\u5931\\u6557\",\"Result\":[]}','2023-03-29 16:22:08','KEY10006','2023-03-29 16:22:08','2023-03-29 16:22:08'),(33,'16800820453103','ezpay','16800820453103',NULL,1,NULL,NULL,'{\"Status\":\"KEY10006\",\"Message\":\"\\u53d6\\u5f97\\u5546\\u5e97\\u7533\\u8acb\\u8cc7\\u683c\\u5931\\u6557\",\"Result\":[]}','2023-03-29 17:27:25','KEY10006','2023-03-29 17:27:25','2023-03-29 17:27:25'),(34,'16800821257793','ezpay','16800821257793',NULL,1,NULL,NULL,'{\"Status\":\"KEY10006\",\"Message\":\"\\u53d6\\u5f97\\u5546\\u5e97\\u7533\\u8acb\\u8cc7\\u683c\\u5931\\u6557\",\"Result\":[]}','2023-03-29 17:28:45','KEY10006','2023-03-29 17:28:45','2023-03-29 17:28:45'),(35,'16800827239891','ezpay','16800827239891',NULL,1,NULL,NULL,'{\"Status\":\"KEY10006\",\"Message\":\"\\u53d6\\u5f97\\u5546\\u5e97\\u7533\\u8acb\\u8cc7\\u683c\\u5931\\u6557\",\"Result\":[]}','2023-03-29 17:38:44','KEY10006','2023-03-29 17:38:44','2023-03-29 17:38:44'),(38,'16800856185934','ezpay','16800856185934',NULL,1,NULL,NULL,'{\"Status\":\"KEY10006\",\"Message\":\"\\u53d6\\u5f97\\u5546\\u5e97\\u7533\\u8acb\\u8cc7\\u683c\\u5931\\u6557\",\"Result\":[]}','2023-03-29 18:26:58','KEY10006','2023-03-29 18:26:58','2023-03-29 18:26:58'),(39,'16800856842546','ezpay','16800856842546',NULL,1,NULL,NULL,'{\"Status\":\"KEY10006\",\"Message\":\"\\u53d6\\u5f97\\u5546\\u5e97\\u7533\\u8acb\\u8cc7\\u683c\\u5931\\u6557\",\"Result\":[]}','2023-03-29 18:28:04','KEY10006','2023-03-29 18:28:04','2023-03-29 18:28:04'),(41,'16800864057474','ezpay','16800864057474',NULL,1,NULL,NULL,'{\"Status\":\"KEY10006\",\"Message\":\"\\u53d6\\u5f97\\u5546\\u5e97\\u7533\\u8acb\\u8cc7\\u683c\\u5931\\u6557\",\"Result\":[]}','2023-03-29 18:40:05','KEY10006','2023-03-29 18:40:05','2023-03-29 18:40:05'),(43,'16800875494987','ezpay','16800875494987',NULL,1,NULL,NULL,'{\"Status\":\"KEY10006\",\"Message\":\"\\u53d6\\u5f97\\u5546\\u5e97\\u7533\\u8acb\\u8cc7\\u683c\\u5931\\u6557\",\"Result\":[]}','2023-03-29 18:59:09','KEY10006','2023-03-29 18:59:09','2023-03-29 18:59:09'),(45,'16800887254988','ezpay','16800887254988',NULL,1,NULL,NULL,'{\"Status\":\"KEY10006\",\"Message\":\"\\u53d6\\u5f97\\u5546\\u5e97\\u7533\\u8acb\\u8cc7\\u683c\\u5931\\u6557\",\"Result\":[]}','2023-03-29 19:18:45','KEY10006','2023-03-29 19:18:45','2023-03-29 19:18:45'),(47,'16800891366737','ezpay','16800891366737',NULL,1,NULL,NULL,'{\"Status\":\"KEY10006\",\"Message\":\"\\u53d6\\u5f97\\u5546\\u5e97\\u7533\\u8acb\\u8cc7\\u683c\\u5931\\u6557\",\"Result\":[]}','2023-03-29 19:25:36','KEY10006','2023-03-29 19:25:36','2023-03-29 19:25:36'),(49,'16800895682439','ezpay','16800895682439',NULL,1,NULL,NULL,'{\"Status\":\"KEY10006\",\"Message\":\"\\u53d6\\u5f97\\u5546\\u5e97\\u7533\\u8acb\\u8cc7\\u683c\\u5931\\u6557\",\"Result\":[]}','2023-03-29 19:32:48','KEY10006','2023-03-29 19:32:48','2023-03-29 19:32:48'),(52,'16801427001345','ezpay','16801427001345',NULL,1,NULL,NULL,'{\"Status\":\"KEY10006\",\"Message\":\"\\u53d6\\u5f97\\u5546\\u5e97\\u7533\\u8acb\\u8cc7\\u683c\\u5931\\u6557\",\"Result\":[]}','2023-03-30 10:18:20','KEY10006','2023-03-30 10:18:20','2023-03-30 10:18:20'),(53,'16801432698173','ezpay','16801432698173',NULL,1,NULL,NULL,'{\"Status\":\"KEY10006\",\"Message\":\"\\u53d6\\u5f97\\u5546\\u5e97\\u7533\\u8acb\\u8cc7\\u683c\\u5931\\u6557\",\"Result\":[]}','2023-03-30 10:27:50','KEY10006','2023-03-30 10:27:50','2023-03-30 10:27:50'),(56,'16801612307381','ezpay','16801612307381',NULL,1,NULL,NULL,'{\"Status\":\"KEY10006\",\"Message\":\"\\u53d6\\u5f97\\u5546\\u5e97\\u7533\\u8acb\\u8cc7\\u683c\\u5931\\u6557\",\"Result\":[]}','2023-03-30 15:27:10','KEY10006','2023-03-30 15:27:10','2023-03-30 15:27:10'),(60,'16801900100938','ezpay','16801900100938','MP21038851',1,NULL,NULL,'{\"Status\":\"SUCCESS\",\"Message\":\"\\u767c\\u7968\\u958b\\u7acb\\u6210\\u529f\",\"Result\":\"{\\\"CheckCode\\\":\\\"B81A2FF9674AD46481A5FBCF56A1AC8389826DCA89D8924D91F1D14D0E7B808A\\\",\\\"MerchantID\\\":\\\"332653755\\\",\\\"MerchantOrderNo\\\":\\\"16801900100938\\\",\\\"InvoiceNumber\\\":\\\"MP21038851\\\",\\\"TotalAmt\\\":0,\\\"InvoiceTransNo\\\":\\\"23033023265171083\\\",\\\"RandomNum\\\":\\\"6701\\\",\\\"CreateTime\\\":\\\"2023-03-30 23:26:51\\\"}\"}','2023-03-30 23:26:51','SUCCESS','2023-03-30 23:26:51','2023-03-30 23:26:51'),(61,'16807497303893','ezpay','16807497303893','MP21038852',1,NULL,NULL,'{\"Status\":\"SUCCESS\",\"Message\":\"\\u767c\\u7968\\u958b\\u7acb\\u6210\\u529f\",\"Result\":\"{\\\"CheckCode\\\":\\\"538657C65A17DE91A13E3A236DD118680EC6027E7AFB0F31D041DFDEFA421832\\\",\\\"MerchantID\\\":\\\"332653755\\\",\\\"MerchantOrderNo\\\":\\\"16807497303893\\\",\\\"InvoiceNumber\\\":\\\"MP21038852\\\",\\\"TotalAmt\\\":0,\\\"InvoiceTransNo\\\":\\\"23040610553158757\\\",\\\"RandomNum\\\":\\\"8918\\\",\\\"CreateTime\\\":\\\"2023-04-06 10:55:31\\\"}\"}','2023-04-06 10:55:31','SUCCESS','2023-04-06 10:55:31','2023-04-06 10:55:31'),(62,'16807974009324','ezpay','16807974009324','MP21038853',1,NULL,NULL,'{\"Status\":\"SUCCESS\",\"Message\":\"\\u767c\\u7968\\u958b\\u7acb\\u6210\\u529f\",\"Result\":\"{\\\"CheckCode\\\":\\\"5AF1EAB2048B777C842BB2E5350AAA86CE7F7532EA3E25E6750E4EE730CF3C9A\\\",\\\"MerchantID\\\":\\\"332653755\\\",\\\"MerchantOrderNo\\\":\\\"16807974009324\\\",\\\"InvoiceNumber\\\":\\\"MP21038853\\\",\\\"TotalAmt\\\":515,\\\"InvoiceTransNo\\\":\\\"23040700100275982\\\",\\\"RandomNum\\\":\\\"3749\\\",\\\"CreateTime\\\":\\\"2023-04-07 00:10:02\\\",\\\"BarCode\\\":\\\"11204MP210388533749\\\",\\\"QRcodeL\\\":\\\"MP2103885311204073749000001ea000002030000000090136078i5JprVxZeQ3g5QK\\\\\\/pyQPOQ==:**********:1:1:1:\\\",\\\"QRcodeR\\\":\\\"**\\\\u5370\\\\u5c3c MARIZA Srikaya \\\\u86cb\\\\u9ec3\\\\u6930\\\\u7cd6\\\\u9999\\\\u862d\\\\u91ac 250g \\\\\\/ \\\\u86cb\\\\u9ec3\\\\u6930\\\\u7cd6\\\\u91ac 350g:1:80\\\"}\"}','2023-04-07 00:10:02','SUCCESS','2023-04-07 00:10:02','2023-04-07 00:10:02'),(63,'16821603608439','ezpay','16821603608439','MP21038857',1,NULL,NULL,'{\"Status\":\"SUCCESS\",\"Message\":\"\\u767c\\u7968\\u958b\\u7acb\\u6210\\u529f\",\"Result\":\"{\\\"CheckCode\\\":\\\"A6B38C191073A3991DCF6AB6E70C4ADA8BB76F76815E12453E56707C907BE80C\\\",\\\"MerchantID\\\":\\\"332653755\\\",\\\"MerchantOrderNo\\\":\\\"16821603608439\\\",\\\"InvoiceNumber\\\":\\\"MP21038857\\\",\\\"TotalAmt\\\":0,\\\"InvoiceTransNo\\\":\\\"23042218460229755\\\",\\\"RandomNum\\\":\\\"0887\\\",\\\"CreateTime\\\":\\\"2023-04-22 18:46:02\\\",\\\"BarCode\\\":\\\"11204MP210388570887\\\",\\\"QRcodeL\\\":\\\"MP2103885711204220887000000000000000000000000901360788HuQJe+qnCSudcly9bQJ8A==:**********:1:1:1:\\\",\\\"QRcodeR\\\":\\\"**\\\\u3010\\\\u4e2d\\\\u83ef\\\\u96fb\\\\u4fe1$599\\\\u301130\\\\u5929\\\\u4e0a\\\\u7db2\\\\u5403\\\\u5230\\\\u98fd4G\\\\u5132\\\\u503c\\\\u5361(\\\\u96fb\\\\u5b50\\\\u5e8f\\\\u865f):2:599\\\"}\"}','2023-04-22 18:46:02','SUCCESS','2023-04-22 18:46:02','2023-04-22 18:46:02'),(64,'16831941556659','ezpay','16831941556659','PP23431800',1,NULL,NULL,'{\"Status\":\"SUCCESS\",\"Message\":\"\\u767c\\u7968\\u958b\\u7acb\\u6210\\u529f\",\"Result\":\"{\\\"CheckCode\\\":\\\"399A2DBF9E0D986B7B5384A08052780C66A3ED9E5DC094A79C328C8FA0B6B23E\\\",\\\"MerchantID\\\":\\\"332653755\\\",\\\"MerchantOrderNo\\\":\\\"16831941556659\\\",\\\"InvoiceNumber\\\":\\\"PP23431800\\\",\\\"TotalAmt\\\":500,\\\"InvoiceTransNo\\\":\\\"23050917062481309\\\",\\\"RandomNum\\\":\\\"4541\\\",\\\"CreateTime\\\":\\\"2023-05-09 17:06:24\\\"}\"}','2023-05-09 17:06:25','SUCCESS','2023-05-09 17:06:25','2023-05-09 17:06:25'),(65,'16838795632037','ezpay','16838795632037','PP23431803',1,NULL,NULL,'{\"Status\":\"SUCCESS\",\"Message\":\"\\u767c\\u7968\\u958b\\u7acb\\u6210\\u529f\",\"Result\":\"{\\\"CheckCode\\\":\\\"11267424DD9019324F7D96A96E85E15E712ACB1B113F2B9AEBCCCD23911197F0\\\",\\\"MerchantID\\\":\\\"332653755\\\",\\\"MerchantOrderNo\\\":\\\"16838795632037\\\",\\\"InvoiceNumber\\\":\\\"PP23431803\\\",\\\"TotalAmt\\\":1198,\\\"InvoiceTransNo\\\":\\\"23052510111954697\\\",\\\"RandomNum\\\":\\\"0327\\\",\\\"CreateTime\\\":\\\"2023-05-25 10:11:19\\\"}\"}','2023-05-25 10:11:20','SUCCESS','2023-05-25 10:11:20','2023-05-25 10:11:20'),(66,'16838794530979','ezpay','16838794530979','PP23431804',1,NULL,NULL,'{\"Status\":\"SUCCESS\",\"Message\":\"\\u767c\\u7968\\u958b\\u7acb\\u6210\\u529f\",\"Result\":\"{\\\"CheckCode\\\":\\\"BC3DBBE348EEE5E4E3F54FBA57A893E697E86157549FD9BA0E67B33CA4FEF59F\\\",\\\"MerchantID\\\":\\\"332653755\\\",\\\"MerchantOrderNo\\\":\\\"16838794530979\\\",\\\"InvoiceNumber\\\":\\\"PP23431804\\\",\\\"TotalAmt\\\":1600,\\\"InvoiceTransNo\\\":\\\"23052713091772838\\\",\\\"RandomNum\\\":\\\"2940\\\",\\\"CreateTime\\\":\\\"2023-05-27 13:09:17\\\"}\"}','2023-05-27 13:09:17','SUCCESS','2023-05-27 13:09:17','2023-05-27 13:09:17'),(67,'16853515285153','ezpay','16853515285153','PP23431805',1,NULL,NULL,'{\"Status\":\"SUCCESS\",\"Message\":\"\\u767c\\u7968\\u958b\\u7acb\\u6210\\u529f\",\"Result\":\"{\\\"CheckCode\\\":\\\"E21D8E7949261E3551F0A2EFA52FAAA108F8D86FBD8F81E9A208424D1F75D91B\\\",\\\"MerchantID\\\":\\\"332653755\\\",\\\"MerchantOrderNo\\\":\\\"16853515285153\\\",\\\"InvoiceNumber\\\":\\\"PP23431805\\\",\\\"TotalAmt\\\":740,\\\"InvoiceTransNo\\\":\\\"23060520495160843\\\",\\\"RandomNum\\\":\\\"7991\\\",\\\"CreateTime\\\":\\\"2023-06-05 20:49:51\\\"}\"}','2023-06-05 20:49:51','SUCCESS','2023-06-05 20:49:51','2023-06-05 20:49:51'),(68,'16859706879749','ezpay','16859706879749',NULL,1,NULL,NULL,'{\"Status\":\"KEY10022\",\"Message\":\"\\u5546\\u54c1\\u540d\\u7a31\\u7b2c1\\u9805\\u5b57\\u6578\\u8d85\\u904e30\\u500b\\u5168\\u5f62\\u5b57\",\"Result\":[]}','2023-06-07 22:57:57','KEY10022','2023-06-07 22:57:57','2023-06-07 22:57:57');

--
-- Table structure for table `webpay_log`
--

CREATE TABLE `webpay_log` (
  `id` int(10) unsigned NOT NULL AUTO_INCREMENT,
  `sale_id` varchar(36) COLLATE utf8mb4_unicode_ci NOT NULL COMMENT '銷售單ID',
  `webpay_type_id` varchar(10) COLLATE utf8mb4_unicode_ci NOT NULL COMMENT '線上金流廠商',
  `action` varchar(12) COLLATE utf8mb4_unicode_ci NOT NULL COMMENT '請求類型',
  `merchant_no` varchar(25) COLLATE utf8mb4_unicode_ci NOT NULL COMMENT '廠商交易編號',
  `trade_count` int(11) NOT NULL DEFAULT '1' COMMENT '交易次數',
  `send_data` text COLLATE utf8mb4_unicode_ci COMMENT '傳送給廠商的資料',
  `send_time` datetime DEFAULT NULL COMMENT '傳送給廠商的時間',
  `response_data` text COLLATE utf8mb4_unicode_ci COMMENT '回傳資料',
  `response_time` datetime DEFAULT NULL COMMENT '回傳時間',
  `status` int(11) NOT NULL DEFAULT '0' COMMENT '交易狀態',
  `create_time` datetime NOT NULL DEFAULT CURRENT_TIMESTAMP COMMENT '建立時間',
  `modify_time` datetime DEFAULT CURRENT_TIMESTAMP ON UPDATE CURRENT_TIMESTAMP COMMENT '回傳時間',
  PRIMARY KEY (`id`),
  KEY `webpay_log_webpay_type_id_foreign` (`webpay_type_id`),
  KEY `webpay_log_sale_id_foreign` (`sale_id`),
  CONSTRAINT `webpay_log_sale_id_foreign` FOREIGN KEY (`sale_id`) REFERENCES `sale` (`id`),
  CONSTRAINT `webpay_log_webpay_type_id_foreign` FOREIGN KEY (`webpay_type_id`) REFERENCES `webpay_type` (`id`)
) ENGINE=InnoDB AUTO_INCREMENT=30 DEFAULT CHARSET=utf8mb4 COLLATE=utf8mb4_unicode_ci COMMENT='線上金流交易紀錄';

--
-- Dumping data for table `webpay_log`
--

INSERT INTO `webpay_log` VALUES (1,'16821598507941','kupay','','SAL23042200001EC001',1,'{\"Version\":\"1.0\",\"MerchantId\":null,\"TerminalId\":null,\"OrderNo\":\"SAL23042200001EC001\",\"Amount\":599,\"Desc\":\"SAL23042200001\"}','2023-04-22 18:37:30','{\"ResultCode\":\"000100\",\"Message\":\"\\u7f3a\\u5c11\\u53c3\\u6578(MerchantId,TerminalId,)\"}','2023-04-22 18:37:30',0,'2023-04-22 18:37:30','2023-04-22 18:37:30'),(2,'16821598645216','kupay','','SAL23042200002EC001',1,'{\"Version\":\"1.0\",\"MerchantId\":null,\"TerminalId\":null,\"OrderNo\":\"SAL23042200002EC001\",\"Amount\":599,\"Desc\":\"SAL23042200002\"}','2023-04-22 18:37:44','{\"ResultCode\":\"000100\",\"Message\":\"\\u7f3a\\u5c11\\u53c3\\u6578(MerchantId,TerminalId,)\"}','2023-04-22 18:37:44',0,'2023-04-22 18:37:44','2023-04-22 18:37:44'),(3,'16821604581407','kupay','','SAL23042200005EC001',1,'{\"Version\":\"1.0\",\"MerchantId\":\"190136078000001\",\"TerminalId\":\"60780001\",\"OrderNo\":\"SAL23042200005EC001\",\"Amount\":599,\"Desc\":\"SAL23042200005\"}','2023-04-22 18:47:38','{\"ResultCode\":\"200000\",\"Message\":\"\\u5546\\u5e97\\u8a02\\u55ae\\u7de8\\u865f\\u91cd\\u8907\"}','2023-04-22 18:47:38',0,'2023-04-22 18:47:38','2023-04-22 18:47:38'),(4,'16821609882008','kupay','','SAL23042200006EC001',1,'{\"Version\":\"1.0\",\"MerchantId\":\"190136078000001\",\"TerminalId\":\"60780001\",\"OrderNo\":\"SAL23042200006EC001\",\"Amount\":150,\"Desc\":\"SAL23042200006\"}','2023-04-22 18:56:28','{\"ResultCode\":\"200000\",\"Message\":\"\\u5546\\u5e97\\u8a02\\u55ae\\u7de8\\u865f\\u91cd\\u8907\"}','2023-04-22 18:56:28',0,'2023-04-22 18:56:28','2023-04-22 18:56:28'),(5,'16830110787437','kupay','order','SAL23050200002EC001',1,'{\"Version\":\"1.0\",\"MerchantId\":\"190136078000001\",\"TerminalId\":\"60780001\",\"OrderNo\":\"SAL23050200002EC001\",\"Amount\":81,\"Desc\":\"SAL23050200002\"}','2023-05-02 15:04:38','{\"ResultCode\":\"000000\",\"Message\":\"\",\"Url\":\"https:\\/\\/pay.twkupay.com\\/Payment\\/Info?ticket=K16830110788770175131683039878000\"}','2023-05-02 15:04:38',0,'2023-05-02 15:04:38','2023-05-02 15:04:38'),(6,'16830110787437','kupay','order','SAL23050200002EC002',2,'{\"Version\":\"1.0\",\"MerchantId\":\"190136078000001\",\"TerminalId\":\"60780001\",\"OrderNo\":\"SAL23050200002EC002\",\"Amount\":81,\"Desc\":\"SAL23050200002\"}','2023-05-02 15:06:23','{\"ResultCode\":\"000000\",\"Message\":\"\",\"Url\":\"https:\\/\\/pay.twkupay.com\\/Payment\\/Info?ticket=K16830111838770175271683039983000\"}','2023-05-02 15:06:23',0,'2023-05-02 15:06:23','2023-05-02 15:06:23'),(7,'16830112708624','kupay','order','SAL23050200003EC001',1,'{\"Version\":\"1.0\",\"MerchantId\":\"190136078000001\",\"TerminalId\":\"60780001\",\"OrderNo\":\"SAL23050200003EC001\",\"Amount\":81,\"Desc\":\"SAL23050200003\",\"ExpiryTime\":\"20230505235959\"}','2023-05-02 15:07:51','{\"ResultCode\":\"000000\",\"Message\":\"\",\"BankCode\":\"012\",\"BankName\":\"\\u53f0\\u5317\\u5bcc\\u90a6\\u5546\\u696d\\u9280\\u884c\",\"AccountNo\":\"10950313000903\"}','2023-05-02 15:07:51',0,'2023-05-02 15:07:51','2023-05-02 15:07:51'),(8,'16830125484075','kupay','order','SAL23050200004EC001',1,'{\"Version\":\"1.0\",\"MerchantId\":\"190136078000001\",\"TerminalId\":\"60780001\",\"OrderNo\":\"SAL23050200004EC001\",\"Amount\":81,\"Desc\":\"SAL23050200004\"}','2023-05-02 15:29:08','{\"ResultCode\":\"000000\",\"Message\":\"\",\"Url\":\"https:\\/\\/pay.twkupay.com\\/Payment\\/Info?ticket=K16830125485040176971683041348000\"}','2023-05-02 15:29:08',0,'2023-05-02 15:29:08','2023-05-02 15:29:08'),(9,'16830125484075','kupay','refund','SAL23050200004EC001',1,'{\"Version\":\"1.0\",\"MerchantId\":\"190136078000001\",\"OrderNo\":\"SAL23050200004EC001\",\"Amount\":81}','2023-05-02 15:36:16','{\"ResultCode\":\"000000\",\"Message\":\"\"}','2023-05-02 15:36:16',0,'2023-05-02 15:36:16','2023-05-02 15:36:16'),(10,'16830135967514','kupay','order','SAL23050200005EC001',1,'{\"Version\":\"1.0\",\"MerchantId\":\"190136078000001\",\"TerminalId\":\"60780001\",\"OrderNo\":\"SAL23050200005EC001\",\"Amount\":81,\"Desc\":\"SAL23050200005\"}','2023-05-02 15:46:36','{\"ResultCode\":\"000000\",\"Message\":\"\",\"Url\":\"https:\\/\\/pay.twkupay.com\\/Payment\\/Info?ticket=K16830135969140178421683042396000\"}','2023-05-02 15:46:36',0,'2023-05-02 15:46:36','2023-05-02 15:46:36'),(11,'16830135967514','kupay','refund','SAL23050200005EC001',1,'{\"Version\":\"1.0\",\"MerchantId\":\"190136078000001\",\"OrderNo\":\"SAL23050200005EC001\",\"Amount\":81}','2023-05-02 15:50:33','{\"ResultCode\":\"000000\",\"Message\":\"\"}','2023-05-02 15:50:33',0,'2023-05-02 15:50:33','2023-05-02 15:50:33'),(12,'16830148913314','kupay','order','SAL23050200006EC001',1,'{\"Version\":\"1.0\",\"MerchantId\":\"190136078000001\",\"TerminalId\":\"60780001\",\"OrderNo\":\"SAL23050200006EC001\",\"Amount\":81,\"Desc\":\"SAL23050200006\"}','2023-05-02 16:08:11','{\"ResultCode\":\"000000\",\"Message\":\"\",\"Url\":\"https:\\/\\/pay.twkupay.com\\/Payment\\/Info?ticket=K16830148914110180591683043691000\"}','2023-05-02 16:08:11',0,'2023-05-02 16:08:11','2023-05-02 16:08:11'),(13,'16830148913314','kupay','refund','SAL23050200006EC001',1,'{\"Version\":\"1.0\",\"MerchantId\":\"190136078000001\",\"OrderNo\":\"SAL23050200006EC001\",\"Amount\":81}','2023-05-02 16:09:28','{\"ResultCode\":\"000000\",\"Message\":\"\"}','2023-05-02 16:09:28',0,'2023-05-02 16:09:28','2023-05-02 16:09:28'),(14,'16831162438799','kupay','order','SAL23050300001EC001',1,'{\"Version\":\"1.0\",\"MerchantId\":\"190136078000001\",\"TerminalId\":\"60780001\",\"OrderNo\":\"SAL23050300001EC001\",\"Amount\":570,\"Desc\":\"SAL23050300001\"}','2023-05-03 20:17:24','{\"ResultCode\":\"000000\",\"Message\":\"\",\"Url\":\"https:\\/\\/pay.twkupay.com\\/Payment\\/Info?ticket=K16831162440590103911683145044000\"}','2023-05-03 20:17:24',0,'2023-05-03 20:17:24','2023-05-03 20:17:24'),(15,'16831990878219','kupay','order','SAL23050400004EC001',1,'{\"Version\":\"1.0\",\"MerchantId\":\"190136078000001\",\"TerminalId\":\"60780001\",\"OrderNo\":\"SAL23050400004EC001\",\"Amount\":1089,\"Desc\":\"SAL23050400004\"}','2023-05-04 19:18:08','{\"ResultCode\":\"000000\",\"Message\":\"\",\"Url\":\"https:\\/\\/pay.twkupay.com\\/Payment\\/Info?ticket=K16831990881190190901683227888000\"}','2023-05-04 19:18:08',0,'2023-05-04 19:18:08','2023-05-04 19:18:08'),(16,'16842959893772','kupay','order','SAL23051700001EC001',1,'{\"Version\":\"1.0\",\"MerchantId\":\"190136078000001\",\"TerminalId\":\"60780001\",\"OrderNo\":\"SAL23051700001EC001\",\"Amount\":660,\"Desc\":\"SAL23051700001\",\"ExpiryTime\":\"20230520235959\"}','2023-05-17 11:59:49','{\"ResultCode\":\"000000\",\"Message\":\"\",\"BankCode\":\"012\",\"BankName\":\"\\u53f0\\u5317\\u5bcc\\u90a6\\u5546\\u696d\\u9280\\u884c\",\"AccountNo\":\"10950314500945\"}','2023-05-17 11:59:49',0,'2023-05-17 11:59:49','2023-05-17 11:59:49'),(17,'16849327166132','yankey','order','SAL23052400004EC001',1,'=%7B%22Type%22%3A%22tradeapi%22%2C%22Action%22%3A%22createbankqrcode%22%2C%22HashDigest%22%3A%224b989694a7475b320d4f18c788872f2cfc2f70727277e0d43fdff16881859bbb%22%2C%22TransactionData%22%3A%22%257B%2522StoreID%2522%253A%252290136078%2522%252C%2522TermID%2522%253A%252200000000%2522%252C%2522Type%2522%253A3%252C%2522DefaultWallet%2522%253A%2522FamiPort%2522%252C%2522OrderNo%2522%253A%2522SAL23052400004EC001%2522%252C%2522OrderCurrency%2522%253A%2522TWD%2522%252C%2522OrderAmount%2522%253A1715%252C%2522AvaliableDT%2522%253Anull%252C%2522ExpireDT%2522%253A%25222023-05-27%2B23%253A59%253A59%2522%252C%2522StoreMemo%2522%253A%2522%2522%257D%22%7D','2023-05-24 20:52:02','{\"Type\":\"tradeapi\",\"Action\":\"createbankqrcode\",\"Status\":\"S\",\"ErrorCode\":0,\"ErrorDesc\":null,\"HashDigest\":\"888fc5b3ad34cff8039d357580d684ba58159ebc3b455f88d7ba2f59c2e14e53\",\"SecureData\":null,\"TransactionData\":\"%7b%22Type%22%3a%22URL%22%2c%22Qrcode%22%3a%22https%3a%2f%2fo2o.goomod.com%2fGateway%2f%2fConvenienceStore.aspx%3fid%3d4dbea5e0-995e-4958-b632-70120903ec47%22%2c%22SupportedWallets%22%3a%22FamiPort%22%2c%22Status%22%3a%22S%22%2c%22ErrorCode%22%3a0%2c%22ErrorDesc%22%3anull%7d\"}','2023-05-24 20:52:02',0,'2023-05-24 20:52:02','2023-05-24 20:52:02'),(18,'16849373886046','yankey','order','SAL23052400005EC001',1,'=%7B%22Type%22%3A%22tradeapi%22%2C%22Action%22%3A%22createbankqrcode%22%2C%22HashDigest%22%3A%22dc84147d5277917847e849296065ad49135b3b57e57f36e0f47ae6309ff9637d%22%2C%22TransactionData%22%3A%22%257B%2522StoreID%2522%253A%252290136078%2522%252C%2522TermID%2522%253A%252200000000%2522%252C%2522Type%2522%253A3%252C%2522DefaultWallet%2522%253A%2522FamiPort%2522%252C%2522OrderNo%2522%253A%2522SAL23052400005EC001%2522%252C%2522OrderCurrency%2522%253A%2522TWD%2522%252C%2522OrderAmount%2522%253A1%252C%2522AvaliableDT%2522%253Anull%252C%2522ExpireDT%2522%253A%25222023-05-27%2B23%253A59%253A59%2522%252C%2522StoreMemo%2522%253A%2522%2522%257D%22%7D','2023-05-24 22:09:51','{\"Type\":\"tradeapi\",\"Action\":\"createbankqrcode\",\"Status\":\"S\",\"ErrorCode\":0,\"ErrorDesc\":null,\"HashDigest\":\"fec486a7a0cd71177bb0b3ab5fe1512d3406e7ecc2f6beb2efbf5f4a1d1dca36\",\"SecureData\":null,\"TransactionData\":\"%7b%22Type%22%3a%22URL%22%2c%22Qrcode%22%3a%22https%3a%2f%2fo2o.goomod.com%2fGateway%2f%2fConvenienceStore.aspx%3fid%3d8cb3c66c-641b-4a26-94d9-fb80b6d02914%22%2c%22SupportedWallets%22%3a%22FamiPort%22%2c%22Status%22%3a%22S%22%2c%22ErrorCode%22%3a0%2c%22ErrorDesc%22%3anull%7d\"}','2023-05-24 22:09:51',0,'2023-05-24 22:09:51','2023-05-24 22:09:51'),(19,'16849781976223','yankey','order','SAL23052500001EC001',1,'=%7B%22Type%22%3A%22tradeapi%22%2C%22Action%22%3A%22createbankqrcode%22%2C%22HashDigest%22%3A%2259decba2013baf05705154cef041a1a35ed54d0f0d2515576e287654ce5b7c6f%22%2C%22TransactionData%22%3A%22%257B%2522StoreID%2522%253A%252290136078%2522%252C%2522TermID%2522%253A%252200000000%2522%252C%2522Type%2522%253A3%252C%2522DefaultWallet%2522%253A%2522FamiPort%2522%252C%2522OrderNo%2522%253A%2522SAL23052500001EC001%2522%252C%2522OrderCurrency%2522%253A%2522TWD%2522%252C%2522OrderAmount%2522%253A1380%252C%2522AvaliableDT%2522%253Anull%252C%2522ExpireDT%2522%253A%25222023-05-28%2B23%253A59%253A59%2522%252C%2522StoreMemo%2522%253A%2522%2522%257D%22%7D','2023-05-25 09:30:03','{\"Type\":\"tradeapi\",\"Action\":\"createbankqrcode\",\"Status\":\"S\",\"ErrorCode\":0,\"ErrorDesc\":null,\"HashDigest\":\"b8ee31d2d9b182f3039149a2de7ec9d73e8fa048ad6c0735270661867fcee80b\",\"SecureData\":null,\"TransactionData\":\"%7b%22Type%22%3a%22URL%22%2c%22Qrcode%22%3a%22https%3a%2f%2fo2o.goomod.com%2fGateway%2f%2fConvenienceStore.aspx%3fid%3d0598d7c9-3d21-4da2-b52b-c49a79d43914%22%2c%22SupportedWallets%22%3a%22FamiPort%22%2c%22Status%22%3a%22S%22%2c%22ErrorCode%22%3a0%2c%22ErrorDesc%22%3anull%7d\"}','2023-05-25 09:30:03',0,'2023-05-25 09:30:03','2023-05-25 09:30:03'),(20,'16849783509895','yankey','order','SAL23052500002EC001',1,'=%7B%22Type%22%3A%22tradeapi%22%2C%22Action%22%3A%22createbankqrcode%22%2C%22HashDigest%22%3A%2262bcd9b72cb20174a8f0010c0b2a9b5fa729a3525921747abe851af021f141e2%22%2C%22TransactionData%22%3A%22%257B%2522StoreID%2522%253A%252290136078%2522%252C%2522TermID%2522%253A%252200000000%2522%252C%2522Type%2522%253A3%252C%2522DefaultWallet%2522%253A%2522FamiPort%2522%252C%2522OrderNo%2522%253A%2522SAL23052500002EC001%2522%252C%2522OrderCurrency%2522%253A%2522TWD%2522%252C%2522OrderAmount%2522%253A1%252C%2522AvaliableDT%2522%253Anull%252C%2522ExpireDT%2522%253A%25222023-05-28%2B23%253A59%253A59%2522%252C%2522StoreMemo%2522%253A%2522%2522%257D%22%7D','2023-05-25 09:32:32','{\"Type\":\"tradeapi\",\"Action\":\"createbankqrcode\",\"Status\":\"S\",\"ErrorCode\":0,\"ErrorDesc\":null,\"HashDigest\":\"11b6236a7625e2a8489babd50db1a95736acb76d09e280f1e0da232c1f425b86\",\"SecureData\":null,\"TransactionData\":\"%7b%22Type%22%3a%22URL%22%2c%22Qrcode%22%3a%22https%3a%2f%2fo2o.goomod.com%2fGateway%2f%2fConvenienceStore.aspx%3fid%3d9dc738e3-8a49-4159-8145-0e050b5c4706%22%2c%22SupportedWallets%22%3a%22FamiPort%22%2c%22Status%22%3a%22S%22%2c%22ErrorCode%22%3a0%2c%22ErrorDesc%22%3anull%7d\"}','2023-05-25 09:32:32',0,'2023-05-25 09:32:32','2023-05-25 09:32:32'),(21,'16849784663979','yankey','order','SAL23052500003EC001',1,'=%7B%22Type%22%3A%22tradeapi%22%2C%22Action%22%3A%22createbankqrcode%22%2C%22HashDigest%22%3A%2235a70a8ee93dfe84d1ae25c864e58c92ec6e521f8aace79b9fe83aa01140f1ef%22%2C%22TransactionData%22%3A%22%257B%2522StoreID%2522%253A%252290136078%2522%252C%2522TermID%2522%253A%252200000000%2522%252C%2522Type%2522%253A3%252C%2522DefaultWallet%2522%253A%2522FamiPort%2522%252C%2522OrderNo%2522%253A%2522SAL23052500003EC001%2522%252C%2522OrderCurrency%2522%253A%2522TWD%2522%252C%2522OrderAmount%2522%253A1%252C%2522AvaliableDT%2522%253Anull%252C%2522ExpireDT%2522%253A%25222023-05-28%2B23%253A59%253A59%2522%252C%2522StoreMemo%2522%253A%2522%2522%257D%22%7D','2023-05-25 09:34:27','{\"Type\":\"tradeapi\",\"Action\":\"createbankqrcode\",\"Status\":\"S\",\"ErrorCode\":0,\"ErrorDesc\":null,\"HashDigest\":\"d7843b446dc4bc841fa38933f76a001a98365da33bdcf28752760079695c1a5d\",\"SecureData\":null,\"TransactionData\":\"%7b%22Type%22%3a%22URL%22%2c%22Qrcode%22%3a%22https%3a%2f%2fo2o.goomod.com%2fGateway%2f%2fConvenienceStore.aspx%3fid%3dbd680a10-c118-46bd-98af-b8526e3916ee%22%2c%22SupportedWallets%22%3a%22FamiPort%22%2c%22Status%22%3a%22S%22%2c%22ErrorCode%22%3a0%2c%22ErrorDesc%22%3anull%7d\"}','2023-05-25 09:34:27',0,'2023-05-25 09:34:27','2023-05-25 09:34:27'),(22,'16853424080015','kupay','order','SAL23052900003EC001',1,'{\"Version\":\"1.0\",\"MerchantId\":\"190136078000001\",\"TerminalId\":\"60780001\",\"OrderNo\":\"SAL23052900003EC001\",\"Amount\":1010,\"Desc\":\"SAL23052900003\"}','2023-05-29 14:40:08','{\"ResultCode\":\"000000\",\"Message\":\"\",\"Url\":\"https:\\/\\/pay.twkupay.com\\/Payment\\/Info?ticket=K16853424082460114361685371208000\"}','2023-05-29 14:40:08',0,'2023-05-29 14:40:08','2023-05-29 14:40:08'),(23,'16856742325776','kupay','order','SAL23060200001EC001',1,'{\"Version\":\"1.0\",\"MerchantId\":\"190136078000001\",\"TerminalId\":\"60780001\",\"OrderNo\":\"SAL23060200001EC001\",\"Amount\":1160,\"Desc\":\"SAL23060200001\"}','2023-06-02 10:50:32','{\"ResultCode\":\"000000\",\"Message\":\"\",\"Url\":\"https:\\/\\/pay.twkupay.com\\/Payment\\/Info?ticket=K16856742327090139161685703032000\"}','2023-06-02 10:50:32',0,'2023-06-02 10:50:32','2023-06-02 10:50:32'),(24,'16856742325776','kupay','order','SAL23060200001EC002',2,'{\"Version\":\"1.0\",\"MerchantId\":\"190136078000001\",\"TerminalId\":\"60780001\",\"OrderNo\":\"SAL23060200001EC002\",\"Amount\":1160,\"Desc\":\"SAL23060200001\"}','2023-06-02 11:34:19','{\"ResultCode\":\"000000\",\"Message\":\"\",\"Url\":\"https:\\/\\/pay.twkupay.com\\/Payment\\/Info?ticket=K16856768592000142481685705659000\"}','2023-06-02 11:34:19',0,'2023-06-02 11:34:19','2023-06-02 11:34:19'),(25,'16856742325776','kupay','order','SAL23060200001EC003',3,'{\"Version\":\"1.0\",\"MerchantId\":\"190136078000001\",\"TerminalId\":\"60780001\",\"OrderNo\":\"SAL23060200001EC003\",\"Amount\":1160,\"Desc\":\"SAL23060200001\"}','2023-06-02 11:35:40','{\"ResultCode\":\"000000\",\"Message\":\"\",\"Url\":\"https:\\/\\/pay.twkupay.com\\/Payment\\/Info?ticket=K16856769404460142551685705740000\"}','2023-06-02 11:35:40',0,'2023-06-02 11:35:40','2023-06-02 11:35:40'),(26,'16860954914823','kupay','order','SAL23060700001EC001',1,'{\"Version\":\"1.0\",\"MerchantId\":\"190136078000001\",\"TerminalId\":\"60780001\",\"OrderNo\":\"SAL23060700001EC001\",\"Amount\":1079,\"Desc\":\"SAL23060700001\"}','2023-06-07 07:51:31','{\"ResultCode\":\"000000\",\"Message\":\"\",\"Url\":\"https:\\/\\/pay.twkupay.com\\/Payment\\/Info?ticket=K16860954917240155281686124291000\"}','2023-06-07 07:51:31',0,'2023-06-07 07:51:31','2023-06-07 07:51:31'),(27,'16860969181334','kupay','order','SAL23060700002EC001',1,'{\"Version\":\"1.0\",\"MerchantId\":\"190136078000001\",\"TerminalId\":\"60780001\",\"OrderNo\":\"SAL23060700002EC001\",\"Amount\":1079,\"Desc\":\"SAL23060700002\"}','2023-06-07 08:15:18','{\"ResultCode\":\"000000\",\"Message\":\"\",\"Url\":\"https:\\/\\/pay.twkupay.com\\/Payment\\/Info?ticket=K16860969183990156321686125718000\"}','2023-06-07 08:15:18',0,'2023-06-07 08:15:18','2023-06-07 08:15:18'),(28,'16862066173939','kupay','order','SAL23060800002EC001',1,'{\"Version\":\"1.0\",\"MerchantId\":\"190136078000001\",\"TerminalId\":\"60780001\",\"OrderNo\":\"SAL23060800002EC001\",\"Amount\":1000,\"Desc\":\"SAL23060800002\"}','2023-06-08 14:43:37','{\"ResultCode\":\"000000\",\"Message\":\"\",\"Url\":\"https:\\/\\/pay.twkupay.com\\/Payment\\/Info?ticket=K16862066177060126551686235417000\"}','2023-06-08 14:43:37',0,'2023-06-08 14:43:37','2023-06-08 14:43:37'),(29,'16864518689640','kupay','order','SAL23061100002EC001',1,'{\"Version\":\"1.0\",\"MerchantId\":\"190136078000001\",\"TerminalId\":\"60780001\",\"OrderNo\":\"SAL23061100002EC001\",\"Amount\":1000,\"Desc\":\"SAL23061100002\"}','2023-06-11 10:51:09','{\"ResultCode\":\"000000\",\"Message\":\"\",\"Url\":\"https:\\/\\/pay.twkupay.com\\/Payment\\/Info?ticket=K16864518692090106211686480669000\"}','2023-06-11 10:51:09',0,'2023-06-11 10:51:09','2023-06-11 10:51:09');

--
-- Table structure for table `webpay_type`
--

CREATE TABLE `webpay_type` (
  `id` varchar(10) COLLATE utf8mb4_unicode_ci NOT NULL,
  `sorting` int(11) NOT NULL DEFAULT '1' COMMENT '排序編號',
  `name` varchar(20) COLLATE utf8mb4_unicode_ci NOT NULL COMMENT '名稱',
  `description` varchar(200) COLLATE utf8mb4_unicode_ci DEFAULT NULL COMMENT '描述',
  `create_id` varchar(20) COLLATE utf8mb4_unicode_ci NOT NULL COMMENT '建立者ID',
  `create_name` varchar(20) COLLATE utf8mb4_unicode_ci NOT NULL COMMENT '建立者名稱',
  `create_time` datetime NOT NULL DEFAULT CURRENT_TIMESTAMP COMMENT '建立時間',
  PRIMARY KEY (`id`)
) ENGINE=InnoDB DEFAULT CHARSET=utf8mb4 COLLATE=utf8mb4_unicode_ci COMMENT='線上金流廠商';

--
-- Dumping data for table `webpay_type`
--

INSERT INTO `webpay_type` VALUES ('ecpay',1,'綠界',NULL,'system','system','2023-01-09 11:37:11'),('ezpay',5,'ezPay',NULL,'system','system','2023-01-09 11:37:11'),('kupay',7,'KuPay',NULL,'system','system','2023-04-22 18:23:04'),('newebpay',3,'藍新',NULL,'system','system','2023-01-09 11:37:11'),('yankey',9,'YanKey',NULL,'system','system','2023-05-02 14:51:52');

--
-- Final view structure for view `member_bonus`
--

/*!50001 DROP VIEW IF EXISTS `member_bonus`*/;
/*!50001 CREATE ALGORITHM=UNDEFINED */
/*!50013 DEFINER=`root`@`localhost` SQL SECURITY DEFINER */
/*!50001 VIEW `member_bonus` AS select `member_bonus_log`.`member_id` AS `member_id`,ifnull(sum(`member_bonus_log`.`bonus`),0) AS `bonus` from `member_bonus_log` group by `member_bonus_log`.`member_id` */;

--
-- Final view structure for view `member_coin`
--

/*!50001 DROP VIEW IF EXISTS `member_coin`*/;
/*!50001 CREATE ALGORITHM=UNDEFINED */
/*!50013 DEFINER=`root`@`localhost` SQL SECURITY DEFINER */
/*!50001 VIEW `member_coin` AS select `member_coin_log`.`member_id` AS `member_id`,ifnull(sum(`member_coin_log`.`balance`),0) AS `coin`,sum((case when (`member_coin_log`.`coin_type` = 'general') then `member_coin_log`.`balance` else 0 end)) AS `coin_general`,sum((case when (`member_coin_log`.`coin_type` = 'event') then `member_coin_log`.`balance` else 0 end)) AS `coin_event` from `member_coin_log` where (`member_coin_log`.`expiry_date` >= cast(now() as date)) group by `member_coin_log`.`member_id` */;

--
-- Final view structure for view `member_notify_status`
--

/*!50001 DROP VIEW IF EXISTS `member_notify_status`*/;
/*!50001 CREATE ALGORITHM=UNDEFINED */
/*!50013 DEFINER=`root`@`localhost` SQL SECURITY DEFINER */
/*!50001 VIEW `member_notify_status` AS select `member_meta`.`member_id` AS `member_id`,sum((case when (`member_meta`.`meta_key` = 'dashboard_1') then `member_meta`.`meta_value` else 0 end)) AS `dashboard_1`,sum((case when (`member_meta`.`meta_key` = 'dashboard_1_1') then `member_meta`.`meta_value` else 0 end)) AS `dashboard_1_1`,sum((case when (`member_meta`.`meta_key` = 'dashboard_1_2') then `member_meta`.`meta_value` else 0 end)) AS `dashboard_1_2`,sum((case when (`member_meta`.`meta_key` = 'dashboard_2') then `member_meta`.`meta_value` else 0 end)) AS `dashboard_2`,sum((case when (`member_meta`.`meta_key` = 'dashboard_2_1') then `member_meta`.`meta_value` else 0 end)) AS `dashboard_2_1`,sum((case when (`member_meta`.`meta_key` = 'dashboard_2_2') then `member_meta`.`meta_value` else 0 end)) AS `dashboard_2_2`,sum((case when (`member_meta`.`meta_key` = 'dashboard_3') then `member_meta`.`meta_value` else 0 end)) AS `dashboard_3`,sum((case when (`member_meta`.`meta_key` = 'dashboard_4') then `member_meta`.`meta_value` else 0 end)) AS `dashboard_4` from `member_meta` group by `member_meta`.`member_id` */;

--
-- Final view structure for view `stock_rating_avg`
--

/*!50001 DROP VIEW IF EXISTS `stock_rating_avg`*/;
/*!50001 CREATE ALGORITHM=UNDEFINED */
/*!50013 DEFINER=`root`@`localhost` SQL SECURITY DEFINER */
/*!50001 VIEW `stock_rating_avg` AS select `stock_rating`.`stock_id` AS `stock_id`,ifnull(avg(`stock_rating`.`rating`),0) AS `rating` from `stock_rating` group by `stock_rating`.`stock_id` */;


